67.144.4.13 - - [20/May/2025:06:44:20 +0700] "GET /core/vendor/symfony/mime/ HTTP/1.1" 200 5056 "-" "Mozilla/5.0 (compatible; MJ12bot/v1.4.8; http://mj12bot.com/)"
66.249.72.8 - - [20/May/2025:06:44:22 +0700] "GET /robots.txt HTTP/1.1" 404 - "-" "Mozilla/5.0 (compatible; Googlebot/2.1; +http://www.google.com/bot.html)"
67.144.4.13 - - [20/May/2025:06:44:23 +0700] "GET /core/vendor/symfony/polyfill-ctype/ HTTP/1.1" 200 1575 "-" "Mozilla/5.0 (compatible; MJ12bot/v1.4.8; http://mj12bot.com/)"
67.144.4.13 - - [20/May/2025:06:44:27 +0700] "GET /core/vendor/symfony/polyfill-iconv/ HTTP/1.1" 200 1943 "-" "Mozilla/5.0 (compatible; MJ12bot/v1.4.8; http://mj12bot.com/)"
67.144.4.13 - - [20/May/2025:06:44:31 +0700] "GET /core/vendor/symfony/polyfill-intl-grapheme/ HTTP/1.1" 200 1594 "-" "Mozilla/5.0 (compatible; MJ12bot/v1.4.8; http://mj12bot.com/)"
67.144.4.13 - - [20/May/2025:06:44:35 +0700] "GET /core/vendor/symfony/polyfill-intl-idn/ HTTP/1.1" 200 1933 "-" "Mozilla/5.0 (compatible; MJ12bot/v1.4.8; http://mj12bot.com/)"
67.144.4.13 - - [20/May/2025:06:44:39 +0700] "GET /core/vendor/symfony/polyfill-intl-normalizer/ HTTP/1.1" 200 1778 "-" "Mozilla/5.0 (compatible; MJ12bot/v1.4.8; http://mj12bot.com/)"
67.144.4.13 - - [20/May/2025:06:44:43 +0700] "GET /core/vendor/symfony/polyfill-mbstring/ HTTP/1.1" 200 1762 "-" "Mozilla/5.0 (compatible; MJ12bot/v1.4.8; http://mj12bot.com/)"
67.144.4.13 - - [20/May/2025:06:44:47 +0700] "GET /core/vendor/symfony/polyfill-php72/ HTTP/1.1" 200 1392 "-" "Mozilla/5.0 (compatible; MJ12bot/v1.4.8; http://mj12bot.com/)"
67.144.4.13 - - [20/May/2025:06:44:51 +0700] "GET /core/vendor/symfony/polyfill-php73/ HTTP/1.1" 200 1570 "-" "Mozilla/5.0 (compatible; MJ12bot/v1.4.8; http://mj12bot.com/)"
67.144.4.13 - - [20/May/2025:06:44:55 +0700] "GET /core/vendor/symfony/polyfill-php80/ HTTP/1.1" 200 1570 "-" "Mozilla/5.0 (compatible; MJ12bot/v1.4.8; http://mj12bot.com/)"
67.144.4.13 - - [20/May/2025:06:45:00 +0700] "GET /core/vendor/symfony/polyfill-php81/ HTTP/1.1" 200 1570 "-" "Mozilla/5.0 (compatible; MJ12bot/v1.4.8; http://mj12bot.com/)"
67.144.4.13 - - [20/May/2025:06:45:04 +0700] "GET /core/vendor/symfony/process/ HTTP/1.1" 200 2659 "-" "Mozilla/5.0 (compatible; MJ12bot/v1.4.8; http://mj12bot.com/)"
67.144.4.13 - - [20/May/2025:06:45:08 +0700] "GET /core/vendor/symfony/routing/ HTTP/1.1" 200 4333 "-" "Mozilla/5.0 (compatible; MJ12bot/v1.4.8; http://mj12bot.com/)"
67.144.4.13 - - [20/May/2025:06:45:12 +0700] "GET /core/vendor/symfony/service-contracts/ HTTP/1.1" 200 2545 "-" "Mozilla/5.0 (compatible; MJ12bot/v1.4.8; http://mj12bot.com/)"
67.144.4.13 - - [20/May/2025:06:45:16 +0700] "GET /core/vendor/symfony/string/ HTTP/1.1" 200 3026 "-" "Mozilla/5.0 (compatible; MJ12bot/v1.4.8; http://mj12bot.com/)"
67.144.4.13 - - [20/May/2025:06:45:20 +0700] "GET /core/vendor/symfony/translation/ HTTP/1.1" 200 5987 "-" "Mozilla/5.0 (compatible; MJ12bot/v1.4.8; http://mj12bot.com/)"
67.144.4.13 - - [20/May/2025:06:45:24 +0700] "GET /core/vendor/symfony/translation-contracts/ HTTP/1.1" 200 2360 "-" "Mozilla/5.0 (compatible; MJ12bot/v1.4.8; http://mj12bot.com/)"
67.144.4.13 - - [20/May/2025:06:45:28 +0700] "GET /core/vendor/symfony/var-dumper/ HTTP/1.1" 200 2792 "-" "Mozilla/5.0 (compatible; MJ12bot/v1.4.8; http://mj12bot.com/)"
67.144.4.13 - - [20/May/2025:06:45:32 +0700] "GET /core/vendor/theseer/?C=D;O=A HTTP/1.1" 200 818 "-" "Mozilla/5.0 (compatible; MJ12bot/v1.4.8; http://mj12bot.com/)"
67.144.4.13 - - [20/May/2025:06:45:36 +0700] "GET /core/vendor/theseer/?C=M;O=A HTTP/1.1" 200 818 "-" "Mozilla/5.0 (compatible; MJ12bot/v1.4.8; http://mj12bot.com/)"
67.144.4.13 - - [20/May/2025:06:45:40 +0700] "GET /core/vendor/theseer/?C=N;O=D HTTP/1.1" 200 818 "-" "Mozilla/5.0 (compatible; MJ12bot/v1.4.8; http://mj12bot.com/)"
67.144.4.13 - - [20/May/2025:06:45:44 +0700] "GET /core/vendor/theseer/?C=S;O=A HTTP/1.1" 200 818 "-" "Mozilla/5.0 (compatible; MJ12bot/v1.4.8; http://mj12bot.com/)"
67.144.4.13 - - [20/May/2025:06:45:48 +0700] "GET /core/vendor/theseer/tokenizer/ HTTP/1.1" 200 1746 "-" "Mozilla/5.0 (compatible; MJ12bot/v1.4.8; http://mj12bot.com/)"
67.144.4.13 - - [20/May/2025:06:45:52 +0700] "GET /core/vendor/tightenco/?C=D;O=A HTTP/1.1" 200 820 "-" "Mozilla/5.0 (compatible; MJ12bot/v1.4.8; http://mj12bot.com/)"
67.144.4.13 - - [20/May/2025:06:45:56 +0700] "GET /core/vendor/tightenco/?C=M;O=A HTTP/1.1" 200 820 "-" "Mozilla/5.0 (compatible; MJ12bot/v1.4.8; http://mj12bot.com/)"
67.144.4.13 - - [20/May/2025:06:46:00 +0700] "GET /core/vendor/tightenco/?C=N;O=D HTTP/1.1" 200 820 "-" "Mozilla/5.0 (compatible; MJ12bot/v1.4.8; http://mj12bot.com/)"
67.144.4.13 - - [20/May/2025:06:46:06 +0700] "GET /core/vendor/tightenco/?C=S;O=A HTTP/1.1" 200 820 "-" "Mozilla/5.0 (compatible; MJ12bot/v1.4.8; http://mj12bot.com/)"
67.144.4.13 - - [20/May/2025:06:46:11 +0700] "GET /core/vendor/tightenco/collect/ HTTP/1.1" 200 1413 "-" "Mozilla/5.0 (compatible; MJ12bot/v1.4.8; http://mj12bot.com/)"
67.144.4.13 - - [20/May/2025:06:46:15 +0700] "GET /core/vendor/tijsverkoyen/?C=D;O=A HTTP/1.1" 200 1027 "-" "Mozilla/5.0 (compatible; MJ12bot/v1.4.8; http://mj12bot.com/)"
67.144.4.13 - - [20/May/2025:06:46:19 +0700] "GET /core/vendor/tijsverkoyen/?C=M;O=A HTTP/1.1" 200 1027 "-" "Mozilla/5.0 (compatible; MJ12bot/v1.4.8; http://mj12bot.com/)"
67.144.4.13 - - [20/May/2025:06:46:23 +0700] "GET /core/vendor/tijsverkoyen/?C=N;O=D HTTP/1.1" 200 1027 "-" "Mozilla/5.0 (compatible; MJ12bot/v1.4.8; http://mj12bot.com/)"
67.144.4.13 - - [20/May/2025:06:46:27 +0700] "GET /core/vendor/tijsverkoyen/?C=S;O=A HTTP/1.1" 200 1027 "-" "Mozilla/5.0 (compatible; MJ12bot/v1.4.8; http://mj12bot.com/)"
67.144.4.13 - - [20/May/2025:06:46:31 +0700] "GET /core/vendor/tijsverkoyen/ScriptController.php HTTP/1.1" 200 - "-" "Mozilla/5.0 (compatible; MJ12bot/v1.4.8; http://mj12bot.com/)"
67.144.4.13 - - [20/May/2025:06:46:35 +0700] "GET /core/vendor/tijsverkoyen/css-to-inline-styles/ HTTP/1.1" 200 1236 "-" "Mozilla/5.0 (compatible; MJ12bot/v1.4.8; http://mj12bot.com/)"
67.144.4.13 - - [20/May/2025:06:46:39 +0700] "GET /core/vendor/unicodeveloper/?C=D;O=A HTTP/1.1" 200 839 "-" "Mozilla/5.0 (compatible; MJ12bot/v1.4.8; http://mj12bot.com/)"
67.144.4.13 - - [20/May/2025:06:46:43 +0700] "GET /core/vendor/unicodeveloper/?C=M;O=A HTTP/1.1" 200 839 "-" "Mozilla/5.0 (compatible; MJ12bot/v1.4.8; http://mj12bot.com/)"
67.144.4.13 - - [20/May/2025:06:46:47 +0700] "GET /core/vendor/unicodeveloper/?C=N;O=D HTTP/1.1" 200 839 "-" "Mozilla/5.0 (compatible; MJ12bot/v1.4.8; http://mj12bot.com/)"
67.144.4.13 - - [20/May/2025:06:46:51 +0700] "GET /core/vendor/unicodeveloper/?C=S;O=A HTTP/1.1" 200 839 "-" "Mozilla/5.0 (compatible; MJ12bot/v1.4.8; http://mj12bot.com/)"
67.144.4.13 - - [20/May/2025:06:46:55 +0700] "GET /core/vendor/unicodeveloper/laravel-paystack/ HTTP/1.1" 200 2133 "-" "Mozilla/5.0 (compatible; MJ12bot/v1.4.8; http://mj12bot.com/)"
67.144.4.13 - - [20/May/2025:06:46:59 +0700] "GET /core/vendor/vlucas/?C=D;O=A HTTP/1.1" 200 1565 "-" "Mozilla/5.0 (compatible; MJ12bot/v1.4.8; http://mj12bot.com/)"
67.144.4.13 - - [20/May/2025:06:47:03 +0700] "GET /core/vendor/vlucas/?C=M;O=A HTTP/1.1" 200 1565 "-" "Mozilla/5.0 (compatible; MJ12bot/v1.4.8; http://mj12bot.com/)"
67.144.4.13 - - [20/May/2025:06:47:08 +0700] "GET /core/vendor/vlucas/?C=N;O=D HTTP/1.1" 200 1565 "-" "Mozilla/5.0 (compatible; MJ12bot/v1.4.8; http://mj12bot.com/)"
67.144.4.13 - - [20/May/2025:06:47:12 +0700] "GET /core/vendor/vlucas/?C=S;O=A HTTP/1.1" 200 1565 "-" "Mozilla/5.0 (compatible; MJ12bot/v1.4.8; http://mj12bot.com/)"
67.144.4.13 - - [20/May/2025:06:47:16 +0700] "GET /core/vendor/vlucas/AbstractExtension.php HTTP/1.1" 500 - "-" "Mozilla/5.0 (compatible; MJ12bot/v1.4.8; http://mj12bot.com/)"
67.144.4.13 - - [20/May/2025:06:47:20 +0700] "GET /core/vendor/vlucas/NumberHandler.php HTTP/1.1" 500 - "-" "Mozilla/5.0 (compatible; MJ12bot/v1.4.8; http://mj12bot.com/)"
67.144.4.13 - - [20/May/2025:06:47:25 +0700] "GET /core/vendor/vlucas/RuntimeException.php HTTP/1.1" 500 - "-" "Mozilla/5.0 (compatible; MJ12bot/v1.4.8; http://mj12bot.com/)"
67.144.4.13 - - [20/May/2025:06:47:29 +0700] "GET /core/vendor/vlucas/StyleController.php HTTP/1.1" 200 - "-" "Mozilla/5.0 (compatible; MJ12bot/v1.4.8; http://mj12bot.com/)"
67.144.4.13 - - [20/May/2025:06:47:34 +0700] "GET /core/vendor/vlucas/phpdotenv/ HTTP/1.1" 200 1193 "-" "Mozilla/5.0 (compatible; MJ12bot/v1.4.8; http://mj12bot.com/)"
67.144.4.13 - - [20/May/2025:06:47:38 +0700] "GET /core/vendor/voku/?C=D;O=A HTTP/1.1" 200 1378 "-" "Mozilla/5.0 (compatible; MJ12bot/v1.4.8; http://mj12bot.com/)"
67.144.4.13 - - [20/May/2025:06:47:41 +0700] "GET /core/vendor/voku/?C=M;O=A HTTP/1.1" 200 1378 "-" "Mozilla/5.0 (compatible; MJ12bot/v1.4.8; http://mj12bot.com/)"
67.144.4.13 - - [20/May/2025:06:47:45 +0700] "GET /core/vendor/voku/?C=N;O=D HTTP/1.1" 200 1378 "-" "Mozilla/5.0 (compatible; MJ12bot/v1.4.8; http://mj12bot.com/)"
67.144.4.13 - - [20/May/2025:06:47:49 +0700] "GET /core/vendor/voku/?C=S;O=A HTTP/1.1" 200 1378 "-" "Mozilla/5.0 (compatible; MJ12bot/v1.4.8; http://mj12bot.com/)"
67.144.4.13 - - [20/May/2025:06:47:53 +0700] "GET /core/vendor/voku/AbstractExtension.php HTTP/1.1" 500 - "-" "Mozilla/5.0 (compatible; MJ12bot/v1.4.8; http://mj12bot.com/)"
67.144.4.13 - - [20/May/2025:06:47:57 +0700] "GET /core/vendor/voku/NumberHandler.php HTTP/1.1" 500 - "-" "Mozilla/5.0 (compatible; MJ12bot/v1.4.8; http://mj12bot.com/)"
67.144.4.13 - - [20/May/2025:06:48:02 +0700] "GET /core/vendor/voku/StyleController.php HTTP/1.1" 200 - "-" "Mozilla/5.0 (compatible; MJ12bot/v1.4.8; http://mj12bot.com/)"
67.144.4.13 - - [20/May/2025:06:48:06 +0700] "GET /core/vendor/voku/portable-ascii/ HTTP/1.1" 200 2311 "-" "Mozilla/5.0 (compatible; MJ12bot/v1.4.8; http://mj12bot.com/)"
43.135.144.126 - - [20/May/2025:06:49:57 +0700] "GET / HTTP/1.1" 200 2235 "-" "Mozilla/5.0 (iPhone; CPU iPhone OS 13_2_3 like Mac OS X) AppleWebKit/605.1.15 (KHTML, like Gecko) Version/13.0.3 Mobile/15E148 Safari/604.1"
66.249.72.1 - - [20/May/2025:07:14:27 +0700] "GET / HTTP/1.1" 200 2235 "-" "Mozilla/5.0 (Linux; Android 6.0.1; Nexus 5X Build/MMB29P) AppleWebKit/537.36 (KHTML, like Gecko) Chrome/136.0.7103.113 Mobile Safari/537.36 (compatible; Googlebot/2.1; +http://www.google.com/bot.html)"
151.80.89.227 - - [20/May/2025:08:47:19 +0700] "GET /.env HTTP/1.1" 404 - "-" "Mozilla/5.0 (Macintosh; Intel Mac OS X 10.15; rv:77.0) Gecko/20100101 Firefox/77.0"
110.166.71.39 - - [20/May/2025:09:25:10 +0700] "GET / HTTP/1.1" 200 2235 "-" "Mozilla/5.0 (iPhone; CPU iPhone OS 13_2_3 like Mac OS X) AppleWebKit/605.1.15 (KHTML, like Gecko) Version/13.0.3 Mobile/15E148 Safari/604.1"
65.108.128.54 - - [20/May/2025:10:05:55 +0700] "GET /robots.txt HTTP/1.1" 404 - "-" "Mozilla/5.0 (compatible; MJ12bot/v1.4.8; http://mj12bot.com/)"
65.108.128.54 - - [20/May/2025:10:05:57 +0700] "GET /core/vendor/anhskohbo/?C=D;O=D HTTP/1.1" 200 823 "-" "Mozilla/5.0 (compatible; MJ12bot/v1.4.8; http://mj12bot.com/)"
65.108.128.54 - - [20/May/2025:10:05:58 +0700] "GET /core/vendor/asm89/stack-cors/composer.json HTTP/1.1" 200 1330 "-" "Mozilla/5.0 (compatible; MJ12bot/v1.4.8; http://mj12bot.com/)"
147.135.128.94 - - [20/May/2025:10:06:03 +0700] "GET /robots.txt HTTP/1.1" 404 - "-" "Mozilla/5.0 (compatible; MJ12bot/v1.4.8; http://mj12bot.com/)"
65.108.128.54 - - [20/May/2025:10:06:04 +0700] "GET /core/vendor/cartalyst/stripe/?C=M;O=A HTTP/1.1" 200 1196 "-" "Mozilla/5.0 (compatible; MJ12bot/v1.4.8; http://mj12bot.com/)"
147.135.128.94 - - [20/May/2025:10:06:05 +0700] "GET /core/vendor/rachidlaasri/?C=M;O=D HTTP/1.1" 200 1213 "-" "Mozilla/5.0 (compatible; MJ12bot/v1.4.8; http://mj12bot.com/)"
65.108.128.54 - - [20/May/2025:10:06:08 +0700] "GET /core/vendor/cartalyst/stripe/?C=N;O=D HTTP/1.1" 200 1196 "-" "Mozilla/5.0 (compatible; MJ12bot/v1.4.8; http://mj12bot.com/)"
147.135.128.94 - - [20/May/2025:10:06:08 +0700] "GET /core/vendor/rachidlaasri/?C=N;O=A HTTP/1.1" 200 1213 "-" "Mozilla/5.0 (compatible; MJ12bot/v1.4.8; http://mj12bot.com/)"
95.91.104.62 - - [20/May/2025:10:06:09 +0700] "GET /robots.txt HTTP/1.1" 404 - "-" "Mozilla/5.0 (compatible; MJ12bot/v1.4.8; http://mj12bot.com/)"
95.91.104.62 - - [20/May/2025:10:06:10 +0700] "GET /core/vendor/sebastian/recursion-context/ChangeLog.md HTTP/1.1" 200 1003 "-" "Mozilla/5.0 (compatible; MJ12bot/v1.4.8; http://mj12bot.com/)"
147.135.128.94 - - [20/May/2025:10:06:12 +0700] "GET /core/vendor/rachidlaasri/?C=S;O=D HTTP/1.1" 200 1213 "-" "Mozilla/5.0 (compatible; MJ12bot/v1.4.8; http://mj12bot.com/)"
65.108.128.54 - - [20/May/2025:10:06:12 +0700] "GET /core/vendor/cartalyst/stripe/?C=S;O=A HTTP/1.1" 200 1196 "-" "Mozilla/5.0 (compatible; MJ12bot/v1.4.8; http://mj12bot.com/)"
95.91.104.62 - - [20/May/2025:10:06:14 +0700] "GET /core/vendor/sebastian/recursion-context/LICENSE HTTP/1.1" 200 - "-" "Mozilla/5.0 (compatible; MJ12bot/v1.4.8; http://mj12bot.com/)"
147.135.128.94 - - [20/May/2025:10:06:15 +0700] "GET /core/vendor/rachidlaasri/laravel-installer/?C=D;O=A HTTP/1.1" 200 1404 "-" "Mozilla/5.0 (compatible; MJ12bot/v1.4.8; http://mj12bot.com/)"
65.108.128.54 - - [20/May/2025:10:06:16 +0700] "GET /core/vendor/cartalyst/stripe/LICENSE HTTP/1.1" 200 - "-" "Mozilla/5.0 (compatible; MJ12bot/v1.4.8; http://mj12bot.com/)"
95.91.104.62 - - [20/May/2025:10:06:17 +0700] "GET /core/vendor/sebastian/recursion-context/composer.json HTTP/1.1" 200 1330 "-" "Mozilla/5.0 (compatible; MJ12bot/v1.4.8; http://mj12bot.com/)"
147.135.128.94 - - [20/May/2025:10:06:19 +0700] "GET /core/vendor/rachidlaasri/laravel-installer/?C=M;O=A HTTP/1.1" 200 1404 "-" "Mozilla/5.0 (compatible; MJ12bot/v1.4.8; http://mj12bot.com/)"
65.108.128.54 - - [20/May/2025:10:06:20 +0700] "GET /core/vendor/cartalyst/stripe/composer.json HTTP/1.1" 200 1330 "-" "Mozilla/5.0 (compatible; MJ12bot/v1.4.8; http://mj12bot.com/)"
95.91.104.62 - - [20/May/2025:10:06:20 +0700] "GET /core/vendor/sebastian/resource-operations/?C=D;O=A HTTP/1.1" 200 1576 "-" "Mozilla/5.0 (compatible; MJ12bot/v1.4.8; http://mj12bot.com/)"
147.135.128.94 - - [20/May/2025:10:06:23 +0700] "GET /core/vendor/rachidlaasri/laravel-installer/?C=N;O=D HTTP/1.1" 200 1404 "-" "Mozilla/5.0 (compatible; MJ12bot/v1.4.8; http://mj12bot.com/)"
95.91.104.62 - - [20/May/2025:10:06:24 +0700] "GET /core/vendor/sebastian/resource-operations/?C=M;O=A HTTP/1.1" 200 1576 "-" "Mozilla/5.0 (compatible; MJ12bot/v1.4.8; http://mj12bot.com/)"
65.108.128.54 - - [20/May/2025:10:06:24 +0700] "GET /core/vendor/composer/?C=D;O=D HTTP/1.1" 200 3060 "-" "Mozilla/5.0 (compatible; MJ12bot/v1.4.8; http://mj12bot.com/)"
147.135.128.94 - - [20/May/2025:10:06:26 +0700] "GET /core/vendor/rachidlaasri/laravel-installer/?C=S;O=A HTTP/1.1" 200 1404 "-" "Mozilla/5.0 (compatible; MJ12bot/v1.4.8; http://mj12bot.com/)"
95.91.104.62 - - [20/May/2025:10:06:27 +0700] "GET /core/vendor/sebastian/resource-operations/?C=N;O=D HTTP/1.1" 200 1576 "-" "Mozilla/5.0 (compatible; MJ12bot/v1.4.8; http://mj12bot.com/)"
65.108.128.54 - - [20/May/2025:10:06:28 +0700] "GET /core/vendor/composer/?C=M;O=D HTTP/1.1" 200 3060 "-" "Mozilla/5.0 (compatible; MJ12bot/v1.4.8; http://mj12bot.com/)"
147.135.128.94 - - [20/May/2025:10:06:29 +0700] "GET /core/vendor/rachidlaasri/laravel-installer/LICENSE HTTP/1.1" 200 - "-" "Mozilla/5.0 (compatible; MJ12bot/v1.4.8; http://mj12bot.com/)"
95.91.104.62 - - [20/May/2025:10:06:30 +0700] "GET /core/vendor/sebastian/resource-operations/?C=S;O=A HTTP/1.1" 200 1576 "-" "Mozilla/5.0 (compatible; MJ12bot/v1.4.8; http://mj12bot.com/)"
65.108.128.54 - - [20/May/2025:10:06:32 +0700] "GET /core/vendor/composer/?C=N;O=A HTTP/1.1" 200 3060 "-" "Mozilla/5.0 (compatible; MJ12bot/v1.4.8; http://mj12bot.com/)"
147.135.128.94 - - [20/May/2025:10:06:33 +0700] "GET /core/vendor/rachidlaasri/laravel-installer/composer.json HTTP/1.1" 200 1330 "-" "Mozilla/5.0 (compatible; MJ12bot/v1.4.8; http://mj12bot.com/)"
95.91.104.62 - - [20/May/2025:10:06:34 +0700] "GET /core/vendor/sebastian/resource-operations/ChangeLog.md HTTP/1.1" 200 1001 "-" "Mozilla/5.0 (compatible; MJ12bot/v1.4.8; http://mj12bot.com/)"
147.135.128.94 - - [20/May/2025:10:06:36 +0700] "GET /core/vendor/rachidlaasri/laravel-installer/readme.md HTTP/1.1" 200 - "-" "Mozilla/5.0 (compatible; MJ12bot/v1.4.8; http://mj12bot.com/)"
65.108.128.54 - - [20/May/2025:10:06:36 +0700] "GET /core/vendor/composer/?C=S;O=D HTTP/1.1" 200 3060 "-" "Mozilla/5.0 (compatible; MJ12bot/v1.4.8; http://mj12bot.com/)"
95.91.104.62 - - [20/May/2025:10:06:37 +0700] "GET /core/vendor/sebastian/resource-operations/LICENSE HTTP/1.1" 200 - "-" "Mozilla/5.0 (compatible; MJ12bot/v1.4.8; http://mj12bot.com/)"
147.135.128.94 - - [20/May/2025:10:06:39 +0700] "GET /core/vendor/ralouphie/?C=D;O=D HTTP/1.1" 200 1013 "-" "Mozilla/5.0 (compatible; MJ12bot/v1.4.8; http://mj12bot.com/)"
65.108.128.54 - - [20/May/2025:10:06:40 +0700] "GET /core/vendor/composer/package-versions-deprecated/?C=D;O=A HTTP/1.1" 200 1958 "-" "Mozilla/5.0 (compatible; MJ12bot/v1.4.8; http://mj12bot.com/)"
95.91.104.62 - - [20/May/2025:10:06:40 +0700] "GET /core/vendor/sebastian/resource-operations/composer.json HTTP/1.1" 200 1330 "-" "Mozilla/5.0 (compatible; MJ12bot/v1.4.8; http://mj12bot.com/)"
147.135.128.94 - - [20/May/2025:10:06:43 +0700] "GET /core/vendor/ralouphie/?C=M;O=D HTTP/1.1" 200 1013 "-" "Mozilla/5.0 (compatible; MJ12bot/v1.4.8; http://mj12bot.com/)"
95.91.104.62 - - [20/May/2025:10:06:44 +0700] "GET /core/vendor/sebastian/type/?C=D;O=A HTTP/1.1" 200 1372 "-" "Mozilla/5.0 (compatible; MJ12bot/v1.4.8; http://mj12bot.com/)"
65.108.128.54 - - [20/May/2025:10:06:44 +0700] "GET /core/vendor/composer/package-versions-deprecated/?C=M;O=A HTTP/1.1" 200 1958 "-" "Mozilla/5.0 (compatible; MJ12bot/v1.4.8; http://mj12bot.com/)"
147.135.128.94 - - [20/May/2025:10:06:46 +0700] "GET /core/vendor/ralouphie/?C=N;O=A HTTP/1.1" 200 1013 "-" "Mozilla/5.0 (compatible; MJ12bot/v1.4.8; http://mj12bot.com/)"
95.91.104.62 - - [20/May/2025:10:06:47 +0700] "GET /core/vendor/sebastian/type/?C=M;O=A HTTP/1.1" 200 1372 "-" "Mozilla/5.0 (compatible; MJ12bot/v1.4.8; http://mj12bot.com/)"
65.108.128.54 - - [20/May/2025:10:06:48 +0700] "GET /core/vendor/composer/package-versions-deprecated/?C=N;O=D HTTP/1.1" 200 1958 "-" "Mozilla/5.0 (compatible; MJ12bot/v1.4.8; http://mj12bot.com/)"
147.135.128.94 - - [20/May/2025:10:06:49 +0700] "GET /core/vendor/ralouphie/?C=S;O=D HTTP/1.1" 200 1013 "-" "Mozilla/5.0 (compatible; MJ12bot/v1.4.8; http://mj12bot.com/)"
95.91.104.62 - - [20/May/2025:10:06:50 +0700] "GET /core/vendor/sebastian/type/?C=N;O=D HTTP/1.1" 200 1372 "-" "Mozilla/5.0 (compatible; MJ12bot/v1.4.8; http://mj12bot.com/)"
65.108.128.54 - - [20/May/2025:10:06:52 +0700] "GET /core/vendor/composer/package-versions-deprecated/?C=S;O=A HTTP/1.1" 200 1958 "-" "Mozilla/5.0 (compatible; MJ12bot/v1.4.8; http://mj12bot.com/)"
147.135.128.94 - - [20/May/2025:10:06:53 +0700] "GET /core/vendor/ralouphie/getallheaders/?C=D;O=A HTTP/1.1" 200 1401 "-" "Mozilla/5.0 (compatible; MJ12bot/v1.4.8; http://mj12bot.com/)"
95.91.104.62 - - [20/May/2025:10:06:54 +0700] "GET /core/vendor/sebastian/type/?C=S;O=A HTTP/1.1" 200 1372 "-" "Mozilla/5.0 (compatible; MJ12bot/v1.4.8; http://mj12bot.com/)"
147.135.128.94 - - [20/May/2025:10:06:56 +0700] "GET /core/vendor/ralouphie/getallheaders/?C=M;O=A HTTP/1.1" 200 1401 "-" "Mozilla/5.0 (compatible; MJ12bot/v1.4.8; http://mj12bot.com/)"
65.108.128.54 - - [20/May/2025:10:06:56 +0700] "GET /core/vendor/composer/package-versions-deprecated/CHANGELOG.md HTTP/1.1" 200 - "-" "Mozilla/5.0 (compatible; MJ12bot/v1.4.8; http://mj12bot.com/)"
95.91.104.62 - - [20/May/2025:10:06:57 +0700] "GET /core/vendor/sebastian/type/ChangeLog.md HTTP/1.1" 200 3767 "-" "Mozilla/5.0 (compatible; MJ12bot/v1.4.8; http://mj12bot.com/)"
147.135.128.94 - - [20/May/2025:10:06:59 +0700] "GET /core/vendor/ralouphie/getallheaders/?C=N;O=D HTTP/1.1" 200 1401 "-" "Mozilla/5.0 (compatible; MJ12bot/v1.4.8; http://mj12bot.com/)"
65.108.128.54 - - [20/May/2025:10:07:00 +0700] "GET /core/vendor/composer/package-versions-deprecated/CONTRIBUTING.md HTTP/1.1" 200 1118 "-" "Mozilla/5.0 (compatible; MJ12bot/v1.4.8; http://mj12bot.com/)"
95.91.104.62 - - [20/May/2025:10:07:01 +0700] "GET /core/vendor/sebastian/type/LICENSE HTTP/1.1" 200 1549 "-" "Mozilla/5.0 (compatible; MJ12bot/v1.4.8; http://mj12bot.com/)"
147.135.128.94 - - [20/May/2025:10:07:03 +0700] "GET /core/vendor/ralouphie/getallheaders/?C=S;O=A HTTP/1.1" 200 1401 "-" "Mozilla/5.0 (compatible; MJ12bot/v1.4.8; http://mj12bot.com/)"
95.91.104.62 - - [20/May/2025:10:07:04 +0700] "GET /core/vendor/sebastian/type/composer.json HTTP/1.1" 200 1124 "-" "Mozilla/5.0 (compatible; MJ12bot/v1.4.8; http://mj12bot.com/)"
65.108.128.54 - - [20/May/2025:10:07:04 +0700] "GET /core/vendor/composer/package-versions-deprecated/LICENSE HTTP/1.1" 200 - "-" "Mozilla/5.0 (compatible; MJ12bot/v1.4.8; http://mj12bot.com/)"
147.135.128.94 - - [20/May/2025:10:07:06 +0700] "GET /core/vendor/ralouphie/getallheaders/LICENSE HTTP/1.1" 200 - "-" "Mozilla/5.0 (compatible; MJ12bot/v1.4.8; http://mj12bot.com/)"
65.108.128.54 - - [20/May/2025:10:07:09 +0700] "GET /core/vendor/composer/package-versions-deprecated/SECURITY.md HTTP/1.1" 200 535 "-" "Mozilla/5.0 (compatible; MJ12bot/v1.4.8; http://mj12bot.com/)"
147.135.128.94 - - [20/May/2025:10:07:10 +0700] "GET /core/vendor/ralouphie/getallheaders/ReflectionException.php HTTP/1.1" 500 - "-" "Mozilla/5.0 (compatible; MJ12bot/v1.4.8; http://mj12bot.com/)"
147.135.128.94 - - [20/May/2025:10:07:13 +0700] "GET /core/vendor/ralouphie/getallheaders/composer.json HTTP/1.1" 200 1330 "-" "Mozilla/5.0 (compatible; MJ12bot/v1.4.8; http://mj12bot.com/)"
65.108.128.54 - - [20/May/2025:10:07:13 +0700] "GET /core/vendor/composer/package-versions-deprecated/composer.json HTTP/1.1" 200 1330 "-" "Mozilla/5.0 (compatible; MJ12bot/v1.4.8; http://mj12bot.com/)"
95.91.104.62 - - [20/May/2025:10:07:15 +0700] "GET /core/vendor/sebastian/version/?C=D;O=A HTTP/1.1" 200 1378 "-" "Mozilla/5.0 (compatible; MJ12bot/v1.4.8; http://mj12bot.com/)"
147.135.128.94 - - [20/May/2025:10:07:18 +0700] "GET /core/vendor/ramsey/?C=D;O=D HTTP/1.1" 200 1552 "-" "Mozilla/5.0 (compatible; MJ12bot/v1.4.8; http://mj12bot.com/)"
65.108.128.54 - - [20/May/2025:10:07:18 +0700] "GET /core/vendor/composer/package-versions-deprecated/composer.lock HTTP/1.1" 200 90112 "-" "Mozilla/5.0 (compatible; MJ12bot/v1.4.8; http://mj12bot.com/)"
95.91.104.62 - - [20/May/2025:10:07:18 +0700] "GET /core/vendor/sebastian/version/?C=M;O=A HTTP/1.1" 200 1378 "-" "Mozilla/5.0 (compatible; MJ12bot/v1.4.8; http://mj12bot.com/)"
147.135.128.94 - - [20/May/2025:10:07:21 +0700] "GET /core/vendor/ramsey/?C=M;O=D HTTP/1.1" 200 1552 "-" "Mozilla/5.0 (compatible; MJ12bot/v1.4.8; http://mj12bot.com/)"
95.91.104.62 - - [20/May/2025:10:07:21 +0700] "GET /core/vendor/sebastian/version/?C=N;O=D HTTP/1.1" 200 1378 "-" "Mozilla/5.0 (compatible; MJ12bot/v1.4.8; http://mj12bot.com/)"
65.108.128.54 - - [20/May/2025:10:07:22 +0700] "GET /core/vendor/doctrine/?C=D;O=D HTTP/1.1" 200 2074 "-" "Mozilla/5.0 (compatible; MJ12bot/v1.4.8; http://mj12bot.com/)"
147.135.128.94 - - [20/May/2025:10:07:24 +0700] "GET /core/vendor/ramsey/?C=N;O=A HTTP/1.1" 200 1552 "-" "Mozilla/5.0 (compatible; MJ12bot/v1.4.8; http://mj12bot.com/)"
95.91.104.62 - - [20/May/2025:10:07:25 +0700] "GET /core/vendor/sebastian/version/?C=S;O=A HTTP/1.1" 200 1378 "-" "Mozilla/5.0 (compatible; MJ12bot/v1.4.8; http://mj12bot.com/)"
65.108.128.54 - - [20/May/2025:10:07:27 +0700] "GET /core/vendor/doctrine/?C=M;O=D HTTP/1.1" 200 2074 "-" "Mozilla/5.0 (compatible; MJ12bot/v1.4.8; http://mj12bot.com/)"
147.135.128.94 - - [20/May/2025:10:07:28 +0700] "GET /core/vendor/ramsey/?C=S;O=D HTTP/1.1" 200 1552 "-" "Mozilla/5.0 (compatible; MJ12bot/v1.4.8; http://mj12bot.com/)"
95.91.104.62 - - [20/May/2025:10:07:28 +0700] "GET /core/vendor/sebastian/version/ChangeLog.md HTTP/1.1" 200 1001 "-" "Mozilla/5.0 (compatible; MJ12bot/v1.4.8; http://mj12bot.com/)"
65.108.128.54 - - [20/May/2025:10:07:31 +0700] "GET /core/vendor/doctrine/?C=N;O=A HTTP/1.1" 200 2074 "-" "Mozilla/5.0 (compatible; MJ12bot/v1.4.8; http://mj12bot.com/)"
147.135.128.94 - - [20/May/2025:10:07:31 +0700] "GET /core/vendor/ramsey/collection/?C=D;O=A HTTP/1.1" 200 1731 "-" "Mozilla/5.0 (compatible; MJ12bot/v1.4.8; http://mj12bot.com/)"
95.91.104.62 - - [20/May/2025:10:07:31 +0700] "GET /core/vendor/sebastian/version/LICENSE HTTP/1.1" 200 - "-" "Mozilla/5.0 (compatible; MJ12bot/v1.4.8; http://mj12bot.com/)"
147.135.128.94 - - [20/May/2025:10:07:34 +0700] "GET /core/vendor/ramsey/collection/?C=M;O=A HTTP/1.1" 200 1731 "-" "Mozilla/5.0 (compatible; MJ12bot/v1.4.8; http://mj12bot.com/)"
95.91.104.62 - - [20/May/2025:10:07:34 +0700] "GET /core/vendor/sebastian/version/composer.json HTTP/1.1" 200 1330 "-" "Mozilla/5.0 (compatible; MJ12bot/v1.4.8; http://mj12bot.com/)"
65.108.128.54 - - [20/May/2025:10:07:36 +0700] "GET /core/vendor/doctrine/?C=S;O=D HTTP/1.1" 200 2074 "-" "Mozilla/5.0 (compatible; MJ12bot/v1.4.8; http://mj12bot.com/)"
95.91.104.62 - - [20/May/2025:10:07:38 +0700] "GET /core/vendor/spatie/?C=D;O=D HTTP/1.1" 200 2481 "-" "Mozilla/5.0 (compatible; MJ12bot/v1.4.8; http://mj12bot.com/)"
147.135.128.94 - - [20/May/2025:10:07:38 +0700] "GET /core/vendor/ramsey/collection/?C=N;O=D HTTP/1.1" 200 1731 "-" "Mozilla/5.0 (compatible; MJ12bot/v1.4.8; http://mj12bot.com/)"
65.108.128.54 - - [20/May/2025:10:07:40 +0700] "GET /core/vendor/doctrine/cache/?C=D;O=A HTTP/1.1" 200 1556 "-" "Mozilla/5.0 (compatible; MJ12bot/v1.4.8; http://mj12bot.com/)"
147.135.128.94 - - [20/May/2025:10:07:41 +0700] "GET /core/vendor/ramsey/collection/?C=S;O=A HTTP/1.1" 200 1731 "-" "Mozilla/5.0 (compatible; MJ12bot/v1.4.8; http://mj12bot.com/)"
95.91.104.62 - - [20/May/2025:10:07:41 +0700] "GET /core/vendor/spatie/?C=M;O=D HTTP/1.1" 200 2481 "-" "Mozilla/5.0 (compatible; MJ12bot/v1.4.8; http://mj12bot.com/)"
95.91.104.62 - - [20/May/2025:10:07:44 +0700] "GET /core/vendor/spatie/?C=N;O=A HTTP/1.1" 200 2481 "-" "Mozilla/5.0 (compatible; MJ12bot/v1.4.8; http://mj12bot.com/)"
147.135.128.94 - - [20/May/2025:10:07:44 +0700] "GET /core/vendor/ramsey/collection/LICENSE HTTP/1.1" 200 - "-" "Mozilla/5.0 (compatible; MJ12bot/v1.4.8; http://mj12bot.com/)"
65.108.128.54 - - [20/May/2025:10:07:45 +0700] "GET /core/vendor/doctrine/cache/?C=M;O=A HTTP/1.1" 200 1556 "-" "Mozilla/5.0 (compatible; MJ12bot/v1.4.8; http://mj12bot.com/)"
95.91.104.62 - - [20/May/2025:10:07:48 +0700] "GET /core/vendor/spatie/?C=S;O=D HTTP/1.1" 200 2481 "-" "Mozilla/5.0 (compatible; MJ12bot/v1.4.8; http://mj12bot.com/)"
147.135.128.94 - - [20/May/2025:10:07:48 +0700] "GET /core/vendor/ramsey/collection/NodeExtension.php HTTP/1.1" 500 - "-" "Mozilla/5.0 (compatible; MJ12bot/v1.4.8; http://mj12bot.com/)"
65.108.128.54 - - [20/May/2025:10:07:49 +0700] "GET /core/vendor/doctrine/cache/?C=N;O=D HTTP/1.1" 200 1556 "-" "Mozilla/5.0 (compatible; MJ12bot/v1.4.8; http://mj12bot.com/)"
95.91.104.62 - - [20/May/2025:10:07:51 +0700] "GET /core/vendor/spatie/browsershot/?C=D;O=A HTTP/1.1" 200 1907 "-" "Mozilla/5.0 (compatible; MJ12bot/v1.4.8; http://mj12bot.com/)"
147.135.128.94 - - [20/May/2025:10:07:52 +0700] "GET /core/vendor/ramsey/collection/SECURITY.md HTTP/1.1" 200 7584 "-" "Mozilla/5.0 (compatible; MJ12bot/v1.4.8; http://mj12bot.com/)"
65.108.128.54 - - [20/May/2025:10:07:54 +0700] "GET /core/vendor/doctrine/cache/?C=S;O=A HTTP/1.1" 200 1556 "-" "Mozilla/5.0 (compatible; MJ12bot/v1.4.8; http://mj12bot.com/)"
95.91.104.62 - - [20/May/2025:10:07:54 +0700] "GET /core/vendor/spatie/browsershot/?C=M;O=A HTTP/1.1" 200 1907 "-" "Mozilla/5.0 (compatible; MJ12bot/v1.4.8; http://mj12bot.com/)"
147.135.128.94 - - [20/May/2025:10:07:56 +0700] "GET /core/vendor/ramsey/collection/composer.json HTTP/1.1" 200 1330 "-" "Mozilla/5.0 (compatible; MJ12bot/v1.4.8; http://mj12bot.com/)"
95.91.104.62 - - [20/May/2025:10:07:58 +0700] "GET /core/vendor/spatie/browsershot/?C=N;O=D HTTP/1.1" 200 1907 "-" "Mozilla/5.0 (compatible; MJ12bot/v1.4.8; http://mj12bot.com/)"
65.108.128.54 - - [20/May/2025:10:07:59 +0700] "GET /core/vendor/doctrine/cache/LICENSE HTTP/1.1" 200 - "-" "Mozilla/5.0 (compatible; MJ12bot/v1.4.8; http://mj12bot.com/)"
147.135.128.94 - - [20/May/2025:10:08:00 +0700] "GET /core/vendor/ramsey/uuid/?C=D;O=A HTTP/1.1" 200 1364 "-" "Mozilla/5.0 (compatible; MJ12bot/v1.4.8; http://mj12bot.com/)"
95.91.104.62 - - [20/May/2025:10:08:01 +0700] "GET /core/vendor/spatie/browsershot/?C=S;O=A HTTP/1.1" 200 1907 "-" "Mozilla/5.0 (compatible; MJ12bot/v1.4.8; http://mj12bot.com/)"
147.135.128.94 - - [20/May/2025:10:08:03 +0700] "GET /core/vendor/ramsey/uuid/?C=M;O=A HTTP/1.1" 200 1364 "-" "Mozilla/5.0 (compatible; MJ12bot/v1.4.8; http://mj12bot.com/)"
95.91.104.62 - - [20/May/2025:10:08:04 +0700] "GET /core/vendor/spatie/browsershot/CHANGELOG.md HTTP/1.1" 200 5476 "-" "Mozilla/5.0 (compatible; MJ12bot/v1.4.8; http://mj12bot.com/)"
65.108.128.54 - - [20/May/2025:10:08:04 +0700] "GET /core/vendor/doctrine/cache/UPGRADE-1.11.md HTTP/1.1" 200 863 "-" "Mozilla/5.0 (compatible; MJ12bot/v1.4.8; http://mj12bot.com/)"
95.91.104.62 - - [20/May/2025:10:08:08 +0700] "GET /core/vendor/spatie/browsershot/CONTRIBUTING.md HTTP/1.1" 200 1327 "-" "Mozilla/5.0 (compatible; MJ12bot/v1.4.8; http://mj12bot.com/)"
147.135.128.94 - - [20/May/2025:10:08:08 +0700] "GET /core/vendor/ramsey/uuid/?C=N;O=D HTTP/1.1" 200 1364 "-" "Mozilla/5.0 (compatible; MJ12bot/v1.4.8; http://mj12bot.com/)"
65.108.128.54 - - [20/May/2025:10:08:10 +0700] "GET /core/vendor/doctrine/cache/UPGRADE-1.4.md HTTP/1.1" 200 726 "-" "Mozilla/5.0 (compatible; MJ12bot/v1.4.8; http://mj12bot.com/)"
95.91.104.62 - - [20/May/2025:10:08:11 +0700] "GET /core/vendor/spatie/browsershot/LICENSE.md HTTP/1.1" 200 1090 "-" "Mozilla/5.0 (compatible; MJ12bot/v1.4.8; http://mj12bot.com/)"
147.135.128.94 - - [20/May/2025:10:08:12 +0700] "GET /core/vendor/ramsey/uuid/?C=S;O=A HTTP/1.1" 200 1364 "-" "Mozilla/5.0 (compatible; MJ12bot/v1.4.8; http://mj12bot.com/)"
65.108.128.54 - - [20/May/2025:10:08:16 +0700] "GET /core/vendor/doctrine/cache/composer.json HTTP/1.1" 200 1330 "-" "Mozilla/5.0 (compatible; MJ12bot/v1.4.8; http://mj12bot.com/)"
147.135.128.94 - - [20/May/2025:10:08:16 +0700] "GET /core/vendor/ramsey/uuid/Exception.php HTTP/1.1" 200 - "-" "Mozilla/5.0 (compatible; MJ12bot/v1.4.8; http://mj12bot.com/)"
147.135.128.94 - - [20/May/2025:10:08:21 +0700] "GET /core/vendor/ramsey/uuid/LICENSE HTTP/1.1" 200 - "-" "Mozilla/5.0 (compatible; MJ12bot/v1.4.8; http://mj12bot.com/)"
65.108.128.54 - - [20/May/2025:10:08:22 +0700] "GET /core/vendor/doctrine/dbal/?C=D;O=A HTTP/1.1" 200 2129 "-" "Mozilla/5.0 (compatible; MJ12bot/v1.4.8; http://mj12bot.com/)"
95.91.104.62 - - [20/May/2025:10:08:27 +0700] "GET /core/vendor/spatie/crawler/?C=D;O=A HTTP/1.1" 200 2126 "-" "Mozilla/5.0 (compatible; MJ12bot/v1.4.8; http://mj12bot.com/)"
147.135.128.94 - - [20/May/2025:10:08:29 +0700] "GET /core/vendor/ramsey/uuid/composer.json HTTP/1.1" 200 1330 "-" "Mozilla/5.0 (compatible; MJ12bot/v1.4.8; http://mj12bot.com/)"
65.108.128.54 - - [20/May/2025:10:08:29 +0700] "GET /core/vendor/doctrine/dbal/?C=M;O=A HTTP/1.1" 200 2129 "-" "Mozilla/5.0 (compatible; MJ12bot/v1.4.8; http://mj12bot.com/)"
95.91.104.62 - - [20/May/2025:10:08:30 +0700] "GET /core/vendor/spatie/crawler/?C=M;O=A HTTP/1.1" 200 2126 "-" "Mozilla/5.0 (compatible; MJ12bot/v1.4.8; http://mj12bot.com/)"
95.91.104.62 - - [20/May/2025:10:08:34 +0700] "GET /core/vendor/spatie/crawler/?C=N;O=D HTTP/1.1" 200 2126 "-" "Mozilla/5.0 (compatible; MJ12bot/v1.4.8; http://mj12bot.com/)"
147.135.128.94 - - [20/May/2025:10:08:36 +0700] "GET /core/vendor/sabberworm/?C=D;O=D HTTP/1.1" 200 829 "-" "Mozilla/5.0 (compatible; MJ12bot/v1.4.8; http://mj12bot.com/)"
95.91.104.62 - - [20/May/2025:10:08:37 +0700] "GET /core/vendor/spatie/crawler/?C=S;O=A HTTP/1.1" 200 2126 "-" "Mozilla/5.0 (compatible; MJ12bot/v1.4.8; http://mj12bot.com/)"
65.108.128.54 - - [20/May/2025:10:08:39 +0700] "GET /core/vendor/doctrine/dbal/?C=N;O=D HTTP/1.1" 200 2129 "-" "Mozilla/5.0 (compatible; MJ12bot/v1.4.8; http://mj12bot.com/)"
95.91.104.62 - - [20/May/2025:10:08:41 +0700] "GET /core/vendor/spatie/crawler/CHANGELOG.md HTTP/1.1" 200 5892 "-" "Mozilla/5.0 (compatible; MJ12bot/v1.4.8; http://mj12bot.com/)"
95.91.104.62 - - [20/May/2025:10:08:44 +0700] "GET /core/vendor/spatie/crawler/CONTRIBUTING.md HTTP/1.1" 200 1327 "-" "Mozilla/5.0 (compatible; MJ12bot/v1.4.8; http://mj12bot.com/)"
147.135.128.94 - - [20/May/2025:10:08:44 +0700] "GET /core/vendor/sabberworm/?C=M;O=D HTTP/1.1" 200 829 "-" "Mozilla/5.0 (compatible; MJ12bot/v1.4.8; http://mj12bot.com/)"
65.108.128.54 - - [20/May/2025:10:08:45 +0700] "GET /core/vendor/doctrine/dbal/?C=S;O=A HTTP/1.1" 200 2129 "-" "Mozilla/5.0 (compatible; MJ12bot/v1.4.8; http://mj12bot.com/)"
95.91.104.62 - - [20/May/2025:10:08:48 +0700] "GET /core/vendor/spatie/crawler/InvalidSignatureException.php HTTP/1.1" 200 - "-" "Mozilla/5.0 (compatible; MJ12bot/v1.4.8; http://mj12bot.com/)"
65.108.128.54 - - [20/May/2025:10:08:50 +0700] "GET /core/vendor/doctrine/dbal/CONTRIBUTING.md HTTP/1.1" 200 177 "-" "Mozilla/5.0 (compatible; MJ12bot/v1.4.8; http://mj12bot.com/)"
95.91.104.62 - - [20/May/2025:10:08:51 +0700] "GET /core/vendor/spatie/crawler/LICENSE.md HTTP/1.1" 200 1090 "-" "Mozilla/5.0 (compatible; MJ12bot/v1.4.8; http://mj12bot.com/)"
147.135.128.94 - - [20/May/2025:10:08:52 +0700] "GET /core/vendor/sabberworm/?C=N;O=A HTTP/1.1" 200 829 "-" "Mozilla/5.0 (compatible; MJ12bot/v1.4.8; http://mj12bot.com/)"
95.91.104.62 - - [20/May/2025:10:08:54 +0700] "GET /core/vendor/spatie/crawler/ReflectionException.php HTTP/1.1" 500 - "-" "Mozilla/5.0 (compatible; MJ12bot/v1.4.8; http://mj12bot.com/)"
95.91.104.62 - - [20/May/2025:10:08:58 +0700] "GET /core/vendor/spatie/crawler/UPGRADING.md HTTP/1.1" 200 781 "-" "Mozilla/5.0 (compatible; MJ12bot/v1.4.8; http://mj12bot.com/)"
65.108.128.54 - - [20/May/2025:10:08:59 +0700] "GET /core/vendor/doctrine/dbal/LICENSE HTTP/1.1" 200 - "-" "Mozilla/5.0 (compatible; MJ12bot/v1.4.8; http://mj12bot.com/)"
95.91.104.62 - - [20/May/2025:10:09:02 +0700] "GET /core/vendor/spatie/crawler/composer.json HTTP/1.1" 200 1134 "-" "Mozilla/5.0 (compatible; MJ12bot/v1.4.8; http://mj12bot.com/)"
147.135.128.94 - - [20/May/2025:10:09:04 +0700] "GET /core/vendor/sabberworm/?C=S;O=D HTTP/1.1" 200 829 "-" "Mozilla/5.0 (compatible; MJ12bot/v1.4.8; http://mj12bot.com/)"
95.91.104.62 - - [20/May/2025:10:09:05 +0700] "GET /core/vendor/spatie/image-optimizer/?C=D;O=A HTTP/1.1" 200 1766 "-" "Mozilla/5.0 (compatible; MJ12bot/v1.4.8; http://mj12bot.com/)"
65.108.128.54 - - [20/May/2025:10:09:08 +0700] "GET /core/vendor/doctrine/dbal/NoTraitException.php HTTP/1.1" 500 - "-" "Mozilla/5.0 (compatible; MJ12bot/v1.4.8; http://mj12bot.com/)"
95.91.104.62 - - [20/May/2025:10:09:09 +0700] "GET /core/vendor/spatie/image-optimizer/?C=M;O=A HTTP/1.1" 200 1766 "-" "Mozilla/5.0 (compatible; MJ12bot/v1.4.8; http://mj12bot.com/)"
95.91.104.62 - - [20/May/2025:10:09:12 +0700] "GET /core/vendor/spatie/image-optimizer/?C=N;O=D HTTP/1.1" 200 1766 "-" "Mozilla/5.0 (compatible; MJ12bot/v1.4.8; http://mj12bot.com/)"
147.135.128.94 - - [20/May/2025:10:09:14 +0700] "GET /core/vendor/sabberworm/php-css-parser/?C=D;O=A HTTP/1.1" 200 1930 "-" "Mozilla/5.0 (compatible; MJ12bot/v1.4.8; http://mj12bot.com/)"
95.91.104.62 - - [20/May/2025:10:09:15 +0700] "GET /core/vendor/spatie/image-optimizer/?C=S;O=A HTTP/1.1" 200 1766 "-" "Mozilla/5.0 (compatible; MJ12bot/v1.4.8; http://mj12bot.com/)"
65.108.128.54 - - [20/May/2025:10:09:16 +0700] "GET /core/vendor/doctrine/dbal/RequiredOptionArgumentMissingException.php HTTP/1.1" 500 - "-" "Mozilla/5.0 (compatible; MJ12bot/v1.4.8; http://mj12bot.com/)"
95.91.104.62 - - [20/May/2025:10:09:18 +0700] "GET /core/vendor/spatie/image-optimizer/CHANGELOG.md HTTP/1.1" 200 1745 "-" "Mozilla/5.0 (compatible; MJ12bot/v1.4.8; http://mj12bot.com/)"
95.91.104.62 - - [20/May/2025:10:09:22 +0700] "GET /core/vendor/spatie/image-optimizer/ExtensionInterface.php HTTP/1.1" 200 - "-" "Mozilla/5.0 (compatible; MJ12bot/v1.4.8; http://mj12bot.com/)"
65.108.128.54 - - [20/May/2025:10:09:24 +0700] "GET /core/vendor/doctrine/dbal/composer.json HTTP/1.1" 200 1330 "-" "Mozilla/5.0 (compatible; MJ12bot/v1.4.8; http://mj12bot.com/)"
147.135.128.94 - - [20/May/2025:10:09:25 +0700] "GET /core/vendor/sabberworm/php-css-parser/?C=M;O=A HTTP/1.1" 200 1930 "-" "Mozilla/5.0 (compatible; MJ12bot/v1.4.8; http://mj12bot.com/)"
95.91.104.62 - - [20/May/2025:10:09:31 +0700] "GET /core/vendor/spatie/image-optimizer/ReflectionException.php HTTP/1.1" 500 - "-" "Mozilla/5.0 (compatible; MJ12bot/v1.4.8; http://mj12bot.com/)"
65.108.128.54 - - [20/May/2025:10:09:34 +0700] "GET /core/vendor/doctrine/deprecations/?C=D;O=A HTTP/1.1" 200 1947 "-" "Mozilla/5.0 (compatible; MJ12bot/v1.4.8; http://mj12bot.com/)"
147.135.128.94 - - [20/May/2025:10:09:34 +0700] "GET /core/vendor/sabberworm/php-css-parser/?C=N;O=D HTTP/1.1" 200 1930 "-" "Mozilla/5.0 (compatible; MJ12bot/v1.4.8; http://mj12bot.com/)"
95.91.104.62 - - [20/May/2025:10:09:35 +0700] "GET /core/vendor/spatie/image-optimizer/composer.json HTTP/1.1" 200 1117 "-" "Mozilla/5.0 (compatible; MJ12bot/v1.4.8; http://mj12bot.com/)"
95.91.104.62 - - [20/May/2025:10:09:39 +0700] "GET /core/vendor/spatie/image/?C=D;O=A HTTP/1.1" 200 2126 "-" "Mozilla/5.0 (compatible; MJ12bot/v1.4.8; http://mj12bot.com/)"
65.108.128.54 - - [20/May/2025:10:09:42 +0700] "GET /core/vendor/doctrine/deprecations/?C=M;O=A HTTP/1.1" 200 1947 "-" "Mozilla/5.0 (compatible; MJ12bot/v1.4.8; http://mj12bot.com/)"
95.91.104.62 - - [20/May/2025:10:09:42 +0700] "GET /core/vendor/spatie/image/?C=M;O=A HTTP/1.1" 200 2126 "-" "Mozilla/5.0 (compatible; MJ12bot/v1.4.8; http://mj12bot.com/)"
95.91.104.62 - - [20/May/2025:10:09:46 +0700] "GET /core/vendor/spatie/image/?C=N;O=D HTTP/1.1" 200 2126 "-" "Mozilla/5.0 (compatible; MJ12bot/v1.4.8; http://mj12bot.com/)"
147.135.128.94 - - [20/May/2025:10:09:47 +0700] "GET /core/vendor/sabberworm/php-css-parser/?C=S;O=A HTTP/1.1" 200 1930 "-" "Mozilla/5.0 (compatible; MJ12bot/v1.4.8; http://mj12bot.com/)"
95.91.104.62 - - [20/May/2025:10:09:49 +0700] "GET /core/vendor/spatie/image/?C=S;O=A HTTP/1.1" 200 2126 "-" "Mozilla/5.0 (compatible; MJ12bot/v1.4.8; http://mj12bot.com/)"
65.108.128.54 - - [20/May/2025:10:09:52 +0700] "GET /core/vendor/doctrine/deprecations/?C=N;O=D HTTP/1.1" 200 1947 "-" "Mozilla/5.0 (compatible; MJ12bot/v1.4.8; http://mj12bot.com/)"
95.91.104.62 - - [20/May/2025:10:09:52 +0700] "GET /core/vendor/spatie/image/CHANGELOG.md HTTP/1.1" 200 2440 "-" "Mozilla/5.0 (compatible; MJ12bot/v1.4.8; http://mj12bot.com/)"
95.91.104.62 - - [20/May/2025:10:09:56 +0700] "GET /core/vendor/spatie/image/ExtensionInterface.php HTTP/1.1" 200 - "-" "Mozilla/5.0 (compatible; MJ12bot/v1.4.8; http://mj12bot.com/)"
95.91.104.62 - - [20/May/2025:10:09:59 +0700] "GET /core/vendor/spatie/image/InvalidSignatureException.php HTTP/1.1" 200 - "-" "Mozilla/5.0 (compatible; MJ12bot/v1.4.8; http://mj12bot.com/)"
147.135.128.94 - - [20/May/2025:10:09:59 +0700] "GET /core/vendor/sabberworm/php-css-parser/CHANGELOG.md HTTP/1.1" 200 8192 "-" "Mozilla/5.0 (compatible; MJ12bot/v1.4.8; http://mj12bot.com/)"
65.108.128.54 - - [20/May/2025:10:10:00 +0700] "GET /core/vendor/doctrine/deprecations/?C=S;O=A HTTP/1.1" 200 1947 "-" "Mozilla/5.0 (compatible; MJ12bot/v1.4.8; http://mj12bot.com/)"
95.91.104.62 - - [20/May/2025:10:10:02 +0700] "GET /core/vendor/spatie/image/LICENSE.md HTTP/1.1" 200 1090 "-" "Mozilla/5.0 (compatible; MJ12bot/v1.4.8; http://mj12bot.com/)"
95.91.104.62 - - [20/May/2025:10:10:06 +0700] "GET /core/vendor/spatie/image/ReflectionException.php HTTP/1.1" 500 - "-" "Mozilla/5.0 (compatible; MJ12bot/v1.4.8; http://mj12bot.com/)"
147.135.128.94 - - [20/May/2025:10:10:09 +0700] "GET /core/vendor/sabberworm/php-css-parser/Doxyfile HTTP/1.1" 200 100906 "-" "Mozilla/5.0 (compatible; MJ12bot/v1.4.8; http://mj12bot.com/)"
95.91.104.62 - - [20/May/2025:10:10:09 +0700] "GET /core/vendor/spatie/image/composer.json HTTP/1.1" 200 1217 "-" "Mozilla/5.0 (compatible; MJ12bot/v1.4.8; http://mj12bot.com/)"
65.108.128.54 - - [20/May/2025:10:10:10 +0700] "GET /core/vendor/doctrine/deprecations/InvalidSignatureException.php HTTP/1.1" 200 - "-" "Mozilla/5.0 (compatible; MJ12bot/v1.4.8; http://mj12bot.com/)"
95.91.104.62 - - [20/May/2025:10:10:13 +0700] "GET /core/vendor/spatie/image/psalm.xml HTTP/1.1" 200 444 "-" "Mozilla/5.0 (compatible; MJ12bot/v1.4.8; http://mj12bot.com/)"
65.108.128.54 - - [20/May/2025:10:10:17 +0700] "GET /core/vendor/doctrine/deprecations/composer.json HTTP/1.1" 200 1330 "-" "Mozilla/5.0 (compatible; MJ12bot/v1.4.8; http://mj12bot.com/)"
95.91.104.62 - - [20/May/2025:10:10:17 +0700] "GET /core/vendor/spatie/laravel-cookie-consent/?C=D;O=A HTTP/1.1" 200 1955 "-" "Mozilla/5.0 (compatible; MJ12bot/v1.4.8; http://mj12bot.com/)"
95.91.104.62 - - [20/May/2025:10:10:20 +0700] "GET /core/vendor/spatie/laravel-cookie-consent/?C=M;O=A HTTP/1.1" 200 1955 "-" "Mozilla/5.0 (compatible; MJ12bot/v1.4.8; http://mj12bot.com/)"
95.91.104.62 - - [20/May/2025:10:10:24 +0700] "GET /core/vendor/spatie/laravel-cookie-consent/?C=N;O=D HTTP/1.1" 200 1955 "-" "Mozilla/5.0 (compatible; MJ12bot/v1.4.8; http://mj12bot.com/)"
65.108.128.54 - - [20/May/2025:10:10:24 +0700] "GET /core/vendor/doctrine/deprecations/phpcs.xml HTTP/1.1" 200 602 "-" "Mozilla/5.0 (compatible; MJ12bot/v1.4.8; http://mj12bot.com/)"
95.91.104.62 - - [20/May/2025:10:10:27 +0700] "GET /core/vendor/spatie/laravel-cookie-consent/?C=S;O=A HTTP/1.1" 200 1955 "-" "Mozilla/5.0 (compatible; MJ12bot/v1.4.8; http://mj12bot.com/)"
147.135.128.94 - - [20/May/2025:10:10:28 +0700] "GET /core/vendor/sabberworm/php-css-parser/composer.json HTTP/1.1" 200 2112 "-" "Mozilla/5.0 (compatible; MJ12bot/v1.4.8; http://mj12bot.com/)"
95.91.104.62 - - [20/May/2025:10:10:31 +0700] "GET /core/vendor/spatie/laravel-cookie-consent/CHANGELOG.md HTTP/1.1" 200 3001 "-" "Mozilla/5.0 (compatible; MJ12bot/v1.4.8; http://mj12bot.com/)"
65.108.128.54 - - [20/May/2025:10:10:31 +0700] "GET /core/vendor/doctrine/deprecations/phpunit.xml.dist HTTP/1.1" 200 619 "-" "Mozilla/5.0 (compatible; MJ12bot/v1.4.8; http://mj12bot.com/)"
95.91.104.62 - - [20/May/2025:10:10:36 +0700] "GET /core/vendor/spatie/laravel-cookie-consent/InvalidSignatureException.php HTTP/1.1" 200 - "-" "Mozilla/5.0 (compatible; MJ12bot/v1.4.8; http://mj12bot.com/)"
147.135.128.94 - - [20/May/2025:10:10:38 +0700] "GET /core/vendor/sabberworm/php-css-parser/composer.lock HTTP/1.1" 200 49152 "-" "Mozilla/5.0 (compatible; MJ12bot/v1.4.8; http://mj12bot.com/)"
95.91.104.62 - - [20/May/2025:10:10:39 +0700] "GET /core/vendor/spatie/laravel-cookie-consent/LICENSE.md HTTP/1.1" 200 1090 "-" "Mozilla/5.0 (compatible; MJ12bot/v1.4.8; http://mj12bot.com/)"
65.108.128.54 - - [20/May/2025:10:10:41 +0700] "GET /core/vendor/doctrine/event-manager/?C=D;O=A HTTP/1.1" 200 1207 "-" "Mozilla/5.0 (compatible; MJ12bot/v1.4.8; http://mj12bot.com/)"
95.91.104.62 - - [20/May/2025:10:10:42 +0700] "GET /core/vendor/spatie/laravel-cookie-consent/composer.json HTTP/1.1" 200 1330 "-" "Mozilla/5.0 (compatible; MJ12bot/v1.4.8; http://mj12bot.com/)"
95.91.104.62 - - [20/May/2025:10:10:46 +0700] "GET /core/vendor/spatie/laravel-sitemap/?C=D;O=A HTTP/1.1" 200 2121 "-" "Mozilla/5.0 (compatible; MJ12bot/v1.4.8; http://mj12bot.com/)"
147.135.128.94 - - [20/May/2025:10:10:49 +0700] "GET /core/vendor/sabberworm/php-css-parser/phpunit.xml HTTP/1.1" 200 335 "-" "Mozilla/5.0 (compatible; MJ12bot/v1.4.8; http://mj12bot.com/)"
95.91.104.62 - - [20/May/2025:10:10:49 +0700] "GET /core/vendor/spatie/laravel-sitemap/?C=M;O=A HTTP/1.1" 200 2121 "-" "Mozilla/5.0 (compatible; MJ12bot/v1.4.8; http://mj12bot.com/)"
65.108.128.54 - - [20/May/2025:10:10:50 +0700] "GET /core/vendor/doctrine/event-manager/?C=M;O=A HTTP/1.1" 200 1207 "-" "Mozilla/5.0 (compatible; MJ12bot/v1.4.8; http://mj12bot.com/)"
95.91.104.62 - - [20/May/2025:10:10:53 +0700] "GET /core/vendor/spatie/laravel-sitemap/?C=N;O=D HTTP/1.1" 200 2121 "-" "Mozilla/5.0 (compatible; MJ12bot/v1.4.8; http://mj12bot.com/)"
95.91.104.62 - - [20/May/2025:10:10:56 +0700] "GET /core/vendor/spatie/laravel-sitemap/?C=S;O=A HTTP/1.1" 200 2121 "-" "Mozilla/5.0 (compatible; MJ12bot/v1.4.8; http://mj12bot.com/)"
65.108.128.54 - - [20/May/2025:10:10:59 +0700] "GET /core/vendor/doctrine/event-manager/?C=N;O=D HTTP/1.1" 200 1207 "-" "Mozilla/5.0 (compatible; MJ12bot/v1.4.8; http://mj12bot.com/)"
95.91.104.62 - - [20/May/2025:10:11:00 +0700] "GET /core/vendor/spatie/laravel-sitemap/CHANGELOG.md HTTP/1.1" 200 2683 "-" "Mozilla/5.0 (compatible; MJ12bot/v1.4.8; http://mj12bot.com/)"
147.135.128.94 - - [20/May/2025:10:11:01 +0700] "GET /core/vendor/sebastian/?C=D;O=D HTTP/1.1" 200 3727 "-" "Mozilla/5.0 (compatible; MJ12bot/v1.4.8; http://mj12bot.com/)"
95.91.104.62 - - [20/May/2025:10:11:03 +0700] "GET /core/vendor/spatie/laravel-sitemap/InvalidSignatureException.php HTTP/1.1" 200 - "-" "Mozilla/5.0 (compatible; MJ12bot/v1.4.8; http://mj12bot.com/)"
95.91.104.62 - - [20/May/2025:10:11:07 +0700] "GET /core/vendor/spatie/laravel-sitemap/LICENSE.md HTTP/1.1" 200 1091 "-" "Mozilla/5.0 (compatible; MJ12bot/v1.4.8; http://mj12bot.com/)"
65.108.128.54 - - [20/May/2025:10:11:07 +0700] "GET /core/vendor/doctrine/event-manager/?C=S;O=A HTTP/1.1" 200 1207 "-" "Mozilla/5.0 (compatible; MJ12bot/v1.4.8; http://mj12bot.com/)"
95.91.104.62 - - [20/May/2025:10:11:10 +0700] "GET /core/vendor/spatie/laravel-sitemap/UPGRADING.md HTTP/1.1" 200 839 "-" "Mozilla/5.0 (compatible; MJ12bot/v1.4.8; http://mj12bot.com/)"
95.91.104.62 - - [20/May/2025:10:11:13 +0700] "GET /core/vendor/spatie/laravel-sitemap/composer.json HTTP/1.1" 200 1425 "-" "Mozilla/5.0 (compatible; MJ12bot/v1.4.8; http://mj12bot.com/)"
65.108.128.54 - - [20/May/2025:10:11:16 +0700] "GET /core/vendor/doctrine/event-manager/LICENSE HTTP/1.1" 200 - "-" "Mozilla/5.0 (compatible; MJ12bot/v1.4.8; http://mj12bot.com/)"
95.91.104.62 - - [20/May/2025:10:11:16 +0700] "GET /core/vendor/spatie/robots-txt/?C=D;O=A HTTP/1.1" 200 2142 "-" "Mozilla/5.0 (compatible; MJ12bot/v1.4.8; http://mj12bot.com/)"
147.135.128.94 - - [20/May/2025:10:11:17 +0700] "GET /core/vendor/sebastian/?C=M;O=D HTTP/1.1" 200 3727 "-" "Mozilla/5.0 (compatible; MJ12bot/v1.4.8; http://mj12bot.com/)"
95.91.104.62 - - [20/May/2025:10:11:20 +0700] "GET /core/vendor/spatie/robots-txt/?C=M;O=A HTTP/1.1" 200 2142 "-" "Mozilla/5.0 (compatible; MJ12bot/v1.4.8; http://mj12bot.com/)"
95.91.104.62 - - [20/May/2025:10:11:23 +0700] "GET /core/vendor/spatie/robots-txt/?C=N;O=D HTTP/1.1" 200 2142 "-" "Mozilla/5.0 (compatible; MJ12bot/v1.4.8; http://mj12bot.com/)"
95.91.104.62 - - [20/May/2025:10:11:27 +0700] "GET /core/vendor/spatie/robots-txt/?C=S;O=A HTTP/1.1" 200 2142 "-" "Mozilla/5.0 (compatible; MJ12bot/v1.4.8; http://mj12bot.com/)"
65.108.128.54 - - [20/May/2025:10:11:27 +0700] "GET /core/vendor/doctrine/event-manager/composer.json HTTP/1.1" 200 1330 "-" "Mozilla/5.0 (compatible; MJ12bot/v1.4.8; http://mj12bot.com/)"
147.135.128.94 - - [20/May/2025:10:11:28 +0700] "GET /core/vendor/sebastian/?C=N;O=A HTTP/1.1" 200 3727 "-" "Mozilla/5.0 (compatible; MJ12bot/v1.4.8; http://mj12bot.com/)"
95.91.104.62 - - [20/May/2025:10:11:30 +0700] "GET /core/vendor/spatie/robots-txt/CHANGELOG.md HTTP/1.1" 200 - "-" "Mozilla/5.0 (compatible; MJ12bot/v1.4.8; http://mj12bot.com/)"
95.91.104.62 - - [20/May/2025:10:11:34 +0700] "GET /core/vendor/spatie/robots-txt/CONTRIBUTING.md HTTP/1.1" 200 1218 "-" "Mozilla/5.0 (compatible; MJ12bot/v1.4.8; http://mj12bot.com/)"
65.108.128.54 - - [20/May/2025:10:11:35 +0700] "GET /core/vendor/doctrine/inflector/?C=D;O=A HTTP/1.1" 200 2511 "-" "Mozilla/5.0 (compatible; MJ12bot/v1.4.8; http://mj12bot.com/)"
147.135.128.94 - - [20/May/2025:10:11:43 +0700] "GET /core/vendor/sebastian/?C=S;O=D HTTP/1.1" 200 3727 "-" "Mozilla/5.0 (compatible; MJ12bot/v1.4.8; http://mj12bot.com/)"
95.91.104.62 - - [20/May/2025:10:11:44 +0700] "GET /core/vendor/spatie/robots-txt/InvalidSignatureException.php HTTP/1.1" 200 - "-" "Mozilla/5.0 (compatible; MJ12bot/v1.4.8; http://mj12bot.com/)"
65.108.128.54 - - [20/May/2025:10:11:47 +0700] "GET /core/vendor/doctrine/inflector/?C=M;O=A HTTP/1.1" 200 2511 "-" "Mozilla/5.0 (compatible; MJ12bot/v1.4.8; http://mj12bot.com/)"
95.91.104.62 - - [20/May/2025:10:11:48 +0700] "GET /core/vendor/spatie/robots-txt/LICENSE.md HTTP/1.1" 200 1103 "-" "Mozilla/5.0 (compatible; MJ12bot/v1.4.8; http://mj12bot.com/)"
95.91.104.62 - - [20/May/2025:10:11:51 +0700] "GET /core/vendor/spatie/robots-txt/ReflectionException.php HTTP/1.1" 500 - "-" "Mozilla/5.0 (compatible; MJ12bot/v1.4.8; http://mj12bot.com/)"
95.91.104.62 - - [20/May/2025:10:11:55 +0700] "GET /core/vendor/spatie/robots-txt/composer.json HTTP/1.1" 200 1330 "-" "Mozilla/5.0 (compatible; MJ12bot/v1.4.8; http://mj12bot.com/)"
65.108.128.54 - - [20/May/2025:10:11:56 +0700] "GET /core/vendor/doctrine/inflector/?C=N;O=D HTTP/1.1" 200 2511 "-" "Mozilla/5.0 (compatible; MJ12bot/v1.4.8; http://mj12bot.com/)"
147.135.128.94 - - [20/May/2025:10:11:57 +0700] "GET /core/vendor/sebastian/cli-parser/?C=D;O=A HTTP/1.1" 200 1566 "-" "Mozilla/5.0 (compatible; MJ12bot/v1.4.8; http://mj12bot.com/)"
95.91.104.62 - - [20/May/2025:10:11:58 +0700] "GET /core/vendor/spatie/temporary-directory/?C=D;O=A HTTP/1.1" 200 1777 "-" "Mozilla/5.0 (compatible; MJ12bot/v1.4.8; http://mj12bot.com/)"
95.91.104.62 - - [20/May/2025:10:12:02 +0700] "GET /core/vendor/spatie/temporary-directory/?C=M;O=A HTTP/1.1" 200 1777 "-" "Mozilla/5.0 (compatible; MJ12bot/v1.4.8; http://mj12bot.com/)"
95.91.104.62 - - [20/May/2025:10:12:05 +0700] "GET /core/vendor/spatie/temporary-directory/?C=N;O=D HTTP/1.1" 200 1777 "-" "Mozilla/5.0 (compatible; MJ12bot/v1.4.8; http://mj12bot.com/)"
65.108.128.54 - - [20/May/2025:10:12:06 +0700] "GET /core/vendor/doctrine/inflector/?C=S;O=A HTTP/1.1" 200 2511 "-" "Mozilla/5.0 (compatible; MJ12bot/v1.4.8; http://mj12bot.com/)"
