147.135.212.200 - - [20/May/2025:05:37:56 +0700] "GET /core/vendor/composer/platform_check.php HTTP/1.1" 200 - "-" "Mozilla/5.0 (compatible; MJ12bot/v1.4.8; http://mj12bot.com/)"
88.90.243.142 - - [20/May/2025:05:37:57 +0700] "GET /core/vendor/nicmart/about.php HTTP/1.1" 200 894 "-" "Mozilla/5.0 (compatible; MJ12bot/v1.4.8; http://mj12bot.com/)"
147.135.212.200 - - [20/May/2025:05:38:00 +0700] "GET /core/vendor/doctrine/?C=D;O=A HTTP/1.1" 200 2074 "-" "Mozilla/5.0 (compatible; MJ12bot/v1.4.8; http://mj12bot.com/)"
88.90.243.142 - - [20/May/2025:05:38:00 +0700] "GET /core/vendor/nicmart/tree/ HTTP/1.1" 200 1735 "-" "Mozilla/5.0 (compatible; MJ12bot/v1.4.8; http://mj12bot.com/)"
147.135.212.200 - - [20/May/2025:05:38:03 +0700] "GET /core/vendor/doctrine/?C=M;O=A HTTP/1.1" 200 2074 "-" "Mozilla/5.0 (compatible; MJ12bot/v1.4.8; http://mj12bot.com/)"
88.90.243.142 - - [20/May/2025:05:38:03 +0700] "GET /core/vendor/nikic/?C=D;O=A HTTP/1.1" 200 1189 "-" "Mozilla/5.0 (compatible; MJ12bot/v1.4.8; http://mj12bot.com/)"
147.135.212.200 - - [20/May/2025:05:38:06 +0700] "GET /core/vendor/doctrine/?C=N;O=D HTTP/1.1" 200 2074 "-" "Mozilla/5.0 (compatible; MJ12bot/v1.4.8; http://mj12bot.com/)"
88.90.243.142 - - [20/May/2025:05:38:07 +0700] "GET /core/vendor/nikic/?C=M;O=A HTTP/1.1" 200 1189 "-" "Mozilla/5.0 (compatible; MJ12bot/v1.4.8; http://mj12bot.com/)"
147.135.212.200 - - [20/May/2025:05:38:10 +0700] "GET /core/vendor/doctrine/?C=S;O=A HTTP/1.1" 200 2074 "-" "Mozilla/5.0 (compatible; MJ12bot/v1.4.8; http://mj12bot.com/)"
88.90.243.142 - - [20/May/2025:05:38:10 +0700] "GET /core/vendor/nikic/?C=N;O=D HTTP/1.1" 200 1189 "-" "Mozilla/5.0 (compatible; MJ12bot/v1.4.8; http://mj12bot.com/)"
147.135.212.200 - - [20/May/2025:05:38:13 +0700] "GET /core/vendor/doctrine/AbstractExtension.php HTTP/1.1" 500 - "-" "Mozilla/5.0 (compatible; MJ12bot/v1.4.8; http://mj12bot.com/)"
88.90.243.142 - - [20/May/2025:05:38:13 +0700] "GET /core/vendor/nikic/?C=S;O=A HTTP/1.1" 200 1189 "-" "Mozilla/5.0 (compatible; MJ12bot/v1.4.8; http://mj12bot.com/)"
147.135.212.200 - - [20/May/2025:05:38:17 +0700] "GET /core/vendor/doctrine/cache/ HTTP/1.1" 200 1556 "-" "Mozilla/5.0 (compatible; MJ12bot/v1.4.8; http://mj12bot.com/)"
88.90.243.142 - - [20/May/2025:05:38:17 +0700] "GET /core/vendor/nikic/AbstractExtension.php HTTP/1.1" 500 - "-" "Mozilla/5.0 (compatible; MJ12bot/v1.4.8; http://mj12bot.com/)"
88.90.243.142 - - [20/May/2025:05:38:20 +0700] "GET /core/vendor/nikic/NumberHandler.php HTTP/1.1" 500 - "-" "Mozilla/5.0 (compatible; MJ12bot/v1.4.8; http://mj12bot.com/)"
147.135.212.200 - - [20/May/2025:05:38:21 +0700] "GET /core/vendor/doctrine/dbal/ HTTP/1.1" 200 2129 "-" "Mozilla/5.0 (compatible; MJ12bot/v1.4.8; http://mj12bot.com/)"
147.135.212.200 - - [20/May/2025:05:38:24 +0700] "GET /core/vendor/doctrine/deprecations/ HTTP/1.1" 200 1947 "-" "Mozilla/5.0 (compatible; MJ12bot/v1.4.8; http://mj12bot.com/)"
88.90.243.142 - - [20/May/2025:05:38:25 +0700] "GET /core/vendor/nikic/php-parser/ HTTP/1.1" 200 1540 "-" "Mozilla/5.0 (compatible; MJ12bot/v1.4.8; http://mj12bot.com/)"
147.135.212.200 - - [20/May/2025:05:38:28 +0700] "GET /core/vendor/doctrine/event-manager/ HTTP/1.1" 200 1207 "-" "Mozilla/5.0 (compatible; MJ12bot/v1.4.8; http://mj12bot.com/)"
88.90.243.142 - - [20/May/2025:05:38:29 +0700] "GET /core/vendor/nunomaduro/?C=D;O=A HTTP/1.1" 200 1196 "-" "Mozilla/5.0 (compatible; MJ12bot/v1.4.8; http://mj12bot.com/)"
147.135.212.200 - - [20/May/2025:05:38:31 +0700] "GET /core/vendor/doctrine/inflector/ HTTP/1.1" 200 2511 "-" "Mozilla/5.0 (compatible; MJ12bot/v1.4.8; http://mj12bot.com/)"
88.90.243.142 - - [20/May/2025:05:38:32 +0700] "GET /core/vendor/nunomaduro/?C=M;O=A HTTP/1.1" 200 1196 "-" "Mozilla/5.0 (compatible; MJ12bot/v1.4.8; http://mj12bot.com/)"
147.135.212.200 - - [20/May/2025:05:38:34 +0700] "GET /core/vendor/doctrine/instantiator/ HTTP/1.1" 200 2513 "-" "Mozilla/5.0 (compatible; MJ12bot/v1.4.8; http://mj12bot.com/)"
88.90.243.142 - - [20/May/2025:05:38:35 +0700] "GET /core/vendor/nunomaduro/?C=N;O=D HTTP/1.1" 200 1196 "-" "Mozilla/5.0 (compatible; MJ12bot/v1.4.8; http://mj12bot.com/)"
147.135.212.200 - - [20/May/2025:05:38:38 +0700] "GET /core/vendor/doctrine/lexer/ HTTP/1.1" 200 1783 "-" "Mozilla/5.0 (compatible; MJ12bot/v1.4.8; http://mj12bot.com/)"
88.90.243.142 - - [20/May/2025:05:38:39 +0700] "GET /core/vendor/nunomaduro/?C=S;O=A HTTP/1.1" 200 1196 "-" "Mozilla/5.0 (compatible; MJ12bot/v1.4.8; http://mj12bot.com/)"
147.135.212.200 - - [20/May/2025:05:38:41 +0700] "GET /core/vendor/dompdf/?C=D;O=A HTTP/1.1" 200 813 "-" "Mozilla/5.0 (compatible; MJ12bot/v1.4.8; http://mj12bot.com/)"
88.90.243.142 - - [20/May/2025:05:38:42 +0700] "GET /core/vendor/nunomaduro/NumberHandler.php HTTP/1.1" 500 - "-" "Mozilla/5.0 (compatible; MJ12bot/v1.4.8; http://mj12bot.com/)"
147.135.212.200 - - [20/May/2025:05:38:45 +0700] "GET /core/vendor/dompdf/?C=M;O=A HTTP/1.1" 200 813 "-" "Mozilla/5.0 (compatible; MJ12bot/v1.4.8; http://mj12bot.com/)"
88.90.243.142 - - [20/May/2025:05:38:46 +0700] "GET /core/vendor/nunomaduro/StyleController.php HTTP/1.1" 200 - "-" "Mozilla/5.0 (compatible; MJ12bot/v1.4.8; http://mj12bot.com/)"
147.135.212.200 - - [20/May/2025:05:38:48 +0700] "GET /core/vendor/dompdf/?C=N;O=D HTTP/1.1" 200 813 "-" "Mozilla/5.0 (compatible; MJ12bot/v1.4.8; http://mj12bot.com/)"
88.90.243.142 - - [20/May/2025:05:38:50 +0700] "GET /core/vendor/nunomaduro/collision/ HTTP/1.1" 200 1798 "-" "Mozilla/5.0 (compatible; MJ12bot/v1.4.8; http://mj12bot.com/)"
147.135.212.200 - - [20/May/2025:05:38:51 +0700] "GET /core/vendor/dompdf/?C=S;O=A HTTP/1.1" 200 813 "-" "Mozilla/5.0 (compatible; MJ12bot/v1.4.8; http://mj12bot.com/)"
88.90.243.142 - - [20/May/2025:05:38:53 +0700] "GET /core/vendor/opis/?C=D;O=A HTTP/1.1" 200 1187 "-" "Mozilla/5.0 (compatible; MJ12bot/v1.4.8; http://mj12bot.com/)"
147.135.212.200 - - [20/May/2025:05:38:55 +0700] "GET /core/vendor/dompdf/dompdf/ HTTP/1.1" 200 2479 "-" "Mozilla/5.0 (compatible; MJ12bot/v1.4.8; http://mj12bot.com/)"
88.90.243.142 - - [20/May/2025:05:38:56 +0700] "GET /core/vendor/opis/?C=M;O=A HTTP/1.1" 200 1187 "-" "Mozilla/5.0 (compatible; MJ12bot/v1.4.8; http://mj12bot.com/)"
147.135.212.200 - - [20/May/2025:05:38:58 +0700] "GET /core/vendor/dragonmantank/?C=D;O=A HTTP/1.1" 200 1585 "-" "Mozilla/5.0 (compatible; MJ12bot/v1.4.8; http://mj12bot.com/)"
88.90.243.142 - - [20/May/2025:05:39:00 +0700] "GET /core/vendor/opis/?C=N;O=D HTTP/1.1" 200 1187 "-" "Mozilla/5.0 (compatible; MJ12bot/v1.4.8; http://mj12bot.com/)"
147.135.212.200 - - [20/May/2025:05:39:02 +0700] "GET /core/vendor/dragonmantank/?C=M;O=A HTTP/1.1" 200 1585 "-" "Mozilla/5.0 (compatible; MJ12bot/v1.4.8; http://mj12bot.com/)"
88.90.243.142 - - [20/May/2025:05:39:03 +0700] "GET /core/vendor/opis/?C=S;O=A HTTP/1.1" 200 1187 "-" "Mozilla/5.0 (compatible; MJ12bot/v1.4.8; http://mj12bot.com/)"
147.135.212.200 - - [20/May/2025:05:39:05 +0700] "GET /core/vendor/dragonmantank/?C=N;O=D HTTP/1.1" 200 1585 "-" "Mozilla/5.0 (compatible; MJ12bot/v1.4.8; http://mj12bot.com/)"
88.90.243.142 - - [20/May/2025:05:39:06 +0700] "GET /core/vendor/opis/AbstractExtension.php HTTP/1.1" 500 - "-" "Mozilla/5.0 (compatible; MJ12bot/v1.4.8; http://mj12bot.com/)"
147.135.212.200 - - [20/May/2025:05:39:08 +0700] "GET /core/vendor/dragonmantank/?C=S;O=A HTTP/1.1" 200 1585 "-" "Mozilla/5.0 (compatible; MJ12bot/v1.4.8; http://mj12bot.com/)"
88.90.243.142 - - [20/May/2025:05:39:10 +0700] "GET /core/vendor/opis/RuntimeException.php HTTP/1.1" 500 - "-" "Mozilla/5.0 (compatible; MJ12bot/v1.4.8; http://mj12bot.com/)"
147.135.212.200 - - [20/May/2025:05:39:12 +0700] "GET /core/vendor/dragonmantank/AbstractExtension.php HTTP/1.1" 500 - "-" "Mozilla/5.0 (compatible; MJ12bot/v1.4.8; http://mj12bot.com/)"
88.90.243.142 - - [20/May/2025:05:39:14 +0700] "GET /core/vendor/opis/closure/ HTTP/1.1" 200 2098 "-" "Mozilla/5.0 (compatible; MJ12bot/v1.4.8; http://mj12bot.com/)"
147.135.212.200 - - [20/May/2025:05:39:15 +0700] "GET /core/vendor/dragonmantank/NumberHandler.php HTTP/1.1" 500 - "-" "Mozilla/5.0 (compatible; MJ12bot/v1.4.8; http://mj12bot.com/)"
88.90.243.142 - - [20/May/2025:05:39:18 +0700] "GET /core/vendor/paypal/?C=D;O=A HTTP/1.1" 200 1200 "-" "Mozilla/5.0 (compatible; MJ12bot/v1.4.8; http://mj12bot.com/)"
147.135.212.200 - - [20/May/2025:05:39:20 +0700] "GET /core/vendor/dragonmantank/RuntimeException.php HTTP/1.1" 500 - "-" "Mozilla/5.0 (compatible; MJ12bot/v1.4.8; http://mj12bot.com/)"
88.90.243.142 - - [20/May/2025:05:39:21 +0700] "GET /core/vendor/paypal/?C=M;O=A HTTP/1.1" 200 1200 "-" "Mozilla/5.0 (compatible; MJ12bot/v1.4.8; http://mj12bot.com/)"
147.135.212.200 - - [20/May/2025:05:39:24 +0700] "GET /core/vendor/dragonmantank/StyleController.php HTTP/1.1" 200 - "-" "Mozilla/5.0 (compatible; MJ12bot/v1.4.8; http://mj12bot.com/)"
88.90.243.142 - - [20/May/2025:05:39:24 +0700] "GET /core/vendor/paypal/?C=N;O=D HTTP/1.1" 200 1200 "-" "Mozilla/5.0 (compatible; MJ12bot/v1.4.8; http://mj12bot.com/)"
88.90.243.142 - - [20/May/2025:05:39:28 +0700] "GET /core/vendor/paypal/?C=S;O=A HTTP/1.1" 200 1200 "-" "Mozilla/5.0 (compatible; MJ12bot/v1.4.8; http://mj12bot.com/)"
147.135.212.200 - - [20/May/2025:05:39:28 +0700] "GET /core/vendor/dragonmantank/cron-expression/ HTTP/1.1" 200 1957 "-" "Mozilla/5.0 (compatible; MJ12bot/v1.4.8; http://mj12bot.com/)"
88.90.243.142 - - [20/May/2025:05:39:31 +0700] "GET /core/vendor/paypal/AbstractExtension.php HTTP/1.1" 500 - "-" "Mozilla/5.0 (compatible; MJ12bot/v1.4.8; http://mj12bot.com/)"
147.135.212.200 - - [20/May/2025:05:39:32 +0700] "GET /core/vendor/egulias/?C=D;O=A HTTP/1.1" 200 1573 "-" "Mozilla/5.0 (compatible; MJ12bot/v1.4.8; http://mj12bot.com/)"
88.90.243.142 - - [20/May/2025:05:39:35 +0700] "GET /core/vendor/paypal/NoTraitException.php HTTP/1.1" 500 - "-" "Mozilla/5.0 (compatible; MJ12bot/v1.4.8; http://mj12bot.com/)"
147.135.212.200 - - [20/May/2025:05:39:35 +0700] "GET /core/vendor/egulias/?C=M;O=A HTTP/1.1" 200 1573 "-" "Mozilla/5.0 (compatible; MJ12bot/v1.4.8; http://mj12bot.com/)"
147.135.212.200 - - [20/May/2025:05:39:39 +0700] "GET /core/vendor/egulias/?C=N;O=D HTTP/1.1" 200 1573 "-" "Mozilla/5.0 (compatible; MJ12bot/v1.4.8; http://mj12bot.com/)"
88.90.243.142 - - [20/May/2025:05:39:39 +0700] "GET /core/vendor/paypal/rest-api-sdk-php/ HTTP/1.1" 200 1757 "-" "Mozilla/5.0 (compatible; MJ12bot/v1.4.8; http://mj12bot.com/)"
147.135.212.200 - - [20/May/2025:05:39:42 +0700] "GET /core/vendor/egulias/?C=S;O=A HTTP/1.1" 200 1573 "-" "Mozilla/5.0 (compatible; MJ12bot/v1.4.8; http://mj12bot.com/)"
88.90.243.142 - - [20/May/2025:05:39:43 +0700] "GET /core/vendor/phar-io/?C=D;O=A HTTP/1.1" 200 993 "-" "Mozilla/5.0 (compatible; MJ12bot/v1.4.8; http://mj12bot.com/)"
147.135.212.200 - - [20/May/2025:05:39:45 +0700] "GET /core/vendor/egulias/AbstractExtension.php HTTP/1.1" 500 - "-" "Mozilla/5.0 (compatible; MJ12bot/v1.4.8; http://mj12bot.com/)"
88.90.243.142 - - [20/May/2025:05:39:46 +0700] "GET /core/vendor/phar-io/?C=M;O=A HTTP/1.1" 200 993 "-" "Mozilla/5.0 (compatible; MJ12bot/v1.4.8; http://mj12bot.com/)"
147.135.212.200 - - [20/May/2025:05:39:49 +0700] "GET /core/vendor/egulias/NumberHandler.php HTTP/1.1" 500 - "-" "Mozilla/5.0 (compatible; MJ12bot/v1.4.8; http://mj12bot.com/)"
88.90.243.142 - - [20/May/2025:05:39:49 +0700] "GET /core/vendor/phar-io/?C=N;O=D HTTP/1.1" 200 993 "-" "Mozilla/5.0 (compatible; MJ12bot/v1.4.8; http://mj12bot.com/)"
88.90.243.142 - - [20/May/2025:05:39:53 +0700] "GET /core/vendor/phar-io/?C=S;O=A HTTP/1.1" 200 993 "-" "Mozilla/5.0 (compatible; MJ12bot/v1.4.8; http://mj12bot.com/)"
147.135.212.200 - - [20/May/2025:05:39:53 +0700] "GET /core/vendor/egulias/RuntimeException.php HTTP/1.1" 500 - "-" "Mozilla/5.0 (compatible; MJ12bot/v1.4.8; http://mj12bot.com/)"
88.90.243.142 - - [20/May/2025:05:39:56 +0700] "GET /core/vendor/phar-io/manifest/ HTTP/1.1" 200 2136 "-" "Mozilla/5.0 (compatible; MJ12bot/v1.4.8; http://mj12bot.com/)"
147.135.212.200 - - [20/May/2025:05:39:58 +0700] "GET /core/vendor/egulias/StyleController.php HTTP/1.1" 200 - "-" "Mozilla/5.0 (compatible; MJ12bot/v1.4.8; http://mj12bot.com/)"
88.90.243.142 - - [20/May/2025:05:40:00 +0700] "GET /core/vendor/phar-io/version/ HTTP/1.1" 200 1372 "-" "Mozilla/5.0 (compatible; MJ12bot/v1.4.8; http://mj12bot.com/)"
147.135.212.200 - - [20/May/2025:05:40:02 +0700] "GET /core/vendor/egulias/email-validator/ HTTP/1.1" 200 1798 "-" "Mozilla/5.0 (compatible; MJ12bot/v1.4.8; http://mj12bot.com/)"
88.90.243.142 - - [20/May/2025:05:40:03 +0700] "GET /core/vendor/phenx/?C=D;O=A HTTP/1.1" 200 1186 "-" "Mozilla/5.0 (compatible; MJ12bot/v1.4.8; http://mj12bot.com/)"
147.135.212.200 - - [20/May/2025:05:40:05 +0700] "GET /core/vendor/facade/?C=D;O=A HTTP/1.1" 200 1187 "-" "Mozilla/5.0 (compatible; MJ12bot/v1.4.8; http://mj12bot.com/)"
88.90.243.142 - - [20/May/2025:05:40:06 +0700] "GET /core/vendor/phenx/?C=M;O=A HTTP/1.1" 200 1186 "-" "Mozilla/5.0 (compatible; MJ12bot/v1.4.8; http://mj12bot.com/)"
147.135.212.200 - - [20/May/2025:05:40:09 +0700] "GET /core/vendor/facade/?C=M;O=A HTTP/1.1" 200 1187 "-" "Mozilla/5.0 (compatible; MJ12bot/v1.4.8; http://mj12bot.com/)"
88.90.243.142 - - [20/May/2025:05:40:10 +0700] "GET /core/vendor/phenx/?C=N;O=D HTTP/1.1" 200 1186 "-" "Mozilla/5.0 (compatible; MJ12bot/v1.4.8; http://mj12bot.com/)"
147.135.212.200 - - [20/May/2025:05:40:12 +0700] "GET /core/vendor/facade/?C=N;O=D HTTP/1.1" 200 1187 "-" "Mozilla/5.0 (compatible; MJ12bot/v1.4.8; http://mj12bot.com/)"
88.90.243.142 - - [20/May/2025:05:40:13 +0700] "GET /core/vendor/phenx/?C=S;O=A HTTP/1.1" 200 1186 "-" "Mozilla/5.0 (compatible; MJ12bot/v1.4.8; http://mj12bot.com/)"
147.135.212.200 - - [20/May/2025:05:40:16 +0700] "GET /core/vendor/facade/?C=S;O=A HTTP/1.1" 200 1187 "-" "Mozilla/5.0 (compatible; MJ12bot/v1.4.8; http://mj12bot.com/)"
88.90.243.142 - - [20/May/2025:05:40:17 +0700] "GET /core/vendor/phenx/AbstractExtension.php HTTP/1.1" 500 - "-" "Mozilla/5.0 (compatible; MJ12bot/v1.4.8; http://mj12bot.com/)"
147.135.212.200 - - [20/May/2025:05:40:19 +0700] "GET /core/vendor/facade/flare-client-php/ HTTP/1.1" 200 1794 "-" "Mozilla/5.0 (compatible; MJ12bot/v1.4.8; http://mj12bot.com/)"
88.90.243.142 - - [20/May/2025:05:40:20 +0700] "GET /core/vendor/phenx/php-font-lib/ HTTP/1.1" 302 - "-" "Mozilla/5.0 (compatible; MJ12bot/v1.4.8; http://mj12bot.com/)"
88.90.243.142 - - [20/May/2025:05:40:22 +0700] "GET /core/vendor/phenx/php-font-lib/www/ HTTP/1.1" 404 - "-" "Mozilla/5.0 (compatible; MJ12bot/v1.4.8; http://mj12bot.com/)"
147.135.212.200 - - [20/May/2025:05:40:22 +0700] "GET /core/vendor/facade/ignition/ HTTP/1.1" 200 3407 "-" "Mozilla/5.0 (compatible; MJ12bot/v1.4.8; http://mj12bot.com/)"
147.135.212.200 - - [20/May/2025:05:40:26 +0700] "GET /core/vendor/facade/ignition-contracts/ HTTP/1.1" 200 1954 "-" "Mozilla/5.0 (compatible; MJ12bot/v1.4.8; http://mj12bot.com/)"
88.90.243.142 - - [20/May/2025:05:40:28 +0700] "GET /core/vendor/phenx/php-svg-lib/ HTTP/1.1" 200 2292 "-" "Mozilla/5.0 (compatible; MJ12bot/v1.4.8; http://mj12bot.com/)"
147.135.212.200 - - [20/May/2025:05:40:29 +0700] "GET /core/vendor/fakerphp/?C=D;O=A HTTP/1.1" 200 816 "-" "Mozilla/5.0 (compatible; MJ12bot/v1.4.8; http://mj12bot.com/)"
88.90.243.142 - - [20/May/2025:05:40:31 +0700] "GET /core/vendor/phpdocumentor/?C=D;O=A HTTP/1.1" 200 1208 "-" "Mozilla/5.0 (compatible; MJ12bot/v1.4.8; http://mj12bot.com/)"
147.135.212.200 - - [20/May/2025:05:40:32 +0700] "GET /core/vendor/fakerphp/?C=M;O=A HTTP/1.1" 200 816 "-" "Mozilla/5.0 (compatible; MJ12bot/v1.4.8; http://mj12bot.com/)"
88.90.243.142 - - [20/May/2025:05:40:35 +0700] "GET /core/vendor/phpdocumentor/?C=M;O=A HTTP/1.1" 200 1208 "-" "Mozilla/5.0 (compatible; MJ12bot/v1.4.8; http://mj12bot.com/)"
147.135.212.200 - - [20/May/2025:05:40:36 +0700] "GET /core/vendor/fakerphp/?C=N;O=D HTTP/1.1" 200 816 "-" "Mozilla/5.0 (compatible; MJ12bot/v1.4.8; http://mj12bot.com/)"
88.90.243.142 - - [20/May/2025:05:40:38 +0700] "GET /core/vendor/phpdocumentor/?C=N;O=D HTTP/1.1" 200 1208 "-" "Mozilla/5.0 (compatible; MJ12bot/v1.4.8; http://mj12bot.com/)"
147.135.212.200 - - [20/May/2025:05:40:39 +0700] "GET /core/vendor/fakerphp/?C=S;O=A HTTP/1.1" 200 816 "-" "Mozilla/5.0 (compatible; MJ12bot/v1.4.8; http://mj12bot.com/)"
88.90.243.142 - - [20/May/2025:05:40:42 +0700] "GET /core/vendor/phpdocumentor/?C=S;O=A HTTP/1.1" 200 1208 "-" "Mozilla/5.0 (compatible; MJ12bot/v1.4.8; http://mj12bot.com/)"
147.135.212.200 - - [20/May/2025:05:40:43 +0700] "GET /core/vendor/fakerphp/faker/ HTTP/1.1" 200 2694 "-" "Mozilla/5.0 (compatible; MJ12bot/v1.4.8; http://mj12bot.com/)"
88.90.243.142 - - [20/May/2025:05:40:45 +0700] "GET /core/vendor/phpdocumentor/reflection-common/ HTTP/1.1" 200 1230 "-" "Mozilla/5.0 (compatible; MJ12bot/v1.4.8; http://mj12bot.com/)"
147.135.212.200 - - [20/May/2025:05:40:46 +0700] "GET /core/vendor/fideloper/?C=D;O=A HTTP/1.1" 200 1190 "-" "Mozilla/5.0 (compatible; MJ12bot/v1.4.8; http://mj12bot.com/)"
88.90.243.142 - - [20/May/2025:05:40:49 +0700] "GET /core/vendor/phpdocumentor/reflection-docblock/ HTTP/1.1" 200 1447 "-" "Mozilla/5.0 (compatible; MJ12bot/v1.4.8; http://mj12bot.com/)"
147.135.212.200 - - [20/May/2025:05:40:50 +0700] "GET /core/vendor/fideloper/?C=M;O=A HTTP/1.1" 200 1190 "-" "Mozilla/5.0 (compatible; MJ12bot/v1.4.8; http://mj12bot.com/)"
88.90.243.142 - - [20/May/2025:05:40:52 +0700] "GET /core/vendor/phpdocumentor/type-resolver/ HTTP/1.1" 200 1222 "-" "Mozilla/5.0 (compatible; MJ12bot/v1.4.8; http://mj12bot.com/)"
147.135.212.200 - - [20/May/2025:05:40:53 +0700] "GET /core/vendor/fideloper/?C=N;O=D HTTP/1.1" 200 1190 "-" "Mozilla/5.0 (compatible; MJ12bot/v1.4.8; http://mj12bot.com/)"
88.90.243.142 - - [20/May/2025:05:40:55 +0700] "GET /core/vendor/phpmailer/?C=D;O=A HTTP/1.1" 200 822 "-" "Mozilla/5.0 (compatible; MJ12bot/v1.4.8; http://mj12bot.com/)"
147.135.212.200 - - [20/May/2025:05:40:56 +0700] "GET /core/vendor/fideloper/?C=S;O=A HTTP/1.1" 200 1190 "-" "Mozilla/5.0 (compatible; MJ12bot/v1.4.8; http://mj12bot.com/)"
88.90.243.142 - - [20/May/2025:05:40:59 +0700] "GET /core/vendor/phpmailer/?C=M;O=A HTTP/1.1" 200 822 "-" "Mozilla/5.0 (compatible; MJ12bot/v1.4.8; http://mj12bot.com/)"
147.135.212.200 - - [20/May/2025:05:41:00 +0700] "GET /core/vendor/fideloper/NumberHandler.php HTTP/1.1" 500 - "-" "Mozilla/5.0 (compatible; MJ12bot/v1.4.8; http://mj12bot.com/)"
88.90.243.142 - - [20/May/2025:05:41:02 +0700] "GET /core/vendor/phpmailer/?C=N;O=D HTTP/1.1" 200 822 "-" "Mozilla/5.0 (compatible; MJ12bot/v1.4.8; http://mj12bot.com/)"
147.135.212.200 - - [20/May/2025:05:41:03 +0700] "GET /core/vendor/fideloper/StyleController.php HTTP/1.1" 200 - "-" "Mozilla/5.0 (compatible; MJ12bot/v1.4.8; http://mj12bot.com/)"
88.90.243.142 - - [20/May/2025:05:41:05 +0700] "GET /core/vendor/phpmailer/?C=S;O=A HTTP/1.1" 200 822 "-" "Mozilla/5.0 (compatible; MJ12bot/v1.4.8; http://mj12bot.com/)"
147.135.212.200 - - [20/May/2025:05:41:07 +0700] "GET /core/vendor/fideloper/proxy/ HTTP/1.1" 200 1372 "-" "Mozilla/5.0 (compatible; MJ12bot/v1.4.8; http://mj12bot.com/)"
88.90.243.142 - - [20/May/2025:05:41:09 +0700] "GET /core/vendor/phpmailer/phpmailer/ HTTP/1.1" 200 2098 "-" "Mozilla/5.0 (compatible; MJ12bot/v1.4.8; http://mj12bot.com/)"
147.135.212.200 - - [20/May/2025:05:41:11 +0700] "GET /core/vendor/filp/?C=D;O=A HTTP/1.1" 200 1554 "-" "Mozilla/5.0 (compatible; MJ12bot/v1.4.8; http://mj12bot.com/)"
88.90.243.142 - - [20/May/2025:05:41:12 +0700] "GET /core/vendor/phpoption/?C=D;O=A HTTP/1.1" 200 822 "-" "Mozilla/5.0 (compatible; MJ12bot/v1.4.8; http://mj12bot.com/)"
147.135.212.200 - - [20/May/2025:05:41:14 +0700] "GET /core/vendor/filp/?C=M;O=A HTTP/1.1" 200 1554 "-" "Mozilla/5.0 (compatible; MJ12bot/v1.4.8; http://mj12bot.com/)"
88.90.243.142 - - [20/May/2025:05:41:16 +0700] "GET /core/vendor/phpoption/?C=M;O=A HTTP/1.1" 200 822 "-" "Mozilla/5.0 (compatible; MJ12bot/v1.4.8; http://mj12bot.com/)"
147.135.212.200 - - [20/May/2025:05:41:18 +0700] "GET /core/vendor/filp/?C=N;O=D HTTP/1.1" 200 1554 "-" "Mozilla/5.0 (compatible; MJ12bot/v1.4.8; http://mj12bot.com/)"
88.90.243.142 - - [20/May/2025:05:41:19 +0700] "GET /core/vendor/phpoption/?C=N;O=D HTTP/1.1" 200 822 "-" "Mozilla/5.0 (compatible; MJ12bot/v1.4.8; http://mj12bot.com/)"
147.135.212.200 - - [20/May/2025:05:41:21 +0700] "GET /core/vendor/filp/?C=S;O=A HTTP/1.1" 200 1554 "-" "Mozilla/5.0 (compatible; MJ12bot/v1.4.8; http://mj12bot.com/)"
88.90.243.142 - - [20/May/2025:05:41:22 +0700] "GET /core/vendor/phpoption/?C=S;O=A HTTP/1.1" 200 822 "-" "Mozilla/5.0 (compatible; MJ12bot/v1.4.8; http://mj12bot.com/)"
147.135.212.200 - - [20/May/2025:05:41:24 +0700] "GET /core/vendor/filp/NodeExtension.php HTTP/1.1" 500 - "-" "Mozilla/5.0 (compatible; MJ12bot/v1.4.8; http://mj12bot.com/)"
88.90.243.142 - - [20/May/2025:05:41:26 +0700] "GET /core/vendor/phpoption/phpoption/ HTTP/1.1" 200 1378 "-" "Mozilla/5.0 (compatible; MJ12bot/v1.4.8; http://mj12bot.com/)"
147.135.212.200 - - [20/May/2025:05:41:28 +0700] "GET /core/vendor/filp/NumberHandler.php HTTP/1.1" 500 - "-" "Mozilla/5.0 (compatible; MJ12bot/v1.4.8; http://mj12bot.com/)"
88.90.243.142 - - [20/May/2025:05:41:29 +0700] "GET /core/vendor/phpspec/?C=D;O=A HTTP/1.1" 200 817 "-" "Mozilla/5.0 (compatible; MJ12bot/v1.4.8; http://mj12bot.com/)"
147.135.212.200 - - [20/May/2025:05:41:32 +0700] "GET /core/vendor/filp/RuntimeException.php HTTP/1.1" 500 - "-" "Mozilla/5.0 (compatible; MJ12bot/v1.4.8; http://mj12bot.com/)"
88.90.243.142 - - [20/May/2025:05:41:33 +0700] "GET /core/vendor/phpspec/?C=M;O=A HTTP/1.1" 200 817 "-" "Mozilla/5.0 (compatible; MJ12bot/v1.4.8; http://mj12bot.com/)"
88.90.243.142 - - [20/May/2025:05:41:36 +0700] "GET /core/vendor/phpspec/?C=N;O=D HTTP/1.1" 200 817 "-" "Mozilla/5.0 (compatible; MJ12bot/v1.4.8; http://mj12bot.com/)"
147.135.212.200 - - [20/May/2025:05:41:37 +0700] "GET /core/vendor/filp/StyleController.php HTTP/1.1" 200 - "-" "Mozilla/5.0 (compatible; MJ12bot/v1.4.8; http://mj12bot.com/)"
88.90.243.142 - - [20/May/2025:05:41:39 +0700] "GET /core/vendor/phpspec/?C=S;O=A HTTP/1.1" 200 817 "-" "Mozilla/5.0 (compatible; MJ12bot/v1.4.8; http://mj12bot.com/)"
147.135.212.200 - - [20/May/2025:05:41:41 +0700] "GET /core/vendor/filp/whoops/ HTTP/1.1" 200 2324 "-" "Mozilla/5.0 (compatible; MJ12bot/v1.4.8; http://mj12bot.com/)"
88.90.243.142 - - [20/May/2025:05:41:43 +0700] "GET /core/vendor/phpspec/prophecy/ HTTP/1.1" 200 1938 "-" "Mozilla/5.0 (compatible; MJ12bot/v1.4.8; http://mj12bot.com/)"
147.135.212.200 - - [20/May/2025:05:41:44 +0700] "GET /core/vendor/fruitcake/?C=D;O=A HTTP/1.1" 200 1202 "-" "Mozilla/5.0 (compatible; MJ12bot/v1.4.8; http://mj12bot.com/)"
88.90.243.142 - - [20/May/2025:05:41:46 +0700] "GET /core/vendor/phpunit/?C=D;O=A HTTP/1.1" 200 1732 "-" "Mozilla/5.0 (compatible; MJ12bot/v1.4.8; http://mj12bot.com/)"
147.135.212.200 - - [20/May/2025:05:41:47 +0700] "GET /core/vendor/fruitcake/?C=M;O=A HTTP/1.1" 200 1202 "-" "Mozilla/5.0 (compatible; MJ12bot/v1.4.8; http://mj12bot.com/)"
88.90.243.142 - - [20/May/2025:05:41:50 +0700] "GET /core/vendor/phpunit/?C=M;O=A HTTP/1.1" 200 1732 "-" "Mozilla/5.0 (compatible; MJ12bot/v1.4.8; http://mj12bot.com/)"
147.135.212.200 - - [20/May/2025:05:41:51 +0700] "GET /core/vendor/fruitcake/?C=N;O=D HTTP/1.1" 200 1202 "-" "Mozilla/5.0 (compatible; MJ12bot/v1.4.8; http://mj12bot.com/)"
88.90.243.142 - - [20/May/2025:05:41:53 +0700] "GET /core/vendor/phpunit/?C=N;O=D HTTP/1.1" 200 1732 "-" "Mozilla/5.0 (compatible; MJ12bot/v1.4.8; http://mj12bot.com/)"
147.135.212.200 - - [20/May/2025:05:41:54 +0700] "GET /core/vendor/fruitcake/?C=S;O=A HTTP/1.1" 200 1202 "-" "Mozilla/5.0 (compatible; MJ12bot/v1.4.8; http://mj12bot.com/)"
88.90.243.142 - - [20/May/2025:05:41:56 +0700] "GET /core/vendor/phpunit/?C=S;O=A HTTP/1.1" 200 1732 "-" "Mozilla/5.0 (compatible; MJ12bot/v1.4.8; http://mj12bot.com/)"
147.135.212.200 - - [20/May/2025:05:41:58 +0700] "GET /core/vendor/fruitcake/AbstractExtension.php HTTP/1.1" 500 - "-" "Mozilla/5.0 (compatible; MJ12bot/v1.4.8; http://mj12bot.com/)"
88.90.243.142 - - [20/May/2025:05:42:00 +0700] "GET /core/vendor/phpunit/php-code-coverage/ HTTP/1.1" 200 1392 "-" "Mozilla/5.0 (compatible; MJ12bot/v1.4.8; http://mj12bot.com/)"
147.135.212.200 - - [20/May/2025:05:42:01 +0700] "GET /core/vendor/fruitcake/RuntimeException.php HTTP/1.1" 500 - "-" "Mozilla/5.0 (compatible; MJ12bot/v1.4.8; http://mj12bot.com/)"
88.90.243.142 - - [20/May/2025:05:42:03 +0700] "GET /core/vendor/phpunit/php-file-iterator/ HTTP/1.1" 200 1392 "-" "Mozilla/5.0 (compatible; MJ12bot/v1.4.8; http://mj12bot.com/)"
147.135.212.200 - - [20/May/2025:05:42:05 +0700] "GET /core/vendor/fruitcake/laravel-cors/ HTTP/1.1" 200 1740 "-" "Mozilla/5.0 (compatible; MJ12bot/v1.4.8; http://mj12bot.com/)"
88.90.243.142 - - [20/May/2025:05:42:06 +0700] "GET /core/vendor/phpunit/php-invoker/ HTTP/1.1" 200 1380 "-" "Mozilla/5.0 (compatible; MJ12bot/v1.4.8; http://mj12bot.com/)"
147.135.212.200 - - [20/May/2025:05:42:10 +0700] "GET /core/vendor/graham-campbell/?C=D;O=A HTTP/1.1" 200 1396 "-" "Mozilla/5.0 (compatible; MJ12bot/v1.4.8; http://mj12bot.com/)"
88.90.243.142 - - [20/May/2025:05:42:10 +0700] "GET /core/vendor/phpunit/php-text-template/ HTTP/1.1" 200 1392 "-" "Mozilla/5.0 (compatible; MJ12bot/v1.4.8; http://mj12bot.com/)"
147.135.212.200 - - [20/May/2025:05:42:13 +0700] "GET /core/vendor/graham-campbell/?C=M;O=A HTTP/1.1" 200 1396 "-" "Mozilla/5.0 (compatible; MJ12bot/v1.4.8; http://mj12bot.com/)"
88.90.243.142 - - [20/May/2025:05:42:13 +0700] "GET /core/vendor/phpunit/php-timer/ HTTP/1.1" 200 1376 "-" "Mozilla/5.0 (compatible; MJ12bot/v1.4.8; http://mj12bot.com/)"
147.135.212.200 - - [20/May/2025:05:42:16 +0700] "GET /core/vendor/graham-campbell/?C=N;O=D HTTP/1.1" 200 1396 "-" "Mozilla/5.0 (compatible; MJ12bot/v1.4.8; http://mj12bot.com/)"
88.90.243.142 - - [20/May/2025:05:42:17 +0700] "GET /core/vendor/phpunit/phpunit/ HTTP/1.1" 200 2089 "-" "Mozilla/5.0 (compatible; MJ12bot/v1.4.8; http://mj12bot.com/)"
147.135.212.200 - - [20/May/2025:05:42:20 +0700] "GET /core/vendor/graham-campbell/?C=S;O=A HTTP/1.1" 200 1396 "-" "Mozilla/5.0 (compatible; MJ12bot/v1.4.8; http://mj12bot.com/)"
88.90.243.142 - - [20/May/2025:05:42:20 +0700] "GET /core/vendor/psr/?C=D;O=A HTTP/1.1" 200 2284 "-" "Mozilla/5.0 (compatible; MJ12bot/v1.4.8; http://mj12bot.com/)"
147.135.212.200 - - [20/May/2025:05:42:23 +0700] "GET /core/vendor/graham-campbell/NumberHandler.php HTTP/1.1" 500 - "-" "Mozilla/5.0 (compatible; MJ12bot/v1.4.8; http://mj12bot.com/)"
88.90.243.142 - - [20/May/2025:05:42:24 +0700] "GET /core/vendor/psr/?C=M;O=A HTTP/1.1" 200 2284 "-" "Mozilla/5.0 (compatible; MJ12bot/v1.4.8; http://mj12bot.com/)"
147.135.212.200 - - [20/May/2025:05:42:27 +0700] "GET /core/vendor/graham-campbell/RuntimeException.php HTTP/1.1" 500 - "-" "Mozilla/5.0 (compatible; MJ12bot/v1.4.8; http://mj12bot.com/)"
88.90.243.142 - - [20/May/2025:05:42:27 +0700] "GET /core/vendor/psr/?C=N;O=D HTTP/1.1" 200 2284 "-" "Mozilla/5.0 (compatible; MJ12bot/v1.4.8; http://mj12bot.com/)"
88.90.243.142 - - [20/May/2025:05:42:30 +0700] "GET /core/vendor/psr/?C=S;O=A HTTP/1.1" 200 2284 "-" "Mozilla/5.0 (compatible; MJ12bot/v1.4.8; http://mj12bot.com/)"
147.135.212.200 - - [20/May/2025:05:42:31 +0700] "GET /core/vendor/graham-campbell/StyleController.php HTTP/1.1" 200 - "-" "Mozilla/5.0 (compatible; MJ12bot/v1.4.8; http://mj12bot.com/)"
88.90.243.142 - - [20/May/2025:05:42:34 +0700] "GET /core/vendor/psr/NoTraitException.php HTTP/1.1" 500 - "-" "Mozilla/5.0 (compatible; MJ12bot/v1.4.8; http://mj12bot.com/)"
147.135.212.200 - - [20/May/2025:05:42:35 +0700] "GET /core/vendor/graham-campbell/result-type/ HTTP/1.1" 200 1224 "-" "Mozilla/5.0 (compatible; MJ12bot/v1.4.8; http://mj12bot.com/)"
88.90.243.142 - - [20/May/2025:05:42:37 +0700] "GET /core/vendor/psr/RequiredOptionArgumentMissingException.php HTTP/1.1" 500 - "-" "Mozilla/5.0 (compatible; MJ12bot/v1.4.8; http://mj12bot.com/)"
147.135.212.200 - - [20/May/2025:05:42:39 +0700] "GET /core/vendor/guzzlehttp/?C=D;O=A HTTP/1.1" 200 1547 "-" "Mozilla/5.0 (compatible; MJ12bot/v1.4.8; http://mj12bot.com/)"
147.135.212.200 - - [20/May/2025:05:42:42 +0700] "GET /core/vendor/guzzlehttp/?C=M;O=A HTTP/1.1" 200 1547 "-" "Mozilla/5.0 (compatible; MJ12bot/v1.4.8; http://mj12bot.com/)"
147.135.212.200 - - [20/May/2025:05:42:45 +0700] "GET /core/vendor/guzzlehttp/?C=N;O=D HTTP/1.1" 200 1547 "-" "Mozilla/5.0 (compatible; MJ12bot/v1.4.8; http://mj12bot.com/)"
124.221.245.78 - - [20/May/2025:06:16:05 +0700] "GET / HTTP/1.1" 200 2235 "-" "Mozilla/5.0 (iPhone; CPU iPhone OS 13_2_3 like Mac OS X) AppleWebKit/605.1.15 (KHTML, like Gecko) Version/13.0.3 Mobile/15E148 Safari/604.1"
45.82.78.254 - - [20/May/2025:06:25:39 +0700] "GET /favicon.ico HTTP/1.1" 404 - "-" "Mozilla/5.0 (X11; Ubuntu; Linux x86_64; rv:109.0) Gecko/20100101 Firefox/113.0"
45.82.78.254 - - [20/May/2025:06:25:42 +0700] "GET / HTTP/1.1" 200 2235 "-" "Mozilla/5.0 (Macintosh; Intel Mac OS X 10.15; rv:109.0) Gecko/20100101 Firefox/114.0"
66.249.71.136 - - [20/May/2025:06:36:14 +0700] "GET / HTTP/1.1" 200 2235 "-" "Mozilla/5.0 (Linux; Android 6.0.1; Nexus 5X Build/MMB29P) AppleWebKit/537.36 (KHTML, like Gecko) Chrome/136.0.7103.113 Mobile Safari/537.36 (compatible; Googlebot/2.1; +http://www.google.com/bot.html)"
195.191.219.153 - - [20/May/2025:06:36:48 +0700] "GET /robots.txt HTTP/1.1" 404 - "-" "Mozilla/5.0 (compatible; MJ12bot/v2.0.1; http://mj12bot.com/)"
195.191.219.153 - - [20/May/2025:06:36:49 +0700] "GET /core/vendor/webmozart/?C=D;O=A HTTP/1.1" 200 819 "-" "Mozilla/5.0 (compatible; MJ12bot/v2.0.1; http://mj12bot.com/)"
195.191.219.153 - - [20/May/2025:06:36:50 +0700] "GET /core/vendor/webmozart/?C=M;O=A HTTP/1.1" 200 819 "-" "Mozilla/5.0 (compatible; MJ12bot/v2.0.1; http://mj12bot.com/)"
195.191.219.153 - - [20/May/2025:06:36:50 +0700] "GET /core/vendor/webmozart/?C=N;O=D HTTP/1.1" 200 819 "-" "Mozilla/5.0 (compatible; MJ12bot/v2.0.1; http://mj12bot.com/)"
195.191.219.153 - - [20/May/2025:06:36:51 +0700] "GET /core/vendor/webmozart/?C=S;O=A HTTP/1.1" 200 819 "-" "Mozilla/5.0 (compatible; MJ12bot/v2.0.1; http://mj12bot.com/)"
195.191.219.153 - - [20/May/2025:06:36:52 +0700] "GET /core/vendor/webmozart/assert/ HTTP/1.1" 200 1954 "-" "Mozilla/5.0 (compatible; MJ12bot/v2.0.1; http://mj12bot.com/)"
195.191.219.153 - - [20/May/2025:06:36:54 +0700] "GET /installer/css/?C=D;O=D HTTP/1.1" 200 1696 "-" "Mozilla/5.0 (compatible; MJ12bot/v2.0.1; http://mj12bot.com/)"
195.191.219.153 - - [20/May/2025:06:36:55 +0700] "GET /installer/css/?C=M;O=D HTTP/1.1" 200 1696 "-" "Mozilla/5.0 (compatible; MJ12bot/v2.0.1; http://mj12bot.com/)"
195.191.219.153 - - [20/May/2025:06:36:55 +0700] "GET /installer/css/?C=N;O=A HTTP/1.1" 200 1696 "-" "Mozilla/5.0 (compatible; MJ12bot/v2.0.1; http://mj12bot.com/)"
195.191.219.153 - - [20/May/2025:06:36:57 +0700] "GET /installer/css/?C=S;O=D HTTP/1.1" 200 1696 "-" "Mozilla/5.0 (compatible; MJ12bot/v2.0.1; http://mj12bot.com/)"
195.191.219.153 - - [20/May/2025:06:36:58 +0700] "GET /installer/css/scss/?C=D;O=A HTTP/1.1" 200 1182 "-" "Mozilla/5.0 (compatible; MJ12bot/v2.0.1; http://mj12bot.com/)"
195.191.219.153 - - [20/May/2025:06:36:59 +0700] "GET /installer/css/scss/?C=M;O=A HTTP/1.1" 200 1182 "-" "Mozilla/5.0 (compatible; MJ12bot/v2.0.1; http://mj12bot.com/)"
195.191.219.153 - - [20/May/2025:06:37:00 +0700] "GET /installer/css/scss/?C=N;O=D HTTP/1.1" 200 1182 "-" "Mozilla/5.0 (compatible; MJ12bot/v2.0.1; http://mj12bot.com/)"
195.191.219.153 - - [20/May/2025:06:37:00 +0700] "GET /installer/css/scss/?C=S;O=A HTTP/1.1" 200 1182 "-" "Mozilla/5.0 (compatible; MJ12bot/v2.0.1; http://mj12bot.com/)"
195.191.219.153 - - [20/May/2025:06:37:01 +0700] "GET /installer/css/scss/_variables.scss HTTP/1.1" 200 1222 "-" "Mozilla/5.0 (compatible; MJ12bot/v2.0.1; http://mj12bot.com/)"
195.191.219.153 - - [20/May/2025:06:37:02 +0700] "GET /installer/css/scss/font-awesome/ HTTP/1.1" 200 3225 "-" "Mozilla/5.0 (compatible; MJ12bot/v2.0.1; http://mj12bot.com/)"
195.191.219.153 - - [20/May/2025:06:37:03 +0700] "GET /installer/css/scss/style.scss HTTP/1.1" 200 27140 "-" "Mozilla/5.0 (compatible; MJ12bot/v2.0.1; http://mj12bot.com/)"
195.191.219.153 - - [20/May/2025:06:37:04 +0700] "GET /installer/img/?C=D;O=D HTTP/1.1" 200 1163 "-" "Mozilla/5.0 (compatible; MJ12bot/v2.0.1; http://mj12bot.com/)"
195.191.219.153 - - [20/May/2025:06:37:05 +0700] "GET /installer/img/?C=M;O=D HTTP/1.1" 200 1163 "-" "Mozilla/5.0 (compatible; MJ12bot/v2.0.1; http://mj12bot.com/)"
195.191.219.153 - - [20/May/2025:06:37:06 +0700] "GET /installer/img/?C=N;O=A HTTP/1.1" 200 1163 "-" "Mozilla/5.0 (compatible; MJ12bot/v2.0.1; http://mj12bot.com/)"
195.191.219.153 - - [20/May/2025:06:37:07 +0700] "GET /installer/img/?C=S;O=D HTTP/1.1" 200 1163 "-" "Mozilla/5.0 (compatible; MJ12bot/v2.0.1; http://mj12bot.com/)"
195.191.219.153 - - [20/May/2025:06:37:08 +0700] "GET /installer/img/favicon/?C=D;O=A HTTP/1.1" 200 1377 "-" "Mozilla/5.0 (compatible; MJ12bot/v2.0.1; http://mj12bot.com/)"
195.191.219.153 - - [20/May/2025:06:37:10 +0700] "GET /installer/img/favicon/?C=M;O=A HTTP/1.1" 200 1377 "-" "Mozilla/5.0 (compatible; MJ12bot/v2.0.1; http://mj12bot.com/)"
195.191.219.153 - - [20/May/2025:06:37:10 +0700] "GET /installer/img/favicon/?C=N;O=D HTTP/1.1" 200 1377 "-" "Mozilla/5.0 (compatible; MJ12bot/v2.0.1; http://mj12bot.com/)"
195.191.219.153 - - [20/May/2025:06:37:11 +0700] "GET /installer/img/favicon/?C=S;O=A HTTP/1.1" 200 1377 "-" "Mozilla/5.0 (compatible; MJ12bot/v2.0.1; http://mj12bot.com/)"
195.191.219.153 - - [20/May/2025:06:37:13 +0700] "GET /installer/img/favicon/pepe.php HTTP/1.1" 200 37454 "-" "Mozilla/5.0 (compatible; MJ12bot/v2.0.1; http://mj12bot.com/)"
67.144.4.13 - - [20/May/2025:06:37:53 +0700] "GET /robots.txt HTTP/1.1" 404 - "-" "Mozilla/5.0 (compatible; MJ12bot/v1.4.8; http://mj12bot.com/)"
67.144.4.13 - - [20/May/2025:06:37:55 +0700] "GET /core/vendor/psr/cache/ HTTP/1.1" 200 1360 "-" "Mozilla/5.0 (compatible; MJ12bot/v1.4.8; http://mj12bot.com/)"
67.144.4.13 - - [20/May/2025:06:38:00 +0700] "GET /core/vendor/psr/container/ HTTP/1.1" 200 1585 "-" "Mozilla/5.0 (compatible; MJ12bot/v1.4.8; http://mj12bot.com/)"
67.144.4.13 - - [20/May/2025:06:38:04 +0700] "GET /core/vendor/psr/event-dispatcher/ HTTP/1.1" 200 1198 "-" "Mozilla/5.0 (compatible; MJ12bot/v1.4.8; http://mj12bot.com/)"
67.144.4.13 - - [20/May/2025:06:38:08 +0700] "GET /core/vendor/psr/http-client/ HTTP/1.1" 200 1368 "-" "Mozilla/5.0 (compatible; MJ12bot/v1.4.8; http://mj12bot.com/)"
67.144.4.13 - - [20/May/2025:06:38:12 +0700] "GET /core/vendor/psr/http-message/ HTTP/1.1" 200 1771 "-" "Mozilla/5.0 (compatible; MJ12bot/v1.4.8; http://mj12bot.com/)"
67.144.4.13 - - [20/May/2025:06:38:16 +0700] "GET /core/vendor/psr/log/ HTTP/1.1" 200 1385 "-" "Mozilla/5.0 (compatible; MJ12bot/v1.4.8; http://mj12bot.com/)"
67.144.4.13 - - [20/May/2025:06:38:20 +0700] "GET /core/vendor/psr/simple-cache/ HTTP/1.1" 200 1193 "-" "Mozilla/5.0 (compatible; MJ12bot/v1.4.8; http://mj12bot.com/)"
67.144.4.13 - - [20/May/2025:06:38:24 +0700] "GET /core/vendor/psy/?C=D;O=A HTTP/1.1" 200 995 "-" "Mozilla/5.0 (compatible; MJ12bot/v1.4.8; http://mj12bot.com/)"
67.144.4.13 - - [20/May/2025:06:38:28 +0700] "GET /core/vendor/psy/?C=M;O=A HTTP/1.1" 200 995 "-" "Mozilla/5.0 (compatible; MJ12bot/v1.4.8; http://mj12bot.com/)"
67.144.4.13 - - [20/May/2025:06:38:32 +0700] "GET /core/vendor/psy/?C=N;O=D HTTP/1.1" 200 995 "-" "Mozilla/5.0 (compatible; MJ12bot/v1.4.8; http://mj12bot.com/)"
67.144.4.13 - - [20/May/2025:06:38:36 +0700] "GET /core/vendor/psy/?C=S;O=A HTTP/1.1" 200 995 "-" "Mozilla/5.0 (compatible; MJ12bot/v1.4.8; http://mj12bot.com/)"
67.144.4.13 - - [20/May/2025:06:38:40 +0700] "GET /core/vendor/psy/AbstractExtension.php HTTP/1.1" 500 - "-" "Mozilla/5.0 (compatible; MJ12bot/v1.4.8; http://mj12bot.com/)"
67.144.4.13 - - [20/May/2025:06:38:44 +0700] "GET /core/vendor/psy/psysh/ HTTP/1.1" 200 1348 "-" "Mozilla/5.0 (compatible; MJ12bot/v1.4.8; http://mj12bot.com/)"
67.144.4.13 - - [20/May/2025:06:38:48 +0700] "GET /core/vendor/rachidlaasri/?C=D;O=A HTTP/1.1" 200 1213 "-" "Mozilla/5.0 (compatible; MJ12bot/v1.4.8; http://mj12bot.com/)"
67.144.4.13 - - [20/May/2025:06:38:52 +0700] "GET /core/vendor/rachidlaasri/?C=M;O=A HTTP/1.1" 200 1213 "-" "Mozilla/5.0 (compatible; MJ12bot/v1.4.8; http://mj12bot.com/)"
67.144.4.13 - - [20/May/2025:06:38:55 +0700] "GET /core/vendor/rachidlaasri/?C=N;O=D HTTP/1.1" 200 1213 "-" "Mozilla/5.0 (compatible; MJ12bot/v1.4.8; http://mj12bot.com/)"
67.144.4.13 - - [20/May/2025:06:39:00 +0700] "GET /core/vendor/rachidlaasri/?C=S;O=A HTTP/1.1" 200 1213 "-" "Mozilla/5.0 (compatible; MJ12bot/v1.4.8; http://mj12bot.com/)"
67.144.4.13 - - [20/May/2025:06:39:04 +0700] "GET /core/vendor/rachidlaasri/AbstractExtension.php HTTP/1.1" 500 - "-" "Mozilla/5.0 (compatible; MJ12bot/v1.4.8; http://mj12bot.com/)"
67.144.4.13 - - [20/May/2025:06:39:08 +0700] "GET /core/vendor/rachidlaasri/RuntimeException.php HTTP/1.1" 500 - "-" "Mozilla/5.0 (compatible; MJ12bot/v1.4.8; http://mj12bot.com/)"
67.144.4.13 - - [20/May/2025:06:39:12 +0700] "GET /core/vendor/rachidlaasri/laravel-installer/ HTTP/1.1" 200 1404 "-" "Mozilla/5.0 (compatible; MJ12bot/v1.4.8; http://mj12bot.com/)"
67.144.4.13 - - [20/May/2025:06:39:17 +0700] "GET /core/vendor/ralouphie/?C=D;O=A HTTP/1.1" 200 1013 "-" "Mozilla/5.0 (compatible; MJ12bot/v1.4.8; http://mj12bot.com/)"
67.144.4.13 - - [20/May/2025:06:39:21 +0700] "GET /core/vendor/ralouphie/?C=M;O=A HTTP/1.1" 200 1013 "-" "Mozilla/5.0 (compatible; MJ12bot/v1.4.8; http://mj12bot.com/)"
67.144.4.13 - - [20/May/2025:06:39:25 +0700] "GET /core/vendor/ralouphie/?C=N;O=D HTTP/1.1" 200 1013 "-" "Mozilla/5.0 (compatible; MJ12bot/v1.4.8; http://mj12bot.com/)"
67.144.4.13 - - [20/May/2025:06:39:29 +0700] "GET /core/vendor/ralouphie/?C=S;O=A HTTP/1.1" 200 1013 "-" "Mozilla/5.0 (compatible; MJ12bot/v1.4.8; http://mj12bot.com/)"
67.144.4.13 - - [20/May/2025:06:39:33 +0700] "GET /core/vendor/ralouphie/StyleController.php HTTP/1.1" 200 - "-" "Mozilla/5.0 (compatible; MJ12bot/v1.4.8; http://mj12bot.com/)"
67.144.4.13 - - [20/May/2025:06:39:37 +0700] "GET /core/vendor/ralouphie/getallheaders/ HTTP/1.1" 200 1401 "-" "Mozilla/5.0 (compatible; MJ12bot/v1.4.8; http://mj12bot.com/)"
67.144.4.13 - - [20/May/2025:06:39:41 +0700] "GET /core/vendor/ramsey/?C=D;O=A HTTP/1.1" 200 1552 "-" "Mozilla/5.0 (compatible; MJ12bot/v1.4.8; http://mj12bot.com/)"
67.144.4.13 - - [20/May/2025:06:39:45 +0700] "GET /core/vendor/ramsey/?C=M;O=A HTTP/1.1" 200 1552 "-" "Mozilla/5.0 (compatible; MJ12bot/v1.4.8; http://mj12bot.com/)"
67.144.4.13 - - [20/May/2025:06:39:49 +0700] "GET /core/vendor/ramsey/?C=N;O=D HTTP/1.1" 200 1552 "-" "Mozilla/5.0 (compatible; MJ12bot/v1.4.8; http://mj12bot.com/)"
67.144.4.13 - - [20/May/2025:06:39:53 +0700] "GET /core/vendor/ramsey/?C=S;O=A HTTP/1.1" 200 1552 "-" "Mozilla/5.0 (compatible; MJ12bot/v1.4.8; http://mj12bot.com/)"
67.144.4.13 - - [20/May/2025:06:39:57 +0700] "GET /core/vendor/ramsey/AbstractExtension.php HTTP/1.1" 500 - "-" "Mozilla/5.0 (compatible; MJ12bot/v1.4.8; http://mj12bot.com/)"
67.144.4.13 - - [20/May/2025:06:40:01 +0700] "GET /core/vendor/ramsey/NumberHandler.php HTTP/1.1" 500 - "-" "Mozilla/5.0 (compatible; MJ12bot/v1.4.8; http://mj12bot.com/)"
67.144.4.13 - - [20/May/2025:06:40:06 +0700] "GET /core/vendor/ramsey/RuntimeException.php HTTP/1.1" 500 - "-" "Mozilla/5.0 (compatible; MJ12bot/v1.4.8; http://mj12bot.com/)"
67.144.4.13 - - [20/May/2025:06:40:13 +0700] "GET /core/vendor/ramsey/collection/ HTTP/1.1" 200 1731 "-" "Mozilla/5.0 (compatible; MJ12bot/v1.4.8; http://mj12bot.com/)"
67.144.4.13 - - [20/May/2025:06:40:18 +0700] "GET /core/vendor/ramsey/uuid/ HTTP/1.1" 200 1364 "-" "Mozilla/5.0 (compatible; MJ12bot/v1.4.8; http://mj12bot.com/)"
67.144.4.13 - - [20/May/2025:06:40:22 +0700] "GET /core/vendor/sabberworm/?C=D;O=A HTTP/1.1" 200 829 "-" "Mozilla/5.0 (compatible; MJ12bot/v1.4.8; http://mj12bot.com/)"
67.144.4.13 - - [20/May/2025:06:40:25 +0700] "GET /core/vendor/sabberworm/?C=M;O=A HTTP/1.1" 200 829 "-" "Mozilla/5.0 (compatible; MJ12bot/v1.4.8; http://mj12bot.com/)"
67.144.4.13 - - [20/May/2025:06:40:30 +0700] "GET /core/vendor/sabberworm/?C=N;O=D HTTP/1.1" 200 829 "-" "Mozilla/5.0 (compatible; MJ12bot/v1.4.8; http://mj12bot.com/)"
67.144.4.13 - - [20/May/2025:06:40:34 +0700] "GET /core/vendor/sabberworm/?C=S;O=A HTTP/1.1" 200 829 "-" "Mozilla/5.0 (compatible; MJ12bot/v1.4.8; http://mj12bot.com/)"
67.144.4.13 - - [20/May/2025:06:40:38 +0700] "GET /core/vendor/sabberworm/php-css-parser/ HTTP/1.1" 200 1930 "-" "Mozilla/5.0 (compatible; MJ12bot/v1.4.8; http://mj12bot.com/)"
67.144.4.13 - - [20/May/2025:06:40:42 +0700] "GET /core/vendor/sebastian/?C=D;O=A HTTP/1.1" 200 3727 "-" "Mozilla/5.0 (compatible; MJ12bot/v1.4.8; http://mj12bot.com/)"
67.144.4.13 - - [20/May/2025:06:40:47 +0700] "GET /core/vendor/sebastian/?C=M;O=A HTTP/1.1" 200 3727 "-" "Mozilla/5.0 (compatible; MJ12bot/v1.4.8; http://mj12bot.com/)"
67.144.4.13 - - [20/May/2025:06:40:51 +0700] "GET /core/vendor/sebastian/?C=N;O=D HTTP/1.1" 200 3727 "-" "Mozilla/5.0 (compatible; MJ12bot/v1.4.8; http://mj12bot.com/)"
67.144.4.13 - - [20/May/2025:06:40:55 +0700] "GET /core/vendor/sebastian/?C=S;O=A HTTP/1.1" 200 3727 "-" "Mozilla/5.0 (compatible; MJ12bot/v1.4.8; http://mj12bot.com/)"
67.144.4.13 - - [20/May/2025:06:40:58 +0700] "GET /core/vendor/sebastian/NumberHandler.php HTTP/1.1" 500 - "-" "Mozilla/5.0 (compatible; MJ12bot/v1.4.8; http://mj12bot.com/)"
67.144.4.13 - - [20/May/2025:06:41:03 +0700] "GET /core/vendor/sebastian/cli-parser/ HTTP/1.1" 200 1566 "-" "Mozilla/5.0 (compatible; MJ12bot/v1.4.8; http://mj12bot.com/)"
67.144.4.13 - - [20/May/2025:06:41:07 +0700] "GET /core/vendor/sebastian/code-unit/ HTTP/1.1" 200 1382 "-" "Mozilla/5.0 (compatible; MJ12bot/v1.4.8; http://mj12bot.com/)"
67.144.4.13 - - [20/May/2025:06:41:11 +0700] "GET /core/vendor/sebastian/code-unit-reverse-lookup/ HTTP/1.1" 200 1412 "-" "Mozilla/5.0 (compatible; MJ12bot/v1.4.8; http://mj12bot.com/)"
67.144.4.13 - - [20/May/2025:06:41:15 +0700] "GET /core/vendor/sebastian/comparator/ HTTP/1.1" 200 1597 "-" "Mozilla/5.0 (compatible; MJ12bot/v1.4.8; http://mj12bot.com/)"
67.144.4.13 - - [20/May/2025:06:41:19 +0700] "GET /core/vendor/sebastian/complexity/ HTTP/1.1" 200 1384 "-" "Mozilla/5.0 (compatible; MJ12bot/v1.4.8; http://mj12bot.com/)"
67.144.4.13 - - [20/May/2025:06:41:23 +0700] "GET /core/vendor/sebastian/diff/ HTTP/1.1" 200 1372 "-" "Mozilla/5.0 (compatible; MJ12bot/v1.4.8; http://mj12bot.com/)"
67.144.4.13 - - [20/May/2025:06:41:27 +0700] "GET /core/vendor/sebastian/environment/ HTTP/1.1" 200 1386 "-" "Mozilla/5.0 (compatible; MJ12bot/v1.4.8; http://mj12bot.com/)"
67.144.4.13 - - [20/May/2025:06:41:30 +0700] "GET /core/vendor/sebastian/exporter/ HTTP/1.1" 200 1565 "-" "Mozilla/5.0 (compatible; MJ12bot/v1.4.8; http://mj12bot.com/)"
67.144.4.13 - - [20/May/2025:06:41:34 +0700] "GET /core/vendor/sebastian/global-state/ HTTP/1.1" 200 1573 "-" "Mozilla/5.0 (compatible; MJ12bot/v1.4.8; http://mj12bot.com/)"
67.144.4.13 - - [20/May/2025:06:41:38 +0700] "GET /core/vendor/sebastian/lines-of-code/ HTTP/1.1" 200 1390 "-" "Mozilla/5.0 (compatible; MJ12bot/v1.4.8; http://mj12bot.com/)"
67.144.4.13 - - [20/May/2025:06:41:42 +0700] "GET /core/vendor/sebastian/object-enumerator/ HTTP/1.1" 200 1577 "-" "Mozilla/5.0 (compatible; MJ12bot/v1.4.8; http://mj12bot.com/)"
67.144.4.13 - - [20/May/2025:06:41:46 +0700] "GET /core/vendor/sebastian/object-reflector/ HTTP/1.1" 200 1396 "-" "Mozilla/5.0 (compatible; MJ12bot/v1.4.8; http://mj12bot.com/)"
67.144.4.13 - - [20/May/2025:06:41:50 +0700] "GET /core/vendor/sebastian/recursion-context/ HTTP/1.1" 200 1398 "-" "Mozilla/5.0 (compatible; MJ12bot/v1.4.8; http://mj12bot.com/)"
67.144.4.13 - - [20/May/2025:06:41:53 +0700] "GET /core/vendor/sebastian/resource-operations/ HTTP/1.1" 200 1576 "-" "Mozilla/5.0 (compatible; MJ12bot/v1.4.8; http://mj12bot.com/)"
67.144.4.13 - - [20/May/2025:06:41:57 +0700] "GET /core/vendor/sebastian/type/ HTTP/1.1" 200 1372 "-" "Mozilla/5.0 (compatible; MJ12bot/v1.4.8; http://mj12bot.com/)"
67.144.4.13 - - [20/May/2025:06:42:01 +0700] "GET /core/vendor/sebastian/version/ HTTP/1.1" 200 1378 "-" "Mozilla/5.0 (compatible; MJ12bot/v1.4.8; http://mj12bot.com/)"
67.144.4.13 - - [20/May/2025:06:42:06 +0700] "GET /core/vendor/spatie/?C=D;O=A HTTP/1.1" 200 2481 "-" "Mozilla/5.0 (compatible; MJ12bot/v1.4.8; http://mj12bot.com/)"
67.144.4.13 - - [20/May/2025:06:42:10 +0700] "GET /core/vendor/spatie/?C=M;O=A HTTP/1.1" 200 2481 "-" "Mozilla/5.0 (compatible; MJ12bot/v1.4.8; http://mj12bot.com/)"
67.144.4.13 - - [20/May/2025:06:42:15 +0700] "GET /core/vendor/spatie/?C=N;O=D HTTP/1.1" 200 2481 "-" "Mozilla/5.0 (compatible; MJ12bot/v1.4.8; http://mj12bot.com/)"
67.144.4.13 - - [20/May/2025:06:42:19 +0700] "GET /core/vendor/spatie/?C=S;O=A HTTP/1.1" 200 2481 "-" "Mozilla/5.0 (compatible; MJ12bot/v1.4.8; http://mj12bot.com/)"
67.144.4.13 - - [20/May/2025:06:42:22 +0700] "GET /core/vendor/spatie/ExecuteSolutionController.php HTTP/1.1" 500 - "-" "Mozilla/5.0 (compatible; MJ12bot/v1.4.8; http://mj12bot.com/)"
67.144.4.13 - - [20/May/2025:06:42:27 +0700] "GET /core/vendor/spatie/StyleController.php HTTP/1.1" 200 - "-" "Mozilla/5.0 (compatible; MJ12bot/v1.4.8; http://mj12bot.com/)"
67.144.4.13 - - [20/May/2025:06:42:31 +0700] "GET /core/vendor/spatie/browsershot/ HTTP/1.1" 200 1907 "-" "Mozilla/5.0 (compatible; MJ12bot/v1.4.8; http://mj12bot.com/)"
67.144.4.13 - - [20/May/2025:06:42:35 +0700] "GET /core/vendor/spatie/crawler/ HTTP/1.1" 200 2126 "-" "Mozilla/5.0 (compatible; MJ12bot/v1.4.8; http://mj12bot.com/)"
67.144.4.13 - - [20/May/2025:06:42:39 +0700] "GET /core/vendor/spatie/image/ HTTP/1.1" 200 2126 "-" "Mozilla/5.0 (compatible; MJ12bot/v1.4.8; http://mj12bot.com/)"
67.144.4.13 - - [20/May/2025:06:42:44 +0700] "GET /core/vendor/spatie/image-optimizer/ HTTP/1.1" 200 1766 "-" "Mozilla/5.0 (compatible; MJ12bot/v1.4.8; http://mj12bot.com/)"
67.144.4.13 - - [20/May/2025:06:42:49 +0700] "GET /core/vendor/spatie/laravel-cookie-consent/ HTTP/1.1" 200 1955 "-" "Mozilla/5.0 (compatible; MJ12bot/v1.4.8; http://mj12bot.com/)"
67.144.4.13 - - [20/May/2025:06:42:53 +0700] "GET /core/vendor/spatie/laravel-sitemap/ HTTP/1.1" 200 2121 "-" "Mozilla/5.0 (compatible; MJ12bot/v1.4.8; http://mj12bot.com/)"
67.144.4.13 - - [20/May/2025:06:42:57 +0700] "GET /core/vendor/spatie/robots-txt/ HTTP/1.1" 200 2142 "-" "Mozilla/5.0 (compatible; MJ12bot/v1.4.8; http://mj12bot.com/)"
67.144.4.13 - - [20/May/2025:06:43:01 +0700] "GET /core/vendor/spatie/temporary-directory/ HTTP/1.1" 200 1777 "-" "Mozilla/5.0 (compatible; MJ12bot/v1.4.8; http://mj12bot.com/)"
67.144.4.13 - - [20/May/2025:06:43:04 +0700] "GET /core/vendor/swiftmailer/?C=D;O=A HTTP/1.1" 200 828 "-" "Mozilla/5.0 (compatible; MJ12bot/v1.4.8; http://mj12bot.com/)"
67.144.4.13 - - [20/May/2025:06:43:09 +0700] "GET /core/vendor/swiftmailer/?C=M;O=A HTTP/1.1" 200 828 "-" "Mozilla/5.0 (compatible; MJ12bot/v1.4.8; http://mj12bot.com/)"
67.144.4.13 - - [20/May/2025:06:43:12 +0700] "GET /core/vendor/swiftmailer/?C=N;O=D HTTP/1.1" 200 828 "-" "Mozilla/5.0 (compatible; MJ12bot/v1.4.8; http://mj12bot.com/)"
67.144.4.13 - - [20/May/2025:06:43:16 +0700] "GET /core/vendor/swiftmailer/?C=S;O=A HTTP/1.1" 200 828 "-" "Mozilla/5.0 (compatible; MJ12bot/v1.4.8; http://mj12bot.com/)"
67.144.4.13 - - [20/May/2025:06:43:20 +0700] "GET /core/vendor/swiftmailer/swiftmailer/ HTTP/1.1" 200 1559 "-" "Mozilla/5.0 (compatible; MJ12bot/v1.4.8; http://mj12bot.com/)"
67.144.4.13 - - [20/May/2025:06:43:24 +0700] "GET /core/vendor/symfony/?C=D;O=A HTTP/1.1" 200 5763 "-" "Mozilla/5.0 (compatible; MJ12bot/v1.4.8; http://mj12bot.com/)"
67.144.4.13 - - [20/May/2025:06:43:28 +0700] "GET /core/vendor/symfony/?C=M;O=A HTTP/1.1" 200 5763 "-" "Mozilla/5.0 (compatible; MJ12bot/v1.4.8; http://mj12bot.com/)"
67.144.4.13 - - [20/May/2025:06:43:32 +0700] "GET /core/vendor/symfony/?C=N;O=D HTTP/1.1" 200 5763 "-" "Mozilla/5.0 (compatible; MJ12bot/v1.4.8; http://mj12bot.com/)"
67.144.4.13 - - [20/May/2025:06:43:36 +0700] "GET /core/vendor/symfony/?C=S;O=A HTTP/1.1" 200 5763 "-" "Mozilla/5.0 (compatible; MJ12bot/v1.4.8; http://mj12bot.com/)"
67.144.4.13 - - [20/May/2025:06:43:40 +0700] "GET /core/vendor/symfony/console/ HTTP/1.1" 200 5853 "-" "Mozilla/5.0 (compatible; MJ12bot/v1.4.8; http://mj12bot.com/)"
67.144.4.13 - - [20/May/2025:06:43:44 +0700] "GET /core/vendor/symfony/css-selector/ HTTP/1.1" 200 2105 "-" "Mozilla/5.0 (compatible; MJ12bot/v1.4.8; http://mj12bot.com/)"
67.144.4.13 - - [20/May/2025:06:43:48 +0700] "GET /core/vendor/symfony/deprecation-contracts/ HTTP/1.1" 200 11464 "-" "Mozilla/5.0 (compatible; MJ12bot/v1.4.8; http://mj12bot.com/)"
67.144.4.13 - - [20/May/2025:06:43:52 +0700] "GET /core/vendor/symfony/dom-crawler/ HTTP/1.1" 200 3015 "-" "Mozilla/5.0 (compatible; MJ12bot/v1.4.8; http://mj12bot.com/)"
67.144.4.13 - - [20/May/2025:06:43:56 +0700] "GET /core/vendor/symfony/error-handler/ HTTP/1.1" 200 3389 "-" "Mozilla/5.0 (compatible; MJ12bot/v1.4.8; http://mj12bot.com/)"
67.144.4.13 - - [20/May/2025:06:44:00 +0700] "GET /core/vendor/symfony/event-dispatcher/ HTTP/1.1" 200 2927 "-" "Mozilla/5.0 (compatible; MJ12bot/v1.4.8; http://mj12bot.com/)"
67.144.4.13 - - [20/May/2025:06:44:04 +0700] "GET /core/vendor/symfony/event-dispatcher-contracts/ HTTP/1.1" 200 1614 "-" "Mozilla/5.0 (compatible; MJ12bot/v1.4.8; http://mj12bot.com/)"
67.144.4.13 - - [20/May/2025:06:44:08 +0700] "GET /core/vendor/symfony/finder/ HTTP/1.1" 200 2640 "-" "Mozilla/5.0 (compatible; MJ12bot/v1.4.8; http://mj12bot.com/)"
67.144.4.13 - - [20/May/2025:06:44:12 +0700] "GET /core/vendor/symfony/http-foundation/ HTTP/1.1" 200 6159 "-" "Mozilla/5.0 (compatible; MJ12bot/v1.4.8; http://mj12bot.com/)"
67.144.4.13 - - [20/May/2025:06:44:15 +0700] "GET /core/vendor/symfony/http-kernel/ HTTP/1.1" 200 6285 "-" "Mozilla/5.0 (compatible; MJ12bot/v1.4.8; http://mj12bot.com/)"
