145.239.65.226 - - [20/May/2025:10:52:18 +0700] "GET /core/vendor/symfony/polyfill-php73/bootstrap.php HTTP/1.1" 200 - "-" "Mozilla/5.0 (compatible; MJ12bot/v1.4.8; http://mj12bot.com/)"
145.239.65.226 - - [20/May/2025:10:52:22 +0700] "GET /core/vendor/symfony/polyfill-php73/composer.json HTTP/1.1" 200 2112 "-" "Mozilla/5.0 (compatible; MJ12bot/v1.4.8; http://mj12bot.com/)"
145.239.65.226 - - [20/May/2025:10:52:25 +0700] "GET /core/vendor/symfony/polyfill-php80/?C=D;O=A HTTP/1.1" 200 1570 "-" "Mozilla/5.0 (compatible; MJ12bot/v1.4.8; http://mj12bot.com/)"
145.239.65.226 - - [20/May/2025:10:52:29 +0700] "GET /core/vendor/symfony/polyfill-php80/?C=M;O=A HTTP/1.1" 200 1570 "-" "Mozilla/5.0 (compatible; MJ12bot/v1.4.8; http://mj12bot.com/)"
145.239.65.226 - - [20/May/2025:10:52:32 +0700] "GET /core/vendor/symfony/polyfill-php80/?C=N;O=D HTTP/1.1" 200 1570 "-" "Mozilla/5.0 (compatible; MJ12bot/v1.4.8; http://mj12bot.com/)"
145.239.65.226 - - [20/May/2025:10:52:35 +0700] "GET /core/vendor/symfony/polyfill-php80/?C=S;O=A HTTP/1.1" 200 1570 "-" "Mozilla/5.0 (compatible; MJ12bot/v1.4.8; http://mj12bot.com/)"
145.239.65.226 - - [20/May/2025:10:52:39 +0700] "GET /core/vendor/symfony/polyfill-php80/LICENSE HTTP/1.1" 200 - "-" "Mozilla/5.0 (compatible; MJ12bot/v1.4.8; http://mj12bot.com/)"
145.239.65.226 - - [20/May/2025:10:52:42 +0700] "GET /core/vendor/symfony/polyfill-php80/Php80.php HTTP/1.1" 200 - "-" "Mozilla/5.0 (compatible; MJ12bot/v1.4.8; http://mj12bot.com/)"
145.239.65.226 - - [20/May/2025:10:52:46 +0700] "GET /core/vendor/symfony/polyfill-php80/bootstrap.php HTTP/1.1" 200 - "-" "Mozilla/5.0 (compatible; MJ12bot/v1.4.8; http://mj12bot.com/)"
145.239.65.226 - - [20/May/2025:10:52:49 +0700] "GET /core/vendor/symfony/polyfill-php80/composer.json HTTP/1.1" 200 1085 "-" "Mozilla/5.0 (compatible; MJ12bot/v1.4.8; http://mj12bot.com/)"
145.239.65.226 - - [20/May/2025:10:52:53 +0700] "GET /core/vendor/symfony/polyfill-php81/?C=D;O=A HTTP/1.1" 200 1570 "-" "Mozilla/5.0 (compatible; MJ12bot/v1.4.8; http://mj12bot.com/)"
145.239.65.226 - - [20/May/2025:10:52:56 +0700] "GET /core/vendor/symfony/polyfill-php81/?C=M;O=A HTTP/1.1" 200 1570 "-" "Mozilla/5.0 (compatible; MJ12bot/v1.4.8; http://mj12bot.com/)"
145.239.65.226 - - [20/May/2025:10:53:00 +0700] "GET /core/vendor/symfony/polyfill-php81/?C=N;O=D HTTP/1.1" 200 1570 "-" "Mozilla/5.0 (compatible; MJ12bot/v1.4.8; http://mj12bot.com/)"
145.239.65.226 - - [20/May/2025:10:53:03 +0700] "GET /core/vendor/symfony/polyfill-php81/?C=S;O=A HTTP/1.1" 200 1570 "-" "Mozilla/5.0 (compatible; MJ12bot/v1.4.8; http://mj12bot.com/)"
145.239.65.226 - - [20/May/2025:10:53:06 +0700] "GET /core/vendor/symfony/polyfill-php81/LICENSE HTTP/1.1" 200 - "-" "Mozilla/5.0 (compatible; MJ12bot/v1.4.8; http://mj12bot.com/)"
145.239.65.226 - - [20/May/2025:10:53:10 +0700] "GET /core/vendor/symfony/polyfill-php81/Php81.php HTTP/1.1" 200 - "-" "Mozilla/5.0 (compatible; MJ12bot/v1.4.8; http://mj12bot.com/)"
145.239.65.226 - - [20/May/2025:10:53:13 +0700] "GET /core/vendor/symfony/polyfill-php81/bootstrap.php HTTP/1.1" 200 - "-" "Mozilla/5.0 (compatible; MJ12bot/v1.4.8; http://mj12bot.com/)"
145.239.65.226 - - [20/May/2025:10:53:17 +0700] "GET /core/vendor/symfony/polyfill-php81/composer.json HTTP/1.1" 200 1664 "-" "Mozilla/5.0 (compatible; MJ12bot/v1.4.8; http://mj12bot.com/)"
145.239.65.226 - - [20/May/2025:10:53:20 +0700] "GET /core/vendor/symfony/process/?C=D;O=A HTTP/1.1" 200 2659 "-" "Mozilla/5.0 (compatible; MJ12bot/v1.4.8; http://mj12bot.com/)"
145.239.65.226 - - [20/May/2025:10:53:23 +0700] "GET /core/vendor/symfony/process/?C=M;O=A HTTP/1.1" 200 2659 "-" "Mozilla/5.0 (compatible; MJ12bot/v1.4.8; http://mj12bot.com/)"
145.239.65.226 - - [20/May/2025:10:53:27 +0700] "GET /core/vendor/symfony/process/?C=N;O=D HTTP/1.1" 200 2659 "-" "Mozilla/5.0 (compatible; MJ12bot/v1.4.8; http://mj12bot.com/)"
145.239.65.226 - - [20/May/2025:10:53:30 +0700] "GET /core/vendor/symfony/process/?C=S;O=A HTTP/1.1" 200 2659 "-" "Mozilla/5.0 (compatible; MJ12bot/v1.4.8; http://mj12bot.com/)"
145.239.65.226 - - [20/May/2025:10:53:34 +0700] "GET /core/vendor/symfony/process/CHANGELOG.md HTTP/1.1" 200 4052 "-" "Mozilla/5.0 (compatible; MJ12bot/v1.4.8; http://mj12bot.com/)"
145.239.65.226 - - [20/May/2025:10:53:37 +0700] "GET /core/vendor/symfony/process/ExecutableFinder.php HTTP/1.1" 200 - "-" "Mozilla/5.0 (compatible; MJ12bot/v1.4.8; http://mj12bot.com/)"
145.239.65.226 - - [20/May/2025:10:53:41 +0700] "GET /core/vendor/symfony/process/InputStream.php HTTP/1.1" 200 - "-" "Mozilla/5.0 (compatible; MJ12bot/v1.4.8; http://mj12bot.com/)"
145.239.65.226 - - [20/May/2025:10:53:44 +0700] "GET /core/vendor/symfony/process/LICENSE HTTP/1.1" 200 - "-" "Mozilla/5.0 (compatible; MJ12bot/v1.4.8; http://mj12bot.com/)"
145.239.65.226 - - [20/May/2025:10:53:47 +0700] "GET /core/vendor/symfony/process/PhpExecutableFinder.php HTTP/1.1" 200 - "-" "Mozilla/5.0 (compatible; MJ12bot/v1.4.8; http://mj12bot.com/)"
145.239.65.226 - - [20/May/2025:10:53:51 +0700] "GET /core/vendor/symfony/process/PhpProcess.php HTTP/1.1" 500 - "-" "Mozilla/5.0 (compatible; MJ12bot/v1.4.8; http://mj12bot.com/)"
145.239.65.226 - - [20/May/2025:10:53:54 +0700] "GET /core/vendor/symfony/process/Process.php HTTP/1.1" 200 - "-" "Mozilla/5.0 (compatible; MJ12bot/v1.4.8; http://mj12bot.com/)"
145.239.65.226 - - [20/May/2025:10:53:58 +0700] "GET /core/vendor/symfony/process/ProcessUtils.php HTTP/1.1" 200 - "-" "Mozilla/5.0 (compatible; MJ12bot/v1.4.8; http://mj12bot.com/)"
195.191.219.150 - - [20/May/2025:10:54:00 +0700] "GET /robots.txt HTTP/1.1" 404 - "-" "Mozilla/5.0 (compatible; MJ12bot/v2.0.1; http://mj12bot.com/)"
195.191.219.150 - - [20/May/2025:10:54:00 +0700] "GET /core/vendor/theseer/?C=D;O=D HTTP/1.1" 200 818 "-" "Mozilla/5.0 (compatible; MJ12bot/v2.0.1; http://mj12bot.com/)"
195.191.219.150 - - [20/May/2025:10:54:01 +0700] "GET /core/vendor/theseer/?C=M;O=D HTTP/1.1" 200 818 "-" "Mozilla/5.0 (compatible; MJ12bot/v2.0.1; http://mj12bot.com/)"
145.239.65.226 - - [20/May/2025:10:54:02 +0700] "GET /core/vendor/symfony/process/composer.json HTTP/1.1" 200 716 "-" "Mozilla/5.0 (compatible; MJ12bot/v1.4.8; http://mj12bot.com/)"
195.191.219.150 - - [20/May/2025:10:54:02 +0700] "GET /core/vendor/theseer/?C=N;O=A HTTP/1.1" 200 818 "-" "Mozilla/5.0 (compatible; MJ12bot/v2.0.1; http://mj12bot.com/)"
195.191.219.150 - - [20/May/2025:10:54:03 +0700] "GET /core/vendor/theseer/?C=S;O=D HTTP/1.1" 200 818 "-" "Mozilla/5.0 (compatible; MJ12bot/v2.0.1; http://mj12bot.com/)"
195.191.219.150 - - [20/May/2025:10:54:04 +0700] "GET /core/vendor/theseer/tokenizer/?C=D;O=A HTTP/1.1" 200 1746 "-" "Mozilla/5.0 (compatible; MJ12bot/v2.0.1; http://mj12bot.com/)"
145.239.65.226 - - [20/May/2025:10:54:05 +0700] "GET /core/vendor/symfony/routing/?C=D;O=A HTTP/1.1" 200 4333 "-" "Mozilla/5.0 (compatible; MJ12bot/v1.4.8; http://mj12bot.com/)"
195.191.219.150 - - [20/May/2025:10:54:05 +0700] "GET /core/vendor/theseer/tokenizer/?C=M;O=A HTTP/1.1" 200 1746 "-" "Mozilla/5.0 (compatible; MJ12bot/v2.0.1; http://mj12bot.com/)"
195.191.219.150 - - [20/May/2025:10:54:06 +0700] "GET /core/vendor/theseer/tokenizer/?C=N;O=D HTTP/1.1" 200 1746 "-" "Mozilla/5.0 (compatible; MJ12bot/v2.0.1; http://mj12bot.com/)"
195.191.219.150 - - [20/May/2025:10:54:07 +0700] "GET /core/vendor/theseer/tokenizer/?C=S;O=A HTTP/1.1" 200 1746 "-" "Mozilla/5.0 (compatible; MJ12bot/v2.0.1; http://mj12bot.com/)"
195.191.219.150 - - [20/May/2025:10:54:08 +0700] "GET /core/vendor/theseer/tokenizer/CHANGELOG.md HTTP/1.1" 200 - "-" "Mozilla/5.0 (compatible; MJ12bot/v2.0.1; http://mj12bot.com/)"
145.239.65.226 - - [20/May/2025:10:54:09 +0700] "GET /core/vendor/symfony/routing/?C=M;O=A HTTP/1.1" 200 4333 "-" "Mozilla/5.0 (compatible; MJ12bot/v1.4.8; http://mj12bot.com/)"
195.191.219.150 - - [20/May/2025:10:54:09 +0700] "GET /core/vendor/theseer/tokenizer/FunctionExtension.php HTTP/1.1" 500 - "-" "Mozilla/5.0 (compatible; MJ12bot/v2.0.1; http://mj12bot.com/)"
195.191.219.150 - - [20/May/2025:10:54:11 +0700] "GET /core/vendor/theseer/tokenizer/LICENSE HTTP/1.1" 200 - "-" "Mozilla/5.0 (compatible; MJ12bot/v2.0.1; http://mj12bot.com/)"
195.191.219.150 - - [20/May/2025:10:54:11 +0700] "GET /core/vendor/theseer/tokenizer/composer.json HTTP/1.1" 200 1330 "-" "Mozilla/5.0 (compatible; MJ12bot/v2.0.1; http://mj12bot.com/)"
145.239.65.226 - - [20/May/2025:10:54:12 +0700] "GET /core/vendor/symfony/routing/?C=N;O=D HTTP/1.1" 200 4333 "-" "Mozilla/5.0 (compatible; MJ12bot/v1.4.8; http://mj12bot.com/)"
195.191.219.150 - - [20/May/2025:10:54:12 +0700] "GET /core/vendor/theseer/tokenizer/composer.lock HTTP/1.1" 200 655 "-" "Mozilla/5.0 (compatible; MJ12bot/v2.0.1; http://mj12bot.com/)"
195.191.219.150 - - [20/May/2025:10:54:13 +0700] "GET /core/vendor/tightenco/?C=D;O=D HTTP/1.1" 200 820 "-" "Mozilla/5.0 (compatible; MJ12bot/v2.0.1; http://mj12bot.com/)"
195.191.219.150 - - [20/May/2025:10:54:14 +0700] "GET /core/vendor/tightenco/?C=M;O=D HTTP/1.1" 200 820 "-" "Mozilla/5.0 (compatible; MJ12bot/v2.0.1; http://mj12bot.com/)"
145.239.65.226 - - [20/May/2025:10:54:15 +0700] "GET /core/vendor/symfony/routing/?C=S;O=A HTTP/1.1" 200 4333 "-" "Mozilla/5.0 (compatible; MJ12bot/v1.4.8; http://mj12bot.com/)"
195.191.219.150 - - [20/May/2025:10:54:15 +0700] "GET /core/vendor/tightenco/?C=N;O=A HTTP/1.1" 200 820 "-" "Mozilla/5.0 (compatible; MJ12bot/v2.0.1; http://mj12bot.com/)"
195.191.219.150 - - [20/May/2025:10:54:16 +0700] "GET /core/vendor/tightenco/?C=S;O=D HTTP/1.1" 200 820 "-" "Mozilla/5.0 (compatible; MJ12bot/v2.0.1; http://mj12bot.com/)"
195.191.219.150 - - [20/May/2025:10:54:17 +0700] "GET /core/vendor/tightenco/collect/?C=D;O=A HTTP/1.1" 200 1413 "-" "Mozilla/5.0 (compatible; MJ12bot/v2.0.1; http://mj12bot.com/)"
195.191.219.150 - - [20/May/2025:10:54:18 +0700] "GET /core/vendor/tightenco/collect/?C=M;O=A HTTP/1.1" 200 1413 "-" "Mozilla/5.0 (compatible; MJ12bot/v2.0.1; http://mj12bot.com/)"
145.239.65.226 - - [20/May/2025:10:54:19 +0700] "GET /core/vendor/symfony/routing/Alias.php HTTP/1.1" 200 - "-" "Mozilla/5.0 (compatible; MJ12bot/v1.4.8; http://mj12bot.com/)"
195.191.219.150 - - [20/May/2025:10:54:19 +0700] "GET /core/vendor/tightenco/collect/?C=N;O=D HTTP/1.1" 200 1413 "-" "Mozilla/5.0 (compatible; MJ12bot/v2.0.1; http://mj12bot.com/)"
195.191.219.150 - - [20/May/2025:10:54:20 +0700] "GET /core/vendor/tightenco/collect/?C=S;O=A HTTP/1.1" 200 1413 "-" "Mozilla/5.0 (compatible; MJ12bot/v2.0.1; http://mj12bot.com/)"
195.191.219.150 - - [20/May/2025:10:54:22 +0700] "GET /core/vendor/tightenco/collect/InvalidCodeUnitException.php HTTP/1.1" 500 - "-" "Mozilla/5.0 (compatible; MJ12bot/v2.0.1; http://mj12bot.com/)"
145.239.65.226 - - [20/May/2025:10:54:22 +0700] "GET /core/vendor/symfony/routing/CHANGELOG.md HTTP/1.1" 200 12278 "-" "Mozilla/5.0 (compatible; MJ12bot/v1.4.8; http://mj12bot.com/)"
195.191.219.150 - - [20/May/2025:10:54:23 +0700] "GET /core/vendor/tightenco/collect/ReflectionException.php HTTP/1.1" 500 - "-" "Mozilla/5.0 (compatible; MJ12bot/v2.0.1; http://mj12bot.com/)"
195.191.219.150 - - [20/May/2025:10:54:24 +0700] "GET /core/vendor/tightenco/collect/composer.json HTTP/1.1" 200 1330 "-" "Mozilla/5.0 (compatible; MJ12bot/v2.0.1; http://mj12bot.com/)"
195.191.219.150 - - [20/May/2025:10:54:24 +0700] "GET /core/vendor/tijsverkoyen/?C=D;O=D HTTP/1.1" 200 1027 "-" "Mozilla/5.0 (compatible; MJ12bot/v2.0.1; http://mj12bot.com/)"
145.239.65.226 - - [20/May/2025:10:54:25 +0700] "GET /core/vendor/symfony/routing/CompiledRoute.php HTTP/1.1" 200 - "-" "Mozilla/5.0 (compatible; MJ12bot/v1.4.8; http://mj12bot.com/)"
195.191.219.150 - - [20/May/2025:10:54:25 +0700] "GET /core/vendor/tijsverkoyen/?C=M;O=D HTTP/1.1" 200 1027 "-" "Mozilla/5.0 (compatible; MJ12bot/v2.0.1; http://mj12bot.com/)"
195.191.219.150 - - [20/May/2025:10:54:26 +0700] "GET /core/vendor/tijsverkoyen/?C=N;O=A HTTP/1.1" 200 1027 "-" "Mozilla/5.0 (compatible; MJ12bot/v2.0.1; http://mj12bot.com/)"
195.191.219.150 - - [20/May/2025:10:54:27 +0700] "GET /core/vendor/tijsverkoyen/?C=S;O=D HTTP/1.1" 200 1027 "-" "Mozilla/5.0 (compatible; MJ12bot/v2.0.1; http://mj12bot.com/)"
195.191.219.150 - - [20/May/2025:10:54:28 +0700] "GET /core/vendor/tijsverkoyen/css-to-inline-styles/?C=D;O=A HTTP/1.1" 200 1236 "-" "Mozilla/5.0 (compatible; MJ12bot/v2.0.1; http://mj12bot.com/)"
145.239.65.226 - - [20/May/2025:10:54:29 +0700] "GET /core/vendor/symfony/routing/LICENSE HTTP/1.1" 200 1065 "-" "Mozilla/5.0 (compatible; MJ12bot/v1.4.8; http://mj12bot.com/)"
195.191.219.150 - - [20/May/2025:10:54:29 +0700] "GET /core/vendor/tijsverkoyen/css-to-inline-styles/?C=M;O=A HTTP/1.1" 200 1236 "-" "Mozilla/5.0 (compatible; MJ12bot/v2.0.1; http://mj12bot.com/)"
195.191.219.150 - - [20/May/2025:10:54:30 +0700] "GET /core/vendor/tijsverkoyen/css-to-inline-styles/?C=N;O=D HTTP/1.1" 200 1236 "-" "Mozilla/5.0 (compatible; MJ12bot/v2.0.1; http://mj12bot.com/)"
195.191.219.150 - - [20/May/2025:10:54:31 +0700] "GET /core/vendor/tijsverkoyen/css-to-inline-styles/?C=S;O=A HTTP/1.1" 200 1236 "-" "Mozilla/5.0 (compatible; MJ12bot/v2.0.1; http://mj12bot.com/)"
145.239.65.226 - - [20/May/2025:10:54:32 +0700] "GET /core/vendor/symfony/routing/RequestContext.php HTTP/1.1" 200 - "-" "Mozilla/5.0 (compatible; MJ12bot/v1.4.8; http://mj12bot.com/)"
195.191.219.150 - - [20/May/2025:10:54:32 +0700] "GET /core/vendor/tijsverkoyen/css-to-inline-styles/LICENSE.md HTTP/1.1" 200 1491 "-" "Mozilla/5.0 (compatible; MJ12bot/v2.0.1; http://mj12bot.com/)"
195.191.219.150 - - [20/May/2025:10:54:33 +0700] "GET /core/vendor/tijsverkoyen/css-to-inline-styles/composer.json HTTP/1.1" 200 1330 "-" "Mozilla/5.0 (compatible; MJ12bot/v2.0.1; http://mj12bot.com/)"
195.191.219.150 - - [20/May/2025:10:54:35 +0700] "GET /core/vendor/unicodeveloper/?C=D;O=D HTTP/1.1" 200 839 "-" "Mozilla/5.0 (compatible; MJ12bot/v2.0.1; http://mj12bot.com/)"
145.239.65.226 - - [20/May/2025:10:54:35 +0700] "GET /core/vendor/symfony/routing/RequestContextAwareInterface.php HTTP/1.1" 200 - "-" "Mozilla/5.0 (compatible; MJ12bot/v1.4.8; http://mj12bot.com/)"
195.191.219.150 - - [20/May/2025:10:54:35 +0700] "GET /core/vendor/unicodeveloper/?C=M;O=D HTTP/1.1" 200 839 "-" "Mozilla/5.0 (compatible; MJ12bot/v2.0.1; http://mj12bot.com/)"
195.191.219.150 - - [20/May/2025:10:54:36 +0700] "GET /core/vendor/unicodeveloper/?C=N;O=A HTTP/1.1" 200 839 "-" "Mozilla/5.0 (compatible; MJ12bot/v2.0.1; http://mj12bot.com/)"
195.191.219.150 - - [20/May/2025:10:54:37 +0700] "GET /core/vendor/unicodeveloper/?C=S;O=D HTTP/1.1" 200 839 "-" "Mozilla/5.0 (compatible; MJ12bot/v2.0.1; http://mj12bot.com/)"
195.191.219.150 - - [20/May/2025:10:54:38 +0700] "GET /core/vendor/unicodeveloper/laravel-paystack/?C=D;O=A HTTP/1.1" 200 2133 "-" "Mozilla/5.0 (compatible; MJ12bot/v2.0.1; http://mj12bot.com/)"
145.239.65.226 - - [20/May/2025:10:54:39 +0700] "GET /core/vendor/symfony/routing/Route.php HTTP/1.1" 200 - "-" "Mozilla/5.0 (compatible; MJ12bot/v1.4.8; http://mj12bot.com/)"
195.191.219.150 - - [20/May/2025:10:54:39 +0700] "GET /core/vendor/unicodeveloper/laravel-paystack/?C=M;O=A HTTP/1.1" 200 2133 "-" "Mozilla/5.0 (compatible; MJ12bot/v2.0.1; http://mj12bot.com/)"
195.191.219.150 - - [20/May/2025:10:54:40 +0700] "GET /core/vendor/unicodeveloper/laravel-paystack/?C=N;O=D HTTP/1.1" 200 2133 "-" "Mozilla/5.0 (compatible; MJ12bot/v2.0.1; http://mj12bot.com/)"
195.191.219.150 - - [20/May/2025:10:54:41 +0700] "GET /core/vendor/unicodeveloper/laravel-paystack/?C=S;O=A HTTP/1.1" 200 2133 "-" "Mozilla/5.0 (compatible; MJ12bot/v2.0.1; http://mj12bot.com/)"
145.239.65.226 - - [20/May/2025:10:54:42 +0700] "GET /core/vendor/symfony/routing/RouteCollection.php HTTP/1.1" 200 - "-" "Mozilla/5.0 (compatible; MJ12bot/v1.4.8; http://mj12bot.com/)"
195.191.219.150 - - [20/May/2025:10:54:42 +0700] "GET /core/vendor/unicodeveloper/laravel-paystack/CHANGELOG.md HTTP/1.1" 200 323 "-" "Mozilla/5.0 (compatible; MJ12bot/v2.0.1; http://mj12bot.com/)"
195.191.219.150 - - [20/May/2025:10:54:43 +0700] "GET /core/vendor/unicodeveloper/laravel-paystack/CONTRIBUTING.md HTTP/1.1" 200 1346 "-" "Mozilla/5.0 (compatible; MJ12bot/v2.0.1; http://mj12bot.com/)"
195.191.219.150 - - [20/May/2025:10:54:44 +0700] "GET /core/vendor/unicodeveloper/laravel-paystack/LICENSE.md HTTP/1.1" 200 1147 "-" "Mozilla/5.0 (compatible; MJ12bot/v2.0.1; http://mj12bot.com/)"
145.239.65.226 - - [20/May/2025:10:54:45 +0700] "GET /core/vendor/symfony/routing/RouteCollectionBuilder.php HTTP/1.1" 500 - "-" "Mozilla/5.0 (compatible; MJ12bot/v1.4.8; http://mj12bot.com/)"
195.191.219.150 - - [20/May/2025:10:54:46 +0700] "GET /core/vendor/unicodeveloper/laravel-paystack/composer.json HTTP/1.1" 200 1334 "-" "Mozilla/5.0 (compatible; MJ12bot/v2.0.1; http://mj12bot.com/)"
195.191.219.150 - - [20/May/2025:10:54:46 +0700] "GET /core/vendor/unicodeveloper/laravel-paystack/phpunit.xml.dist HTTP/1.1" 200 1013 "-" "Mozilla/5.0 (compatible; MJ12bot/v2.0.1; http://mj12bot.com/)"
195.191.219.150 - - [20/May/2025:10:54:47 +0700] "GET /core/vendor/vlucas/?C=D;O=D HTTP/1.1" 200 1565 "-" "Mozilla/5.0 (compatible; MJ12bot/v2.0.1; http://mj12bot.com/)"
195.191.219.150 - - [20/May/2025:10:54:48 +0700] "GET /core/vendor/vlucas/?C=M;O=D HTTP/1.1" 200 1565 "-" "Mozilla/5.0 (compatible; MJ12bot/v2.0.1; http://mj12bot.com/)"
145.239.65.226 - - [20/May/2025:10:54:49 +0700] "GET /core/vendor/symfony/routing/RouteCompiler.php HTTP/1.1" 500 - "-" "Mozilla/5.0 (compatible; MJ12bot/v1.4.8; http://mj12bot.com/)"
195.191.219.150 - - [20/May/2025:10:54:49 +0700] "GET /core/vendor/vlucas/?C=N;O=A HTTP/1.1" 200 1565 "-" "Mozilla/5.0 (compatible; MJ12bot/v2.0.1; http://mj12bot.com/)"
195.191.219.150 - - [20/May/2025:10:54:50 +0700] "GET /core/vendor/vlucas/?C=S;O=D HTTP/1.1" 200 1565 "-" "Mozilla/5.0 (compatible; MJ12bot/v2.0.1; http://mj12bot.com/)"
195.191.219.150 - - [20/May/2025:10:54:51 +0700] "GET /core/vendor/vlucas/phpdotenv/?C=D;O=A HTTP/1.1" 200 1193 "-" "Mozilla/5.0 (compatible; MJ12bot/v2.0.1; http://mj12bot.com/)"
195.191.219.150 - - [20/May/2025:10:54:52 +0700] "GET /core/vendor/vlucas/phpdotenv/?C=M;O=A HTTP/1.1" 200 1193 "-" "Mozilla/5.0 (compatible; MJ12bot/v2.0.1; http://mj12bot.com/)"
195.191.219.150 - - [20/May/2025:10:54:53 +0700] "GET /core/vendor/vlucas/phpdotenv/?C=N;O=D HTTP/1.1" 200 1193 "-" "Mozilla/5.0 (compatible; MJ12bot/v2.0.1; http://mj12bot.com/)"
145.239.65.226 - - [20/May/2025:10:54:54 +0700] "GET /core/vendor/symfony/routing/RouteCompilerInterface.php HTTP/1.1" 200 - "-" "Mozilla/5.0 (compatible; MJ12bot/v1.4.8; http://mj12bot.com/)"
195.191.219.150 - - [20/May/2025:10:54:54 +0700] "GET /core/vendor/vlucas/phpdotenv/?C=S;O=A HTTP/1.1" 200 1193 "-" "Mozilla/5.0 (compatible; MJ12bot/v2.0.1; http://mj12bot.com/)"
195.191.219.150 - - [20/May/2025:10:54:55 +0700] "GET /core/vendor/vlucas/phpdotenv/LICENSE HTTP/1.1" 200 - "-" "Mozilla/5.0 (compatible; MJ12bot/v2.0.1; http://mj12bot.com/)"
195.191.219.150 - - [20/May/2025:10:54:57 +0700] "GET /core/vendor/vlucas/phpdotenv/composer.json HTTP/1.1" 200 1330 "-" "Mozilla/5.0 (compatible; MJ12bot/v2.0.1; http://mj12bot.com/)"
145.239.65.226 - - [20/May/2025:10:54:58 +0700] "GET /core/vendor/symfony/routing/Router.php HTTP/1.1" 500 - "-" "Mozilla/5.0 (compatible; MJ12bot/v1.4.8; http://mj12bot.com/)"
145.239.65.226 - - [20/May/2025:10:55:02 +0700] "GET /core/vendor/symfony/routing/RouterInterface.php HTTP/1.1" 500 - "-" "Mozilla/5.0 (compatible; MJ12bot/v1.4.8; http://mj12bot.com/)"
145.239.65.226 - - [20/May/2025:10:55:06 +0700] "GET /core/vendor/symfony/routing/composer.json HTTP/1.1" 200 1664 "-" "Mozilla/5.0 (compatible; MJ12bot/v1.4.8; http://mj12bot.com/)"
145.239.65.226 - - [20/May/2025:10:55:10 +0700] "GET /core/vendor/symfony/service-contracts/?C=D;O=A HTTP/1.1" 200 2545 "-" "Mozilla/5.0 (compatible; MJ12bot/v1.4.8; http://mj12bot.com/)"
145.239.65.226 - - [20/May/2025:10:55:14 +0700] "GET /core/vendor/symfony/service-contracts/?C=M;O=A HTTP/1.1" 200 2545 "-" "Mozilla/5.0 (compatible; MJ12bot/v1.4.8; http://mj12bot.com/)"
145.239.65.226 - - [20/May/2025:10:55:17 +0700] "GET /core/vendor/symfony/service-contracts/?C=N;O=D HTTP/1.1" 200 2545 "-" "Mozilla/5.0 (compatible; MJ12bot/v1.4.8; http://mj12bot.com/)"
145.239.65.226 - - [20/May/2025:10:55:21 +0700] "GET /core/vendor/symfony/service-contracts/?C=S;O=A HTTP/1.1" 200 2545 "-" "Mozilla/5.0 (compatible; MJ12bot/v1.4.8; http://mj12bot.com/)"
145.239.65.226 - - [20/May/2025:10:55:24 +0700] "GET /core/vendor/symfony/service-contracts/CHANGELOG.md HTTP/1.1" 200 157 "-" "Mozilla/5.0 (compatible; MJ12bot/v1.4.8; http://mj12bot.com/)"
145.239.65.226 - - [20/May/2025:10:55:27 +0700] "GET /core/vendor/symfony/service-contracts/LICENSE HTTP/1.1" 200 - "-" "Mozilla/5.0 (compatible; MJ12bot/v1.4.8; http://mj12bot.com/)"
145.239.65.226 - - [20/May/2025:10:55:31 +0700] "GET /core/vendor/symfony/service-contracts/ResetInterface.php HTTP/1.1" 200 - "-" "Mozilla/5.0 (compatible; MJ12bot/v1.4.8; http://mj12bot.com/)"
145.239.65.226 - - [20/May/2025:10:55:34 +0700] "GET /core/vendor/symfony/service-contracts/ServiceLocatorTrait.php HTTP/1.1" 200 - "-" "Mozilla/5.0 (compatible; MJ12bot/v1.4.8; http://mj12bot.com/)"
145.239.65.226 - - [20/May/2025:10:55:38 +0700] "GET /core/vendor/symfony/service-contracts/ServiceProviderInterface.php HTTP/1.1" 500 - "-" "Mozilla/5.0 (compatible; MJ12bot/v1.4.8; http://mj12bot.com/)"
145.239.65.226 - - [20/May/2025:10:55:41 +0700] "GET /core/vendor/symfony/service-contracts/ServiceSubscriberInterface.php HTTP/1.1" 200 - "-" "Mozilla/5.0 (compatible; MJ12bot/v1.4.8; http://mj12bot.com/)"
145.239.65.226 - - [20/May/2025:10:55:45 +0700] "GET /core/vendor/symfony/service-contracts/ServiceSubscriberTrait.php HTTP/1.1" 200 - "-" "Mozilla/5.0 (compatible; MJ12bot/v1.4.8; http://mj12bot.com/)"
145.239.65.226 - - [20/May/2025:10:55:49 +0700] "GET /core/vendor/symfony/service-contracts/composer.json HTTP/1.1" 200 1138 "-" "Mozilla/5.0 (compatible; MJ12bot/v1.4.8; http://mj12bot.com/)"
145.239.65.226 - - [20/May/2025:10:55:52 +0700] "GET /core/vendor/symfony/string/?C=D;O=A HTTP/1.1" 200 3026 "-" "Mozilla/5.0 (compatible; MJ12bot/v1.4.8; http://mj12bot.com/)"
145.239.65.226 - - [20/May/2025:10:55:56 +0700] "GET /core/vendor/symfony/string/?C=M;O=A HTTP/1.1" 200 3026 "-" "Mozilla/5.0 (compatible; MJ12bot/v1.4.8; http://mj12bot.com/)"
145.239.65.226 - - [20/May/2025:10:55:59 +0700] "GET /core/vendor/symfony/string/?C=N;O=D HTTP/1.1" 200 3026 "-" "Mozilla/5.0 (compatible; MJ12bot/v1.4.8; http://mj12bot.com/)"
145.239.65.226 - - [20/May/2025:10:56:02 +0700] "GET /core/vendor/symfony/string/?C=S;O=A HTTP/1.1" 200 3026 "-" "Mozilla/5.0 (compatible; MJ12bot/v1.4.8; http://mj12bot.com/)"
145.239.65.226 - - [20/May/2025:10:56:06 +0700] "GET /core/vendor/symfony/string/AbstractString.php HTTP/1.1" 500 - "-" "Mozilla/5.0 (compatible; MJ12bot/v1.4.8; http://mj12bot.com/)"
145.239.65.226 - - [20/May/2025:10:56:09 +0700] "GET /core/vendor/symfony/string/AbstractUnicodeString.php HTTP/1.1" 500 - "-" "Mozilla/5.0 (compatible; MJ12bot/v1.4.8; http://mj12bot.com/)"
145.239.65.226 - - [20/May/2025:10:56:14 +0700] "GET /core/vendor/symfony/string/ByteString.php HTTP/1.1" 500 - "-" "Mozilla/5.0 (compatible; MJ12bot/v1.4.8; http://mj12bot.com/)"
145.239.65.226 - - [20/May/2025:10:56:18 +0700] "GET /core/vendor/symfony/string/CHANGELOG.md HTTP/1.1" 200 836 "-" "Mozilla/5.0 (compatible; MJ12bot/v1.4.8; http://mj12bot.com/)"
145.239.65.226 - - [20/May/2025:10:56:22 +0700] "GET /core/vendor/symfony/string/CodePointString.php HTTP/1.1" 500 - "-" "Mozilla/5.0 (compatible; MJ12bot/v1.4.8; http://mj12bot.com/)"
145.239.65.226 - - [20/May/2025:10:56:26 +0700] "GET /core/vendor/symfony/string/LICENSE HTTP/1.1" 200 1065 "-" "Mozilla/5.0 (compatible; MJ12bot/v1.4.8; http://mj12bot.com/)"
145.239.65.226 - - [20/May/2025:10:56:30 +0700] "GET /core/vendor/symfony/string/LazyString.php HTTP/1.1" 500 - "-" "Mozilla/5.0 (compatible; MJ12bot/v1.4.8; http://mj12bot.com/)"
145.239.65.226 - - [20/May/2025:10:56:34 +0700] "GET /core/vendor/symfony/string/UnicodeString.php HTTP/1.1" 500 - "-" "Mozilla/5.0 (compatible; MJ12bot/v1.4.8; http://mj12bot.com/)"
145.239.65.226 - - [20/May/2025:10:56:38 +0700] "GET /core/vendor/symfony/string/composer.json HTTP/1.1" 200 1390 "-" "Mozilla/5.0 (compatible; MJ12bot/v1.4.8; http://mj12bot.com/)"
145.239.65.226 - - [20/May/2025:10:56:43 +0700] "GET /core/vendor/symfony/translation-contracts/?C=D;O=A HTTP/1.1" 200 2360 "-" "Mozilla/5.0 (compatible; MJ12bot/v1.4.8; http://mj12bot.com/)"
145.239.65.226 - - [20/May/2025:10:56:46 +0700] "GET /core/vendor/symfony/translation-contracts/?C=M;O=A HTTP/1.1" 200 2360 "-" "Mozilla/5.0 (compatible; MJ12bot/v1.4.8; http://mj12bot.com/)"
145.239.65.226 - - [20/May/2025:10:56:50 +0700] "GET /core/vendor/symfony/translation-contracts/?C=N;O=D HTTP/1.1" 200 2360 "-" "Mozilla/5.0 (compatible; MJ12bot/v1.4.8; http://mj12bot.com/)"
145.239.65.226 - - [20/May/2025:10:56:53 +0700] "GET /core/vendor/symfony/translation-contracts/?C=S;O=A HTTP/1.1" 200 2360 "-" "Mozilla/5.0 (compatible; MJ12bot/v1.4.8; http://mj12bot.com/)"
145.239.65.226 - - [20/May/2025:10:56:56 +0700] "GET /core/vendor/symfony/translation-contracts/CHANGELOG.md HTTP/1.1" 200 157 "-" "Mozilla/5.0 (compatible; MJ12bot/v1.4.8; http://mj12bot.com/)"
145.239.65.226 - - [20/May/2025:10:57:00 +0700] "GET /core/vendor/symfony/translation-contracts/LICENSE HTTP/1.1" 200 - "-" "Mozilla/5.0 (compatible; MJ12bot/v1.4.8; http://mj12bot.com/)"
145.239.65.226 - - [20/May/2025:10:57:03 +0700] "GET /core/vendor/symfony/translation-contracts/LocaleAwareInterface.php HTTP/1.1" 200 - "-" "Mozilla/5.0 (compatible; MJ12bot/v1.4.8; http://mj12bot.com/)"
145.239.65.226 - - [20/May/2025:10:57:06 +0700] "GET /core/vendor/symfony/translation-contracts/PaymentInstruction.php HTTP/1.1" 500 - "-" "Mozilla/5.0 (compatible; MJ12bot/v1.4.8; http://mj12bot.com/)"
145.239.65.226 - - [20/May/2025:10:57:10 +0700] "GET /core/vendor/symfony/translation-contracts/TranslatableInterface.php HTTP/1.1" 200 - "-" "Mozilla/5.0 (compatible; MJ12bot/v1.4.8; http://mj12bot.com/)"
145.239.65.226 - - [20/May/2025:10:57:14 +0700] "GET /core/vendor/symfony/translation-contracts/TranslatorInterface.php HTTP/1.1" 200 - "-" "Mozilla/5.0 (compatible; MJ12bot/v1.4.8; http://mj12bot.com/)"
145.239.65.226 - - [20/May/2025:10:57:17 +0700] "GET /core/vendor/symfony/translation-contracts/TranslatorTrait.php HTTP/1.1" 200 - "-" "Mozilla/5.0 (compatible; MJ12bot/v1.4.8; http://mj12bot.com/)"
145.239.65.226 - - [20/May/2025:10:57:21 +0700] "GET /core/vendor/symfony/translation-contracts/composer.json HTTP/1.1" 200 1330 "-" "Mozilla/5.0 (compatible; MJ12bot/v1.4.8; http://mj12bot.com/)"
145.239.65.226 - - [20/May/2025:10:57:24 +0700] "GET /core/vendor/symfony/translation/?C=D;O=A HTTP/1.1" 200 5987 "-" "Mozilla/5.0 (compatible; MJ12bot/v1.4.8; http://mj12bot.com/)"
195.191.219.150 - - [20/May/2025:10:57:26 +0700] "GET /core/vendor/voku/?C=D;O=D HTTP/1.1" 200 1378 "-" "Mozilla/5.0 (compatible; MJ12bot/v2.0.1; http://mj12bot.com/)"
195.191.219.150 - - [20/May/2025:10:57:26 +0700] "GET /core/vendor/voku/?C=M;O=D HTTP/1.1" 200 1378 "-" "Mozilla/5.0 (compatible; MJ12bot/v2.0.1; http://mj12bot.com/)"
145.239.65.226 - - [20/May/2025:10:57:27 +0700] "GET /core/vendor/symfony/translation/?C=M;O=A HTTP/1.1" 200 5987 "-" "Mozilla/5.0 (compatible; MJ12bot/v1.4.8; http://mj12bot.com/)"
195.191.219.150 - - [20/May/2025:10:57:27 +0700] "GET /core/vendor/voku/?C=N;O=A HTTP/1.1" 200 1378 "-" "Mozilla/5.0 (compatible; MJ12bot/v2.0.1; http://mj12bot.com/)"
195.191.219.150 - - [20/May/2025:10:57:28 +0700] "GET /core/vendor/voku/?C=S;O=D HTTP/1.1" 200 1378 "-" "Mozilla/5.0 (compatible; MJ12bot/v2.0.1; http://mj12bot.com/)"
195.191.219.150 - - [20/May/2025:10:57:29 +0700] "GET /core/vendor/voku/portable-ascii/?C=D;O=A HTTP/1.1" 200 2311 "-" "Mozilla/5.0 (compatible; MJ12bot/v2.0.1; http://mj12bot.com/)"
195.191.219.150 - - [20/May/2025:10:57:30 +0700] "GET /core/vendor/voku/portable-ascii/?C=M;O=A HTTP/1.1" 200 2311 "-" "Mozilla/5.0 (compatible; MJ12bot/v2.0.1; http://mj12bot.com/)"
145.239.65.226 - - [20/May/2025:10:57:31 +0700] "GET /core/vendor/symfony/translation/?C=N;O=D HTTP/1.1" 200 5987 "-" "Mozilla/5.0 (compatible; MJ12bot/v1.4.8; http://mj12bot.com/)"
195.191.219.150 - - [20/May/2025:10:57:31 +0700] "GET /core/vendor/voku/portable-ascii/?C=N;O=D HTTP/1.1" 200 2311 "-" "Mozilla/5.0 (compatible; MJ12bot/v2.0.1; http://mj12bot.com/)"
195.191.219.150 - - [20/May/2025:10:57:32 +0700] "GET /core/vendor/voku/portable-ascii/?C=S;O=A HTTP/1.1" 200 2311 "-" "Mozilla/5.0 (compatible; MJ12bot/v2.0.1; http://mj12bot.com/)"
195.191.219.150 - - [20/May/2025:10:57:33 +0700] "GET /core/vendor/voku/portable-ascii/CHANGELOG.md HTTP/1.1" 200 836 "-" "Mozilla/5.0 (compatible; MJ12bot/v2.0.1; http://mj12bot.com/)"
145.239.65.226 - - [20/May/2025:10:57:34 +0700] "GET /core/vendor/symfony/translation/?C=S;O=A HTTP/1.1" 200 5987 "-" "Mozilla/5.0 (compatible; MJ12bot/v1.4.8; http://mj12bot.com/)"
195.191.219.150 - - [20/May/2025:10:57:34 +0700] "GET /core/vendor/voku/portable-ascii/Exception.php HTTP/1.1" 200 - "-" "Mozilla/5.0 (compatible; MJ12bot/v2.0.1; http://mj12bot.com/)"
195.191.219.150 - - [20/May/2025:10:57:35 +0700] "GET /core/vendor/voku/portable-ascii/ExtensionInterface.php HTTP/1.1" 200 - "-" "Mozilla/5.0 (compatible; MJ12bot/v2.0.1; http://mj12bot.com/)"
195.191.219.150 - - [20/May/2025:10:57:37 +0700] "GET /core/vendor/voku/portable-ascii/InvalidSignatureException.php HTTP/1.1" 200 - "-" "Mozilla/5.0 (compatible; MJ12bot/v2.0.1; http://mj12bot.com/)"
145.239.65.226 - - [20/May/2025:10:57:37 +0700] "GET /core/vendor/symfony/translation/CHANGELOG.md HTTP/1.1" 200 6422 "-" "Mozilla/5.0 (compatible; MJ12bot/v1.4.8; http://mj12bot.com/)"
195.191.219.150 - - [20/May/2025:10:57:37 +0700] "GET /core/vendor/voku/portable-ascii/LICENSE.txt HTTP/1.1" 200 1058 "-" "Mozilla/5.0 (compatible; MJ12bot/v2.0.1; http://mj12bot.com/)"
195.191.219.150 - - [20/May/2025:10:57:38 +0700] "GET /core/vendor/voku/portable-ascii/NodeExtension.php HTTP/1.1" 500 - "-" "Mozilla/5.0 (compatible; MJ12bot/v2.0.1; http://mj12bot.com/)"
195.191.219.150 - - [20/May/2025:10:57:40 +0700] "GET /core/vendor/voku/portable-ascii/composer.json HTTP/1.1" 200 1330 "-" "Mozilla/5.0 (compatible; MJ12bot/v2.0.1; http://mj12bot.com/)"
145.239.65.226 - - [20/May/2025:10:57:40 +0700] "GET /core/vendor/symfony/translation/DataCollectorTranslator.php HTTP/1.1" 500 - "-" "Mozilla/5.0 (compatible; MJ12bot/v1.4.8; http://mj12bot.com/)"
145.239.65.226 - - [20/May/2025:10:57:44 +0700] "GET /core/vendor/symfony/translation/IdentityTranslator.php HTTP/1.1" 500 - "-" "Mozilla/5.0 (compatible; MJ12bot/v1.4.8; http://mj12bot.com/)"
145.239.65.226 - - [20/May/2025:10:57:48 +0700] "GET /core/vendor/symfony/translation/LICENSE HTTP/1.1" 200 - "-" "Mozilla/5.0 (compatible; MJ12bot/v1.4.8; http://mj12bot.com/)"
145.239.65.226 - - [20/May/2025:10:57:53 +0700] "GET /core/vendor/symfony/translation/LoggingTranslator.php HTTP/1.1" 500 - "-" "Mozilla/5.0 (compatible; MJ12bot/v1.4.8; http://mj12bot.com/)"
145.239.65.226 - - [20/May/2025:10:57:56 +0700] "GET /core/vendor/symfony/translation/MessageCatalogue.php HTTP/1.1" 500 - "-" "Mozilla/5.0 (compatible; MJ12bot/v1.4.8; http://mj12bot.com/)"
145.239.65.226 - - [20/May/2025:10:58:01 +0700] "GET /core/vendor/symfony/translation/MessageCatalogueInterface.php HTTP/1.1" 200 - "-" "Mozilla/5.0 (compatible; MJ12bot/v1.4.8; http://mj12bot.com/)"
145.239.65.226 - - [20/May/2025:10:58:05 +0700] "GET /core/vendor/symfony/translation/MetadataAwareInterface.php HTTP/1.1" 200 - "-" "Mozilla/5.0 (compatible; MJ12bot/v1.4.8; http://mj12bot.com/)"
145.239.65.226 - - [20/May/2025:10:58:09 +0700] "GET /core/vendor/symfony/translation/PseudoLocalizationTranslator.php HTTP/1.1" 500 - "-" "Mozilla/5.0 (compatible; MJ12bot/v1.4.8; http://mj12bot.com/)"
145.239.65.226 - - [20/May/2025:10:58:12 +0700] "GET /core/vendor/symfony/translation/TranslatableMessage.php HTTP/1.1" 500 - "-" "Mozilla/5.0 (compatible; MJ12bot/v1.4.8; http://mj12bot.com/)"
145.239.65.226 - - [20/May/2025:10:58:16 +0700] "GET /core/vendor/symfony/translation/Translator.php HTTP/1.1" 500 - "-" "Mozilla/5.0 (compatible; MJ12bot/v1.4.8; http://mj12bot.com/)"
145.239.65.226 - - [20/May/2025:10:58:21 +0700] "GET /core/vendor/symfony/translation/TranslatorBag.php HTTP/1.1" 500 - "-" "Mozilla/5.0 (compatible; MJ12bot/v1.4.8; http://mj12bot.com/)"
145.239.65.226 - - [20/May/2025:10:58:25 +0700] "GET /core/vendor/symfony/translation/TranslatorBagInterface.php HTTP/1.1" 200 - "-" "Mozilla/5.0 (compatible; MJ12bot/v1.4.8; http://mj12bot.com/)"
145.239.65.226 - - [20/May/2025:10:58:29 +0700] "GET /core/vendor/symfony/translation/composer.json HTTP/1.1" 200 1664 "-" "Mozilla/5.0 (compatible; MJ12bot/v1.4.8; http://mj12bot.com/)"
145.239.65.226 - - [20/May/2025:10:58:33 +0700] "GET /core/vendor/symfony/var-dumper/?C=D;O=A HTTP/1.1" 200 2792 "-" "Mozilla/5.0 (compatible; MJ12bot/v1.4.8; http://mj12bot.com/)"
145.239.65.226 - - [20/May/2025:10:58:36 +0700] "GET /core/vendor/symfony/var-dumper/?C=M;O=A HTTP/1.1" 200 2792 "-" "Mozilla/5.0 (compatible; MJ12bot/v1.4.8; http://mj12bot.com/)"
145.239.65.226 - - [20/May/2025:10:58:39 +0700] "GET /core/vendor/symfony/var-dumper/?C=N;O=D HTTP/1.1" 200 2792 "-" "Mozilla/5.0 (compatible; MJ12bot/v1.4.8; http://mj12bot.com/)"
145.239.65.226 - - [20/May/2025:10:58:43 +0700] "GET /core/vendor/symfony/var-dumper/?C=S;O=A HTTP/1.1" 200 2792 "-" "Mozilla/5.0 (compatible; MJ12bot/v1.4.8; http://mj12bot.com/)"
145.239.65.226 - - [20/May/2025:10:58:46 +0700] "GET /core/vendor/symfony/var-dumper/CHANGELOG.md HTTP/1.1" 200 2254 "-" "Mozilla/5.0 (compatible; MJ12bot/v1.4.8; http://mj12bot.com/)"
145.239.65.226 - - [20/May/2025:10:58:49 +0700] "GET /core/vendor/symfony/var-dumper/LICENSE HTTP/1.1" 200 - "-" "Mozilla/5.0 (compatible; MJ12bot/v1.4.8; http://mj12bot.com/)"
145.239.65.226 - - [20/May/2025:10:58:53 +0700] "GET /core/vendor/symfony/var-dumper/VarDumper.php HTTP/1.1" 200 - "-" "Mozilla/5.0 (compatible; MJ12bot/v1.4.8; http://mj12bot.com/)"
145.239.65.226 - - [20/May/2025:10:58:56 +0700] "GET /core/vendor/symfony/var-dumper/composer.json HTTP/1.1" 200 1536 "-" "Mozilla/5.0 (compatible; MJ12bot/v1.4.8; http://mj12bot.com/)"
195.191.219.150 - - [20/May/2025:10:59:00 +0700] "GET /core/vendor/facade/ignition-contracts/LICENSE.md HTTP/1.1" 200 1103 "-" "Mozilla/5.0 (compatible; MJ12bot/v2.0.1; http://mj12bot.com/)"
195.191.219.150 - - [20/May/2025:10:59:01 +0700] "GET /core/vendor/facade/ignition-contracts/TableDirectoryEntry.php HTTP/1.1" 500 - "-" "Mozilla/5.0 (compatible; MJ12bot/v2.0.1; http://mj12bot.com/)"
195.191.219.150 - - [20/May/2025:10:59:02 +0700] "GET /core/vendor/facade/ignition-contracts/composer.json HTTP/1.1" 200 1330 "-" "Mozilla/5.0 (compatible; MJ12bot/v2.0.1; http://mj12bot.com/)"
195.191.219.150 - - [20/May/2025:10:59:03 +0700] "GET /core/vendor/facade/ignition-contracts/psalm.xml HTTP/1.1" 200 1606 "-" "Mozilla/5.0 (compatible; MJ12bot/v2.0.1; http://mj12bot.com/)"
195.191.219.150 - - [20/May/2025:10:59:04 +0700] "GET /core/vendor/facade/ignition/?C=D;O=A HTTP/1.1" 200 3407 "-" "Mozilla/5.0 (compatible; MJ12bot/v2.0.1; http://mj12bot.com/)"
195.191.219.150 - - [20/May/2025:10:59:05 +0700] "GET /core/vendor/facade/ignition/?C=M;O=A HTTP/1.1" 200 3407 "-" "Mozilla/5.0 (compatible; MJ12bot/v2.0.1; http://mj12bot.com/)"
195.191.219.150 - - [20/May/2025:10:59:06 +0700] "GET /core/vendor/facade/ignition/?C=N;O=D HTTP/1.1" 200 3407 "-" "Mozilla/5.0 (compatible; MJ12bot/v2.0.1; http://mj12bot.com/)"
195.191.219.150 - - [20/May/2025:10:59:07 +0700] "GET /core/vendor/facade/ignition/?C=S;O=A HTTP/1.1" 200 3407 "-" "Mozilla/5.0 (compatible; MJ12bot/v2.0.1; http://mj12bot.com/)"
195.191.219.150 - - [20/May/2025:10:59:08 +0700] "GET /core/vendor/facade/ignition/BadResponse.php HTTP/1.1" 200 - "-" "Mozilla/5.0 (compatible; MJ12bot/v2.0.1; http://mj12bot.com/)"
195.191.219.150 - - [20/May/2025:10:59:09 +0700] "GET /core/vendor/facade/ignition/CHANGELOG.md HTTP/1.1" 200 12053 "-" "Mozilla/5.0 (compatible; MJ12bot/v2.0.1; http://mj12bot.com/)"
195.191.219.150 - - [20/May/2025:10:59:10 +0700] "GET /core/vendor/facade/ignition/FunctionExtension.php HTTP/1.1" 500 - "-" "Mozilla/5.0 (compatible; MJ12bot/v2.0.1; http://mj12bot.com/)"
195.191.219.150 - - [20/May/2025:10:59:11 +0700] "GET /core/vendor/facade/ignition/LICENSE.md HTTP/1.1" 200 1103 "-" "Mozilla/5.0 (compatible; MJ12bot/v2.0.1; http://mj12bot.com/)"
195.191.219.150 - - [20/May/2025:10:59:12 +0700] "GET /core/vendor/facade/ignition/MissingParameter.php HTTP/1.1" 200 - "-" "Mozilla/5.0 (compatible; MJ12bot/v2.0.1; http://mj12bot.com/)"
195.191.219.150 - - [20/May/2025:10:59:13 +0700] "GET /core/vendor/facade/ignition/NodeExtension.php HTTP/1.1" 500 - "-" "Mozilla/5.0 (compatible; MJ12bot/v2.0.1; http://mj12bot.com/)"
195.191.219.150 - - [20/May/2025:10:59:14 +0700] "GET /core/vendor/facade/ignition/RequiredOptionArgumentMissingException.php HTTP/1.1" 500 - "-" "Mozilla/5.0 (compatible; MJ12bot/v2.0.1; http://mj12bot.com/)"
195.191.219.150 - - [20/May/2025:10:59:15 +0700] "GET /core/vendor/facade/ignition/SECURITY.md HTTP/1.1" 200 118 "-" "Mozilla/5.0 (compatible; MJ12bot/v2.0.1; http://mj12bot.com/)"
195.191.219.150 - - [20/May/2025:10:59:16 +0700] "GET /core/vendor/facade/ignition/composer.json HTTP/1.1" 200 1330 "-" "Mozilla/5.0 (compatible; MJ12bot/v2.0.1; http://mj12bot.com/)"
195.191.219.150 - - [20/May/2025:10:59:17 +0700] "GET /core/vendor/facade/ignition/package.json HTTP/1.1" 200 1044 "-" "Mozilla/5.0 (compatible; MJ12bot/v2.0.1; http://mj12bot.com/)"
195.191.219.150 - - [20/May/2025:10:59:18 +0700] "GET /core/vendor/facade/ignition/psalm-baseline.xml HTTP/1.1" 200 1760 "-" "Mozilla/5.0 (compatible; MJ12bot/v2.0.1; http://mj12bot.com/)"
195.191.219.150 - - [20/May/2025:10:59:19 +0700] "GET /core/vendor/facade/ignition/psalm.xml HTTP/1.1" 200 1606 "-" "Mozilla/5.0 (compatible; MJ12bot/v2.0.1; http://mj12bot.com/)"
195.191.219.150 - - [20/May/2025:10:59:20 +0700] "GET /core/vendor/fakerphp/?C=D;O=D HTTP/1.1" 200 816 "-" "Mozilla/5.0 (compatible; MJ12bot/v2.0.1; http://mj12bot.com/)"
195.191.219.150 - - [20/May/2025:10:59:21 +0700] "GET /core/vendor/fakerphp/?C=M;O=D HTTP/1.1" 200 816 "-" "Mozilla/5.0 (compatible; MJ12bot/v2.0.1; http://mj12bot.com/)"
195.191.219.150 - - [20/May/2025:10:59:22 +0700] "GET /core/vendor/fakerphp/?C=N;O=A HTTP/1.1" 200 816 "-" "Mozilla/5.0 (compatible; MJ12bot/v2.0.1; http://mj12bot.com/)"
195.191.219.150 - - [20/May/2025:10:59:23 +0700] "GET /core/vendor/fakerphp/?C=S;O=D HTTP/1.1" 200 816 "-" "Mozilla/5.0 (compatible; MJ12bot/v2.0.1; http://mj12bot.com/)"
195.191.219.150 - - [20/May/2025:10:59:24 +0700] "GET /core/vendor/fakerphp/faker/?C=D;O=A HTTP/1.1" 200 2694 "-" "Mozilla/5.0 (compatible; MJ12bot/v2.0.1; http://mj12bot.com/)"
195.191.219.150 - - [20/May/2025:10:59:25 +0700] "GET /core/vendor/fakerphp/faker/?C=M;O=A HTTP/1.1" 200 2694 "-" "Mozilla/5.0 (compatible; MJ12bot/v2.0.1; http://mj12bot.com/)"
195.191.219.150 - - [20/May/2025:10:59:26 +0700] "GET /core/vendor/fakerphp/faker/?C=N;O=D HTTP/1.1" 200 2694 "-" "Mozilla/5.0 (compatible; MJ12bot/v2.0.1; http://mj12bot.com/)"
195.191.219.150 - - [20/May/2025:10:59:27 +0700] "GET /core/vendor/fakerphp/faker/?C=S;O=A HTTP/1.1" 200 2694 "-" "Mozilla/5.0 (compatible; MJ12bot/v2.0.1; http://mj12bot.com/)"
195.191.219.150 - - [20/May/2025:10:59:28 +0700] "GET /core/vendor/fakerphp/faker/AddressExtension.php HTTP/1.1" 500 - "-" "Mozilla/5.0 (compatible; MJ12bot/v2.0.1; http://mj12bot.com/)"
195.191.219.150 - - [20/May/2025:10:59:29 +0700] "GET /core/vendor/fakerphp/faker/CHANGELOG.md HTTP/1.1" 200 - "-" "Mozilla/5.0 (compatible; MJ12bot/v2.0.1; http://mj12bot.com/)"
195.191.219.150 - - [20/May/2025:10:59:30 +0700] "GET /core/vendor/fakerphp/faker/Container.php HTTP/1.1" 500 - "-" "Mozilla/5.0 (compatible; MJ12bot/v2.0.1; http://mj12bot.com/)"
195.191.219.150 - - [20/May/2025:10:59:31 +0700] "GET /core/vendor/fakerphp/faker/ContainerException.php HTTP/1.1" 500 - "-" "Mozilla/5.0 (compatible; MJ12bot/v2.0.1; http://mj12bot.com/)"
195.191.219.150 - - [20/May/2025:10:59:32 +0700] "GET /core/vendor/fakerphp/faker/LICENSE HTTP/1.1" 200 - "-" "Mozilla/5.0 (compatible; MJ12bot/v2.0.1; http://mj12bot.com/)"
195.191.219.150 - - [20/May/2025:10:59:33 +0700] "GET /core/vendor/fakerphp/faker/Lorem.php HTTP/1.1" 500 - "-" "Mozilla/5.0 (compatible; MJ12bot/v2.0.1; http://mj12bot.com/)"
195.191.219.150 - - [20/May/2025:10:59:34 +0700] "GET /core/vendor/fakerphp/faker/RequiredOptionArgumentMissingException.php HTTP/1.1" 500 - "-" "Mozilla/5.0 (compatible; MJ12bot/v2.0.1; http://mj12bot.com/)"
195.191.219.150 - - [20/May/2025:10:59:35 +0700] "GET /core/vendor/fakerphp/faker/VersionExtension.php HTTP/1.1" 500 - "-" "Mozilla/5.0 (compatible; MJ12bot/v2.0.1; http://mj12bot.com/)"
195.191.219.150 - - [20/May/2025:10:59:36 +0700] "GET /core/vendor/fakerphp/faker/composer.json HTTP/1.1" 200 1330 "-" "Mozilla/5.0 (compatible; MJ12bot/v2.0.1; http://mj12bot.com/)"
195.191.219.150 - - [20/May/2025:10:59:37 +0700] "GET /core/vendor/fakerphp/faker/psalm.baseline.xml HTTP/1.1" 200 7884 "-" "Mozilla/5.0 (compatible; MJ12bot/v2.0.1; http://mj12bot.com/)"
195.191.219.150 - - [20/May/2025:10:59:38 +0700] "GET /core/vendor/fideloper/?C=D;O=D HTTP/1.1" 200 1190 "-" "Mozilla/5.0 (compatible; MJ12bot/v2.0.1; http://mj12bot.com/)"
195.191.219.150 - - [20/May/2025:10:59:39 +0700] "GET /core/vendor/fideloper/?C=M;O=D HTTP/1.1" 200 1190 "-" "Mozilla/5.0 (compatible; MJ12bot/v2.0.1; http://mj12bot.com/)"
195.191.219.150 - - [20/May/2025:10:59:40 +0700] "GET /core/vendor/fideloper/?C=N;O=A HTTP/1.1" 200 1190 "-" "Mozilla/5.0 (compatible; MJ12bot/v2.0.1; http://mj12bot.com/)"
195.191.219.150 - - [20/May/2025:10:59:41 +0700] "GET /core/vendor/fideloper/?C=S;O=D HTTP/1.1" 200 1190 "-" "Mozilla/5.0 (compatible; MJ12bot/v2.0.1; http://mj12bot.com/)"
195.191.219.150 - - [20/May/2025:10:59:42 +0700] "GET /core/vendor/fideloper/proxy/?C=D;O=A HTTP/1.1" 200 1372 "-" "Mozilla/5.0 (compatible; MJ12bot/v2.0.1; http://mj12bot.com/)"
195.191.219.150 - - [20/May/2025:10:59:43 +0700] "GET /core/vendor/fideloper/proxy/?C=M;O=A HTTP/1.1" 200 1372 "-" "Mozilla/5.0 (compatible; MJ12bot/v2.0.1; http://mj12bot.com/)"
195.191.219.150 - - [20/May/2025:10:59:44 +0700] "GET /core/vendor/fideloper/proxy/?C=N;O=D HTTP/1.1" 200 1372 "-" "Mozilla/5.0 (compatible; MJ12bot/v2.0.1; http://mj12bot.com/)"
195.191.219.150 - - [20/May/2025:10:59:45 +0700] "GET /core/vendor/fideloper/proxy/?C=S;O=A HTTP/1.1" 200 1372 "-" "Mozilla/5.0 (compatible; MJ12bot/v2.0.1; http://mj12bot.com/)"
195.191.219.150 - - [20/May/2025:10:59:46 +0700] "GET /core/vendor/fideloper/proxy/LICENSE.md HTTP/1.1" 200 1036 "-" "Mozilla/5.0 (compatible; MJ12bot/v2.0.1; http://mj12bot.com/)"
195.191.219.150 - - [20/May/2025:10:59:47 +0700] "GET /core/vendor/fideloper/proxy/composer.json HTTP/1.1" 200 1330 "-" "Mozilla/5.0 (compatible; MJ12bot/v2.0.1; http://mj12bot.com/)"
195.191.219.150 - - [20/May/2025:10:59:48 +0700] "GET /core/vendor/filp/?C=D;O=D HTTP/1.1" 200 1554 "-" "Mozilla/5.0 (compatible; MJ12bot/v2.0.1; http://mj12bot.com/)"
195.191.219.150 - - [20/May/2025:10:59:49 +0700] "GET /core/vendor/filp/?C=M;O=D HTTP/1.1" 200 1554 "-" "Mozilla/5.0 (compatible; MJ12bot/v2.0.1; http://mj12bot.com/)"
195.191.219.150 - - [20/May/2025:10:59:50 +0700] "GET /core/vendor/filp/?C=N;O=A HTTP/1.1" 200 1554 "-" "Mozilla/5.0 (compatible; MJ12bot/v2.0.1; http://mj12bot.com/)"
195.191.219.150 - - [20/May/2025:10:59:51 +0700] "GET /core/vendor/filp/?C=S;O=D HTTP/1.1" 200 1554 "-" "Mozilla/5.0 (compatible; MJ12bot/v2.0.1; http://mj12bot.com/)"
195.191.219.150 - - [20/May/2025:10:59:52 +0700] "GET /core/vendor/filp/whoops/?C=D;O=A HTTP/1.1" 200 2324 "-" "Mozilla/5.0 (compatible; MJ12bot/v2.0.1; http://mj12bot.com/)"
195.191.219.150 - - [20/May/2025:10:59:53 +0700] "GET /core/vendor/filp/whoops/?C=M;O=A HTTP/1.1" 200 2324 "-" "Mozilla/5.0 (compatible; MJ12bot/v2.0.1; http://mj12bot.com/)"
195.191.219.150 - - [20/May/2025:10:59:54 +0700] "GET /core/vendor/filp/whoops/?C=N;O=D HTTP/1.1" 200 2324 "-" "Mozilla/5.0 (compatible; MJ12bot/v2.0.1; http://mj12bot.com/)"
195.191.219.150 - - [20/May/2025:10:59:55 +0700] "GET /core/vendor/filp/whoops/?C=S;O=A HTTP/1.1" 200 2324 "-" "Mozilla/5.0 (compatible; MJ12bot/v2.0.1; http://mj12bot.com/)"
195.191.219.150 - - [20/May/2025:10:59:56 +0700] "GET /core/vendor/filp/whoops/CHANGELOG.md HTTP/1.1" 200 836 "-" "Mozilla/5.0 (compatible; MJ12bot/v2.0.1; http://mj12bot.com/)"
195.191.219.150 - - [20/May/2025:10:59:57 +0700] "GET /core/vendor/filp/whoops/ExecuteSolutionController.php HTTP/1.1" 500 - "-" "Mozilla/5.0 (compatible; MJ12bot/v2.0.1; http://mj12bot.com/)"
195.191.219.150 - - [20/May/2025:10:59:58 +0700] "GET /core/vendor/filp/whoops/ExtensionInterface.php HTTP/1.1" 200 - "-" "Mozilla/5.0 (compatible; MJ12bot/v2.0.1; http://mj12bot.com/)"
195.191.219.150 - - [20/May/2025:10:59:59 +0700] "GET /core/vendor/filp/whoops/InvalidSignatureException.php HTTP/1.1" 200 - "-" "Mozilla/5.0 (compatible; MJ12bot/v2.0.1; http://mj12bot.com/)"
195.191.219.150 - - [20/May/2025:11:00:00 +0700] "GET /core/vendor/filp/whoops/LICENSE.md HTTP/1.1" 200 1042 "-" "Mozilla/5.0 (compatible; MJ12bot/v2.0.1; http://mj12bot.com/)"
195.191.219.150 - - [20/May/2025:11:00:01 +0700] "GET /core/vendor/filp/whoops/ReflectionException.php HTTP/1.1" 500 - "-" "Mozilla/5.0 (compatible; MJ12bot/v2.0.1; http://mj12bot.com/)"
195.191.219.150 - - [20/May/2025:11:00:02 +0700] "GET /core/vendor/filp/whoops/SECURITY.md HTTP/1.1" 200 7584 "-" "Mozilla/5.0 (compatible; MJ12bot/v2.0.1; http://mj12bot.com/)"
195.191.219.150 - - [20/May/2025:11:00:03 +0700] "GET /core/vendor/filp/whoops/composer.json HTTP/1.1" 200 1330 "-" "Mozilla/5.0 (compatible; MJ12bot/v2.0.1; http://mj12bot.com/)"
195.191.219.150 - - [20/May/2025:11:00:04 +0700] "GET /core/vendor/fruitcake/?C=D;O=D HTTP/1.1" 200 1202 "-" "Mozilla/5.0 (compatible; MJ12bot/v2.0.1; http://mj12bot.com/)"
195.191.219.150 - - [20/May/2025:11:00:05 +0700] "GET /core/vendor/fruitcake/?C=M;O=D HTTP/1.1" 200 1202 "-" "Mozilla/5.0 (compatible; MJ12bot/v2.0.1; http://mj12bot.com/)"
195.191.219.150 - - [20/May/2025:11:00:06 +0700] "GET /core/vendor/fruitcake/?C=N;O=A HTTP/1.1" 200 1202 "-" "Mozilla/5.0 (compatible; MJ12bot/v2.0.1; http://mj12bot.com/)"
195.191.219.150 - - [20/May/2025:11:00:07 +0700] "GET /core/vendor/fruitcake/?C=S;O=D HTTP/1.1" 200 1202 "-" "Mozilla/5.0 (compatible; MJ12bot/v2.0.1; http://mj12bot.com/)"
195.191.219.150 - - [20/May/2025:11:00:08 +0700] "GET /core/vendor/fruitcake/laravel-cors/?C=D;O=A HTTP/1.1" 200 1740 "-" "Mozilla/5.0 (compatible; MJ12bot/v2.0.1; http://mj12bot.com/)"
195.191.219.150 - - [20/May/2025:11:00:09 +0700] "GET /core/vendor/fruitcake/laravel-cors/?C=M;O=A HTTP/1.1" 200 1740 "-" "Mozilla/5.0 (compatible; MJ12bot/v2.0.1; http://mj12bot.com/)"
195.191.219.150 - - [20/May/2025:11:00:10 +0700] "GET /core/vendor/fruitcake/laravel-cors/?C=N;O=D HTTP/1.1" 200 1740 "-" "Mozilla/5.0 (compatible; MJ12bot/v2.0.1; http://mj12bot.com/)"
195.191.219.150 - - [20/May/2025:11:00:11 +0700] "GET /core/vendor/fruitcake/laravel-cors/?C=S;O=A HTTP/1.1" 200 1740 "-" "Mozilla/5.0 (compatible; MJ12bot/v2.0.1; http://mj12bot.com/)"
195.191.219.150 - - [20/May/2025:11:00:12 +0700] "GET /core/vendor/fruitcake/laravel-cors/LICENSE HTTP/1.1" 200 - "-" "Mozilla/5.0 (compatible; MJ12bot/v2.0.1; http://mj12bot.com/)"
195.191.219.150 - - [20/May/2025:11:00:13 +0700] "GET /core/vendor/fruitcake/laravel-cors/changelog.md HTTP/1.1" 200 2111 "-" "Mozilla/5.0 (compatible; MJ12bot/v2.0.1; http://mj12bot.com/)"
195.191.219.150 - - [20/May/2025:11:00:14 +0700] "GET /core/vendor/fruitcake/laravel-cors/composer.json HTTP/1.1" 200 1330 "-" "Mozilla/5.0 (compatible; MJ12bot/v2.0.1; http://mj12bot.com/)"
195.191.219.150 - - [20/May/2025:11:00:15 +0700] "GET /core/vendor/fruitcake/laravel-cors/readme.md HTTP/1.1" 200 8422 "-" "Mozilla/5.0 (compatible; MJ12bot/v2.0.1; http://mj12bot.com/)"
195.191.219.150 - - [20/May/2025:11:00:16 +0700] "GET /core/vendor/graham-campbell/?C=D;O=D HTTP/1.1" 200 1396 "-" "Mozilla/5.0 (compatible; MJ12bot/v2.0.1; http://mj12bot.com/)"
195.191.219.150 - - [20/May/2025:11:00:17 +0700] "GET /core/vendor/graham-campbell/?C=M;O=D HTTP/1.1" 200 1396 "-" "Mozilla/5.0 (compatible; MJ12bot/v2.0.1; http://mj12bot.com/)"
195.191.219.150 - - [20/May/2025:11:00:18 +0700] "GET /core/vendor/graham-campbell/?C=N;O=A HTTP/1.1" 200 1396 "-" "Mozilla/5.0 (compatible; MJ12bot/v2.0.1; http://mj12bot.com/)"
195.191.219.150 - - [20/May/2025:11:00:19 +0700] "GET /core/vendor/graham-campbell/?C=S;O=D HTTP/1.1" 200 1396 "-" "Mozilla/5.0 (compatible; MJ12bot/v2.0.1; http://mj12bot.com/)"
195.191.219.150 - - [20/May/2025:11:00:20 +0700] "GET /core/vendor/graham-campbell/result-type/?C=D;O=A HTTP/1.1" 200 1224 "-" "Mozilla/5.0 (compatible; MJ12bot/v2.0.1; http://mj12bot.com/)"
195.191.219.150 - - [20/May/2025:11:00:21 +0700] "GET /core/vendor/graham-campbell/result-type/?C=M;O=A HTTP/1.1" 200 1224 "-" "Mozilla/5.0 (compatible; MJ12bot/v2.0.1; http://mj12bot.com/)"
195.191.219.150 - - [20/May/2025:11:00:22 +0700] "GET /core/vendor/graham-campbell/result-type/?C=N;O=D HTTP/1.1" 200 1224 "-" "Mozilla/5.0 (compatible; MJ12bot/v2.0.1; http://mj12bot.com/)"
195.191.219.150 - - [20/May/2025:11:00:23 +0700] "GET /core/vendor/graham-campbell/result-type/?C=S;O=A HTTP/1.1" 200 1224 "-" "Mozilla/5.0 (compatible; MJ12bot/v2.0.1; http://mj12bot.com/)"
195.191.219.150 - - [20/May/2025:11:00:24 +0700] "GET /core/vendor/graham-campbell/result-type/LICENSE HTTP/1.1" 200 1112 "-" "Mozilla/5.0 (compatible; MJ12bot/v2.0.1; http://mj12bot.com/)"
195.191.219.150 - - [20/May/2025:11:00:25 +0700] "GET /core/vendor/graham-campbell/result-type/composer.json HTTP/1.1" 200 909 "-" "Mozilla/5.0 (compatible; MJ12bot/v2.0.1; http://mj12bot.com/)"
