95.91.104.62 - - [20/May/2025:10:12:08 +0700] "GET /core/vendor/spatie/temporary-directory/?C=S;O=A HTTP/1.1" 200 1777 "-" "Mozilla/5.0 (compatible; MJ12bot/v1.4.8; http://mj12bot.com/)"
147.135.128.94 - - [20/May/2025:10:12:08 +0700] "GET /core/vendor/sebastian/cli-parser/?C=M;O=A HTTP/1.1" 200 1566 "-" "Mozilla/5.0 (compatible; MJ12bot/v1.4.8; http://mj12bot.com/)"
95.91.104.62 - - [20/May/2025:10:12:12 +0700] "GET /core/vendor/spatie/temporary-directory/CHANGELOG.md HTTP/1.1" 200 836 "-" "Mozilla/5.0 (compatible; MJ12bot/v1.4.8; http://mj12bot.com/)"
95.91.104.62 - - [20/May/2025:10:12:15 +0700] "GET /core/vendor/spatie/temporary-directory/ExtensionInterface.php HTTP/1.1" 200 - "-" "Mozilla/5.0 (compatible; MJ12bot/v1.4.8; http://mj12bot.com/)"
65.108.128.54 - - [20/May/2025:10:12:16 +0700] "GET /core/vendor/doctrine/inflector/LICENSE HTTP/1.1" 200 - "-" "Mozilla/5.0 (compatible; MJ12bot/v1.4.8; http://mj12bot.com/)"
147.135.128.94 - - [20/May/2025:10:12:16 +0700] "GET /core/vendor/sebastian/cli-parser/?C=N;O=D HTTP/1.1" 200 1566 "-" "Mozilla/5.0 (compatible; MJ12bot/v1.4.8; http://mj12bot.com/)"
95.91.104.62 - - [20/May/2025:10:12:19 +0700] "GET /core/vendor/spatie/temporary-directory/LICENSE.md HTTP/1.1" 200 1090 "-" "Mozilla/5.0 (compatible; MJ12bot/v1.4.8; http://mj12bot.com/)"
95.91.104.62 - - [20/May/2025:10:12:22 +0700] "GET /core/vendor/spatie/temporary-directory/ReflectionException.php HTTP/1.1" 500 - "-" "Mozilla/5.0 (compatible; MJ12bot/v1.4.8; http://mj12bot.com/)"
65.108.128.54 - - [20/May/2025:10:12:24 +0700] "GET /core/vendor/doctrine/inflector/NoTraitException.php HTTP/1.1" 500 - "-" "Mozilla/5.0 (compatible; MJ12bot/v1.4.8; http://mj12bot.com/)"
95.91.104.62 - - [20/May/2025:10:12:26 +0700] "GET /core/vendor/spatie/temporary-directory/composer.json HTTP/1.1" 200 1330 "-" "Mozilla/5.0 (compatible; MJ12bot/v1.4.8; http://mj12bot.com/)"
147.135.128.94 - - [20/May/2025:10:12:26 +0700] "GET /core/vendor/sebastian/cli-parser/?C=S;O=A HTTP/1.1" 200 1566 "-" "Mozilla/5.0 (compatible; MJ12bot/v1.4.8; http://mj12bot.com/)"
95.91.104.62 - - [20/May/2025:10:12:30 +0700] "GET /core/vendor/swiftmailer/?C=D;O=D HTTP/1.1" 200 828 "-" "Mozilla/5.0 (compatible; MJ12bot/v1.4.8; http://mj12bot.com/)"
65.108.128.54 - - [20/May/2025:10:12:32 +0700] "GET /core/vendor/doctrine/inflector/NodeExtension.php HTTP/1.1" 500 - "-" "Mozilla/5.0 (compatible; MJ12bot/v1.4.8; http://mj12bot.com/)"
95.91.104.62 - - [20/May/2025:10:12:33 +0700] "GET /core/vendor/swiftmailer/?C=M;O=D HTTP/1.1" 200 828 "-" "Mozilla/5.0 (compatible; MJ12bot/v1.4.8; http://mj12bot.com/)"
95.91.104.62 - - [20/May/2025:10:12:36 +0700] "GET /core/vendor/swiftmailer/?C=N;O=A HTTP/1.1" 200 828 "-" "Mozilla/5.0 (compatible; MJ12bot/v1.4.8; http://mj12bot.com/)"
147.135.128.94 - - [20/May/2025:10:12:36 +0700] "GET /core/vendor/sebastian/cli-parser/ChangeLog.md HTTP/1.1" 200 412 "-" "Mozilla/5.0 (compatible; MJ12bot/v1.4.8; http://mj12bot.com/)"
95.91.104.62 - - [20/May/2025:10:12:40 +0700] "GET /core/vendor/swiftmailer/?C=S;O=D HTTP/1.1" 200 828 "-" "Mozilla/5.0 (compatible; MJ12bot/v1.4.8; http://mj12bot.com/)"
65.108.128.54 - - [20/May/2025:10:12:42 +0700] "GET /core/vendor/doctrine/inflector/RequiredOptionArgumentMissingException.php HTTP/1.1" 500 - "-" "Mozilla/5.0 (compatible; MJ12bot/v1.4.8; http://mj12bot.com/)"
95.91.104.62 - - [20/May/2025:10:12:43 +0700] "GET /core/vendor/swiftmailer/swiftmailer/?C=D;O=A HTTP/1.1" 200 1559 "-" "Mozilla/5.0 (compatible; MJ12bot/v1.4.8; http://mj12bot.com/)"
147.135.128.94 - - [20/May/2025:10:12:47 +0700] "GET /core/vendor/sebastian/cli-parser/LICENSE HTTP/1.1" 200 - "-" "Mozilla/5.0 (compatible; MJ12bot/v1.4.8; http://mj12bot.com/)"
95.91.104.62 - - [20/May/2025:10:12:47 +0700] "GET /core/vendor/swiftmailer/swiftmailer/?C=M;O=A HTTP/1.1" 200 1559 "-" "Mozilla/5.0 (compatible; MJ12bot/v1.4.8; http://mj12bot.com/)"
65.108.128.54 - - [20/May/2025:10:12:49 +0700] "GET /core/vendor/doctrine/inflector/TableDirectoryEntry.php HTTP/1.1" 500 - "-" "Mozilla/5.0 (compatible; MJ12bot/v1.4.8; http://mj12bot.com/)"
95.91.104.62 - - [20/May/2025:10:12:51 +0700] "GET /core/vendor/swiftmailer/swiftmailer/?C=N;O=D HTTP/1.1" 200 1559 "-" "Mozilla/5.0 (compatible; MJ12bot/v1.4.8; http://mj12bot.com/)"
95.91.104.62 - - [20/May/2025:10:12:54 +0700] "GET /core/vendor/swiftmailer/swiftmailer/?C=S;O=A HTTP/1.1" 200 1559 "-" "Mozilla/5.0 (compatible; MJ12bot/v1.4.8; http://mj12bot.com/)"
147.135.128.94 - - [20/May/2025:10:12:57 +0700] "GET /core/vendor/sebastian/cli-parser/composer.json HTTP/1.1" 200 1330 "-" "Mozilla/5.0 (compatible; MJ12bot/v1.4.8; http://mj12bot.com/)"
95.91.104.62 - - [20/May/2025:10:12:57 +0700] "GET /core/vendor/swiftmailer/swiftmailer/CHANGES HTTP/1.1" 200 12269 "-" "Mozilla/5.0 (compatible; MJ12bot/v1.4.8; http://mj12bot.com/)"
65.108.128.54 - - [20/May/2025:10:12:58 +0700] "GET /core/vendor/doctrine/inflector/composer.json HTTP/1.1" 200 1330 "-" "Mozilla/5.0 (compatible; MJ12bot/v1.4.8; http://mj12bot.com/)"
95.91.104.62 - - [20/May/2025:10:13:01 +0700] "GET /core/vendor/swiftmailer/swiftmailer/LICENSE HTTP/1.1" 200 - "-" "Mozilla/5.0 (compatible; MJ12bot/v1.4.8; http://mj12bot.com/)"
95.91.104.62 - - [20/May/2025:10:13:05 +0700] "GET /core/vendor/swiftmailer/swiftmailer/composer.json HTTP/1.1" 200 1330 "-" "Mozilla/5.0 (compatible; MJ12bot/v1.4.8; http://mj12bot.com/)"
65.108.128.54 - - [20/May/2025:10:13:06 +0700] "GET /core/vendor/doctrine/inflector/phpstan.neon.dist HTTP/1.1" 200 308 "-" "Mozilla/5.0 (compatible; MJ12bot/v1.4.8; http://mj12bot.com/)"
147.135.128.94 - - [20/May/2025:10:13:08 +0700] "GET /core/vendor/sebastian/cli-parser/infection.json HTTP/1.1" 200 174 "-" "Mozilla/5.0 (compatible; MJ12bot/v1.4.8; http://mj12bot.com/)"
95.91.104.62 - - [20/May/2025:10:13:08 +0700] "GET /core/vendor/symfony/?C=D;O=D HTTP/1.1" 200 5763 "-" "Mozilla/5.0 (compatible; MJ12bot/v1.4.8; http://mj12bot.com/)"
95.91.104.62 - - [20/May/2025:10:13:12 +0700] "GET /core/vendor/symfony/?C=M;O=D HTTP/1.1" 200 5763 "-" "Mozilla/5.0 (compatible; MJ12bot/v1.4.8; http://mj12bot.com/)"
65.108.128.54 - - [20/May/2025:10:13:15 +0700] "GET /core/vendor/doctrine/inflector/psalm.xml HTTP/1.1" 200 463 "-" "Mozilla/5.0 (compatible; MJ12bot/v1.4.8; http://mj12bot.com/)"
95.91.104.62 - - [20/May/2025:10:13:15 +0700] "GET /core/vendor/symfony/?C=N;O=A HTTP/1.1" 200 5763 "-" "Mozilla/5.0 (compatible; MJ12bot/v1.4.8; http://mj12bot.com/)"
147.135.128.94 - - [20/May/2025:10:13:17 +0700] "GET /core/vendor/sebastian/code-unit-reverse-lookup/?C=D;O=A HTTP/1.1" 200 1412 "-" "Mozilla/5.0 (compatible; MJ12bot/v1.4.8; http://mj12bot.com/)"
95.91.104.62 - - [20/May/2025:10:13:18 +0700] "GET /core/vendor/symfony/?C=S;O=D HTTP/1.1" 200 5763 "-" "Mozilla/5.0 (compatible; MJ12bot/v1.4.8; http://mj12bot.com/)"
95.91.104.62 - - [20/May/2025:10:13:22 +0700] "GET /core/vendor/symfony/console/?C=D;O=A HTTP/1.1" 200 5853 "-" "Mozilla/5.0 (compatible; MJ12bot/v1.4.8; http://mj12bot.com/)"
65.108.128.54 - - [20/May/2025:10:13:23 +0700] "GET /core/vendor/doctrine/instantiator/?C=D;O=A HTTP/1.1" 200 2513 "-" "Mozilla/5.0 (compatible; MJ12bot/v1.4.8; http://mj12bot.com/)"
147.135.128.94 - - [20/May/2025:10:13:25 +0700] "GET /core/vendor/sebastian/code-unit-reverse-lookup/?C=M;O=A HTTP/1.1" 200 1412 "-" "Mozilla/5.0 (compatible; MJ12bot/v1.4.8; http://mj12bot.com/)"
95.91.104.62 - - [20/May/2025:10:13:25 +0700] "GET /core/vendor/symfony/console/?C=M;O=A HTTP/1.1" 200 5853 "-" "Mozilla/5.0 (compatible; MJ12bot/v1.4.8; http://mj12bot.com/)"
95.91.104.62 - - [20/May/2025:10:13:29 +0700] "GET /core/vendor/symfony/console/?C=N;O=D HTTP/1.1" 200 5853 "-" "Mozilla/5.0 (compatible; MJ12bot/v1.4.8; http://mj12bot.com/)"
95.91.104.62 - - [20/May/2025:10:13:32 +0700] "GET /core/vendor/symfony/console/?C=S;O=A HTTP/1.1" 200 5853 "-" "Mozilla/5.0 (compatible; MJ12bot/v1.4.8; http://mj12bot.com/)"
65.108.128.54 - - [20/May/2025:10:13:32 +0700] "GET /core/vendor/doctrine/instantiator/?C=M;O=A HTTP/1.1" 200 2513 "-" "Mozilla/5.0 (compatible; MJ12bot/v1.4.8; http://mj12bot.com/)"
95.91.104.62 - - [20/May/2025:10:13:36 +0700] "GET /core/vendor/symfony/console/Application.php HTTP/1.1" 500 - "-" "Mozilla/5.0 (compatible; MJ12bot/v1.4.8; http://mj12bot.com/)"
147.135.128.94 - - [20/May/2025:10:13:38 +0700] "GET /core/vendor/sebastian/code-unit-reverse-lookup/?C=N;O=D HTTP/1.1" 200 1412 "-" "Mozilla/5.0 (compatible; MJ12bot/v1.4.8; http://mj12bot.com/)"
95.91.104.62 - - [20/May/2025:10:13:39 +0700] "GET /core/vendor/symfony/console/CHANGELOG.md HTTP/1.1" 200 8443 "-" "Mozilla/5.0 (compatible; MJ12bot/v1.4.8; http://mj12bot.com/)"
65.108.128.54 - - [20/May/2025:10:13:41 +0700] "GET /core/vendor/doctrine/instantiator/?C=N;O=D HTTP/1.1" 200 2513 "-" "Mozilla/5.0 (compatible; MJ12bot/v1.4.8; http://mj12bot.com/)"
95.91.104.62 - - [20/May/2025:10:13:43 +0700] "GET /core/vendor/symfony/console/Color.php HTTP/1.1" 200 - "-" "Mozilla/5.0 (compatible; MJ12bot/v1.4.8; http://mj12bot.com/)"
147.135.128.94 - - [20/May/2025:10:13:44 +0700] "GET /core/vendor/sebastian/code-unit-reverse-lookup/?C=S;O=A HTTP/1.1" 200 1412 "-" "Mozilla/5.0 (compatible; MJ12bot/v1.4.8; http://mj12bot.com/)"
95.91.104.62 - - [20/May/2025:10:13:47 +0700] "GET /core/vendor/symfony/console/ConsoleEvents.php HTTP/1.1" 200 - "-" "Mozilla/5.0 (compatible; MJ12bot/v1.4.8; http://mj12bot.com/)"
65.108.128.54 - - [20/May/2025:10:13:50 +0700] "GET /core/vendor/doctrine/instantiator/?C=S;O=A HTTP/1.1" 200 2513 "-" "Mozilla/5.0 (compatible; MJ12bot/v1.4.8; http://mj12bot.com/)"
147.135.128.94 - - [20/May/2025:10:13:53 +0700] "GET /core/vendor/sebastian/code-unit-reverse-lookup/ChangeLog.md HTTP/1.1" 200 1014 "-" "Mozilla/5.0 (compatible; MJ12bot/v1.4.8; http://mj12bot.com/)"
95.91.104.62 - - [20/May/2025:10:13:55 +0700] "GET /core/vendor/symfony/console/Cursor.php HTTP/1.1" 200 - "-" "Mozilla/5.0 (compatible; MJ12bot/v1.4.8; http://mj12bot.com/)"
65.108.128.54 - - [20/May/2025:10:13:59 +0700] "GET /core/vendor/doctrine/instantiator/CONTRIBUTING.md HTTP/1.1" 200 2969 "-" "Mozilla/5.0 (compatible; MJ12bot/v1.4.8; http://mj12bot.com/)"
147.135.128.94 - - [20/May/2025:10:14:01 +0700] "GET /core/vendor/sebastian/code-unit-reverse-lookup/LICENSE HTTP/1.1" 200 - "-" "Mozilla/5.0 (compatible; MJ12bot/v1.4.8; http://mj12bot.com/)"
95.91.104.62 - - [20/May/2025:10:14:01 +0700] "GET /core/vendor/symfony/console/LICENSE HTTP/1.1" 200 - "-" "Mozilla/5.0 (compatible; MJ12bot/v1.4.8; http://mj12bot.com/)"
95.91.104.62 - - [20/May/2025:10:14:05 +0700] "GET /core/vendor/symfony/console/SingleCommandApplication.php HTTP/1.1" 500 - "-" "Mozilla/5.0 (compatible; MJ12bot/v1.4.8; http://mj12bot.com/)"
65.108.128.54 - - [20/May/2025:10:14:08 +0700] "GET /core/vendor/doctrine/instantiator/LICENSE HTTP/1.1" 200 - "-" "Mozilla/5.0 (compatible; MJ12bot/v1.4.8; http://mj12bot.com/)"
95.91.104.62 - - [20/May/2025:10:14:09 +0700] "GET /core/vendor/symfony/console/Terminal.php HTTP/1.1" 200 - "-" "Mozilla/5.0 (compatible; MJ12bot/v1.4.8; http://mj12bot.com/)"
147.135.128.94 - - [20/May/2025:10:14:10 +0700] "GET /core/vendor/sebastian/code-unit-reverse-lookup/composer.json HTTP/1.1" 200 1330 "-" "Mozilla/5.0 (compatible; MJ12bot/v1.4.8; http://mj12bot.com/)"
95.91.104.62 - - [20/May/2025:10:14:12 +0700] "GET /core/vendor/symfony/console/composer.json HTTP/1.1" 200 1330 "-" "Mozilla/5.0 (compatible; MJ12bot/v1.4.8; http://mj12bot.com/)"
95.91.104.62 - - [20/May/2025:10:14:15 +0700] "GET /core/vendor/symfony/css-selector/?C=D;O=A HTTP/1.1" 200 2105 "-" "Mozilla/5.0 (compatible; MJ12bot/v1.4.8; http://mj12bot.com/)"
65.108.128.54 - - [20/May/2025:10:14:17 +0700] "GET /core/vendor/doctrine/instantiator/RequiredOptionArgumentMissingException.php HTTP/1.1" 500 - "-" "Mozilla/5.0 (compatible; MJ12bot/v1.4.8; http://mj12bot.com/)"
147.135.128.94 - - [20/May/2025:10:14:18 +0700] "GET /core/vendor/sebastian/code-unit/?C=D;O=A HTTP/1.1" 200 1382 "-" "Mozilla/5.0 (compatible; MJ12bot/v1.4.8; http://mj12bot.com/)"
95.91.104.62 - - [20/May/2025:10:14:19 +0700] "GET /core/vendor/symfony/css-selector/?C=M;O=A HTTP/1.1" 200 2105 "-" "Mozilla/5.0 (compatible; MJ12bot/v1.4.8; http://mj12bot.com/)"
95.91.104.62 - - [20/May/2025:10:14:22 +0700] "GET /core/vendor/symfony/css-selector/?C=N;O=D HTTP/1.1" 200 2105 "-" "Mozilla/5.0 (compatible; MJ12bot/v1.4.8; http://mj12bot.com/)"
65.108.128.54 - - [20/May/2025:10:14:25 +0700] "GET /core/vendor/doctrine/instantiator/TableDirectoryEntry.php HTTP/1.1" 500 - "-" "Mozilla/5.0 (compatible; MJ12bot/v1.4.8; http://mj12bot.com/)"
95.91.104.62 - - [20/May/2025:10:14:26 +0700] "GET /core/vendor/symfony/css-selector/?C=S;O=A HTTP/1.1" 200 2105 "-" "Mozilla/5.0 (compatible; MJ12bot/v1.4.8; http://mj12bot.com/)"
95.91.104.62 - - [20/May/2025:10:14:29 +0700] "GET /core/vendor/symfony/css-selector/CHANGELOG.md HTTP/1.1" 200 250 "-" "Mozilla/5.0 (compatible; MJ12bot/v1.4.8; http://mj12bot.com/)"
147.135.128.94 - - [20/May/2025:10:14:31 +0700] "GET /core/vendor/sebastian/code-unit/?C=M;O=A HTTP/1.1" 200 1382 "-" "Mozilla/5.0 (compatible; MJ12bot/v1.4.8; http://mj12bot.com/)"
95.91.104.62 - - [20/May/2025:10:14:33 +0700] "GET /core/vendor/symfony/css-selector/CssSelectorConverter.php HTTP/1.1" 200 - "-" "Mozilla/5.0 (compatible; MJ12bot/v1.4.8; http://mj12bot.com/)"
65.108.128.54 - - [20/May/2025:10:14:36 +0700] "GET /core/vendor/doctrine/instantiator/composer.json HTTP/1.1" 200 1330 "-" "Mozilla/5.0 (compatible; MJ12bot/v1.4.8; http://mj12bot.com/)"
95.91.104.62 - - [20/May/2025:10:14:36 +0700] "GET /core/vendor/symfony/css-selector/LICENSE HTTP/1.1" 200 1065 "-" "Mozilla/5.0 (compatible; MJ12bot/v1.4.8; http://mj12bot.com/)"
147.135.128.94 - - [20/May/2025:10:14:38 +0700] "GET /core/vendor/sebastian/code-unit/?C=N;O=D HTTP/1.1" 200 1382 "-" "Mozilla/5.0 (compatible; MJ12bot/v1.4.8; http://mj12bot.com/)"
95.91.104.62 - - [20/May/2025:10:14:39 +0700] "GET /core/vendor/symfony/css-selector/composer.json HTTP/1.1" 200 856 "-" "Mozilla/5.0 (compatible; MJ12bot/v1.4.8; http://mj12bot.com/)"
95.91.104.62 - - [20/May/2025:10:14:43 +0700] "GET /core/vendor/symfony/dom-crawler/?C=D;O=A HTTP/1.1" 200 3015 "-" "Mozilla/5.0 (compatible; MJ12bot/v1.4.8; http://mj12bot.com/)"
65.108.128.54 - - [20/May/2025:10:14:44 +0700] "GET /core/vendor/doctrine/instantiator/phpbench.json HTTP/1.1" 200 101 "-" "Mozilla/5.0 (compatible; MJ12bot/v1.4.8; http://mj12bot.com/)"
95.91.104.62 - - [20/May/2025:10:14:46 +0700] "GET /core/vendor/symfony/dom-crawler/?C=M;O=A HTTP/1.1" 200 3015 "-" "Mozilla/5.0 (compatible; MJ12bot/v1.4.8; http://mj12bot.com/)"
147.135.128.94 - - [20/May/2025:10:14:48 +0700] "GET /core/vendor/sebastian/code-unit/?C=S;O=A HTTP/1.1" 200 1382 "-" "Mozilla/5.0 (compatible; MJ12bot/v1.4.8; http://mj12bot.com/)"
95.91.104.62 - - [20/May/2025:10:14:49 +0700] "GET /core/vendor/symfony/dom-crawler/?C=N;O=D HTTP/1.1" 200 3015 "-" "Mozilla/5.0 (compatible; MJ12bot/v1.4.8; http://mj12bot.com/)"
65.108.128.54 - - [20/May/2025:10:14:52 +0700] "GET /core/vendor/doctrine/instantiator/phpcs.xml.dist HTTP/1.1" 200 2145 "-" "Mozilla/5.0 (compatible; MJ12bot/v1.4.8; http://mj12bot.com/)"
95.91.104.62 - - [20/May/2025:10:14:53 +0700] "GET /core/vendor/symfony/dom-crawler/?C=S;O=A HTTP/1.1" 200 3015 "-" "Mozilla/5.0 (compatible; MJ12bot/v1.4.8; http://mj12bot.com/)"
147.135.128.94 - - [20/May/2025:10:14:56 +0700] "GET /core/vendor/sebastian/code-unit/ChangeLog.md HTTP/1.1" 200 1001 "-" "Mozilla/5.0 (compatible; MJ12bot/v1.4.8; http://mj12bot.com/)"
95.91.104.62 - - [20/May/2025:10:14:56 +0700] "GET /core/vendor/symfony/dom-crawler/AbstractUriElement.php HTTP/1.1" 200 - "-" "Mozilla/5.0 (compatible; MJ12bot/v1.4.8; http://mj12bot.com/)"
65.108.128.54 - - [20/May/2025:10:15:00 +0700] "GET /core/vendor/doctrine/instantiator/phpstan.neon.dist HTTP/1.1" 200 413 "-" "Mozilla/5.0 (compatible; MJ12bot/v1.4.8; http://mj12bot.com/)"
95.91.104.62 - - [20/May/2025:10:15:03 +0700] "GET /core/vendor/symfony/dom-crawler/CHANGELOG.md HTTP/1.1" 200 3555 "-" "Mozilla/5.0 (compatible; MJ12bot/v1.4.8; http://mj12bot.com/)"
147.135.128.94 - - [20/May/2025:10:15:03 +0700] "GET /core/vendor/sebastian/code-unit/LICENSE HTTP/1.1" 200 - "-" "Mozilla/5.0 (compatible; MJ12bot/v1.4.8; http://mj12bot.com/)"
95.91.104.62 - - [20/May/2025:10:15:06 +0700] "GET /core/vendor/symfony/dom-crawler/Crawler.php HTTP/1.1" 200 - "-" "Mozilla/5.0 (compatible; MJ12bot/v1.4.8; http://mj12bot.com/)"
95.91.104.62 - - [20/May/2025:10:15:09 +0700] "GET /core/vendor/symfony/dom-crawler/Form.php HTTP/1.1" 500 - "-" "Mozilla/5.0 (compatible; MJ12bot/v1.4.8; http://mj12bot.com/)"
65.108.128.54 - - [20/May/2025:10:15:09 +0700] "GET /core/vendor/doctrine/lexer/?C=D;O=A HTTP/1.1" 200 1783 "-" "Mozilla/5.0 (compatible; MJ12bot/v1.4.8; http://mj12bot.com/)"
147.135.128.94 - - [20/May/2025:10:15:13 +0700] "GET /core/vendor/sebastian/code-unit/composer.json HTTP/1.1" 200 1330 "-" "Mozilla/5.0 (compatible; MJ12bot/v1.4.8; http://mj12bot.com/)"
95.91.104.62 - - [20/May/2025:10:15:13 +0700] "GET /core/vendor/symfony/dom-crawler/FormFieldRegistry.php HTTP/1.1" 200 - "-" "Mozilla/5.0 (compatible; MJ12bot/v1.4.8; http://mj12bot.com/)"
95.91.104.62 - - [20/May/2025:10:15:17 +0700] "GET /core/vendor/symfony/dom-crawler/Image.php HTTP/1.1" 500 - "-" "Mozilla/5.0 (compatible; MJ12bot/v1.4.8; http://mj12bot.com/)"
65.108.128.54 - - [20/May/2025:10:15:18 +0700] "GET /core/vendor/doctrine/lexer/?C=M;O=A HTTP/1.1" 200 1783 "-" "Mozilla/5.0 (compatible; MJ12bot/v1.4.8; http://mj12bot.com/)"
147.135.128.94 - - [20/May/2025:10:15:21 +0700] "GET /core/vendor/sebastian/comparator/?C=D;O=A HTTP/1.1" 200 1597 "-" "Mozilla/5.0 (compatible; MJ12bot/v1.4.8; http://mj12bot.com/)"
65.108.128.54 - - [20/May/2025:10:15:26 +0700] "GET /core/vendor/doctrine/lexer/?C=N;O=D HTTP/1.1" 200 1783 "-" "Mozilla/5.0 (compatible; MJ12bot/v1.4.8; http://mj12bot.com/)"
147.135.128.94 - - [20/May/2025:10:15:30 +0700] "GET /core/vendor/sebastian/comparator/?C=M;O=A HTTP/1.1" 200 1597 "-" "Mozilla/5.0 (compatible; MJ12bot/v1.4.8; http://mj12bot.com/)"
65.108.128.54 - - [20/May/2025:10:15:35 +0700] "GET /core/vendor/doctrine/lexer/?C=S;O=A HTTP/1.1" 200 1783 "-" "Mozilla/5.0 (compatible; MJ12bot/v1.4.8; http://mj12bot.com/)"
147.135.128.94 - - [20/May/2025:10:15:39 +0700] "GET /core/vendor/sebastian/comparator/?C=N;O=D HTTP/1.1" 200 1597 "-" "Mozilla/5.0 (compatible; MJ12bot/v1.4.8; http://mj12bot.com/)"
65.108.128.54 - - [20/May/2025:10:15:46 +0700] "GET /core/vendor/doctrine/lexer/LICENSE HTTP/1.1" 200 - "-" "Mozilla/5.0 (compatible; MJ12bot/v1.4.8; http://mj12bot.com/)"
147.135.128.94 - - [20/May/2025:10:15:50 +0700] "GET /core/vendor/sebastian/comparator/?C=S;O=A HTTP/1.1" 200 1597 "-" "Mozilla/5.0 (compatible; MJ12bot/v1.4.8; http://mj12bot.com/)"
65.108.128.54 - - [20/May/2025:10:15:53 +0700] "GET /core/vendor/doctrine/lexer/NoTraitException.php HTTP/1.1" 500 - "-" "Mozilla/5.0 (compatible; MJ12bot/v1.4.8; http://mj12bot.com/)"
65.108.128.54 - - [20/May/2025:10:16:02 +0700] "GET /core/vendor/doctrine/lexer/RequiredOptionArgumentMissingException.php HTTP/1.1" 500 - "-" "Mozilla/5.0 (compatible; MJ12bot/v1.4.8; http://mj12bot.com/)"
147.135.128.94 - - [20/May/2025:10:16:02 +0700] "GET /core/vendor/sebastian/comparator/ChangeLog.md HTTP/1.1" 200 1014 "-" "Mozilla/5.0 (compatible; MJ12bot/v1.4.8; http://mj12bot.com/)"
65.108.128.54 - - [20/May/2025:10:16:09 +0700] "GET /core/vendor/doctrine/lexer/TableDirectoryEntry.php HTTP/1.1" 500 - "-" "Mozilla/5.0 (compatible; MJ12bot/v1.4.8; http://mj12bot.com/)"
147.135.128.94 - - [20/May/2025:10:16:09 +0700] "GET /core/vendor/sebastian/comparator/LICENSE HTTP/1.1" 200 - "-" "Mozilla/5.0 (compatible; MJ12bot/v1.4.8; http://mj12bot.com/)"
65.108.128.54 - - [20/May/2025:10:16:16 +0700] "GET /core/vendor/doctrine/lexer/composer.json HTTP/1.1" 200 1330 "-" "Mozilla/5.0 (compatible; MJ12bot/v1.4.8; http://mj12bot.com/)"
147.135.128.94 - - [20/May/2025:10:16:17 +0700] "GET /core/vendor/sebastian/comparator/RequiredOptionArgumentMissingException.php HTTP/1.1" 500 - "-" "Mozilla/5.0 (compatible; MJ12bot/v1.4.8; http://mj12bot.com/)"
147.135.128.94 - - [20/May/2025:10:16:23 +0700] "GET /core/vendor/sebastian/comparator/composer.json HTTP/1.1" 200 1330 "-" "Mozilla/5.0 (compatible; MJ12bot/v1.4.8; http://mj12bot.com/)"
65.108.128.54 - - [20/May/2025:10:16:24 +0700] "GET /core/vendor/dompdf/?C=D;O=D HTTP/1.1" 200 813 "-" "Mozilla/5.0 (compatible; MJ12bot/v1.4.8; http://mj12bot.com/)"
65.108.128.54 - - [20/May/2025:10:16:30 +0700] "GET /core/vendor/dompdf/?C=M;O=D HTTP/1.1" 200 813 "-" "Mozilla/5.0 (compatible; MJ12bot/v1.4.8; http://mj12bot.com/)"
147.135.128.94 - - [20/May/2025:10:16:31 +0700] "GET /core/vendor/sebastian/complexity/?C=D;O=A HTTP/1.1" 200 1384 "-" "Mozilla/5.0 (compatible; MJ12bot/v1.4.8; http://mj12bot.com/)"
147.135.128.94 - - [20/May/2025:10:16:37 +0700] "GET /core/vendor/sebastian/complexity/?C=M;O=A HTTP/1.1" 200 1384 "-" "Mozilla/5.0 (compatible; MJ12bot/v1.4.8; http://mj12bot.com/)"
65.108.128.54 - - [20/May/2025:10:16:41 +0700] "GET /core/vendor/dompdf/?C=N;O=A HTTP/1.1" 200 813 "-" "Mozilla/5.0 (compatible; MJ12bot/v1.4.8; http://mj12bot.com/)"
147.135.128.94 - - [20/May/2025:10:16:44 +0700] "GET /core/vendor/sebastian/complexity/?C=N;O=D HTTP/1.1" 200 1384 "-" "Mozilla/5.0 (compatible; MJ12bot/v1.4.8; http://mj12bot.com/)"
65.108.128.54 - - [20/May/2025:10:16:50 +0700] "GET /core/vendor/dompdf/?C=S;O=D HTTP/1.1" 200 813 "-" "Mozilla/5.0 (compatible; MJ12bot/v1.4.8; http://mj12bot.com/)"
147.135.128.94 - - [20/May/2025:10:16:50 +0700] "GET /core/vendor/sebastian/complexity/?C=S;O=A HTTP/1.1" 200 1384 "-" "Mozilla/5.0 (compatible; MJ12bot/v1.4.8; http://mj12bot.com/)"
147.135.128.94 - - [20/May/2025:10:16:56 +0700] "GET /core/vendor/sebastian/complexity/ChangeLog.md HTTP/1.1" 200 896 "-" "Mozilla/5.0 (compatible; MJ12bot/v1.4.8; http://mj12bot.com/)"
65.108.128.54 - - [20/May/2025:10:16:57 +0700] "GET /core/vendor/dompdf/dompdf/?C=D;O=A HTTP/1.1" 200 2479 "-" "Mozilla/5.0 (compatible; MJ12bot/v1.4.8; http://mj12bot.com/)"
147.135.128.94 - - [20/May/2025:10:17:04 +0700] "GET /core/vendor/sebastian/complexity/LICENSE HTTP/1.1" 200 - "-" "Mozilla/5.0 (compatible; MJ12bot/v1.4.8; http://mj12bot.com/)"
65.108.128.54 - - [20/May/2025:10:17:05 +0700] "GET /core/vendor/dompdf/dompdf/?C=M;O=A HTTP/1.1" 200 2479 "-" "Mozilla/5.0 (compatible; MJ12bot/v1.4.8; http://mj12bot.com/)"
65.108.128.54 - - [20/May/2025:10:17:11 +0700] "GET /core/vendor/dompdf/dompdf/?C=N;O=D HTTP/1.1" 200 2479 "-" "Mozilla/5.0 (compatible; MJ12bot/v1.4.8; http://mj12bot.com/)"
147.135.128.94 - - [20/May/2025:10:17:12 +0700] "GET /core/vendor/sebastian/complexity/composer.json HTTP/1.1" 200 1330 "-" "Mozilla/5.0 (compatible; MJ12bot/v1.4.8; http://mj12bot.com/)"
147.135.128.94 - - [20/May/2025:10:17:21 +0700] "GET /core/vendor/sebastian/diff/?C=D;O=A HTTP/1.1" 200 1372 "-" "Mozilla/5.0 (compatible; MJ12bot/v1.4.8; http://mj12bot.com/)"
65.108.128.54 - - [20/May/2025:10:17:22 +0700] "GET /core/vendor/dompdf/dompdf/?C=S;O=A HTTP/1.1" 200 2479 "-" "Mozilla/5.0 (compatible; MJ12bot/v1.4.8; http://mj12bot.com/)"
147.135.128.94 - - [20/May/2025:10:17:28 +0700] "GET /core/vendor/sebastian/diff/?C=M;O=A HTTP/1.1" 200 1372 "-" "Mozilla/5.0 (compatible; MJ12bot/v1.4.8; http://mj12bot.com/)"
65.108.128.54 - - [20/May/2025:10:17:31 +0700] "GET /core/vendor/dompdf/dompdf/CONTRIBUTING.md HTTP/1.1" 200 2856 "-" "Mozilla/5.0 (compatible; MJ12bot/v1.4.8; http://mj12bot.com/)"
147.135.128.94 - - [20/May/2025:10:17:35 +0700] "GET /core/vendor/sebastian/diff/?C=N;O=D HTTP/1.1" 200 1372 "-" "Mozilla/5.0 (compatible; MJ12bot/v1.4.8; http://mj12bot.com/)"
65.108.128.54 - - [20/May/2025:10:17:38 +0700] "GET /core/vendor/dompdf/dompdf/LICENSE.LGPL HTTP/1.1" 200 24352 "-" "Mozilla/5.0 (compatible; MJ12bot/v1.4.8; http://mj12bot.com/)"
147.135.128.94 - - [20/May/2025:10:17:42 +0700] "GET /core/vendor/sebastian/diff/?C=S;O=A HTTP/1.1" 200 1372 "-" "Mozilla/5.0 (compatible; MJ12bot/v1.4.8; http://mj12bot.com/)"
65.108.128.54 - - [20/May/2025:10:17:45 +0700] "GET /core/vendor/dompdf/dompdf/NoTraitException.php HTTP/1.1" 500 - "-" "Mozilla/5.0 (compatible; MJ12bot/v1.4.8; http://mj12bot.com/)"
147.135.128.94 - - [20/May/2025:10:17:50 +0700] "GET /core/vendor/sebastian/diff/ChangeLog.md HTTP/1.1" 200 1001 "-" "Mozilla/5.0 (compatible; MJ12bot/v1.4.8; http://mj12bot.com/)"
65.108.128.54 - - [20/May/2025:10:17:53 +0700] "GET /core/vendor/dompdf/dompdf/RequiredOptionArgumentMissingException.php HTTP/1.1" 500 - "-" "Mozilla/5.0 (compatible; MJ12bot/v1.4.8; http://mj12bot.com/)"
147.135.128.94 - - [20/May/2025:10:17:59 +0700] "GET /core/vendor/sebastian/diff/LICENSE HTTP/1.1" 200 - "-" "Mozilla/5.0 (compatible; MJ12bot/v1.4.8; http://mj12bot.com/)"
65.108.128.54 - - [20/May/2025:10:18:01 +0700] "GET /core/vendor/dompdf/dompdf/SECURITY.md HTTP/1.1" 200 535 "-" "Mozilla/5.0 (compatible; MJ12bot/v1.4.8; http://mj12bot.com/)"
65.108.128.54 - - [20/May/2025:10:18:07 +0700] "GET /core/vendor/dompdf/dompdf/VERSION HTTP/1.1" 200 6 "-" "Mozilla/5.0 (compatible; MJ12bot/v1.4.8; http://mj12bot.com/)"
147.135.128.94 - - [20/May/2025:10:18:07 +0700] "GET /core/vendor/sebastian/diff/composer.json HTTP/1.1" 200 1330 "-" "Mozilla/5.0 (compatible; MJ12bot/v1.4.8; http://mj12bot.com/)"
147.135.128.94 - - [20/May/2025:10:18:13 +0700] "GET /core/vendor/sebastian/environment/?C=D;O=A HTTP/1.1" 200 1386 "-" "Mozilla/5.0 (compatible; MJ12bot/v1.4.8; http://mj12bot.com/)"
65.108.128.54 - - [20/May/2025:10:18:18 +0700] "GET /core/vendor/dompdf/dompdf/composer.json HTTP/1.1" 200 1330 "-" "Mozilla/5.0 (compatible; MJ12bot/v1.4.8; http://mj12bot.com/)"
147.135.128.94 - - [20/May/2025:10:18:21 +0700] "GET /core/vendor/sebastian/environment/?C=M;O=A HTTP/1.1" 200 1386 "-" "Mozilla/5.0 (compatible; MJ12bot/v1.4.8; http://mj12bot.com/)"
65.108.128.54 - - [20/May/2025:10:18:27 +0700] "GET /core/vendor/dompdf/dompdf/phpcs.xml HTTP/1.1" 200 3003 "-" "Mozilla/5.0 (compatible; MJ12bot/v1.4.8; http://mj12bot.com/)"
147.135.128.94 - - [20/May/2025:10:18:29 +0700] "GET /core/vendor/sebastian/environment/?C=N;O=D HTTP/1.1" 200 1386 "-" "Mozilla/5.0 (compatible; MJ12bot/v1.4.8; http://mj12bot.com/)"
147.135.128.94 - - [20/May/2025:10:18:35 +0700] "GET /core/vendor/sebastian/environment/?C=S;O=A HTTP/1.1" 200 1386 "-" "Mozilla/5.0 (compatible; MJ12bot/v1.4.8; http://mj12bot.com/)"
65.108.128.54 - - [20/May/2025:10:18:36 +0700] "GET /core/vendor/dragonmantank/?C=D;O=D HTTP/1.1" 200 1585 "-" "Mozilla/5.0 (compatible; MJ12bot/v1.4.8; http://mj12bot.com/)"
147.135.128.94 - - [20/May/2025:10:18:42 +0700] "GET /core/vendor/sebastian/environment/ChangeLog.md HTTP/1.1" 200 1001 "-" "Mozilla/5.0 (compatible; MJ12bot/v1.4.8; http://mj12bot.com/)"
65.108.128.54 - - [20/May/2025:10:18:44 +0700] "GET /core/vendor/dragonmantank/?C=M;O=D HTTP/1.1" 200 1585 "-" "Mozilla/5.0 (compatible; MJ12bot/v1.4.8; http://mj12bot.com/)"
147.135.128.94 - - [20/May/2025:10:18:50 +0700] "GET /core/vendor/sebastian/environment/LICENSE HTTP/1.1" 200 - "-" "Mozilla/5.0 (compatible; MJ12bot/v1.4.8; http://mj12bot.com/)"
65.108.128.54 - - [20/May/2025:10:18:53 +0700] "GET /core/vendor/dragonmantank/?C=N;O=A HTTP/1.1" 200 1585 "-" "Mozilla/5.0 (compatible; MJ12bot/v1.4.8; http://mj12bot.com/)"
147.135.128.94 - - [20/May/2025:10:18:56 +0700] "GET /core/vendor/sebastian/environment/composer.json HTTP/1.1" 200 1330 "-" "Mozilla/5.0 (compatible; MJ12bot/v1.4.8; http://mj12bot.com/)"
65.108.128.54 - - [20/May/2025:10:19:02 +0700] "GET /core/vendor/dragonmantank/?C=S;O=D HTTP/1.1" 200 1585 "-" "Mozilla/5.0 (compatible; MJ12bot/v1.4.8; http://mj12bot.com/)"
147.135.128.94 - - [20/May/2025:10:19:04 +0700] "GET /core/vendor/sebastian/exporter/?C=D;O=A HTTP/1.1" 200 1565 "-" "Mozilla/5.0 (compatible; MJ12bot/v1.4.8; http://mj12bot.com/)"
147.135.128.94 - - [20/May/2025:10:19:11 +0700] "GET /core/vendor/sebastian/exporter/?C=M;O=A HTTP/1.1" 200 1565 "-" "Mozilla/5.0 (compatible; MJ12bot/v1.4.8; http://mj12bot.com/)"
65.108.128.54 - - [20/May/2025:10:19:11 +0700] "GET /core/vendor/dragonmantank/cron-expression/?C=D;O=A HTTP/1.1" 200 1957 "-" "Mozilla/5.0 (compatible; MJ12bot/v1.4.8; http://mj12bot.com/)"
147.135.128.94 - - [20/May/2025:10:19:16 +0700] "GET /core/vendor/sebastian/exporter/?C=N;O=D HTTP/1.1" 200 1565 "-" "Mozilla/5.0 (compatible; MJ12bot/v1.4.8; http://mj12bot.com/)"
65.108.128.54 - - [20/May/2025:10:19:21 +0700] "GET /core/vendor/dragonmantank/cron-expression/?C=M;O=A HTTP/1.1" 200 1957 "-" "Mozilla/5.0 (compatible; MJ12bot/v1.4.8; http://mj12bot.com/)"
147.135.128.94 - - [20/May/2025:10:19:21 +0700] "GET /core/vendor/sebastian/exporter/?C=S;O=A HTTP/1.1" 200 1565 "-" "Mozilla/5.0 (compatible; MJ12bot/v1.4.8; http://mj12bot.com/)"
147.135.128.94 - - [20/May/2025:10:19:29 +0700] "GET /core/vendor/sebastian/exporter/ChangeLog.md HTTP/1.1" 200 1763 "-" "Mozilla/5.0 (compatible; MJ12bot/v1.4.8; http://mj12bot.com/)"
65.108.128.54 - - [20/May/2025:10:19:30 +0700] "GET /core/vendor/dragonmantank/cron-expression/?C=N;O=D HTTP/1.1" 200 1957 "-" "Mozilla/5.0 (compatible; MJ12bot/v1.4.8; http://mj12bot.com/)"
147.135.128.94 - - [20/May/2025:10:19:36 +0700] "GET /core/vendor/sebastian/exporter/LICENSE HTTP/1.1" 200 - "-" "Mozilla/5.0 (compatible; MJ12bot/v1.4.8; http://mj12bot.com/)"
65.108.128.54 - - [20/May/2025:10:19:37 +0700] "GET /core/vendor/dragonmantank/cron-expression/?C=S;O=A HTTP/1.1" 200 1957 "-" "Mozilla/5.0 (compatible; MJ12bot/v1.4.8; http://mj12bot.com/)"
147.135.128.94 - - [20/May/2025:10:19:44 +0700] "GET /core/vendor/sebastian/exporter/NodeExtension.php HTTP/1.1" 500 - "-" "Mozilla/5.0 (compatible; MJ12bot/v1.4.8; http://mj12bot.com/)"
65.108.128.54 - - [20/May/2025:10:19:46 +0700] "GET /core/vendor/dragonmantank/cron-expression/CHANGELOG.md HTTP/1.1" 200 836 "-" "Mozilla/5.0 (compatible; MJ12bot/v1.4.8; http://mj12bot.com/)"
147.135.128.94 - - [20/May/2025:10:19:51 +0700] "GET /core/vendor/sebastian/exporter/composer.json HTTP/1.1" 200 1330 "-" "Mozilla/5.0 (compatible; MJ12bot/v1.4.8; http://mj12bot.com/)"
65.108.128.54 - - [20/May/2025:10:19:55 +0700] "GET /core/vendor/dragonmantank/cron-expression/Exception.php HTTP/1.1" 200 - "-" "Mozilla/5.0 (compatible; MJ12bot/v1.4.8; http://mj12bot.com/)"
147.135.128.94 - - [20/May/2025:10:19:57 +0700] "GET /core/vendor/sebastian/global-state/?C=D;O=A HTTP/1.1" 200 1573 "-" "Mozilla/5.0 (compatible; MJ12bot/v1.4.8; http://mj12bot.com/)"
147.135.128.94 - - [20/May/2025:10:20:03 +0700] "GET /core/vendor/sebastian/global-state/?C=M;O=A HTTP/1.1" 200 1573 "-" "Mozilla/5.0 (compatible; MJ12bot/v1.4.8; http://mj12bot.com/)"
65.108.128.54 - - [20/May/2025:10:20:06 +0700] "GET /core/vendor/dragonmantank/cron-expression/ExtensionInterface.php HTTP/1.1" 200 - "-" "Mozilla/5.0 (compatible; MJ12bot/v1.4.8; http://mj12bot.com/)"
147.135.128.94 - - [20/May/2025:10:20:09 +0700] "GET /core/vendor/sebastian/global-state/?C=N;O=D HTTP/1.1" 200 1573 "-" "Mozilla/5.0 (compatible; MJ12bot/v1.4.8; http://mj12bot.com/)"
65.108.128.54 - - [20/May/2025:10:20:15 +0700] "GET /core/vendor/dragonmantank/cron-expression/LICENSE HTTP/1.1" 200 - "-" "Mozilla/5.0 (compatible; MJ12bot/v1.4.8; http://mj12bot.com/)"
147.135.128.94 - - [20/May/2025:10:20:16 +0700] "GET /core/vendor/sebastian/global-state/?C=S;O=A HTTP/1.1" 200 1573 "-" "Mozilla/5.0 (compatible; MJ12bot/v1.4.8; http://mj12bot.com/)"
147.135.128.94 - - [20/May/2025:10:20:23 +0700] "GET /core/vendor/sebastian/global-state/ChangeLog.md HTTP/1.1" 200 1001 "-" "Mozilla/5.0 (compatible; MJ12bot/v1.4.8; http://mj12bot.com/)"
65.108.128.54 - - [20/May/2025:10:20:23 +0700] "GET /core/vendor/dragonmantank/cron-expression/composer.json HTTP/1.1" 200 1330 "-" "Mozilla/5.0 (compatible; MJ12bot/v1.4.8; http://mj12bot.com/)"
147.135.128.94 - - [20/May/2025:10:20:28 +0700] "GET /core/vendor/sebastian/global-state/LICENSE HTTP/1.1" 200 - "-" "Mozilla/5.0 (compatible; MJ12bot/v1.4.8; http://mj12bot.com/)"
65.108.128.54 - - [20/May/2025:10:20:33 +0700] "GET /core/vendor/dragonmantank/cron-expression/phpstan.neon HTTP/1.1" 200 53 "-" "Mozilla/5.0 (compatible; MJ12bot/v1.4.8; http://mj12bot.com/)"
147.135.128.94 - - [20/May/2025:10:20:35 +0700] "GET /core/vendor/sebastian/global-state/NodeExtension.php HTTP/1.1" 500 - "-" "Mozilla/5.0 (compatible; MJ12bot/v1.4.8; http://mj12bot.com/)"
147.135.128.94 - - [20/May/2025:10:20:41 +0700] "GET /core/vendor/sebastian/global-state/composer.json HTTP/1.1" 200 1330 "-" "Mozilla/5.0 (compatible; MJ12bot/v1.4.8; http://mj12bot.com/)"
65.108.128.54 - - [20/May/2025:10:20:43 +0700] "GET /core/vendor/egulias/?C=D;O=D HTTP/1.1" 200 1573 "-" "Mozilla/5.0 (compatible; MJ12bot/v1.4.8; http://mj12bot.com/)"
147.135.128.94 - - [20/May/2025:10:20:48 +0700] "GET /core/vendor/sebastian/lines-of-code/?C=D;O=A HTTP/1.1" 200 1390 "-" "Mozilla/5.0 (compatible; MJ12bot/v1.4.8; http://mj12bot.com/)"
147.135.128.94 - - [20/May/2025:10:20:53 +0700] "GET /core/vendor/sebastian/lines-of-code/?C=M;O=A HTTP/1.1" 200 1390 "-" "Mozilla/5.0 (compatible; MJ12bot/v1.4.8; http://mj12bot.com/)"
65.108.128.54 - - [20/May/2025:10:20:53 +0700] "GET /core/vendor/egulias/?C=M;O=D HTTP/1.1" 200 1573 "-" "Mozilla/5.0 (compatible; MJ12bot/v1.4.8; http://mj12bot.com/)"
147.135.128.94 - - [20/May/2025:10:20:59 +0700] "GET /core/vendor/sebastian/lines-of-code/?C=N;O=D HTTP/1.1" 200 1390 "-" "Mozilla/5.0 (compatible; MJ12bot/v1.4.8; http://mj12bot.com/)"
65.108.128.54 - - [20/May/2025:10:20:59 +0700] "GET /core/vendor/egulias/?C=N;O=A HTTP/1.1" 200 1573 "-" "Mozilla/5.0 (compatible; MJ12bot/v1.4.8; http://mj12bot.com/)"
147.135.128.94 - - [20/May/2025:10:21:05 +0700] "GET /core/vendor/sebastian/lines-of-code/?C=S;O=A HTTP/1.1" 200 1390 "-" "Mozilla/5.0 (compatible; MJ12bot/v1.4.8; http://mj12bot.com/)"
65.108.128.54 - - [20/May/2025:10:21:10 +0700] "GET /core/vendor/egulias/?C=S;O=D HTTP/1.1" 200 1573 "-" "Mozilla/5.0 (compatible; MJ12bot/v1.4.8; http://mj12bot.com/)"
147.135.128.94 - - [20/May/2025:10:21:17 +0700] "GET /core/vendor/sebastian/lines-of-code/LICENSE HTTP/1.1" 200 - "-" "Mozilla/5.0 (compatible; MJ12bot/v1.4.8; http://mj12bot.com/)"
65.108.128.54 - - [20/May/2025:10:21:17 +0700] "GET /core/vendor/egulias/email-validator/?C=D;O=A HTTP/1.1" 200 1798 "-" "Mozilla/5.0 (compatible; MJ12bot/v1.4.8; http://mj12bot.com/)"
147.135.128.94 - - [20/May/2025:10:21:22 +0700] "GET /core/vendor/sebastian/lines-of-code/composer.json HTTP/1.1" 200 1330 "-" "Mozilla/5.0 (compatible; MJ12bot/v1.4.8; http://mj12bot.com/)"
65.108.128.54 - - [20/May/2025:10:21:25 +0700] "GET /core/vendor/egulias/email-validator/?C=M;O=A HTTP/1.1" 200 1798 "-" "Mozilla/5.0 (compatible; MJ12bot/v1.4.8; http://mj12bot.com/)"
147.135.128.94 - - [20/May/2025:10:21:26 +0700] "GET /core/vendor/sebastian/object-enumerator/?C=D;O=A HTTP/1.1" 200 1577 "-" "Mozilla/5.0 (compatible; MJ12bot/v1.4.8; http://mj12bot.com/)"
65.108.128.54 - - [20/May/2025:10:21:32 +0700] "GET /core/vendor/egulias/email-validator/?C=N;O=D HTTP/1.1" 200 1798 "-" "Mozilla/5.0 (compatible; MJ12bot/v1.4.8; http://mj12bot.com/)"
147.135.128.94 - - [20/May/2025:10:21:33 +0700] "GET /core/vendor/sebastian/object-enumerator/?C=M;O=A HTTP/1.1" 200 1577 "-" "Mozilla/5.0 (compatible; MJ12bot/v1.4.8; http://mj12bot.com/)"
65.108.128.54 - - [20/May/2025:10:21:41 +0700] "GET /core/vendor/egulias/email-validator/?C=S;O=A HTTP/1.1" 200 1798 "-" "Mozilla/5.0 (compatible; MJ12bot/v1.4.8; http://mj12bot.com/)"
147.135.128.94 - - [20/May/2025:10:21:42 +0700] "GET /core/vendor/sebastian/object-enumerator/?C=S;O=A HTTP/1.1" 200 1577 "-" "Mozilla/5.0 (compatible; MJ12bot/v1.4.8; http://mj12bot.com/)"
147.135.128.94 - - [20/May/2025:10:21:47 +0700] "GET /core/vendor/sebastian/object-enumerator/ChangeLog.md HTTP/1.1" 200 2354 "-" "Mozilla/5.0 (compatible; MJ12bot/v1.4.8; http://mj12bot.com/)"
65.108.128.54 - - [20/May/2025:10:21:50 +0700] "GET /core/vendor/egulias/email-validator/ExecuteSolutionController.php HTTP/1.1" 500 - "-" "Mozilla/5.0 (compatible; MJ12bot/v1.4.8; http://mj12bot.com/)"
147.135.128.94 - - [20/May/2025:10:21:54 +0700] "GET /core/vendor/sebastian/object-enumerator/LICENSE HTTP/1.1" 200 - "-" "Mozilla/5.0 (compatible; MJ12bot/v1.4.8; http://mj12bot.com/)"
65.108.128.54 - - [20/May/2025:10:21:58 +0700] "GET /core/vendor/egulias/email-validator/ExtensionInterface.php HTTP/1.1" 200 - "-" "Mozilla/5.0 (compatible; MJ12bot/v1.4.8; http://mj12bot.com/)"
147.135.128.94 - - [20/May/2025:10:21:59 +0700] "GET /core/vendor/sebastian/object-enumerator/composer.json HTTP/1.1" 200 1330 "-" "Mozilla/5.0 (compatible; MJ12bot/v1.4.8; http://mj12bot.com/)"
65.108.128.54 - - [20/May/2025:10:22:05 +0700] "GET /core/vendor/egulias/email-validator/InvalidSignatureException.php HTTP/1.1" 200 - "-" "Mozilla/5.0 (compatible; MJ12bot/v1.4.8; http://mj12bot.com/)"
147.135.128.94 - - [20/May/2025:10:22:09 +0700] "GET /core/vendor/sebastian/object-reflector/?C=D;O=A HTTP/1.1" 200 1396 "-" "Mozilla/5.0 (compatible; MJ12bot/v1.4.8; http://mj12bot.com/)"
65.108.128.54 - - [20/May/2025:10:22:15 +0700] "GET /core/vendor/egulias/email-validator/LICENSE HTTP/1.1" 200 - "-" "Mozilla/5.0 (compatible; MJ12bot/v1.4.8; http://mj12bot.com/)"
147.135.128.94 - - [20/May/2025:10:22:19 +0700] "GET /core/vendor/sebastian/object-reflector/?C=N;O=D HTTP/1.1" 200 1396 "-" "Mozilla/5.0 (compatible; MJ12bot/v1.4.8; http://mj12bot.com/)"
147.135.128.94 - - [20/May/2025:10:22:23 +0700] "GET /core/vendor/sebastian/object-reflector/?C=S;O=A HTTP/1.1" 200 1396 "-" "Mozilla/5.0 (compatible; MJ12bot/v1.4.8; http://mj12bot.com/)"
65.108.128.54 - - [20/May/2025:10:22:24 +0700] "GET /core/vendor/egulias/email-validator/composer.json HTTP/1.1" 200 1330 "-" "Mozilla/5.0 (compatible; MJ12bot/v1.4.8; http://mj12bot.com/)"
147.135.128.94 - - [20/May/2025:10:22:27 +0700] "GET /core/vendor/sebastian/object-reflector/ChangeLog.md HTTP/1.1" 200 1014 "-" "Mozilla/5.0 (compatible; MJ12bot/v1.4.8; http://mj12bot.com/)"
147.135.128.94 - - [20/May/2025:10:22:32 +0700] "GET /core/vendor/sebastian/object-reflector/LICENSE HTTP/1.1" 200 - "-" "Mozilla/5.0 (compatible; MJ12bot/v1.4.8; http://mj12bot.com/)"
65.108.128.54 - - [20/May/2025:10:22:33 +0700] "GET /core/vendor/facade/?C=D;O=D HTTP/1.1" 200 1187 "-" "Mozilla/5.0 (compatible; MJ12bot/v1.4.8; http://mj12bot.com/)"
147.135.128.94 - - [20/May/2025:10:22:38 +0700] "GET /core/vendor/sebastian/object-reflector/composer.json HTTP/1.1" 200 1330 "-" "Mozilla/5.0 (compatible; MJ12bot/v1.4.8; http://mj12bot.com/)"
65.108.128.54 - - [20/May/2025:10:22:39 +0700] "GET /core/vendor/facade/?C=M;O=D HTTP/1.1" 200 1187 "-" "Mozilla/5.0 (compatible; MJ12bot/v1.4.8; http://mj12bot.com/)"
147.135.128.94 - - [20/May/2025:10:22:46 +0700] "GET /core/vendor/sebastian/recursion-context/?C=D;O=A HTTP/1.1" 200 1398 "-" "Mozilla/5.0 (compatible; MJ12bot/v1.4.8; http://mj12bot.com/)"
65.108.128.54 - - [20/May/2025:10:22:47 +0700] "GET /core/vendor/facade/?C=N;O=A HTTP/1.1" 200 1187 "-" "Mozilla/5.0 (compatible; MJ12bot/v1.4.8; http://mj12bot.com/)"
147.135.128.94 - - [20/May/2025:10:22:55 +0700] "GET /core/vendor/sebastian/recursion-context/?C=N;O=D HTTP/1.1" 200 1398 "-" "Mozilla/5.0 (compatible; MJ12bot/v1.4.8; http://mj12bot.com/)"
65.108.128.54 - - [20/May/2025:10:22:58 +0700] "GET /core/vendor/facade/?C=S;O=D HTTP/1.1" 200 1187 "-" "Mozilla/5.0 (compatible; MJ12bot/v1.4.8; http://mj12bot.com/)"
147.135.128.94 - - [20/May/2025:10:23:00 +0700] "GET /core/vendor/sebastian/recursion-context/?C=S;O=A HTTP/1.1" 200 1398 "-" "Mozilla/5.0 (compatible; MJ12bot/v1.4.8; http://mj12bot.com/)"
65.108.128.54 - - [20/May/2025:10:23:05 +0700] "GET /core/vendor/facade/flare-client-php/?C=D;O=A HTTP/1.1" 200 1794 "-" "Mozilla/5.0 (compatible; MJ12bot/v1.4.8; http://mj12bot.com/)"
65.108.128.54 - - [20/May/2025:10:23:12 +0700] "GET /core/vendor/facade/flare-client-php/?C=M;O=A HTTP/1.1" 200 1794 "-" "Mozilla/5.0 (compatible; MJ12bot/v1.4.8; http://mj12bot.com/)"
65.108.128.54 - - [20/May/2025:10:23:22 +0700] "GET /core/vendor/facade/flare-client-php/?C=N;O=D HTTP/1.1" 200 1794 "-" "Mozilla/5.0 (compatible; MJ12bot/v1.4.8; http://mj12bot.com/)"
65.108.128.54 - - [20/May/2025:10:23:31 +0700] "GET /core/vendor/facade/flare-client-php/?C=S;O=A HTTP/1.1" 200 1794 "-" "Mozilla/5.0 (compatible; MJ12bot/v1.4.8; http://mj12bot.com/)"
65.108.128.54 - - [20/May/2025:10:23:41 +0700] "GET /core/vendor/facade/flare-client-php/CHANGELOG.md HTTP/1.1" 200 - "-" "Mozilla/5.0 (compatible; MJ12bot/v1.4.8; http://mj12bot.com/)"
65.108.128.54 - - [20/May/2025:10:23:51 +0700] "GET /core/vendor/facade/flare-client-php/LICENSE.md HTTP/1.1" 200 1090 "-" "Mozilla/5.0 (compatible; MJ12bot/v1.4.8; http://mj12bot.com/)"
65.108.128.54 - - [20/May/2025:10:24:02 +0700] "GET /core/vendor/facade/flare-client-php/RequiredOptionArgumentMissingException.php HTTP/1.1" 500 - "-" "Mozilla/5.0 (compatible; MJ12bot/v1.4.8; http://mj12bot.com/)"
65.108.128.54 - - [20/May/2025:10:24:10 +0700] "GET /core/vendor/facade/flare-client-php/TableDirectoryEntry.php HTTP/1.1" 500 - "-" "Mozilla/5.0 (compatible; MJ12bot/v1.4.8; http://mj12bot.com/)"
65.108.128.54 - - [20/May/2025:10:24:19 +0700] "GET /core/vendor/facade/flare-client-php/composer.json HTTP/1.1" 200 1330 "-" "Mozilla/5.0 (compatible; MJ12bot/v1.4.8; http://mj12bot.com/)"
65.108.128.54 - - [20/May/2025:10:24:28 +0700] "GET /core/vendor/facade/ignition-contracts/?C=D;O=A HTTP/1.1" 200 1954 "-" "Mozilla/5.0 (compatible; MJ12bot/v1.4.8; http://mj12bot.com/)"
65.108.128.54 - - [20/May/2025:10:24:37 +0700] "GET /core/vendor/facade/ignition-contracts/?C=M;O=A HTTP/1.1" 200 1954 "-" "Mozilla/5.0 (compatible; MJ12bot/v1.4.8; http://mj12bot.com/)"
65.108.128.54 - - [20/May/2025:10:24:46 +0700] "GET /core/vendor/facade/ignition-contracts/?C=N;O=D HTTP/1.1" 200 1954 "-" "Mozilla/5.0 (compatible; MJ12bot/v1.4.8; http://mj12bot.com/)"
65.108.128.54 - - [20/May/2025:10:24:54 +0700] "GET /core/vendor/facade/ignition-contracts/?C=S;O=A HTTP/1.1" 200 1954 "-" "Mozilla/5.0 (compatible; MJ12bot/v1.4.8; http://mj12bot.com/)"
65.108.128.54 - - [20/May/2025:10:25:01 +0700] "GET /core/vendor/facade/ignition-contracts/BadResponse.php HTTP/1.1" 200 - "-" "Mozilla/5.0 (compatible; MJ12bot/v1.4.8; http://mj12bot.com/)"
65.108.128.54 - - [20/May/2025:10:25:10 +0700] "GET /core/vendor/facade/ignition-contracts/FunctionExtension.php HTTP/1.1" 500 - "-" "Mozilla/5.0 (compatible; MJ12bot/v1.4.8; http://mj12bot.com/)"
145.239.65.226 - - [20/May/2025:10:50:00 +0700] "GET /robots.txt HTTP/1.1" 404 - "-" "Mozilla/5.0 (compatible; MJ12bot/v1.4.8; http://mj12bot.com/)"
145.239.65.226 - - [20/May/2025:10:50:01 +0700] "GET /core/vendor/symfony/polyfill-intl-idn/Idn.php HTTP/1.1" 200 - "-" "Mozilla/5.0 (compatible; MJ12bot/v1.4.8; http://mj12bot.com/)"
145.239.65.226 - - [20/May/2025:10:50:05 +0700] "GET /core/vendor/symfony/polyfill-intl-idn/Info.php HTTP/1.1" 200 - "-" "Mozilla/5.0 (compatible; MJ12bot/v1.4.8; http://mj12bot.com/)"
145.239.65.226 - - [20/May/2025:10:50:09 +0700] "GET /core/vendor/symfony/polyfill-intl-idn/LICENSE HTTP/1.1" 200 - "-" "Mozilla/5.0 (compatible; MJ12bot/v1.4.8; http://mj12bot.com/)"
145.239.65.226 - - [20/May/2025:10:50:12 +0700] "GET /core/vendor/symfony/polyfill-intl-idn/bootstrap.php HTTP/1.1" 200 - "-" "Mozilla/5.0 (compatible; MJ12bot/v1.4.8; http://mj12bot.com/)"
43.153.54.138 - - [20/May/2025:10:50:14 +0700] "GET / HTTP/1.1" 200 2235 "-" "Mozilla/5.0 (iPhone; CPU iPhone OS 13_2_3 like Mac OS X) AppleWebKit/605.1.15 (KHTML, like Gecko) Version/13.0.3 Mobile/15E148 Safari/604.1"
145.239.65.226 - - [20/May/2025:10:50:16 +0700] "GET /core/vendor/symfony/polyfill-intl-idn/bootstrap80.php HTTP/1.1" 500 - "-" "Mozilla/5.0 (compatible; MJ12bot/v1.4.8; http://mj12bot.com/)"
145.239.65.226 - - [20/May/2025:10:50:19 +0700] "GET /core/vendor/symfony/polyfill-intl-idn/composer.json HTTP/1.1" 200 1236 "-" "Mozilla/5.0 (compatible; MJ12bot/v1.4.8; http://mj12bot.com/)"
145.239.65.226 - - [20/May/2025:10:50:24 +0700] "GET /core/vendor/symfony/polyfill-intl-normalizer/?C=D;O=A HTTP/1.1" 200 1778 "-" "Mozilla/5.0 (compatible; MJ12bot/v1.4.8; http://mj12bot.com/)"
145.239.65.226 - - [20/May/2025:10:50:27 +0700] "GET /core/vendor/symfony/polyfill-intl-normalizer/?C=M;O=A HTTP/1.1" 200 1778 "-" "Mozilla/5.0 (compatible; MJ12bot/v1.4.8; http://mj12bot.com/)"
145.239.65.226 - - [20/May/2025:10:50:31 +0700] "GET /core/vendor/symfony/polyfill-intl-normalizer/?C=N;O=D HTTP/1.1" 200 1778 "-" "Mozilla/5.0 (compatible; MJ12bot/v1.4.8; http://mj12bot.com/)"
145.239.65.226 - - [20/May/2025:10:50:34 +0700] "GET /core/vendor/symfony/polyfill-intl-normalizer/?C=S;O=A HTTP/1.1" 200 1778 "-" "Mozilla/5.0 (compatible; MJ12bot/v1.4.8; http://mj12bot.com/)"
145.239.65.226 - - [20/May/2025:10:50:38 +0700] "GET /core/vendor/symfony/polyfill-intl-normalizer/LICENSE HTTP/1.1" 200 - "-" "Mozilla/5.0 (compatible; MJ12bot/v1.4.8; http://mj12bot.com/)"
145.239.65.226 - - [20/May/2025:10:50:41 +0700] "GET /core/vendor/symfony/polyfill-intl-normalizer/Normalizer.php HTTP/1.1" 200 - "-" "Mozilla/5.0 (compatible; MJ12bot/v1.4.8; http://mj12bot.com/)"
145.239.65.226 - - [20/May/2025:10:50:45 +0700] "GET /core/vendor/symfony/polyfill-intl-normalizer/bootstrap.php HTTP/1.1" 200 - "-" "Mozilla/5.0 (compatible; MJ12bot/v1.4.8; http://mj12bot.com/)"
145.239.65.226 - - [20/May/2025:10:50:48 +0700] "GET /core/vendor/symfony/polyfill-intl-normalizer/bootstrap80.php HTTP/1.1" 500 - "-" "Mozilla/5.0 (compatible; MJ12bot/v1.4.8; http://mj12bot.com/)"
145.239.65.226 - - [20/May/2025:10:50:52 +0700] "GET /core/vendor/symfony/polyfill-intl-normalizer/composer.json HTTP/1.1" 200 2112 "-" "Mozilla/5.0 (compatible; MJ12bot/v1.4.8; http://mj12bot.com/)"
145.239.65.226 - - [20/May/2025:10:50:56 +0700] "GET /core/vendor/symfony/polyfill-mbstring/?C=D;O=A HTTP/1.1" 200 1762 "-" "Mozilla/5.0 (compatible; MJ12bot/v1.4.8; http://mj12bot.com/)"
145.239.65.226 - - [20/May/2025:10:51:00 +0700] "GET /core/vendor/symfony/polyfill-mbstring/?C=M;O=A HTTP/1.1" 200 1762 "-" "Mozilla/5.0 (compatible; MJ12bot/v1.4.8; http://mj12bot.com/)"
145.239.65.226 - - [20/May/2025:10:51:04 +0700] "GET /core/vendor/symfony/polyfill-mbstring/?C=N;O=D HTTP/1.1" 200 1762 "-" "Mozilla/5.0 (compatible; MJ12bot/v1.4.8; http://mj12bot.com/)"
145.239.65.226 - - [20/May/2025:10:51:07 +0700] "GET /core/vendor/symfony/polyfill-mbstring/?C=S;O=A HTTP/1.1" 200 1762 "-" "Mozilla/5.0 (compatible; MJ12bot/v1.4.8; http://mj12bot.com/)"
145.239.65.226 - - [20/May/2025:10:51:10 +0700] "GET /core/vendor/symfony/polyfill-mbstring/LICENSE HTTP/1.1" 200 - "-" "Mozilla/5.0 (compatible; MJ12bot/v1.4.8; http://mj12bot.com/)"
145.239.65.226 - - [20/May/2025:10:51:14 +0700] "GET /core/vendor/symfony/polyfill-mbstring/Mbstring.php HTTP/1.1" 200 - "-" "Mozilla/5.0 (compatible; MJ12bot/v1.4.8; http://mj12bot.com/)"
145.239.65.226 - - [20/May/2025:10:51:17 +0700] "GET /core/vendor/symfony/polyfill-mbstring/bootstrap.php HTTP/1.1" 200 - "-" "Mozilla/5.0 (compatible; MJ12bot/v1.4.8; http://mj12bot.com/)"
145.239.65.226 - - [20/May/2025:10:51:21 +0700] "GET /core/vendor/symfony/polyfill-mbstring/bootstrap80.php HTTP/1.1" 500 - "-" "Mozilla/5.0 (compatible; MJ12bot/v1.4.8; http://mj12bot.com/)"
145.239.65.226 - - [20/May/2025:10:51:25 +0700] "GET /core/vendor/symfony/polyfill-mbstring/composer.json HTTP/1.1" 200 2112 "-" "Mozilla/5.0 (compatible; MJ12bot/v1.4.8; http://mj12bot.com/)"
145.239.65.226 - - [20/May/2025:10:51:30 +0700] "GET /core/vendor/symfony/polyfill-php72/?C=D;O=A HTTP/1.1" 200 1392 "-" "Mozilla/5.0 (compatible; MJ12bot/v1.4.8; http://mj12bot.com/)"
145.239.65.226 - - [20/May/2025:10:51:34 +0700] "GET /core/vendor/symfony/polyfill-php72/?C=M;O=A HTTP/1.1" 200 1392 "-" "Mozilla/5.0 (compatible; MJ12bot/v1.4.8; http://mj12bot.com/)"
145.239.65.226 - - [20/May/2025:10:51:37 +0700] "GET /core/vendor/symfony/polyfill-php72/?C=N;O=D HTTP/1.1" 200 1392 "-" "Mozilla/5.0 (compatible; MJ12bot/v1.4.8; http://mj12bot.com/)"
145.239.65.226 - - [20/May/2025:10:51:40 +0700] "GET /core/vendor/symfony/polyfill-php72/?C=S;O=A HTTP/1.1" 200 1392 "-" "Mozilla/5.0 (compatible; MJ12bot/v1.4.8; http://mj12bot.com/)"
145.239.65.226 - - [20/May/2025:10:51:44 +0700] "GET /core/vendor/symfony/polyfill-php72/LICENSE HTTP/1.1" 200 - "-" "Mozilla/5.0 (compatible; MJ12bot/v1.4.8; http://mj12bot.com/)"
145.239.65.226 - - [20/May/2025:10:51:48 +0700] "GET /core/vendor/symfony/polyfill-php72/Php72.php HTTP/1.1" 200 - "-" "Mozilla/5.0 (compatible; MJ12bot/v1.4.8; http://mj12bot.com/)"
145.239.65.226 - - [20/May/2025:10:51:51 +0700] "GET /core/vendor/symfony/polyfill-php72/bootstrap.php HTTP/1.1" 200 - "-" "Mozilla/5.0 (compatible; MJ12bot/v1.4.8; http://mj12bot.com/)"
145.239.65.226 - - [20/May/2025:10:51:54 +0700] "GET /core/vendor/symfony/polyfill-php72/composer.json HTTP/1.1" 200 1330 "-" "Mozilla/5.0 (compatible; MJ12bot/v1.4.8; http://mj12bot.com/)"
145.239.65.226 - - [20/May/2025:10:51:58 +0700] "GET /core/vendor/symfony/polyfill-php73/?C=D;O=A HTTP/1.1" 200 1570 "-" "Mozilla/5.0 (compatible; MJ12bot/v1.4.8; http://mj12bot.com/)"
145.239.65.226 - - [20/May/2025:10:52:01 +0700] "GET /core/vendor/symfony/polyfill-php73/?C=M;O=A HTTP/1.1" 200 1570 "-" "Mozilla/5.0 (compatible; MJ12bot/v1.4.8; http://mj12bot.com/)"
145.239.65.226 - - [20/May/2025:10:52:05 +0700] "GET /core/vendor/symfony/polyfill-php73/?C=N;O=D HTTP/1.1" 200 1570 "-" "Mozilla/5.0 (compatible; MJ12bot/v1.4.8; http://mj12bot.com/)"
145.239.65.226 - - [20/May/2025:10:52:08 +0700] "GET /core/vendor/symfony/polyfill-php73/?C=S;O=A HTTP/1.1" 200 1570 "-" "Mozilla/5.0 (compatible; MJ12bot/v1.4.8; http://mj12bot.com/)"
145.239.65.226 - - [20/May/2025:10:52:12 +0700] "GET /core/vendor/symfony/polyfill-php73/LICENSE HTTP/1.1" 200 1065 "-" "Mozilla/5.0 (compatible; MJ12bot/v1.4.8; http://mj12bot.com/)"
145.239.65.226 - - [20/May/2025:10:52:15 +0700] "GET /core/vendor/symfony/polyfill-php73/Php73.php HTTP/1.1" 200 - "-" "Mozilla/5.0 (compatible; MJ12bot/v1.4.8; http://mj12bot.com/)"
