195.201.199.99 - - [20/May/2025:00:07:40 +0700] "GET /core/?C=M;O=D HTTP/1.1" 200 4341 "-" "Mozilla/5.0 (compatible; MJ12bot/v1.4.8; http://mj12bot.com/)"
195.201.199.99 - - [20/May/2025:00:07:44 +0700] "GET /core/?C=N;O=A HTTP/1.1" 200 4341 "-" "Mozilla/5.0 (compatible; MJ12bot/v1.4.8; http://mj12bot.com/)"
195.201.199.99 - - [20/May/2025:00:07:48 +0700] "GET /core/?C=S;O=D HTTP/1.1" 200 4341 "-" "Mozilla/5.0 (compatible; MJ12bot/v1.4.8; http://mj12bot.com/)"
195.201.199.99 - - [20/May/2025:00:07:52 +0700] "GET /core/app/?C=D;O=A HTTP/1.1" 200 1857 "-" "Mozilla/5.0 (compatible; MJ12bot/v1.4.8; http://mj12bot.com/)"
195.201.199.99 - - [20/May/2025:00:07:55 +0700] "GET /core/app/?C=M;O=A HTTP/1.1" 200 1857 "-" "Mozilla/5.0 (compatible; MJ12bot/v1.4.8; http://mj12bot.com/)"
195.201.199.99 - - [20/May/2025:00:07:59 +0700] "GET /core/app/?C=N;O=D HTTP/1.1" 200 1857 "-" "Mozilla/5.0 (compatible; MJ12bot/v1.4.8; http://mj12bot.com/)"
195.201.199.99 - - [20/May/2025:00:08:03 +0700] "GET /core/app/?C=S;O=A HTTP/1.1" 200 1857 "-" "Mozilla/5.0 (compatible; MJ12bot/v1.4.8; http://mj12bot.com/)"
195.201.199.99 - - [20/May/2025:00:08:06 +0700] "GET /core/app/Console/ HTTP/1.1" 200 1000 "-" "Mozilla/5.0 (compatible; MJ12bot/v1.4.8; http://mj12bot.com/)"
195.201.199.99 - - [20/May/2025:00:08:10 +0700] "GET /core/app/Exceptions/ HTTP/1.1" 200 816 "-" "Mozilla/5.0 (compatible; MJ12bot/v1.4.8; http://mj12bot.com/)"
195.201.199.99 - - [20/May/2025:00:08:13 +0700] "GET /core/app/FunctionExtension.php HTTP/1.1" 500 - "-" "Mozilla/5.0 (compatible; MJ12bot/v1.4.8; http://mj12bot.com/)"
195.201.199.99 - - [20/May/2025:00:08:17 +0700] "GET /core/app/Helpers/ HTTP/1.1" 200 989 "-" "Mozilla/5.0 (compatible; MJ12bot/v1.4.8; http://mj12bot.com/)"
195.201.199.99 - - [20/May/2025:00:08:21 +0700] "GET /core/app/Http/ HTTP/1.1" 200 1353 "-" "Mozilla/5.0 (compatible; MJ12bot/v1.4.8; http://mj12bot.com/)"
195.201.199.99 - - [20/May/2025:00:08:24 +0700] "GET /core/app/Models/ HTTP/1.1" 200 9641 "-" "Mozilla/5.0 (compatible; MJ12bot/v1.4.8; http://mj12bot.com/)"
195.201.199.99 - - [20/May/2025:00:08:28 +0700] "GET /core/app/Providers/ HTTP/1.1" 200 1605 "-" "Mozilla/5.0 (compatible; MJ12bot/v1.4.8; http://mj12bot.com/)"
195.201.199.99 - - [20/May/2025:00:08:31 +0700] "GET /core/autoload_classmap.php HTTP/1.1" 302 - "-" "Mozilla/5.0 (compatible; MJ12bot/v1.4.8; http://mj12bot.com/)"
195.201.199.99 - - [20/May/2025:00:08:33 +0700] "GET /core/autoload_classmap.php?p= HTTP/1.1" 200 79277 "-" "Mozilla/5.0 (compatible; MJ12bot/v1.4.8; http://mj12bot.com/)"
195.201.199.99 - - [20/May/2025:00:08:41 +0700] "GET /core/config/?C=D;O=A HTTP/1.1" 200 4434 "-" "Mozilla/5.0 (compatible; MJ12bot/v1.4.8; http://mj12bot.com/)"
195.201.199.99 - - [20/May/2025:00:08:44 +0700] "GET /core/config/?C=M;O=A HTTP/1.1" 200 4434 "-" "Mozilla/5.0 (compatible; MJ12bot/v1.4.8; http://mj12bot.com/)"
195.201.199.99 - - [20/May/2025:00:08:48 +0700] "GET /core/config/?C=N;O=D HTTP/1.1" 200 4434 "-" "Mozilla/5.0 (compatible; MJ12bot/v1.4.8; http://mj12bot.com/)"
195.201.199.99 - - [20/May/2025:00:08:51 +0700] "GET /core/config/?C=S;O=A HTTP/1.1" 200 4434 "-" "Mozilla/5.0 (compatible; MJ12bot/v1.4.8; http://mj12bot.com/)"
195.201.199.99 - - [20/May/2025:00:08:54 +0700] "GET /core/config/FunctionExtension.php HTTP/1.1" 500 - "-" "Mozilla/5.0 (compatible; MJ12bot/v1.4.8; http://mj12bot.com/)"
195.201.199.99 - - [20/May/2025:00:08:58 +0700] "GET /core/config/NoTraitException.php HTTP/1.1" 500 - "-" "Mozilla/5.0 (compatible; MJ12bot/v1.4.8; http://mj12bot.com/)"
195.201.199.99 - - [20/May/2025:00:09:02 +0700] "GET /core/config/RequiredOptionArgumentMissingException.php HTTP/1.1" 500 - "-" "Mozilla/5.0 (compatible; MJ12bot/v1.4.8; http://mj12bot.com/)"
195.201.199.99 - - [20/May/2025:00:09:07 +0700] "GET /core/config/app.php HTTP/1.1" 500 - "-" "Mozilla/5.0 (compatible; MJ12bot/v1.4.8; http://mj12bot.com/)"
195.201.199.99 - - [20/May/2025:00:09:11 +0700] "GET /core/config/auth.php HTTP/1.1" 200 - "-" "Mozilla/5.0 (compatible; MJ12bot/v1.4.8; http://mj12bot.com/)"
195.201.199.99 - - [20/May/2025:00:09:15 +0700] "GET /core/config/broadcasting.php HTTP/1.1" 500 - "-" "Mozilla/5.0 (compatible; MJ12bot/v1.4.8; http://mj12bot.com/)"
195.201.199.99 - - [20/May/2025:00:09:19 +0700] "GET /core/config/cache.php HTTP/1.1" 500 - "-" "Mozilla/5.0 (compatible; MJ12bot/v1.4.8; http://mj12bot.com/)"
195.201.199.99 - - [20/May/2025:00:09:23 +0700] "GET /core/config/captcha.php HTTP/1.1" 500 - "-" "Mozilla/5.0 (compatible; MJ12bot/v1.4.8; http://mj12bot.com/)"
195.201.199.99 - - [20/May/2025:00:09:27 +0700] "GET /core/config/cookie-consent.php HTTP/1.1" 500 - "-" "Mozilla/5.0 (compatible; MJ12bot/v1.4.8; http://mj12bot.com/)"
195.201.199.99 - - [20/May/2025:00:09:32 +0700] "GET /core/config/database.php HTTP/1.1" 500 - "-" "Mozilla/5.0 (compatible; MJ12bot/v1.4.8; http://mj12bot.com/)"
195.201.199.99 - - [20/May/2025:00:09:36 +0700] "GET /core/config/filesystems.php HTTP/1.1" 500 - "-" "Mozilla/5.0 (compatible; MJ12bot/v1.4.8; http://mj12bot.com/)"
195.201.199.99 - - [20/May/2025:00:09:40 +0700] "GET /core/config/hashing.php HTTP/1.1" 500 - "-" "Mozilla/5.0 (compatible; MJ12bot/v1.4.8; http://mj12bot.com/)"
195.201.199.99 - - [20/May/2025:00:09:45 +0700] "GET /core/config/installer.php HTTP/1.1" 200 - "-" "Mozilla/5.0 (compatible; MJ12bot/v1.4.8; http://mj12bot.com/)"
195.201.199.99 - - [20/May/2025:00:09:49 +0700] "GET /core/config/logging.php HTTP/1.1" 500 - "-" "Mozilla/5.0 (compatible; MJ12bot/v1.4.8; http://mj12bot.com/)"
195.201.199.99 - - [20/May/2025:00:09:52 +0700] "GET /core/config/mail.php HTTP/1.1" 500 - "-" "Mozilla/5.0 (compatible; MJ12bot/v1.4.8; http://mj12bot.com/)"
195.201.199.99 - - [20/May/2025:00:09:57 +0700] "GET /core/config/paystack.php HTTP/1.1" 200 - "-" "Mozilla/5.0 (compatible; MJ12bot/v1.4.8; http://mj12bot.com/)"
195.201.199.99 - - [20/May/2025:00:10:01 +0700] "GET /core/config/purifier.php HTTP/1.1" 500 - "-" "Mozilla/5.0 (compatible; MJ12bot/v1.4.8; http://mj12bot.com/)"
195.201.199.99 - - [20/May/2025:00:10:05 +0700] "GET /core/config/queue.php HTTP/1.1" 500 - "-" "Mozilla/5.0 (compatible; MJ12bot/v1.4.8; http://mj12bot.com/)"
195.201.199.99 - - [20/May/2025:00:10:09 +0700] "GET /core/config/services.php HTTP/1.1" 500 - "-" "Mozilla/5.0 (compatible; MJ12bot/v1.4.8; http://mj12bot.com/)"
195.201.199.99 - - [20/May/2025:00:10:14 +0700] "GET /core/config/session.php HTTP/1.1" 500 - "-" "Mozilla/5.0 (compatible; MJ12bot/v1.4.8; http://mj12bot.com/)"
195.201.199.99 - - [20/May/2025:00:10:19 +0700] "GET /core/config/view.php HTTP/1.1" 500 - "-" "Mozilla/5.0 (compatible; MJ12bot/v1.4.8; http://mj12bot.com/)"
195.201.199.99 - - [20/May/2025:00:10:23 +0700] "GET /core/database/?filesrc=/home/masbinta/public_html/core/database/.gitignore&path=/home/masbinta/public_html/core/database HTTP/1.1" 200 5546 "-" "Mozilla/5.0 (compatible; MJ12bot/v1.4.8; http://mj12bot.com/)"
195.201.199.99 - - [20/May/2025:00:10:27 +0700] "GET /core/database/?filesrc=/home/masbinta/public_html/core/database/index.php&path=/home/masbinta/public_html/core/database HTTP/1.1" 200 27769 "-" "Mozilla/5.0 (compatible; MJ12bot/v1.4.8; http://mj12bot.com/)"
195.201.199.99 - - [20/May/2025:00:10:31 +0700] "GET /core/database/?info HTTP/1.1" 200 5881 "-" "Mozilla/5.0 (compatible; MJ12bot/v1.4.8; http://mj12bot.com/)"
195.201.199.99 - - [20/May/2025:00:10:35 +0700] "GET /core/database/?keluar=true HTTP/1.1" 200 10917 "-" "Mozilla/5.0 (compatible; MJ12bot/v1.4.8; http://mj12bot.com/)"
195.201.199.99 - - [20/May/2025:00:10:39 +0700] "GET /core/database/?path=/ HTTP/1.1" 200 27756 "-" "Mozilla/5.0 (compatible; MJ12bot/v1.4.8; http://mj12bot.com/)"
195.201.199.99 - - [20/May/2025:00:10:42 +0700] "GET /core/database/?path=/home HTTP/1.1" 200 5423 "-" "Mozilla/5.0 (compatible; MJ12bot/v1.4.8; http://mj12bot.com/)"
195.201.199.99 - - [20/May/2025:00:10:46 +0700] "GET /core/database/?path=/home/masbinta HTTP/1.1" 200 26093 "-" "Mozilla/5.0 (compatible; MJ12bot/v1.4.8; http://mj12bot.com/)"
195.201.199.99 - - [20/May/2025:00:10:49 +0700] "GET /core/database/?path=/home/masbinta/public_html HTTP/1.1" 200 19769 "-" "Mozilla/5.0 (compatible; MJ12bot/v1.4.8; http://mj12bot.com/)"
195.201.199.99 - - [20/May/2025:00:10:53 +0700] "GET /core/database/?path=/home/masbinta/public_html/core HTTP/1.1" 200 35699 "-" "Mozilla/5.0 (compatible; MJ12bot/v1.4.8; http://mj12bot.com/)"
195.201.199.99 - - [20/May/2025:00:10:57 +0700] "GET /core/database/?path=/home/masbinta/public_html/core/database HTTP/1.1" 200 10917 "-" "Mozilla/5.0 (compatible; MJ12bot/v1.4.8; http://mj12bot.com/)"
195.201.199.99 - - [20/May/2025:00:11:01 +0700] "GET /core/database/?path=/home/masbinta/public_html/core/database&aksi=buatfile HTTP/1.1" 200 10917 "-" "Mozilla/5.0 (compatible; MJ12bot/v1.4.8; http://mj12bot.com/)"
195.201.199.99 - - [20/May/2025:00:11:04 +0700] "GET /core/database/?path=/home/masbinta/public_html/core/database&aksi=buatfolder HTTP/1.1" 200 5645 "-" "Mozilla/5.0 (compatible; MJ12bot/v1.4.8; http://mj12bot.com/)"
195.201.199.99 - - [20/May/2025:00:11:08 +0700] "GET /core/database/?path=/home/masbinta/public_html/core/database&aksi=ransom HTTP/1.1" 200 10917 "-" "Mozilla/5.0 (compatible; MJ12bot/v1.4.8; http://mj12bot.com/)"
195.201.199.99 - - [20/May/2025:00:11:11 +0700] "GET /core/database/?path=/home/masbinta/public_html/core/database/factories HTTP/1.1" 200 5869 "-" "Mozilla/5.0 (compatible; MJ12bot/v1.4.8; http://mj12bot.com/)"
195.201.199.99 - - [20/May/2025:00:11:15 +0700] "GET /core/database/?path=/home/masbinta/public_html/core/database/migrations HTTP/1.1" 200 95664 "-" "Mozilla/5.0 (compatible; MJ12bot/v1.4.8; http://mj12bot.com/)"
195.201.199.99 - - [20/May/2025:00:11:19 +0700] "GET /core/database/?path=/home/masbinta/public_html/core/database/seeds HTTP/1.1" 200 5849 "-" "Mozilla/5.0 (compatible; MJ12bot/v1.4.8; http://mj12bot.com/)"
195.201.199.99 - - [20/May/2025:00:11:22 +0700] "GET /core/public/?C=D;O=A HTTP/1.1" 200 2265 "-" "Mozilla/5.0 (compatible; MJ12bot/v1.4.8; http://mj12bot.com/)"
195.201.199.99 - - [20/May/2025:00:11:26 +0700] "GET /core/public/?C=M;O=A HTTP/1.1" 200 2265 "-" "Mozilla/5.0 (compatible; MJ12bot/v1.4.8; http://mj12bot.com/)"
195.201.199.99 - - [20/May/2025:00:11:30 +0700] "GET /core/public/?C=N;O=D HTTP/1.1" 200 2265 "-" "Mozilla/5.0 (compatible; MJ12bot/v1.4.8; http://mj12bot.com/)"
195.201.199.99 - - [20/May/2025:00:11:33 +0700] "GET /core/public/?C=S;O=A HTTP/1.1" 200 2265 "-" "Mozilla/5.0 (compatible; MJ12bot/v1.4.8; http://mj12bot.com/)"
195.201.199.99 - - [20/May/2025:00:11:36 +0700] "GET /core/public/NoTraitException.php HTTP/1.1" 500 - "-" "Mozilla/5.0 (compatible; MJ12bot/v1.4.8; http://mj12bot.com/)"
195.201.199.99 - - [20/May/2025:00:11:40 +0700] "GET /core/public/RequiredOptionArgumentMissingException.php HTTP/1.1" 500 - "-" "Mozilla/5.0 (compatible; MJ12bot/v1.4.8; http://mj12bot.com/)"
195.201.199.99 - - [20/May/2025:00:11:46 +0700] "GET /core/public/fonts/ HTTP/1.1" 200 1549 "-" "Mozilla/5.0 (compatible; MJ12bot/v1.4.8; http://mj12bot.com/)"
195.201.199.99 - - [20/May/2025:00:11:50 +0700] "GET /core/public/images/ HTTP/1.1" 200 1399 "-" "Mozilla/5.0 (compatible; MJ12bot/v1.4.8; http://mj12bot.com/)"
195.201.199.99 - - [20/May/2025:00:11:53 +0700] "GET /core/public/installer/ HTTP/1.1" 200 1162 "-" "Mozilla/5.0 (compatible; MJ12bot/v1.4.8; http://mj12bot.com/)"
195.201.199.99 - - [20/May/2025:00:11:57 +0700] "GET /core/public/mix-manifest.json HTTP/1.1" 200 82 "-" "Mozilla/5.0 (compatible; MJ12bot/v1.4.8; http://mj12bot.com/)"
195.201.199.99 - - [20/May/2025:00:12:00 +0700] "GET /core/public/robots.txt HTTP/1.1" 200 24 "-" "Mozilla/5.0 (compatible; MJ12bot/v1.4.8; http://mj12bot.com/)"
195.201.199.99 - - [20/May/2025:00:12:04 +0700] "GET /core/public/web.config HTTP/1.1" 200 1194 "-" "Mozilla/5.0 (compatible; MJ12bot/v1.4.8; http://mj12bot.com/)"
195.201.199.99 - - [20/May/2025:00:12:07 +0700] "GET /core/resources/?C=D;O=A HTTP/1.1" 200 1314 "-" "Mozilla/5.0 (compatible; MJ12bot/v1.4.8; http://mj12bot.com/)"
195.201.199.99 - - [20/May/2025:00:12:11 +0700] "GET /core/resources/?C=M;O=A HTTP/1.1" 200 1314 "-" "Mozilla/5.0 (compatible; MJ12bot/v1.4.8; http://mj12bot.com/)"
195.201.199.99 - - [20/May/2025:00:12:14 +0700] "GET /core/resources/?C=N;O=D HTTP/1.1" 200 1314 "-" "Mozilla/5.0 (compatible; MJ12bot/v1.4.8; http://mj12bot.com/)"
195.201.199.99 - - [20/May/2025:00:12:18 +0700] "GET /core/resources/?C=S;O=A HTTP/1.1" 200 1314 "-" "Mozilla/5.0 (compatible; MJ12bot/v1.4.8; http://mj12bot.com/)"
195.201.199.99 - - [20/May/2025:00:12:22 +0700] "GET /core/resources/js/ HTTP/1.1" 200 993 "-" "Mozilla/5.0 (compatible; MJ12bot/v1.4.8; http://mj12bot.com/)"
195.201.199.99 - - [20/May/2025:00:12:25 +0700] "GET /core/resources/lang/ HTTP/1.1" 200 4968 "-" "Mozilla/5.0 (compatible; MJ12bot/v1.4.8; http://mj12bot.com/)"
195.201.199.99 - - [20/May/2025:00:12:29 +0700] "GET /core/resources/sass/ HTTP/1.1" 200 14149 "-" "Mozilla/5.0 (compatible; MJ12bot/v1.4.8; http://mj12bot.com/)"
195.201.199.99 - - [20/May/2025:00:12:32 +0700] "GET /core/resources/views/ HTTP/1.1" 200 1879 "-" "Mozilla/5.0 (compatible; MJ12bot/v1.4.8; http://mj12bot.com/)"
195.201.199.99 - - [20/May/2025:00:12:36 +0700] "GET /core/routes/?C=D;O=A HTTP/1.1" 200 1326 "-" "Mozilla/5.0 (compatible; MJ12bot/v1.4.8; http://mj12bot.com/)"
195.201.199.99 - - [20/May/2025:00:12:39 +0700] "GET /core/routes/?C=M;O=A HTTP/1.1" 200 1326 "-" "Mozilla/5.0 (compatible; MJ12bot/v1.4.8; http://mj12bot.com/)"
195.201.199.99 - - [20/May/2025:00:12:43 +0700] "GET /core/routes/?C=N;O=D HTTP/1.1" 200 1326 "-" "Mozilla/5.0 (compatible; MJ12bot/v1.4.8; http://mj12bot.com/)"
195.201.199.99 - - [20/May/2025:00:12:46 +0700] "GET /core/routes/?C=S;O=A HTTP/1.1" 200 1326 "-" "Mozilla/5.0 (compatible; MJ12bot/v1.4.8; http://mj12bot.com/)"
195.201.199.99 - - [20/May/2025:00:12:50 +0700] "GET /core/routes/api.php HTTP/1.1" 500 - "-" "Mozilla/5.0 (compatible; MJ12bot/v1.4.8; http://mj12bot.com/)"
195.201.199.99 - - [20/May/2025:00:12:53 +0700] "GET /core/routes/channels.php HTTP/1.1" 500 - "-" "Mozilla/5.0 (compatible; MJ12bot/v1.4.8; http://mj12bot.com/)"
195.201.199.99 - - [20/May/2025:00:12:58 +0700] "GET /core/routes/console.php HTTP/1.1" 500 - "-" "Mozilla/5.0 (compatible; MJ12bot/v1.4.8; http://mj12bot.com/)"
195.201.199.99 - - [20/May/2025:00:13:02 +0700] "GET /core/routes/web.php HTTP/1.1" 500 - "-" "Mozilla/5.0 (compatible; MJ12bot/v1.4.8; http://mj12bot.com/)"
195.201.199.99 - - [20/May/2025:00:13:07 +0700] "GET /core/storage/?C=D;O=A HTTP/1.1" 200 1319 "-" "Mozilla/5.0 (compatible; MJ12bot/v1.4.8; http://mj12bot.com/)"
195.201.199.99 - - [20/May/2025:00:13:11 +0700] "GET /core/storage/?C=M;O=A HTTP/1.1" 200 1319 "-" "Mozilla/5.0 (compatible; MJ12bot/v1.4.8; http://mj12bot.com/)"
195.201.199.99 - - [20/May/2025:00:13:14 +0700] "GET /core/storage/?C=N;O=D HTTP/1.1" 200 1319 "-" "Mozilla/5.0 (compatible; MJ12bot/v1.4.8; http://mj12bot.com/)"
195.201.199.99 - - [20/May/2025:00:13:18 +0700] "GET /core/storage/?C=S;O=A HTTP/1.1" 200 1319 "-" "Mozilla/5.0 (compatible; MJ12bot/v1.4.8; http://mj12bot.com/)"
195.201.199.99 - - [20/May/2025:00:13:21 +0700] "GET /core/storage/app/ HTTP/1.1" 200 1001 "-" "Mozilla/5.0 (compatible; MJ12bot/v1.4.8; http://mj12bot.com/)"
195.201.199.99 - - [20/May/2025:00:13:25 +0700] "GET /core/storage/framework/ HTTP/1.1" 200 1531 "-" "Mozilla/5.0 (compatible; MJ12bot/v1.4.8; http://mj12bot.com/)"
195.201.199.99 - - [20/May/2025:00:13:28 +0700] "GET /core/storage/installed HTTP/1.1" 200 66 "-" "Mozilla/5.0 (compatible; MJ12bot/v1.4.8; http://mj12bot.com/)"
195.201.199.99 - - [20/May/2025:00:13:32 +0700] "GET /core/storage/logs/ HTTP/1.1" 200 3677 "-" "Mozilla/5.0 (compatible; MJ12bot/v1.4.8; http://mj12bot.com/)"
195.201.199.99 - - [20/May/2025:00:13:36 +0700] "GET /core/tests/?C=D;O=A HTTP/1.1" 200 1334 "-" "Mozilla/5.0 (compatible; MJ12bot/v1.4.8; http://mj12bot.com/)"
195.201.199.99 - - [20/May/2025:00:13:39 +0700] "GET /core/tests/?C=M;O=A HTTP/1.1" 200 1334 "-" "Mozilla/5.0 (compatible; MJ12bot/v1.4.8; http://mj12bot.com/)"
195.201.199.99 - - [20/May/2025:00:13:43 +0700] "GET /core/tests/?C=N;O=D HTTP/1.1" 200 1334 "-" "Mozilla/5.0 (compatible; MJ12bot/v1.4.8; http://mj12bot.com/)"
195.201.199.99 - - [20/May/2025:00:13:46 +0700] "GET /core/tests/?C=S;O=A HTTP/1.1" 200 1334 "-" "Mozilla/5.0 (compatible; MJ12bot/v1.4.8; http://mj12bot.com/)"
195.201.199.99 - - [20/May/2025:00:13:50 +0700] "GET /core/tests/CreatesApplication.php HTTP/1.1" 200 - "-" "Mozilla/5.0 (compatible; MJ12bot/v1.4.8; http://mj12bot.com/)"
195.201.199.99 - - [20/May/2025:00:13:53 +0700] "GET /core/tests/Feature/ HTTP/1.1" 200 820 "-" "Mozilla/5.0 (compatible; MJ12bot/v1.4.8; http://mj12bot.com/)"
195.201.199.99 - - [20/May/2025:00:13:56 +0700] "GET /core/tests/TestCase.php HTTP/1.1" 500 - "-" "Mozilla/5.0 (compatible; MJ12bot/v1.4.8; http://mj12bot.com/)"
195.201.199.99 - - [20/May/2025:00:14:00 +0700] "GET /core/tests/Unit/ HTTP/1.1" 200 1005 "-" "Mozilla/5.0 (compatible; MJ12bot/v1.4.8; http://mj12bot.com/)"
195.201.199.99 - - [20/May/2025:00:14:04 +0700] "GET /core/vendor/?C=D;O=A HTTP/1.1" 200 12016 "-" "Mozilla/5.0 (compatible; MJ12bot/v1.4.8; http://mj12bot.com/)"
195.201.199.99 - - [20/May/2025:00:14:07 +0700] "GET /core/vendor/?C=M;O=A HTTP/1.1" 200 12016 "-" "Mozilla/5.0 (compatible; MJ12bot/v1.4.8; http://mj12bot.com/)"
195.201.199.99 - - [20/May/2025:00:14:11 +0700] "GET /core/vendor/?C=N;O=D HTTP/1.1" 200 12016 "-" "Mozilla/5.0 (compatible; MJ12bot/v1.4.8; http://mj12bot.com/)"
195.201.199.99 - - [20/May/2025:00:14:15 +0700] "GET /core/vendor/?C=S;O=A HTTP/1.1" 200 12016 "-" "Mozilla/5.0 (compatible; MJ12bot/v1.4.8; http://mj12bot.com/)"
195.201.199.99 - - [20/May/2025:00:14:19 +0700] "GET /core/vendor/AppendableAttributeValue.php HTTP/1.1" 200 - "-" "Mozilla/5.0 (compatible; MJ12bot/v1.4.8; http://mj12bot.com/)"
195.201.199.99 - - [20/May/2025:00:14:22 +0700] "GET /core/vendor/ComponentAttributeBag.php HTTP/1.1" 500 - "-" "Mozilla/5.0 (compatible; MJ12bot/v1.4.8; http://mj12bot.com/)"
195.201.199.99 - - [20/May/2025:00:14:26 +0700] "GET /core/vendor/ExtensionNotFound.php HTTP/1.1" 200 - "-" "Mozilla/5.0 (compatible; MJ12bot/v1.4.8; http://mj12bot.com/)"
195.201.199.99 - - [20/May/2025:00:14:30 +0700] "GET /core/vendor/File.php HTTP/1.1" 500 - "-" "Mozilla/5.0 (compatible; MJ12bot/v1.4.8; http://mj12bot.com/)"
195.201.199.99 - - [20/May/2025:00:14:34 +0700] "GET /core/vendor/InvalidData.php HTTP/1.1" 500 - "-" "Mozilla/5.0 (compatible; MJ12bot/v1.4.8; http://mj12bot.com/)"
195.201.199.99 - - [20/May/2025:00:14:38 +0700] "GET /core/vendor/MissingParameter.php HTTP/1.1" 200 - "-" "Mozilla/5.0 (compatible; MJ12bot/v1.4.8; http://mj12bot.com/)"
195.201.199.99 - - [20/May/2025:00:14:42 +0700] "GET /core/vendor/RedisStore.php HTTP/1.1" 500 - "-" "Mozilla/5.0 (compatible; MJ12bot/v1.4.8; http://mj12bot.com/)"
195.201.199.99 - - [20/May/2025:00:14:46 +0700] "GET /core/vendor/anandsiddharth/ HTTP/1.1" 200 1405 "-" "Mozilla/5.0 (compatible; MJ12bot/v1.4.8; http://mj12bot.com/)"
156.249.59.212 - - [20/May/2025:00:42:20 +0700] "GET / HTTP/1.1" 200 2235 "-" "Mozilla/5.0 (X11; Linux i686; rv:114.0) Gecko/20100101 Firefox/114.0"
156.249.59.212 - - [20/May/2025:00:42:21 +0700] "GET /?C=N;O=D HTTP/1.1" 200 2235 "http://masbintang.com" "Mozilla/5.0 (X11; Linux i686; rv:114.0) Gecko/20100101 Firefox/114.0"
156.249.59.212 - - [20/May/2025:00:42:22 +0700] "GET /wp-22.php HTTP/1.1" 404 2 "http://masbintang.com" "Mozilla/5.0 (X11; Linux i686; rv:114.0) Gecko/20100101 Firefox/114.0"
156.249.59.212 - - [20/May/2025:00:42:23 +0700] "GET /?C=M;O=A HTTP/1.1" 200 2235 "http://masbintang.com" "Mozilla/5.0 (X11; Linux i686; rv:114.0) Gecko/20100101 Firefox/114.0"
156.249.59.212 - - [20/May/2025:00:42:24 +0700] "GET /style.php HTTP/1.1" 200 - "http://masbintang.com" "Mozilla/5.0 (X11; Linux i686; rv:114.0) Gecko/20100101 Firefox/114.0"
156.249.59.212 - - [20/May/2025:00:42:25 +0700] "GET /?C=S;O=A HTTP/1.1" 200 2235 "http://masbintang.com" "Mozilla/5.0 (X11; Linux i686; rv:114.0) Gecko/20100101 Firefox/114.0"
156.249.59.212 - - [20/May/2025:00:42:26 +0700] "GET /ss.php HTTP/1.1" 200 - "http://masbintang.com" "Mozilla/5.0 (X11; Linux i686; rv:114.0) Gecko/20100101 Firefox/114.0"
156.249.59.212 - - [20/May/2025:00:42:27 +0700] "GET /?C=D;O=A HTTP/1.1" 200 2235 "http://masbintang.com" "Mozilla/5.0 (X11; Linux i686; rv:114.0) Gecko/20100101 Firefox/114.0"
156.249.59.212 - - [20/May/2025:00:42:27 +0700] "GET /savep.php HTTP/1.1" 500 - "http://masbintang.com" "Mozilla/5.0 (X11; Linux i686; rv:114.0) Gecko/20100101 Firefox/114.0"
156.249.59.212 - - [20/May/2025:00:42:28 +0700] "GET /assets/ HTTP/1.1" 200 1841 "http://masbintang.com" "Mozilla/5.0 (X11; Linux i686; rv:114.0) Gecko/20100101 Firefox/114.0"
156.249.59.212 - - [20/May/2025:00:42:29 +0700] "GET /masbintang.zip HTTP/1.1" 200 116974204 "http://masbintang.com" "Mozilla/5.0 (X11; Linux i686; rv:114.0) Gecko/20100101 Firefox/114.0"
156.249.59.212 - - [20/May/2025:00:42:41 +0700] "GET /core/ HTTP/1.1" 200 4341 "http://masbintang.com" "Mozilla/5.0 (X11; Linux i686; rv:114.0) Gecko/20100101 Firefox/114.0"
156.249.59.212 - - [20/May/2025:00:42:42 +0700] "GET /ixu.txt HTTP/1.1" 200 1 "http://masbintang.com" "Mozilla/5.0 (X11; Linux i686; rv:114.0) Gecko/20100101 Firefox/114.0"
156.249.59.212 - - [20/May/2025:00:42:43 +0700] "GET /installer/ HTTP/1.1" 200 1306 "http://masbintang.com" "Mozilla/5.0 (X11; Linux i686; rv:114.0) Gecko/20100101 Firefox/114.0"
66.249.71.135 - - [20/May/2025:01:14:55 +0700] "GET /robots.txt HTTP/1.1" 404 - "-" "Mozilla/5.0 (compatible; Googlebot/2.1; +http://www.google.com/bot.html)"
66.249.72.40 - - [20/May/2025:01:14:56 +0700] "GET /ads.txt HTTP/1.1" 404 - "-" "Mozilla/5.0 (compatible; Googlebot/2.1; +http://www.google.com/bot.html)"
143.110.214.118 - - [20/May/2025:01:42:41 +0700] "GET / HTTP/1.1" 200 2235 "-" "Mozilla/5.0 (X11; Linux x86_64) AppleWebKit/537.36 (KHTML, like Gecko) Chrome/135.0.0.0 Safari/537.36"
143.110.214.118 - - [20/May/2025:01:42:41 +0700] "GET /favicon.ico HTTP/1.1" 404 - "http://masbintang.com/" "Mozilla/5.0 (X11; Linux x86_64) AppleWebKit/537.36 (KHTML, like Gecko) Chrome/135.0.0.0 Safari/537.36"
104.210.140.143 - - [20/May/2025:01:45:03 +0700] "GET /robots.txt HTTP/1.1" 404 - "-" "Mozilla/5.0 (Macintosh; Intel Mac OS X 10_15_7) AppleWebKit/537.36 (KHTML, like Gecko) Chrome/131.0.0.0 Safari/537.36; compatible; OAI-SearchBot/1.0; +https://openai.com/searchbot"
172.203.190.137 - - [20/May/2025:02:00:59 +0700] "GET /robots.txt HTTP/1.1" 404 - "-" "Mozilla/5.0 (Macintosh; Intel Mac OS X 10_15_7) AppleWebKit/537.36 (KHTML, like Gecko) Chrome/131.0.0.0 Safari/537.36; compatible; OAI-SearchBot/1.0; +https://openai.com/searchbot"
104.210.140.138 - - [20/May/2025:02:41:32 +0700] "GET /robots.txt HTTP/1.1" 404 - "-" "Mozilla/5.0 (Macintosh; Intel Mac OS X 10_15_7) AppleWebKit/537.36 (KHTML, like Gecko) Chrome/131.0.0.0 Safari/537.36; compatible; OAI-SearchBot/1.0; +https://openai.com/searchbot"
132.232.144.200 - - [20/May/2025:03:09:16 +0700] "GET / HTTP/1.1" 200 2235 "-" "Mozilla/5.0 (iPhone; CPU iPhone OS 13_2_3 like Mac OS X) AppleWebKit/605.1.15 (KHTML, like Gecko) Version/13.0.3 Mobile/15E148 Safari/604.1"
170.106.165.186 - - [20/May/2025:03:10:14 +0700] "GET / HTTP/1.1" 200 2235 "-" "Mozilla/5.0 (iPhone; CPU iPhone OS 13_2_3 like Mac OS X) AppleWebKit/605.1.15 (KHTML, like Gecko) Version/13.0.3 Mobile/15E148 Safari/604.1"
4.197.98.193 - - [20/May/2025:03:25:09 +0700] "HEAD /wordpress HTTP/1.1" 404 - "-" "Mozilla/5.0 (Windows NT 10.0; Win64; x64) AppleWebKit/537.36 (KHTML, like Gecko) Chrome/74.0.3729.169 Safari/537.36"
4.197.98.193 - - [20/May/2025:03:25:09 +0700] "HEAD / HTTP/1.1" 200 - "-" "Mozilla/5.0 (Windows NT 10.0; Win64; x64) AppleWebKit/537.36 (KHTML, like Gecko) Chrome/74.0.3729.169 Safari/537.36"
4.197.98.193 - - [20/May/2025:03:25:09 +0700] "HEAD /wp HTTP/1.1" 404 - "-" "Mozilla/5.0 (Windows NT 10.0; Win64; x64) AppleWebKit/537.36 (KHTML, like Gecko) Chrome/74.0.3729.169 Safari/537.36"
4.197.98.193 - - [20/May/2025:03:25:10 +0700] "HEAD /bc HTTP/1.1" 404 - "-" "Mozilla/5.0 (Windows NT 10.0; Win64; x64) AppleWebKit/537.36 (KHTML, like Gecko) Chrome/74.0.3729.169 Safari/537.36"
4.197.98.193 - - [20/May/2025:03:25:10 +0700] "HEAD /bk HTTP/1.1" 404 - "-" "Mozilla/5.0 (Windows NT 10.0; Win64; x64) AppleWebKit/537.36 (KHTML, like Gecko) Chrome/74.0.3729.169 Safari/537.36"
4.197.98.193 - - [20/May/2025:03:25:10 +0700] "HEAD /backup HTTP/1.1" 404 - "-" "Mozilla/5.0 (Windows NT 10.0; Win64; x64) AppleWebKit/537.36 (KHTML, like Gecko) Chrome/74.0.3729.169 Safari/537.36"
4.197.98.193 - - [20/May/2025:03:25:10 +0700] "HEAD /old HTTP/1.1" 404 - "-" "Mozilla/5.0 (Windows NT 10.0; Win64; x64) AppleWebKit/537.36 (KHTML, like Gecko) Chrome/74.0.3729.169 Safari/537.36"
4.197.98.193 - - [20/May/2025:03:25:10 +0700] "HEAD /new HTTP/1.1" 404 - "-" "Mozilla/5.0 (Windows NT 10.0; Win64; x64) AppleWebKit/537.36 (KHTML, like Gecko) Chrome/74.0.3729.169 Safari/537.36"
4.197.98.193 - - [20/May/2025:03:25:10 +0700] "HEAD /main HTTP/1.1" 404 - "-" "Mozilla/5.0 (Windows NT 10.0; Win64; x64) AppleWebKit/537.36 (KHTML, like Gecko) Chrome/74.0.3729.169 Safari/537.36"
4.197.98.193 - - [20/May/2025:03:25:10 +0700] "HEAD /home HTTP/1.1" 404 - "-" "Mozilla/5.0 (Windows NT 10.0; Win64; x64) AppleWebKit/537.36 (KHTML, like Gecko) Chrome/74.0.3729.169 Safari/537.36"
195.20.18.145 - - [20/May/2025:03:41:24 +0700] "GET /elfinder/php/connector.php HTTP/1.1" 404 - "-" "ALittle Client"
185.16.39.176 - - [20/May/2025:05:21:09 +0700] "GET /? HTTP/1.1" 200 2235 "-" "Go-http-client/1.1"
185.16.39.176 - - [20/May/2025:05:21:11 +0700] "GET /?C=N;O=D'123 HTTP/1.1" 200 2235 "-" "Go-http-client/1.1"
185.16.39.176 - - [20/May/2025:05:21:13 +0700] "GET /?C=M;O=A'123 HTTP/1.1" 200 2235 "-" "Go-http-client/1.1"
185.16.39.176 - - [20/May/2025:05:21:14 +0700] "GET /?C=S;O=A'123 HTTP/1.1" 200 2235 "-" "Go-http-client/1.1"
185.16.39.176 - - [20/May/2025:05:21:17 +0700] "GET /?C=D;O=A'123 HTTP/1.1" 200 2235 "-" "Go-http-client/1.1"
88.90.243.142 - - [20/May/2025:05:33:52 +0700] "GET /robots.txt HTTP/1.1" 404 - "-" "Mozilla/5.0 (compatible; MJ12bot/v1.4.8; http://mj12bot.com/)"
88.90.243.142 - - [20/May/2025:05:33:54 +0700] "GET /core/vendor/guzzlehttp/?C=S;O=A HTTP/1.1" 200 1547 "-" "Mozilla/5.0 (compatible; MJ12bot/v1.4.8; http://mj12bot.com/)"
147.135.212.200 - - [20/May/2025:05:33:56 +0700] "GET /robots.txt HTTP/1.1" 404 - "-" "Mozilla/5.0 (compatible; MJ12bot/v1.4.8; http://mj12bot.com/)"
147.135.212.200 - - [20/May/2025:05:33:58 +0700] "GET /core/vendor/anhskohbo/?C=D;O=A HTTP/1.1" 200 823 "-" "Mozilla/5.0 (compatible; MJ12bot/v1.4.8; http://mj12bot.com/)"
88.90.243.142 - - [20/May/2025:05:33:59 +0700] "GET /core/vendor/guzzlehttp/AbstractExtension.php HTTP/1.1" 500 - "-" "Mozilla/5.0 (compatible; MJ12bot/v1.4.8; http://mj12bot.com/)"
88.90.243.142 - - [20/May/2025:05:34:02 +0700] "GET /core/vendor/guzzlehttp/StyleController.php HTTP/1.1" 200 - "-" "Mozilla/5.0 (compatible; MJ12bot/v1.4.8; http://mj12bot.com/)"
147.135.212.200 - - [20/May/2025:05:34:05 +0700] "GET /core/vendor/anhskohbo/?C=M;O=A HTTP/1.1" 200 823 "-" "Mozilla/5.0 (compatible; MJ12bot/v1.4.8; http://mj12bot.com/)"
88.90.243.142 - - [20/May/2025:05:34:06 +0700] "GET /core/vendor/guzzlehttp/guzzle/ HTTP/1.1" 200 2140 "-" "Mozilla/5.0 (compatible; MJ12bot/v1.4.8; http://mj12bot.com/)"
147.135.212.200 - - [20/May/2025:05:34:09 +0700] "GET /core/vendor/anhskohbo/?C=N;O=D HTTP/1.1" 200 823 "-" "Mozilla/5.0 (compatible; MJ12bot/v1.4.8; http://mj12bot.com/)"
88.90.243.142 - - [20/May/2025:05:34:10 +0700] "GET /core/vendor/guzzlehttp/promises/ HTTP/1.1" 200 2144 "-" "Mozilla/5.0 (compatible; MJ12bot/v1.4.8; http://mj12bot.com/)"
147.135.212.200 - - [20/May/2025:05:34:13 +0700] "GET /core/vendor/anhskohbo/?C=S;O=A HTTP/1.1" 200 823 "-" "Mozilla/5.0 (compatible; MJ12bot/v1.4.8; http://mj12bot.com/)"
88.90.243.142 - - [20/May/2025:05:34:13 +0700] "GET /core/vendor/guzzlehttp/psr7/ HTTP/1.1" 200 1766 "-" "Mozilla/5.0 (compatible; MJ12bot/v1.4.8; http://mj12bot.com/)"
147.135.212.200 - - [20/May/2025:05:34:16 +0700] "GET /core/vendor/anhskohbo/no-captcha/ HTTP/1.1" 200 1742 "-" "Mozilla/5.0 (compatible; MJ12bot/v1.4.8; http://mj12bot.com/)"
88.90.243.142 - - [20/May/2025:05:34:16 +0700] "GET /core/vendor/hamcrest/?C=D;O=A HTTP/1.1" 200 1014 "-" "Mozilla/5.0 (compatible; MJ12bot/v1.4.8; http://mj12bot.com/)"
88.90.243.142 - - [20/May/2025:05:34:20 +0700] "GET /core/vendor/hamcrest/?C=M;O=A HTTP/1.1" 200 1014 "-" "Mozilla/5.0 (compatible; MJ12bot/v1.4.8; http://mj12bot.com/)"
147.135.212.200 - - [20/May/2025:05:34:20 +0700] "GET /core/vendor/asm89/?C=D;O=A HTTP/1.1" 200 815 "-" "Mozilla/5.0 (compatible; MJ12bot/v1.4.8; http://mj12bot.com/)"
88.90.243.142 - - [20/May/2025:05:34:23 +0700] "GET /core/vendor/hamcrest/?C=N;O=D HTTP/1.1" 200 1014 "-" "Mozilla/5.0 (compatible; MJ12bot/v1.4.8; http://mj12bot.com/)"
147.135.212.200 - - [20/May/2025:05:34:23 +0700] "GET /core/vendor/asm89/?C=M;O=A HTTP/1.1" 200 815 "-" "Mozilla/5.0 (compatible; MJ12bot/v1.4.8; http://mj12bot.com/)"
88.90.243.142 - - [20/May/2025:05:34:26 +0700] "GET /core/vendor/hamcrest/?C=S;O=A HTTP/1.1" 200 1014 "-" "Mozilla/5.0 (compatible; MJ12bot/v1.4.8; http://mj12bot.com/)"
147.135.212.200 - - [20/May/2025:05:34:27 +0700] "GET /core/vendor/asm89/?C=N;O=D HTTP/1.1" 200 815 "-" "Mozilla/5.0 (compatible; MJ12bot/v1.4.8; http://mj12bot.com/)"
88.90.243.142 - - [20/May/2025:05:34:30 +0700] "GET /core/vendor/hamcrest/TableDirectoryEntry.php HTTP/1.1" 500 - "-" "Mozilla/5.0 (compatible; MJ12bot/v1.4.8; http://mj12bot.com/)"
147.135.212.200 - - [20/May/2025:05:34:31 +0700] "GET /core/vendor/asm89/?C=S;O=A HTTP/1.1" 200 815 "-" "Mozilla/5.0 (compatible; MJ12bot/v1.4.8; http://mj12bot.com/)"
88.90.243.142 - - [20/May/2025:05:34:33 +0700] "GET /core/vendor/hamcrest/hamcrest-php/ HTTP/1.1" 200 1745 "-" "Mozilla/5.0 (compatible; MJ12bot/v1.4.8; http://mj12bot.com/)"
147.135.212.200 - - [20/May/2025:05:34:34 +0700] "GET /core/vendor/asm89/stack-cors/ HTTP/1.1" 200 1405 "-" "Mozilla/5.0 (compatible; MJ12bot/v1.4.8; http://mj12bot.com/)"
88.90.243.142 - - [20/May/2025:05:34:37 +0700] "GET /core/vendor/intervention/?C=D;O=A HTTP/1.1" 200 824 "-" "Mozilla/5.0 (compatible; MJ12bot/v1.4.8; http://mj12bot.com/)"
147.135.212.200 - - [20/May/2025:05:34:37 +0700] "GET /core/vendor/barryvdh/?C=D;O=A HTTP/1.1" 200 825 "-" "Mozilla/5.0 (compatible; MJ12bot/v1.4.8; http://mj12bot.com/)"
147.135.212.200 - - [20/May/2025:05:34:41 +0700] "GET /core/vendor/barryvdh/?C=M;O=A HTTP/1.1" 200 825 "-" "Mozilla/5.0 (compatible; MJ12bot/v1.4.8; http://mj12bot.com/)"
88.90.243.142 - - [20/May/2025:05:34:41 +0700] "GET /core/vendor/intervention/?C=M;O=A HTTP/1.1" 200 824 "-" "Mozilla/5.0 (compatible; MJ12bot/v1.4.8; http://mj12bot.com/)"
147.135.212.200 - - [20/May/2025:05:34:44 +0700] "GET /core/vendor/barryvdh/?C=N;O=D HTTP/1.1" 200 825 "-" "Mozilla/5.0 (compatible; MJ12bot/v1.4.8; http://mj12bot.com/)"
88.90.243.142 - - [20/May/2025:05:34:44 +0700] "GET /core/vendor/intervention/?C=N;O=D HTTP/1.1" 200 824 "-" "Mozilla/5.0 (compatible; MJ12bot/v1.4.8; http://mj12bot.com/)"
147.135.212.200 - - [20/May/2025:05:34:47 +0700] "GET /core/vendor/barryvdh/?C=S;O=A HTTP/1.1" 200 825 "-" "Mozilla/5.0 (compatible; MJ12bot/v1.4.8; http://mj12bot.com/)"
88.90.243.142 - - [20/May/2025:05:34:47 +0700] "GET /core/vendor/intervention/?C=S;O=A HTTP/1.1" 200 824 "-" "Mozilla/5.0 (compatible; MJ12bot/v1.4.8; http://mj12bot.com/)"
147.135.212.200 - - [20/May/2025:05:34:51 +0700] "GET /core/vendor/barryvdh/laravel-dompdf/ HTTP/1.1" 200 1386 "-" "Mozilla/5.0 (compatible; MJ12bot/v1.4.8; http://mj12bot.com/)"
88.90.243.142 - - [20/May/2025:05:34:51 +0700] "GET /core/vendor/intervention/image/ HTTP/1.1" 200 1384 "-" "Mozilla/5.0 (compatible; MJ12bot/v1.4.8; http://mj12bot.com/)"
88.90.243.142 - - [20/May/2025:05:34:54 +0700] "GET /core/vendor/laravel/?C=D;O=A HTTP/1.1" 200 1355 "-" "Mozilla/5.0 (compatible; MJ12bot/v1.4.8; http://mj12bot.com/)"
147.135.212.200 - - [20/May/2025:05:34:54 +0700] "GET /core/vendor/bin/?C=D;O=A HTTP/1.1" 200 3879 "-" "Mozilla/5.0 (compatible; MJ12bot/v1.4.8; http://mj12bot.com/)"
88.90.243.142 - - [20/May/2025:05:34:57 +0700] "GET /core/vendor/laravel/?C=M;O=A HTTP/1.1" 200 1355 "-" "Mozilla/5.0 (compatible; MJ12bot/v1.4.8; http://mj12bot.com/)"
147.135.212.200 - - [20/May/2025:05:34:58 +0700] "GET /core/vendor/bin/?C=M;O=A HTTP/1.1" 200 3879 "-" "Mozilla/5.0 (compatible; MJ12bot/v1.4.8; http://mj12bot.com/)"
88.90.243.142 - - [20/May/2025:05:35:01 +0700] "GET /core/vendor/laravel/?C=N;O=D HTTP/1.1" 200 1355 "-" "Mozilla/5.0 (compatible; MJ12bot/v1.4.8; http://mj12bot.com/)"
147.135.212.200 - - [20/May/2025:05:35:01 +0700] "GET /core/vendor/bin/?C=N;O=D HTTP/1.1" 200 3879 "-" "Mozilla/5.0 (compatible; MJ12bot/v1.4.8; http://mj12bot.com/)"
88.90.243.142 - - [20/May/2025:05:35:04 +0700] "GET /core/vendor/laravel/?C=S;O=A HTTP/1.1" 200 1355 "-" "Mozilla/5.0 (compatible; MJ12bot/v1.4.8; http://mj12bot.com/)"
147.135.212.200 - - [20/May/2025:05:35:05 +0700] "GET /core/vendor/bin/?C=S;O=A HTTP/1.1" 200 3879 "-" "Mozilla/5.0 (compatible; MJ12bot/v1.4.8; http://mj12bot.com/)"
88.90.243.142 - - [20/May/2025:05:35:07 +0700] "GET /core/vendor/laravel/framework/ HTTP/1.1" 200 1575 "-" "Mozilla/5.0 (compatible; MJ12bot/v1.4.8; http://mj12bot.com/)"
147.135.212.200 - - [20/May/2025:05:35:08 +0700] "GET /core/vendor/bin/carbon HTTP/1.1" 200 2643 "-" "Mozilla/5.0 (compatible; MJ12bot/v1.4.8; http://mj12bot.com/)"
88.90.243.142 - - [20/May/2025:05:35:11 +0700] "GET /core/vendor/laravel/sail/ HTTP/1.1" 200 1712 "-" "Mozilla/5.0 (compatible; MJ12bot/v1.4.8; http://mj12bot.com/)"
147.135.212.200 - - [20/May/2025:05:35:12 +0700] "GET /core/vendor/bin/carbon.bat HTTP/1.1" 200 118 "-" "Mozilla/5.0 (compatible; MJ12bot/v1.4.8; http://mj12bot.com/)"
88.90.243.142 - - [20/May/2025:05:35:14 +0700] "GET /core/vendor/laravel/serializable-closure/ HTTP/1.1" 200 1221 "-" "Mozilla/5.0 (compatible; MJ12bot/v1.4.8; http://mj12bot.com/)"
147.135.212.200 - - [20/May/2025:05:35:15 +0700] "GET /core/vendor/bin/commonmark HTTP/1.1" 200 2659 "-" "Mozilla/5.0 (compatible; MJ12bot/v1.4.8; http://mj12bot.com/)"
88.90.243.142 - - [20/May/2025:05:35:17 +0700] "GET /core/vendor/laravel/tinker/ HTTP/1.1" 200 1368 "-" "Mozilla/5.0 (compatible; MJ12bot/v1.4.8; http://mj12bot.com/)"
147.135.212.200 - - [20/May/2025:05:35:18 +0700] "GET /core/vendor/bin/commonmark.bat HTTP/1.1" 200 126 "-" "Mozilla/5.0 (compatible; MJ12bot/v1.4.8; http://mj12bot.com/)"
88.90.243.142 - - [20/May/2025:05:35:21 +0700] "GET /core/vendor/league/?C=D;O=A HTTP/1.1" 200 1545 "-" "Mozilla/5.0 (compatible; MJ12bot/v1.4.8; http://mj12bot.com/)"
147.135.212.200 - - [20/May/2025:05:35:22 +0700] "GET /core/vendor/bin/doctrine-dbal HTTP/1.1" 200 2657 "-" "Mozilla/5.0 (compatible; MJ12bot/v1.4.8; http://mj12bot.com/)"
88.90.243.142 - - [20/May/2025:05:35:24 +0700] "GET /core/vendor/league/?C=M;O=A HTTP/1.1" 200 1545 "-" "Mozilla/5.0 (compatible; MJ12bot/v1.4.8; http://mj12bot.com/)"
147.135.212.200 - - [20/May/2025:05:35:25 +0700] "GET /core/vendor/bin/doctrine-dbal.bat HTTP/1.1" 200 125 "-" "Mozilla/5.0 (compatible; MJ12bot/v1.4.8; http://mj12bot.com/)"
88.90.243.142 - - [20/May/2025:05:35:27 +0700] "GET /core/vendor/league/?C=N;O=D HTTP/1.1" 200 1545 "-" "Mozilla/5.0 (compatible; MJ12bot/v1.4.8; http://mj12bot.com/)"
147.135.212.200 - - [20/May/2025:05:35:28 +0700] "GET /core/vendor/bin/patch-type-declarations HTTP/1.1" 200 2713 "-" "Mozilla/5.0 (compatible; MJ12bot/v1.4.8; http://mj12bot.com/)"
88.90.243.142 - - [20/May/2025:05:35:31 +0700] "GET /core/vendor/league/?C=S;O=A HTTP/1.1" 200 1545 "-" "Mozilla/5.0 (compatible; MJ12bot/v1.4.8; http://mj12bot.com/)"
147.135.212.200 - - [20/May/2025:05:35:31 +0700] "GET /core/vendor/bin/patch-type-declarations.bat HTTP/1.1" 200 153 "-" "Mozilla/5.0 (compatible; MJ12bot/v1.4.8; http://mj12bot.com/)"
88.90.243.142 - - [20/May/2025:05:35:34 +0700] "GET /core/vendor/league/RuntimeException.php HTTP/1.1" 500 - "-" "Mozilla/5.0 (compatible; MJ12bot/v1.4.8; http://mj12bot.com/)"
147.135.212.200 - - [20/May/2025:05:35:35 +0700] "GET /core/vendor/bin/php-parse HTTP/1.1" 200 2655 "-" "Mozilla/5.0 (compatible; MJ12bot/v1.4.8; http://mj12bot.com/)"
88.90.243.142 - - [20/May/2025:05:35:38 +0700] "GET /core/vendor/league/commonmark/ HTTP/1.1" 200 2312 "-" "Mozilla/5.0 (compatible; MJ12bot/v1.4.8; http://mj12bot.com/)"
147.135.212.200 - - [20/May/2025:05:35:38 +0700] "GET /core/vendor/bin/php-parse.bat HTTP/1.1" 200 124 "-" "Mozilla/5.0 (compatible; MJ12bot/v1.4.8; http://mj12bot.com/)"
147.135.212.200 - - [20/May/2025:05:35:41 +0700] "GET /core/vendor/bin/phpunit HTTP/1.1" 200 631 "-" "Mozilla/5.0 (compatible; MJ12bot/v1.4.8; http://mj12bot.com/)"
88.90.243.142 - - [20/May/2025:05:35:41 +0700] "GET /core/vendor/league/flysystem/ HTTP/1.1" 200 2283 "-" "Mozilla/5.0 (compatible; MJ12bot/v1.4.8; http://mj12bot.com/)"
147.135.212.200 - - [20/May/2025:05:35:45 +0700] "GET /core/vendor/bin/phpunit.bat HTTP/1.1" 200 117 "-" "Mozilla/5.0 (compatible; MJ12bot/v1.4.8; http://mj12bot.com/)"
88.90.243.142 - - [20/May/2025:05:35:45 +0700] "GET /core/vendor/league/glide/ HTTP/1.1" 200 2464 "-" "Mozilla/5.0 (compatible; MJ12bot/v1.4.8; http://mj12bot.com/)"
147.135.212.200 - - [20/May/2025:05:35:48 +0700] "GET /core/vendor/bin/psysh HTTP/1.1" 200 2633 "-" "Mozilla/5.0 (compatible; MJ12bot/v1.4.8; http://mj12bot.com/)"
88.90.243.142 - - [20/May/2025:05:35:48 +0700] "GET /core/vendor/league/mime-type-detection/ HTTP/1.1" 200 1393 "-" "Mozilla/5.0 (compatible; MJ12bot/v1.4.8; http://mj12bot.com/)"
147.135.212.200 - - [20/May/2025:05:35:51 +0700] "GET /core/vendor/bin/psysh.bat HTTP/1.1" 200 113 "-" "Mozilla/5.0 (compatible; MJ12bot/v1.4.8; http://mj12bot.com/)"
88.90.243.142 - - [20/May/2025:05:35:52 +0700] "GET /core/vendor/mockery/?C=D;O=A HTTP/1.1" 200 1193 "-" "Mozilla/5.0 (compatible; MJ12bot/v1.4.8; http://mj12bot.com/)"
147.135.212.200 - - [20/May/2025:05:35:55 +0700] "GET /core/vendor/bin/sail HTTP/1.1" 200 350 "-" "Mozilla/5.0 (compatible; MJ12bot/v1.4.8; http://mj12bot.com/)"
88.90.243.142 - - [20/May/2025:05:35:55 +0700] "GET /core/vendor/mockery/?C=M;O=A HTTP/1.1" 200 1193 "-" "Mozilla/5.0 (compatible; MJ12bot/v1.4.8; http://mj12bot.com/)"
147.135.212.200 - - [20/May/2025:05:35:58 +0700] "GET /core/vendor/bin/sail.bat HTTP/1.1" 200 116 "-" "Mozilla/5.0 (compatible; MJ12bot/v1.4.8; http://mj12bot.com/)"
88.90.243.142 - - [20/May/2025:05:35:58 +0700] "GET /core/vendor/mockery/?C=N;O=D HTTP/1.1" 200 1193 "-" "Mozilla/5.0 (compatible; MJ12bot/v1.4.8; http://mj12bot.com/)"
147.135.212.200 - - [20/May/2025:05:36:01 +0700] "GET /core/vendor/bin/var-dump-server HTTP/1.1" 200 2691 "-" "Mozilla/5.0 (compatible; MJ12bot/v1.4.8; http://mj12bot.com/)"
88.90.243.142 - - [20/May/2025:05:36:02 +0700] "GET /core/vendor/mockery/?C=S;O=A HTTP/1.1" 200 1193 "-" "Mozilla/5.0 (compatible; MJ12bot/v1.4.8; http://mj12bot.com/)"
147.135.212.200 - - [20/May/2025:05:36:04 +0700] "GET /core/vendor/bin/var-dump-server.bat HTTP/1.1" 200 142 "-" "Mozilla/5.0 (compatible; MJ12bot/v1.4.8; http://mj12bot.com/)"
88.90.243.142 - - [20/May/2025:05:36:05 +0700] "GET /core/vendor/mockery/AbstractExtension.php HTTP/1.1" 500 - "-" "Mozilla/5.0 (compatible; MJ12bot/v1.4.8; http://mj12bot.com/)"
147.135.212.200 - - [20/May/2025:05:36:08 +0700] "GET /core/vendor/brick/?C=D;O=A HTTP/1.1" 200 1185 "-" "Mozilla/5.0 (compatible; MJ12bot/v1.4.8; http://mj12bot.com/)"
88.90.243.142 - - [20/May/2025:05:36:08 +0700] "GET /core/vendor/mockery/RuntimeException.php HTTP/1.1" 500 - "-" "Mozilla/5.0 (compatible; MJ12bot/v1.4.8; http://mj12bot.com/)"
147.135.212.200 - - [20/May/2025:05:36:11 +0700] "GET /core/vendor/brick/?C=M;O=A HTTP/1.1" 200 1185 "-" "Mozilla/5.0 (compatible; MJ12bot/v1.4.8; http://mj12bot.com/)"
88.90.243.142 - - [20/May/2025:05:36:13 +0700] "GET /core/vendor/mockery/mockery/ HTTP/1.1" 200 2674 "-" "Mozilla/5.0 (compatible; MJ12bot/v1.4.8; http://mj12bot.com/)"
147.135.212.200 - - [20/May/2025:05:36:14 +0700] "GET /core/vendor/brick/?C=N;O=D HTTP/1.1" 200 1185 "-" "Mozilla/5.0 (compatible; MJ12bot/v1.4.8; http://mj12bot.com/)"
88.90.243.142 - - [20/May/2025:05:36:16 +0700] "GET /core/vendor/monolog/?C=D;O=A HTTP/1.1" 200 1380 "-" "Mozilla/5.0 (compatible; MJ12bot/v1.4.8; http://mj12bot.com/)"
147.135.212.200 - - [20/May/2025:05:36:18 +0700] "GET /core/vendor/brick/?C=S;O=A HTTP/1.1" 200 1185 "-" "Mozilla/5.0 (compatible; MJ12bot/v1.4.8; http://mj12bot.com/)"
88.90.243.142 - - [20/May/2025:05:36:20 +0700] "GET /core/vendor/monolog/?C=M;O=A HTTP/1.1" 200 1380 "-" "Mozilla/5.0 (compatible; MJ12bot/v1.4.8; http://mj12bot.com/)"
147.135.212.200 - - [20/May/2025:05:36:21 +0700] "GET /core/vendor/brick/AbstractExtension.php HTTP/1.1" 500 - "-" "Mozilla/5.0 (compatible; MJ12bot/v1.4.8; http://mj12bot.com/)"
88.90.243.142 - - [20/May/2025:05:36:23 +0700] "GET /core/vendor/monolog/?C=N;O=D HTTP/1.1" 200 1380 "-" "Mozilla/5.0 (compatible; MJ12bot/v1.4.8; http://mj12bot.com/)"
147.135.212.200 - - [20/May/2025:05:36:25 +0700] "GET /core/vendor/brick/StyleController.php HTTP/1.1" 200 - "-" "Mozilla/5.0 (compatible; MJ12bot/v1.4.8; http://mj12bot.com/)"
88.90.243.142 - - [20/May/2025:05:36:27 +0700] "GET /core/vendor/monolog/?C=S;O=A HTTP/1.1" 200 1380 "-" "Mozilla/5.0 (compatible; MJ12bot/v1.4.8; http://mj12bot.com/)"
147.135.212.200 - - [20/May/2025:05:36:29 +0700] "GET /core/vendor/brick/math/ HTTP/1.1" 200 1539 "-" "Mozilla/5.0 (compatible; MJ12bot/v1.4.8; http://mj12bot.com/)"
88.90.243.142 - - [20/May/2025:05:36:30 +0700] "GET /core/vendor/monolog/AbstractExtension.php HTTP/1.1" 500 - "-" "Mozilla/5.0 (compatible; MJ12bot/v1.4.8; http://mj12bot.com/)"
147.135.212.200 - - [20/May/2025:05:36:32 +0700] "GET /core/vendor/cartalyst/?C=D;O=A HTTP/1.1" 200 1379 "-" "Mozilla/5.0 (compatible; MJ12bot/v1.4.8; http://mj12bot.com/)"
88.90.243.142 - - [20/May/2025:05:36:34 +0700] "GET /core/vendor/monolog/RuntimeException.php HTTP/1.1" 500 - "-" "Mozilla/5.0 (compatible; MJ12bot/v1.4.8; http://mj12bot.com/)"
147.135.212.200 - - [20/May/2025:05:36:36 +0700] "GET /core/vendor/cartalyst/?C=M;O=A HTTP/1.1" 200 1379 "-" "Mozilla/5.0 (compatible; MJ12bot/v1.4.8; http://mj12bot.com/)"
147.135.212.200 - - [20/May/2025:05:36:39 +0700] "GET /core/vendor/cartalyst/?C=N;O=D HTTP/1.1" 200 1379 "-" "Mozilla/5.0 (compatible; MJ12bot/v1.4.8; http://mj12bot.com/)"
88.90.243.142 - - [20/May/2025:05:36:39 +0700] "GET /core/vendor/monolog/StyleController.php HTTP/1.1" 200 - "-" "Mozilla/5.0 (compatible; MJ12bot/v1.4.8; http://mj12bot.com/)"
147.135.212.200 - - [20/May/2025:05:36:42 +0700] "GET /core/vendor/cartalyst/?C=S;O=A HTTP/1.1" 200 1379 "-" "Mozilla/5.0 (compatible; MJ12bot/v1.4.8; http://mj12bot.com/)"
88.90.243.142 - - [20/May/2025:05:36:43 +0700] "GET /core/vendor/monolog/monolog/ HTTP/1.1" 200 2125 "-" "Mozilla/5.0 (compatible; MJ12bot/v1.4.8; http://mj12bot.com/)"
147.135.212.200 - - [20/May/2025:05:36:46 +0700] "GET /core/vendor/cartalyst/AbstractExtension.php HTTP/1.1" 500 - "-" "Mozilla/5.0 (compatible; MJ12bot/v1.4.8; http://mj12bot.com/)"
88.90.243.142 - - [20/May/2025:05:36:46 +0700] "GET /core/vendor/myclabs/?C=D;O=A HTTP/1.1" 200 1007 "-" "Mozilla/5.0 (compatible; MJ12bot/v1.4.8; http://mj12bot.com/)"
147.135.212.200 - - [20/May/2025:05:36:49 +0700] "GET /core/vendor/cartalyst/RuntimeException.php HTTP/1.1" 500 - "-" "Mozilla/5.0 (compatible; MJ12bot/v1.4.8; http://mj12bot.com/)"
88.90.243.142 - - [20/May/2025:05:36:50 +0700] "GET /core/vendor/myclabs/?C=M;O=A HTTP/1.1" 200 1007 "-" "Mozilla/5.0 (compatible; MJ12bot/v1.4.8; http://mj12bot.com/)"
88.90.243.142 - - [20/May/2025:05:36:53 +0700] "GET /core/vendor/myclabs/?C=N;O=D HTTP/1.1" 200 1007 "-" "Mozilla/5.0 (compatible; MJ12bot/v1.4.8; http://mj12bot.com/)"
147.135.212.200 - - [20/May/2025:05:36:54 +0700] "GET /core/vendor/cartalyst/stripe/ HTTP/1.1" 200 1196 "-" "Mozilla/5.0 (compatible; MJ12bot/v1.4.8; http://mj12bot.com/)"
88.90.243.142 - - [20/May/2025:05:36:57 +0700] "GET /core/vendor/myclabs/?C=S;O=A HTTP/1.1" 200 1007 "-" "Mozilla/5.0 (compatible; MJ12bot/v1.4.8; http://mj12bot.com/)"
147.135.212.200 - - [20/May/2025:05:36:58 +0700] "GET /core/vendor/cartalyst/stripe-laravel/ HTTP/1.1" 200 1212 "-" "Mozilla/5.0 (compatible; MJ12bot/v1.4.8; http://mj12bot.com/)"
88.90.243.142 - - [20/May/2025:05:37:00 +0700] "GET /core/vendor/myclabs/AbstractExtension.php HTTP/1.1" 500 - "-" "Mozilla/5.0 (compatible; MJ12bot/v1.4.8; http://mj12bot.com/)"
147.135.212.200 - - [20/May/2025:05:37:01 +0700] "GET /core/vendor/composer/?C=D;O=A HTTP/1.1" 200 3060 "-" "Mozilla/5.0 (compatible; MJ12bot/v1.4.8; http://mj12bot.com/)"
88.90.243.142 - - [20/May/2025:05:37:03 +0700] "GET /core/vendor/myclabs/deep-copy/ HTTP/1.1" 200 1196 "-" "Mozilla/5.0 (compatible; MJ12bot/v1.4.8; http://mj12bot.com/)"
147.135.212.200 - - [20/May/2025:05:37:04 +0700] "GET /core/vendor/composer/?C=M;O=A HTTP/1.1" 200 3060 "-" "Mozilla/5.0 (compatible; MJ12bot/v1.4.8; http://mj12bot.com/)"
88.90.243.142 - - [20/May/2025:05:37:07 +0700] "GET /core/vendor/nesbot/?C=D;O=A HTTP/1.1" 200 1001 "-" "Mozilla/5.0 (compatible; MJ12bot/v1.4.8; http://mj12bot.com/)"
147.135.212.200 - - [20/May/2025:05:37:08 +0700] "GET /core/vendor/composer/?C=N;O=D HTTP/1.1" 200 3060 "-" "Mozilla/5.0 (compatible; MJ12bot/v1.4.8; http://mj12bot.com/)"
88.90.243.142 - - [20/May/2025:05:37:11 +0700] "GET /core/vendor/nesbot/?C=M;O=A HTTP/1.1" 200 1001 "-" "Mozilla/5.0 (compatible; MJ12bot/v1.4.8; http://mj12bot.com/)"
147.135.212.200 - - [20/May/2025:05:37:11 +0700] "GET /core/vendor/composer/?C=S;O=A HTTP/1.1" 200 3060 "-" "Mozilla/5.0 (compatible; MJ12bot/v1.4.8; http://mj12bot.com/)"
88.90.243.142 - - [20/May/2025:05:37:14 +0700] "GET /core/vendor/nesbot/?C=N;O=D HTTP/1.1" 200 1001 "-" "Mozilla/5.0 (compatible; MJ12bot/v1.4.8; http://mj12bot.com/)"
147.135.212.200 - - [20/May/2025:05:37:15 +0700] "GET /core/vendor/composer/ClassLoader.php HTTP/1.1" 200 - "-" "Mozilla/5.0 (compatible; MJ12bot/v1.4.8; http://mj12bot.com/)"
88.90.243.142 - - [20/May/2025:05:37:17 +0700] "GET /core/vendor/nesbot/?C=S;O=A HTTP/1.1" 200 1001 "-" "Mozilla/5.0 (compatible; MJ12bot/v1.4.8; http://mj12bot.com/)"
147.135.212.200 - - [20/May/2025:05:37:18 +0700] "GET /core/vendor/composer/InstalledVersions.php HTTP/1.1" 200 - "-" "Mozilla/5.0 (compatible; MJ12bot/v1.4.8; http://mj12bot.com/)"
88.90.243.142 - - [20/May/2025:05:37:21 +0700] "GET /core/vendor/nesbot/RuntimeException.php HTTP/1.1" 500 - "-" "Mozilla/5.0 (compatible; MJ12bot/v1.4.8; http://mj12bot.com/)"
147.135.212.200 - - [20/May/2025:05:37:21 +0700] "GET /core/vendor/composer/LICENSE HTTP/1.1" 200 - "-" "Mozilla/5.0 (compatible; MJ12bot/v1.4.8; http://mj12bot.com/)"
88.90.243.142 - - [20/May/2025:05:37:24 +0700] "GET /core/vendor/nesbot/carbon/ HTTP/1.1" 200 2657 "-" "Mozilla/5.0 (compatible; MJ12bot/v1.4.8; http://mj12bot.com/)"
147.135.212.200 - - [20/May/2025:05:37:25 +0700] "GET /core/vendor/composer/autoload_classmap.php HTTP/1.1" 200 - "-" "Mozilla/5.0 (compatible; MJ12bot/v1.4.8; http://mj12bot.com/)"
147.135.212.200 - - [20/May/2025:05:37:28 +0700] "GET /core/vendor/composer/autoload_files.php HTTP/1.1" 200 - "-" "Mozilla/5.0 (compatible; MJ12bot/v1.4.8; http://mj12bot.com/)"
88.90.243.142 - - [20/May/2025:05:37:28 +0700] "GET /core/vendor/nicmart/?C=D;O=A HTTP/1.1" 200 1727 "-" "Mozilla/5.0 (compatible; MJ12bot/v1.4.8; http://mj12bot.com/)"
88.90.243.142 - - [20/May/2025:05:37:31 +0700] "GET /core/vendor/nicmart/?C=M;O=A HTTP/1.1" 200 1727 "-" "Mozilla/5.0 (compatible; MJ12bot/v1.4.8; http://mj12bot.com/)"
147.135.212.200 - - [20/May/2025:05:37:31 +0700] "GET /core/vendor/composer/autoload_namespaces.php HTTP/1.1" 200 - "-" "Mozilla/5.0 (compatible; MJ12bot/v1.4.8; http://mj12bot.com/)"
88.90.243.142 - - [20/May/2025:05:37:35 +0700] "GET /core/vendor/nicmart/?C=N;O=D HTTP/1.1" 200 1727 "-" "Mozilla/5.0 (compatible; MJ12bot/v1.4.8; http://mj12bot.com/)"
147.135.212.200 - - [20/May/2025:05:37:35 +0700] "GET /core/vendor/composer/autoload_psr4.php HTTP/1.1" 200 - "-" "Mozilla/5.0 (compatible; MJ12bot/v1.4.8; http://mj12bot.com/)"
88.90.243.142 - - [20/May/2025:05:37:38 +0700] "GET /core/vendor/nicmart/?C=S;O=A HTTP/1.1" 200 1727 "-" "Mozilla/5.0 (compatible; MJ12bot/v1.4.8; http://mj12bot.com/)"
147.135.212.200 - - [20/May/2025:05:37:38 +0700] "GET /core/vendor/composer/autoload_real.php HTTP/1.1" 200 - "-" "Mozilla/5.0 (compatible; MJ12bot/v1.4.8; http://mj12bot.com/)"
88.90.243.142 - - [20/May/2025:05:37:41 +0700] "GET /core/vendor/nicmart/NumberHandler.php HTTP/1.1" 500 - "-" "Mozilla/5.0 (compatible; MJ12bot/v1.4.8; http://mj12bot.com/)"
147.135.212.200 - - [20/May/2025:05:37:42 +0700] "GET /core/vendor/composer/autoload_static.php HTTP/1.1" 200 - "-" "Mozilla/5.0 (compatible; MJ12bot/v1.4.8; http://mj12bot.com/)"
88.90.243.142 - - [20/May/2025:05:37:45 +0700] "GET /core/vendor/nicmart/RuntimeException.php HTTP/1.1" 500 - "-" "Mozilla/5.0 (compatible; MJ12bot/v1.4.8; http://mj12bot.com/)"
147.135.212.200 - - [20/May/2025:05:37:45 +0700] "GET /core/vendor/composer/installed.json HTTP/1.1" 200 372308 "-" "Mozilla/5.0 (compatible; MJ12bot/v1.4.8; http://mj12bot.com/)"
147.135.212.200 - - [20/May/2025:05:37:49 +0700] "GET /core/vendor/composer/installed.php HTTP/1.1" 200 - "-" "Mozilla/5.0 (compatible; MJ12bot/v1.4.8; http://mj12bot.com/)"
88.90.243.142 - - [20/May/2025:05:37:49 +0700] "GET /core/vendor/nicmart/StyleController.php HTTP/1.1" 200 - "-" "Mozilla/5.0 (compatible; MJ12bot/v1.4.8; http://mj12bot.com/)"
147.135.212.200 - - [20/May/2025:05:37:53 +0700] "GET /core/vendor/composer/package-versions-deprecated/ HTTP/1.1" 200 1958 "-" "Mozilla/5.0 (compatible; MJ12bot/v1.4.8; http://mj12bot.com/)"
88.90.243.142 - - [20/May/2025:05:37:53 +0700] "GET /core/vendor/nicmart/about.PHP HTTP/1.1" 200 894 "-" "Mozilla/5.0 (compatible; MJ12bot/v1.4.8; http://mj12bot.com/)"
