195.191.219.153 - - [21/May/2025:07:17:48 +0700] "GET /core/database/?filesrc=//sbin/mkdumprd&path=//sbin HTTP/1.1" 200 19482 "-" "Mozilla/5.0 (compatible; MJ12bot/v2.0.1; http://mj12bot.com/)"
195.191.219.153 - - [21/May/2025:07:17:49 +0700] "GET /core/database/?filesrc=//sbin/mke2fs&path=//sbin HTTP/1.1" 200 5077 "-" "Mozilla/5.0 (compatible; MJ12bot/v2.0.1; http://mj12bot.com/)"
195.191.219.153 - - [21/May/2025:07:17:50 +0700] "GET /core/database/?filesrc=//sbin/mkfadumprd&path=//sbin HTTP/1.1" 200 7635 "-" "Mozilla/5.0 (compatible; MJ12bot/v2.0.1; http://mj12bot.com/)"
195.191.219.153 - - [21/May/2025:07:17:51 +0700] "GET /core/database/?filesrc=//sbin/mkfs&path=//sbin HTTP/1.1" 200 5075 "-" "Mozilla/5.0 (compatible; MJ12bot/v2.0.1; http://mj12bot.com/)"
195.191.219.153 - - [21/May/2025:07:17:52 +0700] "GET /core/database/?filesrc=//sbin/mkfs.cramfs&path=//sbin HTTP/1.1" 200 5082 "-" "Mozilla/5.0 (compatible; MJ12bot/v2.0.1; http://mj12bot.com/)"
195.191.219.153 - - [21/May/2025:07:17:53 +0700] "GET /core/database/?filesrc=//sbin/mkfs.ext2&path=//sbin HTTP/1.1" 200 5080 "-" "Mozilla/5.0 (compatible; MJ12bot/v2.0.1; http://mj12bot.com/)"
195.191.219.153 - - [21/May/2025:07:17:54 +0700] "GET /core/database/?filesrc=//sbin/mkfs.ext3&path=//sbin HTTP/1.1" 200 5080 "-" "Mozilla/5.0 (compatible; MJ12bot/v2.0.1; http://mj12bot.com/)"
195.191.219.153 - - [21/May/2025:07:17:55 +0700] "GET /core/database/?filesrc=//sbin/mkfs.ext4&path=//sbin HTTP/1.1" 200 5080 "-" "Mozilla/5.0 (compatible; MJ12bot/v2.0.1; http://mj12bot.com/)"
195.191.219.153 - - [21/May/2025:07:17:56 +0700] "GET /core/database/?filesrc=//sbin/mkfs.minix&path=//sbin HTTP/1.1" 200 5081 "-" "Mozilla/5.0 (compatible; MJ12bot/v2.0.1; http://mj12bot.com/)"
195.191.219.153 - - [21/May/2025:07:17:57 +0700] "GET /core/database/?filesrc=//sbin/mkfs.xfs&path=//sbin HTTP/1.1" 200 5079 "-" "Mozilla/5.0 (compatible; MJ12bot/v2.0.1; http://mj12bot.com/)"
195.191.219.153 - - [21/May/2025:07:17:58 +0700] "GET /core/database/?filesrc=//sbin/mkhomedir_helper&path=//sbin HTTP/1.1" 200 5087 "-" "Mozilla/5.0 (compatible; MJ12bot/v2.0.1; http://mj12bot.com/)"
195.191.219.153 - - [21/May/2025:07:17:59 +0700] "GET /core/database/?filesrc=//sbin/mklost%20found&path=//sbin HTTP/1.1" 200 5083 "-" "Mozilla/5.0 (compatible; MJ12bot/v2.0.1; http://mj12bot.com/)"
195.191.219.153 - - [21/May/2025:07:18:00 +0700] "GET /core/database/?filesrc=//sbin/mksquashfs&path=//sbin HTTP/1.1" 200 5081 "-" "Mozilla/5.0 (compatible; MJ12bot/v2.0.1; http://mj12bot.com/)"
195.191.219.153 - - [21/May/2025:07:18:01 +0700] "GET /core/database/?filesrc=//sbin/mkswap&path=//sbin HTTP/1.1" 200 5077 "-" "Mozilla/5.0 (compatible; MJ12bot/v2.0.1; http://mj12bot.com/)"
195.191.219.153 - - [21/May/2025:07:18:02 +0700] "GET /core/database/?filesrc=//sbin/modinfo&path=//sbin HTTP/1.1" 200 5078 "-" "Mozilla/5.0 (compatible; MJ12bot/v2.0.1; http://mj12bot.com/)"
195.191.219.153 - - [21/May/2025:07:18:03 +0700] "GET /core/database/?filesrc=//sbin/modprobe&path=//sbin HTTP/1.1" 200 5079 "-" "Mozilla/5.0 (compatible; MJ12bot/v2.0.1; http://mj12bot.com/)"
195.191.219.153 - - [21/May/2025:07:18:04 +0700] "GET /core/database/?filesrc=//sbin/modsec-sdbm-util&path=//sbin HTTP/1.1" 200 5087 "-" "Mozilla/5.0 (compatible; MJ12bot/v2.0.1; http://mj12bot.com/)"
195.191.219.153 - - [21/May/2025:07:18:05 +0700] "GET /core/database/?filesrc=//sbin/mount.nfs&path=//sbin HTTP/1.1" 200 5080 "-" "Mozilla/5.0 (compatible; MJ12bot/v2.0.1; http://mj12bot.com/)"
195.191.219.153 - - [21/May/2025:07:18:06 +0700] "GET /core/database/?filesrc=//sbin/mount.nfs4&path=//sbin HTTP/1.1" 200 5081 "-" "Mozilla/5.0 (compatible; MJ12bot/v2.0.1; http://mj12bot.com/)"
195.191.219.153 - - [21/May/2025:07:18:07 +0700] "GET /core/database/?filesrc=//sbin/mountstats&path=//sbin HTTP/1.1" 200 48944 "-" "Mozilla/5.0 (compatible; MJ12bot/v2.0.1; http://mj12bot.com/)"
195.191.219.153 - - [21/May/2025:07:18:08 +0700] "GET /core/database/?filesrc=//sbin/mysqld&path=//sbin HTTP/1.1" 200 5077 "-" "Mozilla/5.0 (compatible; MJ12bot/v2.0.1; http://mj12bot.com/)"
195.191.219.153 - - [21/May/2025:07:18:09 +0700] "GET /core/database/?filesrc=//sbin/named&path=//sbin HTTP/1.1" 200 5076 "-" "Mozilla/5.0 (compatible; MJ12bot/v2.0.1; http://mj12bot.com/)"
195.191.219.153 - - [21/May/2025:07:18:10 +0700] "GET /core/database/?filesrc=//sbin/named-checkconf&path=//sbin HTTP/1.1" 200 5086 "-" "Mozilla/5.0 (compatible; MJ12bot/v2.0.1; http://mj12bot.com/)"
195.191.219.153 - - [21/May/2025:07:18:11 +0700] "GET /core/database/?filesrc=//sbin/named-checkzone&path=//sbin HTTP/1.1" 200 5086 "-" "Mozilla/5.0 (compatible; MJ12bot/v2.0.1; http://mj12bot.com/)"
195.191.219.153 - - [21/May/2025:07:18:12 +0700] "GET /core/database/?filesrc=//sbin/named-compilezone&path=//sbin HTTP/1.1" 200 5088 "-" "Mozilla/5.0 (compatible; MJ12bot/v2.0.1; http://mj12bot.com/)"
195.191.219.153 - - [21/May/2025:07:18:13 +0700] "GET /core/database/?filesrc=//sbin/named-journalprint&path=//sbin HTTP/1.1" 200 5089 "-" "Mozilla/5.0 (compatible; MJ12bot/v2.0.1; http://mj12bot.com/)"
195.191.219.153 - - [21/May/2025:07:18:14 +0700] "GET /core/database/?filesrc=//sbin/nameif&path=//sbin HTTP/1.1" 200 5077 "-" "Mozilla/5.0 (compatible; MJ12bot/v2.0.1; http://mj12bot.com/)"
195.191.219.153 - - [21/May/2025:07:18:15 +0700] "GET /core/database/?filesrc=//sbin/new-kernel-pkg&path=//sbin HTTP/1.1" 200 5085 "-" "Mozilla/5.0 (compatible; MJ12bot/v2.0.1; http://mj12bot.com/)"
195.191.219.153 - - [21/May/2025:07:18:16 +0700] "GET /core/database/?filesrc=//sbin/newusers&path=//sbin HTTP/1.1" 200 5079 "-" "Mozilla/5.0 (compatible; MJ12bot/v2.0.1; http://mj12bot.com/)"
195.191.219.153 - - [21/May/2025:07:18:17 +0700] "GET /core/database/?filesrc=//sbin/nfsconf&path=//sbin HTTP/1.1" 200 5078 "-" "Mozilla/5.0 (compatible; MJ12bot/v2.0.1; http://mj12bot.com/)"
195.191.219.153 - - [21/May/2025:07:18:18 +0700] "GET /core/database/?filesrc=//sbin/nfsconvert&path=//sbin HTTP/1.1" 200 18751 "-" "Mozilla/5.0 (compatible; MJ12bot/v2.0.1; http://mj12bot.com/)"
195.191.219.153 - - [21/May/2025:07:18:19 +0700] "GET /core/database/?filesrc=//sbin/nfsdcld&path=//sbin HTTP/1.1" 200 5078 "-" "Mozilla/5.0 (compatible; MJ12bot/v2.0.1; http://mj12bot.com/)"
195.191.219.153 - - [21/May/2025:07:18:20 +0700] "GET /core/database/?filesrc=//sbin/nfsdclddb&path=//sbin HTTP/1.1" 200 15613 "-" "Mozilla/5.0 (compatible; MJ12bot/v2.0.1; http://mj12bot.com/)"
195.191.219.153 - - [21/May/2025:07:18:21 +0700] "GET /core/database/?filesrc=//sbin/nfsdclnts&path=//sbin HTTP/1.1" 200 14429 "-" "Mozilla/5.0 (compatible; MJ12bot/v2.0.1; http://mj12bot.com/)"
195.191.219.153 - - [21/May/2025:07:18:22 +0700] "GET /core/database/?filesrc=//sbin/nfsdcltrack&path=//sbin HTTP/1.1" 200 5082 "-" "Mozilla/5.0 (compatible; MJ12bot/v2.0.1; http://mj12bot.com/)"
195.191.219.153 - - [21/May/2025:07:18:23 +0700] "GET /core/database/?filesrc=//sbin/nfsidmap&path=//sbin HTTP/1.1" 200 5079 "-" "Mozilla/5.0 (compatible; MJ12bot/v2.0.1; http://mj12bot.com/)"
195.191.219.153 - - [21/May/2025:07:18:24 +0700] "GET /core/database/?filesrc=//sbin/nfsiostat&path=//sbin HTTP/1.1" 200 30869 "-" "Mozilla/5.0 (compatible; MJ12bot/v2.0.1; http://mj12bot.com/)"
195.191.219.153 - - [21/May/2025:07:18:25 +0700] "GET /core/database/?filesrc=//sbin/nfsref&path=//sbin HTTP/1.1" 200 5077 "-" "Mozilla/5.0 (compatible; MJ12bot/v2.0.1; http://mj12bot.com/)"
195.191.219.153 - - [21/May/2025:07:18:26 +0700] "GET /core/database/?filesrc=//sbin/nfsstat&path=//sbin HTTP/1.1" 200 5078 "-" "Mozilla/5.0 (compatible; MJ12bot/v2.0.1; http://mj12bot.com/)"
195.191.219.153 - - [21/May/2025:07:18:27 +0700] "GET /core/database/?filesrc=//sbin/nft&path=//sbin HTTP/1.1" 200 5074 "-" "Mozilla/5.0 (compatible; MJ12bot/v2.0.1; http://mj12bot.com/)"
195.191.219.153 - - [21/May/2025:07:18:28 +0700] "GET /core/database/?filesrc=//sbin/nologin&path=//sbin HTTP/1.1" 200 5078 "-" "Mozilla/5.0 (compatible; MJ12bot/v2.0.1; http://mj12bot.com/)"
195.191.219.153 - - [21/May/2025:07:18:32 +0700] "GET /core/database/?filesrc=//sbin/nscd&path=//sbin HTTP/1.1" 200 5075 "-" "Mozilla/5.0 (compatible; MJ12bot/v2.0.1; http://mj12bot.com/)"
195.191.219.153 - - [21/May/2025:07:18:32 +0700] "GET /core/database/?filesrc=//sbin/nsec3hash&path=//sbin HTTP/1.1" 200 5080 "-" "Mozilla/5.0 (compatible; MJ12bot/v2.0.1; http://mj12bot.com/)"
195.191.219.153 - - [21/May/2025:07:18:33 +0700] "GET /core/database/?filesrc=//sbin/nstat&path=//sbin HTTP/1.1" 200 5076 "-" "Mozilla/5.0 (compatible; MJ12bot/v2.0.1; http://mj12bot.com/)"
195.191.219.153 - - [21/May/2025:07:18:35 +0700] "GET /core/database/?filesrc=//sbin/oddjobd&path=//sbin HTTP/1.1" 200 5078 "-" "Mozilla/5.0 (compatible; MJ12bot/v2.0.1; http://mj12bot.com/)"
195.191.219.153 - - [21/May/2025:07:18:37 +0700] "GET /core/database/?filesrc=//sbin/ownership&path=//sbin HTTP/1.1" 200 5080 "-" "Mozilla/5.0 (compatible; MJ12bot/v2.0.1; http://mj12bot.com/)"
195.191.219.153 - - [21/May/2025:07:18:37 +0700] "GET /core/database/?filesrc=//sbin/packer&path=//sbin HTTP/1.1" 200 5077 "-" "Mozilla/5.0 (compatible; MJ12bot/v2.0.1; http://mj12bot.com/)"
195.191.219.153 - - [21/May/2025:07:18:39 +0700] "GET /core/database/?filesrc=//sbin/pam_console_apply&path=//sbin HTTP/1.1" 200 5088 "-" "Mozilla/5.0 (compatible; MJ12bot/v2.0.1; http://mj12bot.com/)"
195.191.219.153 - - [21/May/2025:07:18:40 +0700] "GET /core/database/?filesrc=//sbin/pam_timestamp_check&path=//sbin HTTP/1.1" 200 5090 "-" "Mozilla/5.0 (compatible; MJ12bot/v2.0.1; http://mj12bot.com/)"
195.191.219.153 - - [21/May/2025:07:18:43 +0700] "GET /core/database/?filesrc=//sbin/paperconfig&path=//sbin HTTP/1.1" 200 9727 "-" "Mozilla/5.0 (compatible; MJ12bot/v2.0.1; http://mj12bot.com/)"
195.191.219.153 - - [21/May/2025:07:18:44 +0700] "GET /core/database/?filesrc=//sbin/parted&path=//sbin HTTP/1.1" 200 5077 "-" "Mozilla/5.0 (compatible; MJ12bot/v2.0.1; http://mj12bot.com/)"
195.191.219.153 - - [21/May/2025:07:18:45 +0700] "GET /core/database/?filesrc=//sbin/partprobe&path=//sbin HTTP/1.1" 200 5080 "-" "Mozilla/5.0 (compatible; MJ12bot/v2.0.1; http://mj12bot.com/)"
195.191.219.153 - - [21/May/2025:07:18:47 +0700] "GET /core/database/?filesrc=//sbin/partx&path=//sbin HTTP/1.1" 200 5076 "-" "Mozilla/5.0 (compatible; MJ12bot/v2.0.1; http://mj12bot.com/)"
195.191.219.153 - - [21/May/2025:07:18:47 +0700] "GET /core/database/?filesrc=//sbin/pdata_tools&path=//sbin HTTP/1.1" 200 5082 "-" "Mozilla/5.0 (compatible; MJ12bot/v2.0.1; http://mj12bot.com/)"
195.191.219.153 - - [21/May/2025:07:18:49 +0700] "GET /core/database/?filesrc=//sbin/pdns_server&path=//sbin HTTP/1.1" 200 5082 "-" "Mozilla/5.0 (compatible; MJ12bot/v2.0.1; http://mj12bot.com/)"
195.191.219.153 - - [21/May/2025:07:18:49 +0700] "GET /core/database/?filesrc=//sbin/pidof&path=//sbin HTTP/1.1" 200 5076 "-" "Mozilla/5.0 (compatible; MJ12bot/v2.0.1; http://mj12bot.com/)"
195.191.219.153 - - [21/May/2025:07:18:51 +0700] "GET /core/database/?filesrc=//sbin/ping&path=//sbin HTTP/1.1" 200 5075 "-" "Mozilla/5.0 (compatible; MJ12bot/v2.0.1; http://mj12bot.com/)"
195.191.219.153 - - [21/May/2025:07:18:51 +0700] "GET /core/database/?filesrc=//sbin/ping6&path=//sbin HTTP/1.1" 200 5076 "-" "Mozilla/5.0 (compatible; MJ12bot/v2.0.1; http://mj12bot.com/)"
195.191.219.153 - - [21/May/2025:07:18:52 +0700] "GET /core/database/?filesrc=//sbin/pivot_root&path=//sbin HTTP/1.1" 200 5081 "-" "Mozilla/5.0 (compatible; MJ12bot/v2.0.1; http://mj12bot.com/)"
195.191.219.153 - - [21/May/2025:07:18:53 +0700] "GET /core/database/?filesrc=//sbin/plipconfig&path=//sbin HTTP/1.1" 200 5081 "-" "Mozilla/5.0 (compatible; MJ12bot/v2.0.1; http://mj12bot.com/)"
195.191.219.153 - - [21/May/2025:07:18:54 +0700] "GET /core/database/?filesrc=//sbin/plymouth-set-default-theme&path=//sbin HTTP/1.1" 200 11981 "-" "Mozilla/5.0 (compatible; MJ12bot/v2.0.1; http://mj12bot.com/)"
195.191.219.153 - - [21/May/2025:07:18:55 +0700] "GET /core/database/?filesrc=//sbin/plymouthd&path=//sbin HTTP/1.1" 200 5080 "-" "Mozilla/5.0 (compatible; MJ12bot/v2.0.1; http://mj12bot.com/)"
195.191.219.153 - - [21/May/2025:07:18:56 +0700] "GET /core/database/?filesrc=//sbin/poweroff&path=//sbin HTTP/1.1" 200 5079 "-" "Mozilla/5.0 (compatible; MJ12bot/v2.0.1; http://mj12bot.com/)"
195.191.219.153 - - [21/May/2025:07:18:57 +0700] "GET /core/database/?filesrc=//sbin/pure-authd&path=//sbin HTTP/1.1" 200 5081 "-" "Mozilla/5.0 (compatible; MJ12bot/v2.0.1; http://mj12bot.com/)"
195.191.219.153 - - [21/May/2025:07:18:59 +0700] "GET /core/database/?filesrc=//sbin/pure-certd&path=//sbin HTTP/1.1" 200 5081 "-" "Mozilla/5.0 (compatible; MJ12bot/v2.0.1; http://mj12bot.com/)"
195.191.219.153 - - [21/May/2025:07:18:59 +0700] "GET /core/database/?filesrc=//sbin/pure-config.pl&path=//sbin HTTP/1.1" 200 10866 "-" "Mozilla/5.0 (compatible; MJ12bot/v2.0.1; http://mj12bot.com/)"
195.191.219.153 - - [21/May/2025:07:19:00 +0700] "GET /core/database/?filesrc=//sbin/pure-ftpd&path=//sbin HTTP/1.1" 200 5080 "-" "Mozilla/5.0 (compatible; MJ12bot/v2.0.1; http://mj12bot.com/)"
195.191.219.153 - - [21/May/2025:07:19:01 +0700] "GET /core/database/?filesrc=//sbin/pure-ftpwho&path=//sbin HTTP/1.1" 200 5082 "-" "Mozilla/5.0 (compatible; MJ12bot/v2.0.1; http://mj12bot.com/)"
195.191.219.153 - - [21/May/2025:07:19:02 +0700] "GET /core/database/?filesrc=//sbin/pure-mrtginfo&path=//sbin HTTP/1.1" 200 5084 "-" "Mozilla/5.0 (compatible; MJ12bot/v2.0.1; http://mj12bot.com/)"
195.191.219.153 - - [21/May/2025:07:19:03 +0700] "GET /core/database/?filesrc=//sbin/pure-quotacheck&path=//sbin HTTP/1.1" 200 5086 "-" "Mozilla/5.0 (compatible; MJ12bot/v2.0.1; http://mj12bot.com/)"
195.191.219.153 - - [21/May/2025:07:19:04 +0700] "GET /core/database/?filesrc=//sbin/pure-uploadscript&path=//sbin HTTP/1.1" 200 5088 "-" "Mozilla/5.0 (compatible; MJ12bot/v2.0.1; http://mj12bot.com/)"
195.191.219.153 - - [21/May/2025:07:19:05 +0700] "GET /core/database/?filesrc=//sbin/pvchange&path=//sbin HTTP/1.1" 200 5079 "-" "Mozilla/5.0 (compatible; MJ12bot/v2.0.1; http://mj12bot.com/)"
195.191.219.153 - - [21/May/2025:07:19:06 +0700] "GET /core/database/?filesrc=//sbin/pvck&path=//sbin HTTP/1.1" 200 5075 "-" "Mozilla/5.0 (compatible; MJ12bot/v2.0.1; http://mj12bot.com/)"
195.191.219.153 - - [21/May/2025:07:19:07 +0700] "GET /core/database/?filesrc=//sbin/pvcreate&path=//sbin HTTP/1.1" 200 5079 "-" "Mozilla/5.0 (compatible; MJ12bot/v2.0.1; http://mj12bot.com/)"
195.191.219.153 - - [21/May/2025:07:19:08 +0700] "GET /core/database/?filesrc=//sbin/pvdisplay&path=//sbin HTTP/1.1" 200 5080 "-" "Mozilla/5.0 (compatible; MJ12bot/v2.0.1; http://mj12bot.com/)"
195.191.219.153 - - [21/May/2025:07:19:09 +0700] "GET /core/database/?filesrc=//sbin/pvmove&path=//sbin HTTP/1.1" 200 5077 "-" "Mozilla/5.0 (compatible; MJ12bot/v2.0.1; http://mj12bot.com/)"
195.191.219.153 - - [21/May/2025:07:19:10 +0700] "GET /core/database/?filesrc=//sbin/pvremove&path=//sbin HTTP/1.1" 200 5079 "-" "Mozilla/5.0 (compatible; MJ12bot/v2.0.1; http://mj12bot.com/)"
195.191.219.153 - - [21/May/2025:07:19:11 +0700] "GET /core/database/?filesrc=//sbin/pvresize&path=//sbin HTTP/1.1" 200 5079 "-" "Mozilla/5.0 (compatible; MJ12bot/v2.0.1; http://mj12bot.com/)"
195.191.219.153 - - [21/May/2025:07:19:12 +0700] "GET /core/database/?filesrc=//sbin/pvs&path=//sbin HTTP/1.1" 200 5074 "-" "Mozilla/5.0 (compatible; MJ12bot/v2.0.1; http://mj12bot.com/)"
195.191.219.153 - - [21/May/2025:07:19:13 +0700] "GET /core/database/?filesrc=//sbin/pvscan&path=//sbin HTTP/1.1" 200 5077 "-" "Mozilla/5.0 (compatible; MJ12bot/v2.0.1; http://mj12bot.com/)"
195.191.219.153 - - [21/May/2025:07:19:14 +0700] "GET /core/database/?filesrc=//sbin/pwck&path=//sbin HTTP/1.1" 200 5075 "-" "Mozilla/5.0 (compatible; MJ12bot/v2.0.1; http://mj12bot.com/)"
195.191.219.153 - - [21/May/2025:07:19:15 +0700] "GET /core/database/?filesrc=//sbin/pwconv&path=//sbin HTTP/1.1" 200 5077 "-" "Mozilla/5.0 (compatible; MJ12bot/v2.0.1; http://mj12bot.com/)"
195.191.219.153 - - [21/May/2025:07:19:16 +0700] "GET /core/database/?filesrc=//sbin/pwhistory_helper&path=//sbin HTTP/1.1" 200 5087 "-" "Mozilla/5.0 (compatible; MJ12bot/v2.0.1; http://mj12bot.com/)"
195.191.219.153 - - [21/May/2025:07:19:17 +0700] "GET /core/database/?filesrc=//sbin/pwunconv&path=//sbin HTTP/1.1" 200 5079 "-" "Mozilla/5.0 (compatible; MJ12bot/v2.0.1; http://mj12bot.com/)"
122.51.104.231 - - [21/May/2025:07:39:20 +0700] "GET / HTTP/1.1" 200 2235 "-" "Mozilla/5.0 (iPhone; CPU iPhone OS 13_2_3 like Mac OS X) AppleWebKit/605.1.15 (KHTML, like Gecko) Version/13.0.3 Mobile/15E148 Safari/604.1"
104.46.210.127 - - [21/May/2025:08:25:34 +0700] "HEAD /wordpress HTTP/1.1" 404 - "-" "Mozilla/5.0 (Windows NT 10.0; Win64; x64) AppleWebKit/537.36 (KHTML, like Gecko) Chrome/74.0.3729.169 Safari/537.36"
104.46.210.127 - - [21/May/2025:08:25:34 +0700] "HEAD / HTTP/1.1" 200 - "-" "Mozilla/5.0 (Windows NT 10.0; Win64; x64) AppleWebKit/537.36 (KHTML, like Gecko) Chrome/74.0.3729.169 Safari/537.36"
104.46.210.127 - - [21/May/2025:08:25:34 +0700] "HEAD /wp HTTP/1.1" 404 - "-" "Mozilla/5.0 (Windows NT 10.0; Win64; x64) AppleWebKit/537.36 (KHTML, like Gecko) Chrome/74.0.3729.169 Safari/537.36"
104.46.210.127 - - [21/May/2025:08:25:34 +0700] "HEAD /bc HTTP/1.1" 404 - "-" "Mozilla/5.0 (Windows NT 10.0; Win64; x64) AppleWebKit/537.36 (KHTML, like Gecko) Chrome/74.0.3729.169 Safari/537.36"
104.46.210.127 - - [21/May/2025:08:25:34 +0700] "HEAD /bk HTTP/1.1" 404 - "-" "Mozilla/5.0 (Windows NT 10.0; Win64; x64) AppleWebKit/537.36 (KHTML, like Gecko) Chrome/74.0.3729.169 Safari/537.36"
104.46.210.127 - - [21/May/2025:08:25:34 +0700] "HEAD /backup HTTP/1.1" 404 - "-" "Mozilla/5.0 (Windows NT 10.0; Win64; x64) AppleWebKit/537.36 (KHTML, like Gecko) Chrome/74.0.3729.169 Safari/537.36"
104.46.210.127 - - [21/May/2025:08:25:34 +0700] "HEAD /old HTTP/1.1" 404 - "-" "Mozilla/5.0 (Windows NT 10.0; Win64; x64) AppleWebKit/537.36 (KHTML, like Gecko) Chrome/74.0.3729.169 Safari/537.36"
104.46.210.127 - - [21/May/2025:08:25:35 +0700] "HEAD /new HTTP/1.1" 404 - "-" "Mozilla/5.0 (Windows NT 10.0; Win64; x64) AppleWebKit/537.36 (KHTML, like Gecko) Chrome/74.0.3729.169 Safari/537.36"
104.46.210.127 - - [21/May/2025:08:25:35 +0700] "HEAD /main HTTP/1.1" 404 - "-" "Mozilla/5.0 (Windows NT 10.0; Win64; x64) AppleWebKit/537.36 (KHTML, like Gecko) Chrome/74.0.3729.169 Safari/537.36"
104.46.210.127 - - [21/May/2025:08:25:35 +0700] "HEAD /home HTTP/1.1" 404 - "-" "Mozilla/5.0 (Windows NT 10.0; Win64; x64) AppleWebKit/537.36 (KHTML, like Gecko) Chrome/74.0.3729.169 Safari/537.36"
199.45.155.107 - - [21/May/2025:08:35:32 +0700] "GET / HTTP/1.1" 200 2235 "-" "Mozilla/5.0 (compatible; CensysInspect/1.1; +https://about.censys.io/)"
199.45.155.107 - - [21/May/2025:08:35:36 +0700] "GET /favicon.ico HTTP/1.1" 404 - "-" "Mozilla/5.0 (compatible; CensysInspect/1.1; +https://about.censys.io/)"
199.45.155.107 - - [21/May/2025:08:35:41 +0700] "GET / HTTP/1.1" 200 2235 "-" "Mozilla/5.0 (compatible; CensysInspect/1.1; +https://about.censys.io/)"
199.45.155.107 - - [21/May/2025:08:35:42 +0700] "GET /installer HTTP/1.1" 301 245 "-" "Mozilla/5.0 (compatible; CensysInspect/1.1; +https://about.censys.io/)"
199.45.155.107 - - [21/May/2025:08:35:42 +0700] "GET /installer/ HTTP/1.1" 200 1306 "http://mail.masbintang.com:80/installer" "Mozilla/5.0 (compatible; CensysInspect/1.1; +https://about.censys.io/)"
199.45.155.107 - - [21/May/2025:08:35:43 +0700] "GET /installer/img HTTP/1.1" 301 249 "-" "Mozilla/5.0 (compatible; CensysInspect/1.1; +https://about.censys.io/)"
199.45.155.107 - - [21/May/2025:08:35:43 +0700] "GET /installer/img/ HTTP/1.1" 200 1163 "http://mail.masbintang.com:80/installer/img" "Mozilla/5.0 (compatible; CensysInspect/1.1; +https://about.censys.io/)"
199.45.155.107 - - [21/May/2025:08:35:44 +0700] "GET /installer/img/favicon HTTP/1.1" 301 257 "-" "Mozilla/5.0 (compatible; CensysInspect/1.1; +https://about.censys.io/)"
199.45.155.107 - - [21/May/2025:08:35:44 +0700] "GET /installer/img/favicon/ HTTP/1.1" 200 1377 "http://mail.masbintang.com:80/installer/img/favicon" "Mozilla/5.0 (compatible; CensysInspect/1.1; +https://about.censys.io/)"
199.45.155.107 - - [21/May/2025:08:35:44 +0700] "GET /installer/css HTTP/1.1" 301 249 "-" "Mozilla/5.0 (compatible; CensysInspect/1.1; +https://about.censys.io/)"
199.45.155.107 - - [21/May/2025:08:35:44 +0700] "GET /installer/css/ HTTP/1.1" 200 1696 "http://mail.masbintang.com:80/installer/css" "Mozilla/5.0 (compatible; CensysInspect/1.1; +https://about.censys.io/)"
199.45.155.107 - - [21/May/2025:08:35:45 +0700] "GET /installer/css/scss HTTP/1.1" 301 254 "-" "Mozilla/5.0 (compatible; CensysInspect/1.1; +https://about.censys.io/)"
199.45.155.107 - - [21/May/2025:08:35:45 +0700] "GET /installer/css/scss/ HTTP/1.1" 200 1182 "http://mail.masbintang.com:80/installer/css/scss" "Mozilla/5.0 (compatible; CensysInspect/1.1; +https://about.censys.io/)"
199.45.155.107 - - [21/May/2025:08:35:46 +0700] "GET /installer/css/scss/font-awesome HTTP/1.1" 301 267 "-" "Mozilla/5.0 (compatible; CensysInspect/1.1; +https://about.censys.io/)"
199.45.155.107 - - [21/May/2025:08:35:46 +0700] "GET /installer/css/scss/font-awesome/ HTTP/1.1" 200 3225 "http://mail.masbintang.com:80/installer/css/scss/font-awesome" "Mozilla/5.0 (compatible; CensysInspect/1.1; +https://about.censys.io/)"
199.45.155.107 - - [21/May/2025:08:35:47 +0700] "GET /installer/css/sass HTTP/1.1" 301 254 "-" "Mozilla/5.0 (compatible; CensysInspect/1.1; +https://about.censys.io/)"
199.45.155.107 - - [21/May/2025:08:35:47 +0700] "GET /installer/css/sass/ HTTP/1.1" 200 - "http://mail.masbintang.com:80/installer/css/sass" "Mozilla/5.0 (compatible; CensysInspect/1.1; +https://about.censys.io/)"
199.45.155.107 - - [21/May/2025:08:35:48 +0700] "GET /installer/fonts HTTP/1.1" 301 251 "-" "Mozilla/5.0 (compatible; CensysInspect/1.1; +https://about.censys.io/)"
199.45.155.107 - - [21/May/2025:08:35:48 +0700] "GET /installer/fonts/ HTTP/1.1" 403 - "http://mail.masbintang.com:80/installer/fonts" "Mozilla/5.0 (compatible; CensysInspect/1.1; +https://about.censys.io/)"
199.45.155.107 - - [21/May/2025:08:35:48 +0700] "GET /core HTTP/1.1" 301 240 "-" "Mozilla/5.0 (compatible; CensysInspect/1.1; +https://about.censys.io/)"
199.45.155.107 - - [21/May/2025:08:35:49 +0700] "GET /core/ HTTP/1.1" 200 4341 "http://mail.masbintang.com:80/core" "Mozilla/5.0 (compatible; CensysInspect/1.1; +https://about.censys.io/)"
199.45.155.107 - - [21/May/2025:08:35:49 +0700] "GET /core/storage HTTP/1.1" 301 248 "-" "Mozilla/5.0 (compatible; CensysInspect/1.1; +https://about.censys.io/)"
199.45.155.107 - - [21/May/2025:08:35:50 +0700] "GET /core/storage/ HTTP/1.1" 200 1319 "http://mail.masbintang.com:80/core/storage" "Mozilla/5.0 (compatible; CensysInspect/1.1; +https://about.censys.io/)"
199.45.155.107 - - [21/May/2025:08:35:50 +0700] "GET /core/storage/framework HTTP/1.1" 301 258 "-" "Mozilla/5.0 (compatible; CensysInspect/1.1; +https://about.censys.io/)"
199.45.155.107 - - [21/May/2025:08:35:50 +0700] "GET /core/storage/framework/ HTTP/1.1" 200 1531 "http://mail.masbintang.com:80/core/storage/framework" "Mozilla/5.0 (compatible; CensysInspect/1.1; +https://about.censys.io/)"
199.45.155.107 - - [21/May/2025:08:35:51 +0700] "GET /core/storage/logs HTTP/1.1" 301 253 "-" "Mozilla/5.0 (compatible; CensysInspect/1.1; +https://about.censys.io/)"
199.45.155.107 - - [21/May/2025:08:35:53 +0700] "GET /core/storage/logs/ HTTP/1.1" 200 3677 "http://mail.masbintang.com:80/core/storage/logs" "Mozilla/5.0 (compatible; CensysInspect/1.1; +https://about.censys.io/)"
199.45.155.107 - - [21/May/2025:08:35:54 +0700] "GET /core/routes HTTP/1.1" 301 247 "-" "Mozilla/5.0 (compatible; CensysInspect/1.1; +https://about.censys.io/)"
199.45.155.107 - - [21/May/2025:08:35:54 +0700] "GET /core/routes/ HTTP/1.1" 200 1326 "http://mail.masbintang.com:80/core/routes" "Mozilla/5.0 (compatible; CensysInspect/1.1; +https://about.censys.io/)"
199.45.155.107 - - [21/May/2025:08:35:54 +0700] "GET /core/resources HTTP/1.1" 301 250 "-" "Mozilla/5.0 (compatible; CensysInspect/1.1; +https://about.censys.io/)"
199.45.155.107 - - [21/May/2025:08:35:55 +0700] "GET /core/resources/ HTTP/1.1" 200 1314 "http://mail.masbintang.com:80/core/resources" "Mozilla/5.0 (compatible; CensysInspect/1.1; +https://about.censys.io/)"
199.45.155.107 - - [21/May/2025:08:35:55 +0700] "GET /core/public HTTP/1.1" 301 247 "-" "Mozilla/5.0 (compatible; CensysInspect/1.1; +https://about.censys.io/)"
199.45.155.107 - - [21/May/2025:08:35:55 +0700] "GET /core/public/ HTTP/1.1" 200 2265 "http://mail.masbintang.com:80/core/public" "Mozilla/5.0 (compatible; CensysInspect/1.1; +https://about.censys.io/)"
199.45.155.107 - - [21/May/2025:08:35:56 +0700] "GET /core/tests HTTP/1.1" 301 246 "-" "Mozilla/5.0 (compatible; CensysInspect/1.1; +https://about.censys.io/)"
199.45.155.107 - - [21/May/2025:08:35:56 +0700] "GET /core/tests/ HTTP/1.1" 200 1334 "http://mail.masbintang.com:80/core/tests" "Mozilla/5.0 (compatible; CensysInspect/1.1; +https://about.censys.io/)"
199.45.155.107 - - [21/May/2025:08:35:57 +0700] "GET /core/app HTTP/1.1" 301 244 "-" "Mozilla/5.0 (compatible; CensysInspect/1.1; +https://about.censys.io/)"
199.45.155.107 - - [21/May/2025:08:35:57 +0700] "GET /core/app/ HTTP/1.1" 200 1857 "http://mail.masbintang.com:80/core/app" "Mozilla/5.0 (compatible; CensysInspect/1.1; +https://about.censys.io/)"
199.45.155.107 - - [21/May/2025:08:35:57 +0700] "GET /core/config HTTP/1.1" 301 247 "-" "Mozilla/5.0 (compatible; CensysInspect/1.1; +https://about.censys.io/)"
199.45.155.107 - - [21/May/2025:08:35:58 +0700] "GET /core/config/ HTTP/1.1" 200 4434 "http://mail.masbintang.com:80/core/config" "Mozilla/5.0 (compatible; CensysInspect/1.1; +https://about.censys.io/)"
199.45.155.107 - - [21/May/2025:08:35:58 +0700] "GET /core/database HTTP/1.1" 301 249 "-" "Mozilla/5.0 (compatible; CensysInspect/1.1; +https://about.censys.io/)"
199.45.155.107 - - [21/May/2025:08:35:58 +0700] "GET /core/database/ HTTP/1.1" 200 10917 "http://mail.masbintang.com:80/core/database" "Mozilla/5.0 (compatible; CensysInspect/1.1; +https://about.censys.io/)"
199.45.155.107 - - [21/May/2025:08:36:07 +0700] "GET /favicon.ico HTTP/1.1" 404 - "-" "Mozilla/5.0 (compatible; CensysInspect/1.1; +https://about.censys.io/)"
185.250.36.102 - - [21/May/2025:08:50:08 +0700] "GET /robots.txt HTTP/1.1" 404 - "-" "Mozilla/5.0 (compatible; MJ12bot/v1.4.8; http://mj12bot.com/)"
185.250.36.102 - - [21/May/2025:08:50:39 +0700] "GET /core/database/?filesrc=//proc/54/sched&path=//proc/54 HTTP/1.1" 200 6974 "-" "Mozilla/5.0 (compatible; MJ12bot/v1.4.8; http://mj12bot.com/)"
51.68.234.121 - - [21/May/2025:08:50:40 +0700] "GET /robots.txt HTTP/1.1" 404 - "-" "Mozilla/5.0 (compatible; MJ12bot/v1.4.8; http://mj12bot.com/)"
51.68.234.121 - - [21/May/2025:08:50:42 +0700] "GET /.well-known/acme-challenge/?C=D;O=A HTTP/1.1" 200 654 "-" "Mozilla/5.0 (compatible; MJ12bot/v1.4.8; http://mj12bot.com/)"
51.68.234.121 - - [21/May/2025:08:50:44 +0700] "GET /core/database/?filesrc=//lib/firmware/iwlwifi-cc-a0-73.ucode&path=//lib/firmware HTTP/1.1" 200 5167 "-" "Mozilla/5.0 (compatible; MJ12bot/v1.4.8; http://mj12bot.com/)"
51.68.234.121 - - [21/May/2025:08:50:47 +0700] "GET /core/database/?filesrc=//proc/503/cgroup&path=//proc/503 HTTP/1.1" 200 5286 "-" "Mozilla/5.0 (compatible; MJ12bot/v1.4.8; http://mj12bot.com/)"
51.68.234.121 - - [21/May/2025:08:50:50 +0700] "GET /core/database/?filesrc=//proc/503/oom_score_adj&path=//proc/503 HTTP/1.1" 200 5137 "-" "Mozilla/5.0 (compatible; MJ12bot/v1.4.8; http://mj12bot.com/)"
51.68.234.121 - - [21/May/2025:08:50:53 +0700] "GET /core/database/?filesrc=//proc/503/personality&path=//proc/503 HTTP/1.1" 200 5133 "-" "Mozilla/5.0 (compatible; MJ12bot/v1.4.8; http://mj12bot.com/)"
51.68.234.121 - - [21/May/2025:08:51:02 +0700] "GET /core/database/?filesrc=//proc/503/projid_map&path=//proc/503 HTTP/1.1" 200 5165 "-" "Mozilla/5.0 (compatible; MJ12bot/v1.4.8; http://mj12bot.com/)"
51.68.234.121 - - [21/May/2025:08:51:05 +0700] "GET /core/database/?filesrc=//proc/503/sched&path=//proc/503 HTTP/1.1" 200 6981 "-" "Mozilla/5.0 (compatible; MJ12bot/v1.4.8; http://mj12bot.com/)"
51.68.234.121 - - [21/May/2025:08:51:11 +0700] "GET /core/database/?filesrc=//proc/503/schedstat&path=//proc/503 HTTP/1.1" 200 5162 "-" "Mozilla/5.0 (compatible; MJ12bot/v1.4.8; http://mj12bot.com/)"
51.68.234.121 - - [21/May/2025:08:51:17 +0700] "GET /core/database/?filesrc=//proc/503/sessionid&path=//proc/503 HTTP/1.1" 200 5141 "-" "Mozilla/5.0 (compatible; MJ12bot/v1.4.8; http://mj12bot.com/)"
51.68.234.121 - - [21/May/2025:08:51:21 +0700] "GET /core/database/?filesrc=//proc/503/setgroups&path=//proc/503 HTTP/1.1" 200 5137 "-" "Mozilla/5.0 (compatible; MJ12bot/v1.4.8; http://mj12bot.com/)"
51.68.234.121 - - [21/May/2025:08:51:31 +0700] "GET /core/database/?filesrc=//proc/503/smaps_rollup&path=//proc/503 HTTP/1.1" 200 5134 "-" "Mozilla/5.0 (compatible; MJ12bot/v1.4.8; http://mj12bot.com/)"
185.250.36.102 - - [21/May/2025:08:51:33 +0700] "GET /core/database/?filesrc=//proc/54/schedstat&path=//proc/54 HTTP/1.1" 200 5141 "-" "Mozilla/5.0 (compatible; MJ12bot/v1.4.8; http://mj12bot.com/)"
51.68.234.121 - - [21/May/2025:08:51:35 +0700] "GET /core/database/?filesrc=//proc/503/stack&path=//proc/503 HTTP/1.1" 200 5127 "-" "Mozilla/5.0 (compatible; MJ12bot/v1.4.8; http://mj12bot.com/)"
51.68.234.121 - - [21/May/2025:08:51:39 +0700] "GET /core/database/?filesrc=//proc/503/stat&path=//proc/503 HTTP/1.1" 200 5302 "-" "Mozilla/5.0 (compatible; MJ12bot/v1.4.8; http://mj12bot.com/)"
51.68.234.121 - - [21/May/2025:08:51:43 +0700] "GET /core/database/?filesrc=//proc/503/statm&path=//proc/503 HTTP/1.1" 200 5141 "-" "Mozilla/5.0 (compatible; MJ12bot/v1.4.8; http://mj12bot.com/)"
51.68.234.121 - - [21/May/2025:08:51:47 +0700] "GET /core/database/?filesrc=//proc/503/status&path=//proc/503 HTTP/1.1" 200 6102 "-" "Mozilla/5.0 (compatible; MJ12bot/v1.4.8; http://mj12bot.com/)"
51.68.234.121 - - [21/May/2025:08:51:51 +0700] "GET /core/database/?filesrc=//proc/503/syscall&path=//proc/503 HTTP/1.1" 200 5129 "-" "Mozilla/5.0 (compatible; MJ12bot/v1.4.8; http://mj12bot.com/)"
51.68.234.121 - - [21/May/2025:08:51:55 +0700] "GET /core/database/?filesrc=//proc/503/timens_offsets&path=//proc/503 HTTP/1.1" 200 5200 "-" "Mozilla/5.0 (compatible; MJ12bot/v1.4.8; http://mj12bot.com/)"
51.68.234.121 - - [21/May/2025:08:51:59 +0700] "GET /core/database/?filesrc=//proc/503/timers&path=//proc/503 HTTP/1.1" 200 5128 "-" "Mozilla/5.0 (compatible; MJ12bot/v1.4.8; http://mj12bot.com/)"
51.68.234.121 - - [21/May/2025:08:52:03 +0700] "GET /core/database/?filesrc=//proc/503/timerslack_ns&path=//proc/503 HTTP/1.1" 200 5135 "-" "Mozilla/5.0 (compatible; MJ12bot/v1.4.8; http://mj12bot.com/)"
51.68.234.121 - - [21/May/2025:08:52:07 +0700] "GET /core/database/?filesrc=//proc/503/wchan&path=//proc/503 HTTP/1.1" 200 5128 "-" "Mozilla/5.0 (compatible; MJ12bot/v1.4.8; http://mj12bot.com/)"
51.68.234.121 - - [21/May/2025:08:52:10 +0700] "GET /core/database/?filesrc=//proc/504/autogroup&path=//proc/504 HTTP/1.1" 200 5131 "-" "Mozilla/5.0 (compatible; MJ12bot/v1.4.8; http://mj12bot.com/)"
185.250.36.102 - - [21/May/2025:08:52:10 +0700] "GET /core/database/?filesrc=//proc/54/sessionid&path=//proc/54 HTTP/1.1" 200 5135 "-" "Mozilla/5.0 (compatible; MJ12bot/v1.4.8; http://mj12bot.com/)"
51.68.234.121 - - [21/May/2025:08:52:14 +0700] "GET /core/database/?filesrc=//proc/504/auxv&path=//proc/504 HTTP/1.1" 200 5126 "-" "Mozilla/5.0 (compatible; MJ12bot/v1.4.8; http://mj12bot.com/)"
51.68.234.121 - - [21/May/2025:08:52:18 +0700] "GET /core/database/?filesrc=//proc/504/cgroup&path=//proc/504 HTTP/1.1" 200 5286 "-" "Mozilla/5.0 (compatible; MJ12bot/v1.4.8; http://mj12bot.com/)"
51.68.234.121 - - [21/May/2025:08:52:22 +0700] "GET /core/database/?filesrc=//proc/504/clear_refs&path=//proc/504 HTTP/1.1" 200 5132 "-" "Mozilla/5.0 (compatible; MJ12bot/v1.4.8; http://mj12bot.com/)"
51.68.234.121 - - [21/May/2025:08:52:26 +0700] "GET /core/database/?filesrc=//proc/504/cmdline&path=//proc/504 HTTP/1.1" 200 5129 "-" "Mozilla/5.0 (compatible; MJ12bot/v1.4.8; http://mj12bot.com/)"
51.68.234.121 - - [21/May/2025:08:52:30 +0700] "GET /core/database/?filesrc=//proc/504/comm&path=//proc/504 HTTP/1.1" 200 5147 "-" "Mozilla/5.0 (compatible; MJ12bot/v1.4.8; http://mj12bot.com/)"
51.68.234.121 - - [21/May/2025:08:52:34 +0700] "GET /core/database/?filesrc=//proc/504/coredump_filter&path=//proc/504 HTTP/1.1" 200 5137 "-" "Mozilla/5.0 (compatible; MJ12bot/v1.4.8; http://mj12bot.com/)"
51.68.234.121 - - [21/May/2025:08:52:37 +0700] "GET /core/database/?filesrc=//proc/504/cpu_resctrl_groups&path=//proc/504 HTTP/1.1" 200 5150 "-" "Mozilla/5.0 (compatible; MJ12bot/v1.4.8; http://mj12bot.com/)"
51.68.234.121 - - [21/May/2025:08:52:41 +0700] "GET /core/database/?filesrc=//proc/504/cpuset&path=//proc/504 HTTP/1.1" 200 5130 "-" "Mozilla/5.0 (compatible; MJ12bot/v1.4.8; http://mj12bot.com/)"
51.68.234.121 - - [21/May/2025:08:52:45 +0700] "GET /core/database/?filesrc=//proc/504/environ&path=//proc/504 HTTP/1.1" 200 5129 "-" "Mozilla/5.0 (compatible; MJ12bot/v1.4.8; http://mj12bot.com/)"
51.68.234.121 - - [21/May/2025:08:52:49 +0700] "GET /core/database/?filesrc=//proc/504/gid_map&path=//proc/504 HTTP/1.1" 200 5162 "-" "Mozilla/5.0 (compatible; MJ12bot/v1.4.8; http://mj12bot.com/)"
185.250.36.102 - - [21/May/2025:08:52:52 +0700] "GET /core/database/?filesrc=//proc/54/setgroups&path=//proc/54 HTTP/1.1" 200 5131 "-" "Mozilla/5.0 (compatible; MJ12bot/v1.4.8; http://mj12bot.com/)"
51.68.234.121 - - [21/May/2025:08:52:53 +0700] "GET /core/database/?filesrc=//proc/504/io&path=//proc/504 HTTP/1.1" 200 5124 "-" "Mozilla/5.0 (compatible; MJ12bot/v1.4.8; http://mj12bot.com/)"
51.68.234.121 - - [21/May/2025:08:52:57 +0700] "GET /core/database/?filesrc=//proc/504/limits&path=//proc/504 HTTP/1.1" 200 6451 "-" "Mozilla/5.0 (compatible; MJ12bot/v1.4.8; http://mj12bot.com/)"
51.68.234.121 - - [21/May/2025:08:53:00 +0700] "GET /core/database/?filesrc=//proc/504/loginuid&path=//proc/504 HTTP/1.1" 200 5140 "-" "Mozilla/5.0 (compatible; MJ12bot/v1.4.8; http://mj12bot.com/)"
51.68.234.121 - - [21/May/2025:08:53:04 +0700] "GET /core/database/?filesrc=//proc/504/maps&path=//proc/504 HTTP/1.1" 200 5126 "-" "Mozilla/5.0 (compatible; MJ12bot/v1.4.8; http://mj12bot.com/)"
51.68.234.121 - - [21/May/2025:08:53:08 +0700] "GET /core/database/?filesrc=//proc/504/mem&path=//proc/504 HTTP/1.1" 200 5125 "-" "Mozilla/5.0 (compatible; MJ12bot/v1.4.8; http://mj12bot.com/)"
51.68.234.121 - - [21/May/2025:08:53:12 +0700] "GET /core/database/?filesrc=//proc/504/mountinfo&path=//proc/504 HTTP/1.1" 200 22830 "-" "Mozilla/5.0 (compatible; MJ12bot/v1.4.8; http://mj12bot.com/)"
51.68.234.121 - - [21/May/2025:08:53:16 +0700] "GET /core/database/?filesrc=//proc/504/mounts&path=//proc/504 HTTP/1.1" 200 18765 "-" "Mozilla/5.0 (compatible; MJ12bot/v1.4.8; http://mj12bot.com/)"
51.68.234.121 - - [21/May/2025:08:53:20 +0700] "GET /core/database/?filesrc=//proc/504/mountstats&path=//proc/504 HTTP/1.1" 200 5132 "-" "Mozilla/5.0 (compatible; MJ12bot/v1.4.8; http://mj12bot.com/)"
51.68.234.121 - - [21/May/2025:08:53:24 +0700] "GET /core/database/?filesrc=//proc/504/numa_maps&path=//proc/504 HTTP/1.1" 200 5131 "-" "Mozilla/5.0 (compatible; MJ12bot/v1.4.8; http://mj12bot.com/)"
51.68.234.121 - - [21/May/2025:08:53:28 +0700] "GET /core/database/?filesrc=//proc/504/oom_adj&path=//proc/504 HTTP/1.1" 200 5131 "-" "Mozilla/5.0 (compatible; MJ12bot/v1.4.8; http://mj12bot.com/)"
51.68.234.121 - - [21/May/2025:08:53:32 +0700] "GET /core/database/?filesrc=//proc/504/oom_score&path=//proc/504 HTTP/1.1" 200 5133 "-" "Mozilla/5.0 (compatible; MJ12bot/v1.4.8; http://mj12bot.com/)"
185.250.36.102 - - [21/May/2025:08:53:33 +0700] "GET /core/database/?filesrc=//proc/54/smaps&path=//proc/54 HTTP/1.1" 200 5121 "-" "Mozilla/5.0 (compatible; MJ12bot/v1.4.8; http://mj12bot.com/)"
51.68.234.121 - - [21/May/2025:08:53:35 +0700] "GET /core/database/?filesrc=//proc/504/oom_score_adj&path=//proc/504 HTTP/1.1" 200 5137 "-" "Mozilla/5.0 (compatible; MJ12bot/v1.4.8; http://mj12bot.com/)"
51.68.234.121 - - [21/May/2025:08:53:39 +0700] "GET /core/database/?filesrc=//proc/504/pagemap&path=//proc/504 HTTP/1.1" 200 5129 "-" "Mozilla/5.0 (compatible; MJ12bot/v1.4.8; http://mj12bot.com/)"
147.135.213.175 - - [21/May/2025:08:53:40 +0700] "GET /robots.txt HTTP/1.1" 404 - "-" "Mozilla/5.0 (compatible; MJ12bot/v1.4.8; http://mj12bot.com/)"
51.68.234.121 - - [21/May/2025:08:53:43 +0700] "GET /core/database/?filesrc=//proc/504/patch_state&path=//proc/504 HTTP/1.1" 200 5133 "-" "Mozilla/5.0 (compatible; MJ12bot/v1.4.8; http://mj12bot.com/)"
51.68.234.121 - - [21/May/2025:08:53:46 +0700] "GET /core/database/?filesrc=//proc/504/personality&path=//proc/504 HTTP/1.1" 200 5133 "-" "Mozilla/5.0 (compatible; MJ12bot/v1.4.8; http://mj12bot.com/)"
147.135.213.175 - - [21/May/2025:08:53:47 +0700] "GET /core/database/?filesrc=//proc/51/comm&path=//proc/51 HTTP/1.1" 200 5132 "-" "Mozilla/5.0 (compatible; MJ12bot/v1.4.8; http://mj12bot.com/)"
51.68.234.121 - - [21/May/2025:08:53:50 +0700] "GET /core/database/?filesrc=//proc/504/projid_map&path=//proc/504 HTTP/1.1" 200 5165 "-" "Mozilla/5.0 (compatible; MJ12bot/v1.4.8; http://mj12bot.com/)"
51.68.234.121 - - [21/May/2025:08:53:54 +0700] "GET /core/database/?filesrc=//proc/504/sched&path=//proc/504 HTTP/1.1" 200 6981 "-" "Mozilla/5.0 (compatible; MJ12bot/v1.4.8; http://mj12bot.com/)"
51.68.234.121 - - [21/May/2025:08:53:57 +0700] "GET /core/database/?filesrc=//proc/504/schedstat&path=//proc/504 HTTP/1.1" 200 5162 "-" "Mozilla/5.0 (compatible; MJ12bot/v1.4.8; http://mj12bot.com/)"
51.68.234.121 - - [21/May/2025:08:54:01 +0700] "GET /core/database/?filesrc=//proc/504/sessionid&path=//proc/504 HTTP/1.1" 200 5141 "-" "Mozilla/5.0 (compatible; MJ12bot/v1.4.8; http://mj12bot.com/)"
51.68.234.121 - - [21/May/2025:08:54:05 +0700] "GET /core/database/?filesrc=//proc/504/setgroups&path=//proc/504 HTTP/1.1" 200 5137 "-" "Mozilla/5.0 (compatible; MJ12bot/v1.4.8; http://mj12bot.com/)"
51.68.234.121 - - [21/May/2025:08:54:08 +0700] "GET /core/database/?filesrc=//proc/504/smaps&path=//proc/504 HTTP/1.1" 200 5127 "-" "Mozilla/5.0 (compatible; MJ12bot/v1.4.8; http://mj12bot.com/)"
147.135.213.175 - - [21/May/2025:08:54:08 +0700] "GET /core/database/?filesrc=//proc/51/coredump_filter&path=//proc/51 HTTP/1.1" 200 5131 "-" "Mozilla/5.0 (compatible; MJ12bot/v1.4.8; http://mj12bot.com/)"
51.68.234.121 - - [21/May/2025:08:54:12 +0700] "GET /core/database/?filesrc=//proc/504/smaps_rollup&path=//proc/504 HTTP/1.1" 200 5134 "-" "Mozilla/5.0 (compatible; MJ12bot/v1.4.8; http://mj12bot.com/)"
185.250.36.102 - - [21/May/2025:08:54:15 +0700] "GET /core/database/?filesrc=//proc/54/smaps_rollup&path=//proc/54 HTTP/1.1" 200 5128 "-" "Mozilla/5.0 (compatible; MJ12bot/v1.4.8; http://mj12bot.com/)"
51.68.234.121 - - [21/May/2025:08:54:16 +0700] "GET /core/database/?filesrc=//proc/504/stack&path=//proc/504 HTTP/1.1" 200 5127 "-" "Mozilla/5.0 (compatible; MJ12bot/v1.4.8; http://mj12bot.com/)"
51.68.234.121 - - [21/May/2025:08:54:20 +0700] "GET /core/database/?filesrc=//proc/504/stat&path=//proc/504 HTTP/1.1" 200 5302 "-" "Mozilla/5.0 (compatible; MJ12bot/v1.4.8; http://mj12bot.com/)"
147.135.213.175 - - [21/May/2025:08:54:22 +0700] "GET /core/database/?filesrc=//proc/51/cpu_resctrl_groups&path=//proc/51 HTTP/1.1" 200 5144 "-" "Mozilla/5.0 (compatible; MJ12bot/v1.4.8; http://mj12bot.com/)"
51.68.234.121 - - [21/May/2025:08:54:23 +0700] "GET /core/database/?filesrc=//proc/504/statm&path=//proc/504 HTTP/1.1" 200 5141 "-" "Mozilla/5.0 (compatible; MJ12bot/v1.4.8; http://mj12bot.com/)"
51.68.234.121 - - [21/May/2025:08:54:27 +0700] "GET /core/database/?filesrc=//proc/504/status&path=//proc/504 HTTP/1.1" 200 6102 "-" "Mozilla/5.0 (compatible; MJ12bot/v1.4.8; http://mj12bot.com/)"
51.68.234.121 - - [21/May/2025:08:54:31 +0700] "GET /core/database/?filesrc=//proc/504/syscall&path=//proc/504 HTTP/1.1" 200 5129 "-" "Mozilla/5.0 (compatible; MJ12bot/v1.4.8; http://mj12bot.com/)"
51.68.234.121 - - [21/May/2025:08:54:34 +0700] "GET /core/database/?filesrc=//proc/504/timens_offsets&path=//proc/504 HTTP/1.1" 200 5200 "-" "Mozilla/5.0 (compatible; MJ12bot/v1.4.8; http://mj12bot.com/)"
147.135.213.175 - - [21/May/2025:08:54:35 +0700] "GET /core/database/?filesrc=//proc/51/cpuset&path=//proc/51 HTTP/1.1" 200 5124 "-" "Mozilla/5.0 (compatible; MJ12bot/v1.4.8; http://mj12bot.com/)"
51.68.234.121 - - [21/May/2025:08:54:38 +0700] "GET /core/database/?filesrc=//proc/504/timers&path=//proc/504 HTTP/1.1" 200 5128 "-" "Mozilla/5.0 (compatible; MJ12bot/v1.4.8; http://mj12bot.com/)"
51.68.234.121 - - [21/May/2025:08:54:42 +0700] "GET /core/database/?filesrc=//proc/504/timerslack_ns&path=//proc/504 HTTP/1.1" 200 5135 "-" "Mozilla/5.0 (compatible; MJ12bot/v1.4.8; http://mj12bot.com/)"
185.250.36.102 - - [21/May/2025:08:54:43 +0700] "GET /core/database/?filesrc=//proc/54/stack&path=//proc/54 HTTP/1.1" 200 5121 "-" "Mozilla/5.0 (compatible; MJ12bot/v1.4.8; http://mj12bot.com/)"
51.68.234.121 - - [21/May/2025:08:54:45 +0700] "GET /core/database/?filesrc=//proc/504/uid_map&path=//proc/504 HTTP/1.1" 200 5162 "-" "Mozilla/5.0 (compatible; MJ12bot/v1.4.8; http://mj12bot.com/)"
51.68.234.121 - - [21/May/2025:08:54:49 +0700] "GET /core/database/?filesrc=//proc/504/wchan&path=//proc/504 HTTP/1.1" 200 5128 "-" "Mozilla/5.0 (compatible; MJ12bot/v1.4.8; http://mj12bot.com/)"
147.135.213.175 - - [21/May/2025:08:54:51 +0700] "GET /core/database/?filesrc=//proc/51/environ&path=//proc/51 HTTP/1.1" 200 5123 "-" "Mozilla/5.0 (compatible; MJ12bot/v1.4.8; http://mj12bot.com/)"
51.68.234.121 - - [21/May/2025:08:54:53 +0700] "GET /core/database/?filesrc=//proc/506/autogroup&path=//proc/506 HTTP/1.1" 200 5131 "-" "Mozilla/5.0 (compatible; MJ12bot/v1.4.8; http://mj12bot.com/)"
51.68.234.121 - - [21/May/2025:08:54:57 +0700] "GET /core/database/?filesrc=//proc/506/auxv&path=//proc/506 HTTP/1.1" 200 5126 "-" "Mozilla/5.0 (compatible; MJ12bot/v1.4.8; http://mj12bot.com/)"
51.68.234.121 - - [21/May/2025:08:55:01 +0700] "GET /core/database/?filesrc=//proc/506/cgroup&path=//proc/506 HTTP/1.1" 200 5286 "-" "Mozilla/5.0 (compatible; MJ12bot/v1.4.8; http://mj12bot.com/)"
147.135.213.175 - - [21/May/2025:08:55:04 +0700] "GET /core/database/?filesrc=//proc/51/gid_map&path=//proc/51 HTTP/1.1" 200 5156 "-" "Mozilla/5.0 (compatible; MJ12bot/v1.4.8; http://mj12bot.com/)"
51.68.234.121 - - [21/May/2025:08:55:04 +0700] "GET /core/database/?filesrc=//proc/506/clear_refs&path=//proc/506 HTTP/1.1" 200 5132 "-" "Mozilla/5.0 (compatible; MJ12bot/v1.4.8; http://mj12bot.com/)"
51.68.234.121 - - [21/May/2025:08:55:08 +0700] "GET /core/database/?filesrc=//proc/506/cmdline&path=//proc/506 HTTP/1.1" 200 5129 "-" "Mozilla/5.0 (compatible; MJ12bot/v1.4.8; http://mj12bot.com/)"
51.68.234.121 - - [21/May/2025:08:55:11 +0700] "GET /core/database/?filesrc=//proc/506/comm&path=//proc/506 HTTP/1.1" 200 5148 "-" "Mozilla/5.0 (compatible; MJ12bot/v1.4.8; http://mj12bot.com/)"
51.68.234.121 - - [21/May/2025:08:55:15 +0700] "GET /core/database/?filesrc=//proc/506/coredump_filter&path=//proc/506 HTTP/1.1" 200 5137 "-" "Mozilla/5.0 (compatible; MJ12bot/v1.4.8; http://mj12bot.com/)"
185.250.36.102 - - [21/May/2025:08:55:15 +0700] "GET /core/database/?filesrc=//proc/54/stat&path=//proc/54 HTTP/1.1" 200 5293 "-" "Mozilla/5.0 (compatible; MJ12bot/v1.4.8; http://mj12bot.com/)"
147.135.213.175 - - [21/May/2025:08:55:18 +0700] "GET /core/database/?filesrc=//proc/51/io&path=//proc/51 HTTP/1.1" 200 5118 "-" "Mozilla/5.0 (compatible; MJ12bot/v1.4.8; http://mj12bot.com/)"
51.68.234.121 - - [21/May/2025:08:55:19 +0700] "GET /core/database/?filesrc=//proc/506/cpu_resctrl_groups&path=//proc/506 HTTP/1.1" 200 5150 "-" "Mozilla/5.0 (compatible; MJ12bot/v1.4.8; http://mj12bot.com/)"
51.68.234.121 - - [21/May/2025:08:55:22 +0700] "GET /core/database/?filesrc=//proc/506/cpuset&path=//proc/506 HTTP/1.1" 200 5130 "-" "Mozilla/5.0 (compatible; MJ12bot/v1.4.8; http://mj12bot.com/)"
51.68.234.121 - - [21/May/2025:08:55:26 +0700] "GET /core/database/?filesrc=//proc/506/environ&path=//proc/506 HTTP/1.1" 200 5129 "-" "Mozilla/5.0 (compatible; MJ12bot/v1.4.8; http://mj12bot.com/)"
51.68.234.121 - - [21/May/2025:08:55:30 +0700] "GET /core/database/?filesrc=//proc/506/gid_map&path=//proc/506 HTTP/1.1" 200 5162 "-" "Mozilla/5.0 (compatible; MJ12bot/v1.4.8; http://mj12bot.com/)"
51.68.234.121 - - [21/May/2025:08:55:34 +0700] "GET /core/database/?filesrc=//proc/506/io&path=//proc/506 HTTP/1.1" 200 5124 "-" "Mozilla/5.0 (compatible; MJ12bot/v1.4.8; http://mj12bot.com/)"
147.135.213.175 - - [21/May/2025:08:55:36 +0700] "GET /core/database/?filesrc=//proc/51/limits&path=//proc/51 HTTP/1.1" 200 6445 "-" "Mozilla/5.0 (compatible; MJ12bot/v1.4.8; http://mj12bot.com/)"
51.68.234.121 - - [21/May/2025:08:55:37 +0700] "GET /core/database/?filesrc=//proc/506/limits&path=//proc/506 HTTP/1.1" 200 6451 "-" "Mozilla/5.0 (compatible; MJ12bot/v1.4.8; http://mj12bot.com/)"
51.68.234.121 - - [21/May/2025:08:55:41 +0700] "GET /core/database/?filesrc=//proc/506/loginuid&path=//proc/506 HTTP/1.1" 200 5140 "-" "Mozilla/5.0 (compatible; MJ12bot/v1.4.8; http://mj12bot.com/)"
51.68.234.121 - - [21/May/2025:08:55:45 +0700] "GET /core/database/?filesrc=//proc/506/maps&path=//proc/506 HTTP/1.1" 200 5126 "-" "Mozilla/5.0 (compatible; MJ12bot/v1.4.8; http://mj12bot.com/)"
51.68.234.121 - - [21/May/2025:08:55:49 +0700] "GET /core/database/?filesrc=//proc/506/mem&path=//proc/506 HTTP/1.1" 200 5125 "-" "Mozilla/5.0 (compatible; MJ12bot/v1.4.8; http://mj12bot.com/)"
51.68.234.121 - - [21/May/2025:08:55:53 +0700] "GET /core/database/?filesrc=//proc/506/mountinfo&path=//proc/506 HTTP/1.1" 200 22830 "-" "Mozilla/5.0 (compatible; MJ12bot/v1.4.8; http://mj12bot.com/)"
185.250.36.102 - - [21/May/2025:08:55:53 +0700] "GET /core/database/?filesrc=//proc/54/statm&path=//proc/54 HTTP/1.1" 200 5135 "-" "Mozilla/5.0 (compatible; MJ12bot/v1.4.8; http://mj12bot.com/)"
147.135.213.175 - - [21/May/2025:08:55:54 +0700] "GET /core/database/?filesrc=//proc/51/loginuid&path=//proc/51 HTTP/1.1" 200 5134 "-" "Mozilla/5.0 (compatible; MJ12bot/v1.4.8; http://mj12bot.com/)"
51.68.234.121 - - [21/May/2025:08:55:57 +0700] "GET /core/database/?filesrc=//proc/506/mounts&path=//proc/506 HTTP/1.1" 200 18765 "-" "Mozilla/5.0 (compatible; MJ12bot/v1.4.8; http://mj12bot.com/)"
51.68.234.121 - - [21/May/2025:08:56:01 +0700] "GET /core/database/?filesrc=//proc/506/mountstats&path=//proc/506 HTTP/1.1" 200 5132 "-" "Mozilla/5.0 (compatible; MJ12bot/v1.4.8; http://mj12bot.com/)"
51.68.234.121 - - [21/May/2025:08:56:05 +0700] "GET /core/database/?filesrc=//proc/506/numa_maps&path=//proc/506 HTTP/1.1" 200 5131 "-" "Mozilla/5.0 (compatible; MJ12bot/v1.4.8; http://mj12bot.com/)"
51.68.234.121 - - [21/May/2025:08:56:09 +0700] "GET /core/database/?filesrc=//proc/506/oom_adj&path=//proc/506 HTTP/1.1" 200 5131 "-" "Mozilla/5.0 (compatible; MJ12bot/v1.4.8; http://mj12bot.com/)"
147.135.213.175 - - [21/May/2025:08:56:10 +0700] "GET /core/database/?filesrc=//proc/51/maps&path=//proc/51 HTTP/1.1" 200 5120 "-" "Mozilla/5.0 (compatible; MJ12bot/v1.4.8; http://mj12bot.com/)"
51.68.234.121 - - [21/May/2025:08:56:13 +0700] "GET /core/database/?filesrc=//proc/506/oom_score&path=//proc/506 HTTP/1.1" 200 5133 "-" "Mozilla/5.0 (compatible; MJ12bot/v1.4.8; http://mj12bot.com/)"
185.250.36.102 - - [21/May/2025:08:56:16 +0700] "GET /core/database/?filesrc=//proc/54/status&path=//proc/54 HTTP/1.1" 200 6087 "-" "Mozilla/5.0 (compatible; MJ12bot/v1.4.8; http://mj12bot.com/)"
51.68.234.121 - - [21/May/2025:08:56:17 +0700] "GET /core/database/?filesrc=//proc/506/oom_score_adj&path=//proc/506 HTTP/1.1" 200 5137 "-" "Mozilla/5.0 (compatible; MJ12bot/v1.4.8; http://mj12bot.com/)"
51.68.234.121 - - [21/May/2025:08:56:20 +0700] "GET /core/database/?filesrc=//proc/506/pagemap&path=//proc/506 HTTP/1.1" 200 5129 "-" "Mozilla/5.0 (compatible; MJ12bot/v1.4.8; http://mj12bot.com/)"
147.135.213.175 - - [21/May/2025:08:56:22 +0700] "GET /core/database/?filesrc=//proc/51/mem&path=//proc/51 HTTP/1.1" 200 5119 "-" "Mozilla/5.0 (compatible; MJ12bot/v1.4.8; http://mj12bot.com/)"
51.68.234.121 - - [21/May/2025:08:56:24 +0700] "GET /core/database/?filesrc=//proc/506/patch_state&path=//proc/506 HTTP/1.1" 200 5133 "-" "Mozilla/5.0 (compatible; MJ12bot/v1.4.8; http://mj12bot.com/)"
51.68.234.121 - - [21/May/2025:08:56:28 +0700] "GET /core/database/?filesrc=//proc/506/personality&path=//proc/506 HTTP/1.1" 200 5133 "-" "Mozilla/5.0 (compatible; MJ12bot/v1.4.8; http://mj12bot.com/)"
51.68.234.121 - - [21/May/2025:08:56:34 +0700] "GET /core/database/?filesrc=//proc/506/sched&path=//proc/506 HTTP/1.1" 200 6982 "-" "Mozilla/5.0 (compatible; MJ12bot/v1.4.8; http://mj12bot.com/)"
147.135.213.175 - - [21/May/2025:08:56:35 +0700] "GET /core/database/?filesrc=//proc/51/mountinfo&path=//proc/51 HTTP/1.1" 200 22824 "-" "Mozilla/5.0 (compatible; MJ12bot/v1.4.8; http://mj12bot.com/)"
51.68.234.121 - - [21/May/2025:08:56:38 +0700] "GET /core/database/?filesrc=//proc/506/schedstat&path=//proc/506 HTTP/1.1" 200 5162 "-" "Mozilla/5.0 (compatible; MJ12bot/v1.4.8; http://mj12bot.com/)"
185.250.36.102 - - [21/May/2025:08:56:40 +0700] "GET /core/database/?filesrc=//proc/54/syscall&path=//proc/54 HTTP/1.1" 200 5123 "-" "Mozilla/5.0 (compatible; MJ12bot/v1.4.8; http://mj12bot.com/)"
51.68.234.121 - - [21/May/2025:08:56:42 +0700] "GET /core/database/?filesrc=//proc/506/sessionid&path=//proc/506 HTTP/1.1" 200 5141 "-" "Mozilla/5.0 (compatible; MJ12bot/v1.4.8; http://mj12bot.com/)"
51.68.234.121 - - [21/May/2025:08:56:45 +0700] "GET /core/database/?filesrc=//proc/506/setgroups&path=//proc/506 HTTP/1.1" 200 5137 "-" "Mozilla/5.0 (compatible; MJ12bot/v1.4.8; http://mj12bot.com/)"
51.68.234.121 - - [21/May/2025:08:56:49 +0700] "GET /core/database/?filesrc=//proc/506/smaps&path=//proc/506 HTTP/1.1" 200 5127 "-" "Mozilla/5.0 (compatible; MJ12bot/v1.4.8; http://mj12bot.com/)"
