192.99.15.185 - - [21/May/2025:11:28:39 +0700] "GET /core/database/?filesrc=//proc/226/smaps_rollup&path=//proc/226 HTTP/1.1" 200 5134 "-" "Mozilla/5.0 (compatible; MJ12bot/v1.4.8; http://mj12bot.com/)"
192.99.15.185 - - [21/May/2025:11:28:49 +0700] "GET /core/database/?filesrc=//proc/226/stack&path=//proc/226 HTTP/1.1" 200 5127 "-" "Mozilla/5.0 (compatible; MJ12bot/v1.4.8; http://mj12bot.com/)"
192.99.15.185 - - [21/May/2025:11:29:06 +0700] "GET /core/database/?filesrc=//proc/226/stat&path=//proc/226 HTTP/1.1" 200 5279 "-" "Mozilla/5.0 (compatible; MJ12bot/v1.4.8; http://mj12bot.com/)"
192.99.15.185 - - [21/May/2025:11:29:13 +0700] "GET /core/database/?filesrc=//proc/226/statm&path=//proc/226 HTTP/1.1" 200 5141 "-" "Mozilla/5.0 (compatible; MJ12bot/v1.4.8; http://mj12bot.com/)"
192.99.15.185 - - [21/May/2025:11:29:25 +0700] "GET /core/database/?filesrc=//proc/226/status&path=//proc/226 HTTP/1.1" 200 6078 "-" "Mozilla/5.0 (compatible; MJ12bot/v1.4.8; http://mj12bot.com/)"
192.99.15.185 - - [21/May/2025:11:29:37 +0700] "GET /core/database/?filesrc=//proc/226/syscall&path=//proc/226 HTTP/1.1" 200 5129 "-" "Mozilla/5.0 (compatible; MJ12bot/v1.4.8; http://mj12bot.com/)"
192.99.15.185 - - [21/May/2025:11:29:48 +0700] "GET /core/database/?filesrc=//proc/226/timens_offsets&path=//proc/226 HTTP/1.1" 200 5200 "-" "Mozilla/5.0 (compatible; MJ12bot/v1.4.8; http://mj12bot.com/)"
192.99.15.185 - - [21/May/2025:11:30:04 +0700] "GET /core/database/?filesrc=//proc/226/timers&path=//proc/226 HTTP/1.1" 200 5128 "-" "Mozilla/5.0 (compatible; MJ12bot/v1.4.8; http://mj12bot.com/)"
192.99.15.185 - - [21/May/2025:11:30:12 +0700] "GET /core/database/?filesrc=//proc/226/timerslack_ns&path=//proc/226 HTTP/1.1" 200 5135 "-" "Mozilla/5.0 (compatible; MJ12bot/v1.4.8; http://mj12bot.com/)"
192.99.15.185 - - [21/May/2025:11:30:16 +0700] "GET /core/database/?filesrc=//proc/226/uid_map&path=//proc/226 HTTP/1.1" 200 5162 "-" "Mozilla/5.0 (compatible; MJ12bot/v1.4.8; http://mj12bot.com/)"
192.99.15.185 - - [21/May/2025:11:30:22 +0700] "GET /core/database/?filesrc=//proc/226/wchan&path=//proc/226 HTTP/1.1" 200 5128 "-" "Mozilla/5.0 (compatible; MJ12bot/v1.4.8; http://mj12bot.com/)"
192.99.15.185 - - [21/May/2025:11:30:32 +0700] "GET /core/database/?filesrc=//proc/2440/autogroup&path=//proc/2440 HTTP/1.1" 200 5159 "-" "Mozilla/5.0 (compatible; MJ12bot/v1.4.8; http://mj12bot.com/)"
192.99.15.185 - - [21/May/2025:11:30:39 +0700] "GET /core/database/?filesrc=//proc/2440/auxv&path=//proc/2440 HTTP/1.1" 200 5132 "-" "Mozilla/5.0 (compatible; MJ12bot/v1.4.8; http://mj12bot.com/)"
192.99.15.185 - - [21/May/2025:11:30:54 +0700] "GET /core/database/?filesrc=//proc/2440/cgroup&path=//proc/2440 HTTP/1.1" 200 5442 "-" "Mozilla/5.0 (compatible; MJ12bot/v1.4.8; http://mj12bot.com/)"
192.99.15.185 - - [21/May/2025:11:31:05 +0700] "GET /core/database/?filesrc=//proc/2440/clear_refs&path=//proc/2440 HTTP/1.1" 200 5138 "-" "Mozilla/5.0 (compatible; MJ12bot/v1.4.8; http://mj12bot.com/)"
192.99.15.185 - - [21/May/2025:11:31:14 +0700] "GET /core/database/?filesrc=//proc/2440/cmdline&path=//proc/2440 HTTP/1.1" 200 5157 "-" "Mozilla/5.0 (compatible; MJ12bot/v1.4.8; http://mj12bot.com/)"
192.99.15.185 - - [21/May/2025:11:31:22 +0700] "GET /core/database/?filesrc=//proc/2440/comm&path=//proc/2440 HTTP/1.1" 200 5138 "-" "Mozilla/5.0 (compatible; MJ12bot/v1.4.8; http://mj12bot.com/)"
192.99.15.185 - - [21/May/2025:11:31:33 +0700] "GET /core/database/?filesrc=//proc/2440/coredump_filter&path=//proc/2440 HTTP/1.1" 200 5152 "-" "Mozilla/5.0 (compatible; MJ12bot/v1.4.8; http://mj12bot.com/)"
192.99.15.185 - - [21/May/2025:11:31:41 +0700] "GET /core/database/?filesrc=//proc/2440/cpu_resctrl_groups&path=//proc/2440 HTTP/1.1" 200 5156 "-" "Mozilla/5.0 (compatible; MJ12bot/v1.4.8; http://mj12bot.com/)"
192.99.15.185 - - [21/May/2025:11:31:51 +0700] "GET /core/database/?filesrc=//proc/2440/cpuset&path=//proc/2440 HTTP/1.1" 200 5136 "-" "Mozilla/5.0 (compatible; MJ12bot/v1.4.8; http://mj12bot.com/)"
192.99.15.185 - - [21/May/2025:11:32:03 +0700] "GET /core/database/?filesrc=//proc/2440/environ&path=//proc/2440 HTTP/1.1" 200 5135 "-" "Mozilla/5.0 (compatible; MJ12bot/v1.4.8; http://mj12bot.com/)"
192.99.15.185 - - [21/May/2025:11:32:10 +0700] "GET /core/database/?filesrc=//proc/2440/gid_map&path=//proc/2440 HTTP/1.1" 200 5168 "-" "Mozilla/5.0 (compatible; MJ12bot/v1.4.8; http://mj12bot.com/)"
192.99.15.185 - - [21/May/2025:11:32:20 +0700] "GET /core/database/?filesrc=//proc/2440/io&path=//proc/2440 HTTP/1.1" 200 5130 "-" "Mozilla/5.0 (compatible; MJ12bot/v1.4.8; http://mj12bot.com/)"
192.99.15.185 - - [21/May/2025:11:32:30 +0700] "GET /core/database/?filesrc=//proc/2440/limits&path=//proc/2440 HTTP/1.1" 200 6457 "-" "Mozilla/5.0 (compatible; MJ12bot/v1.4.8; http://mj12bot.com/)"
192.99.15.185 - - [21/May/2025:11:32:39 +0700] "GET /core/database/?filesrc=//proc/2440/loginuid&path=//proc/2440 HTTP/1.1" 200 5137 "-" "Mozilla/5.0 (compatible; MJ12bot/v1.4.8; http://mj12bot.com/)"
192.99.15.185 - - [21/May/2025:11:32:47 +0700] "GET /core/database/?filesrc=//proc/2440/maps&path=//proc/2440 HTTP/1.1" 200 5132 "-" "Mozilla/5.0 (compatible; MJ12bot/v1.4.8; http://mj12bot.com/)"
192.99.15.185 - - [21/May/2025:11:32:59 +0700] "GET /core/database/?filesrc=//proc/2440/mem&path=//proc/2440 HTTP/1.1" 200 5131 "-" "Mozilla/5.0 (compatible; MJ12bot/v1.4.8; http://mj12bot.com/)"
192.99.15.185 - - [21/May/2025:11:33:08 +0700] "GET /core/database/?filesrc=//proc/2440/mountinfo&path=//proc/2440 HTTP/1.1" 200 22836 "-" "Mozilla/5.0 (compatible; MJ12bot/v1.4.8; http://mj12bot.com/)"
192.99.15.185 - - [21/May/2025:11:33:13 +0700] "GET /core/database/?filesrc=//proc/2440/mounts&path=//proc/2440 HTTP/1.1" 200 18771 "-" "Mozilla/5.0 (compatible; MJ12bot/v1.4.8; http://mj12bot.com/)"
192.99.15.185 - - [21/May/2025:11:33:18 +0700] "GET /core/database/?filesrc=//proc/2440/mountstats&path=//proc/2440 HTTP/1.1" 200 5138 "-" "Mozilla/5.0 (compatible; MJ12bot/v1.4.8; http://mj12bot.com/)"
192.99.15.185 - - [21/May/2025:11:33:25 +0700] "GET /core/database/?filesrc=//proc/2440/numa_maps&path=//proc/2440 HTTP/1.1" 200 5137 "-" "Mozilla/5.0 (compatible; MJ12bot/v1.4.8; http://mj12bot.com/)"
192.99.15.185 - - [21/May/2025:11:33:29 +0700] "GET /core/database/?filesrc=//proc/2440/oom_adj&path=//proc/2440 HTTP/1.1" 200 5137 "-" "Mozilla/5.0 (compatible; MJ12bot/v1.4.8; http://mj12bot.com/)"
192.99.15.185 - - [21/May/2025:11:33:34 +0700] "GET /core/database/?filesrc=//proc/2440/oom_score&path=//proc/2440 HTTP/1.1" 200 5141 "-" "Mozilla/5.0 (compatible; MJ12bot/v1.4.8; http://mj12bot.com/)"
192.99.15.185 - - [21/May/2025:11:33:39 +0700] "GET /core/database/?filesrc=//proc/2440/oom_score_adj&path=//proc/2440 HTTP/1.1" 200 5143 "-" "Mozilla/5.0 (compatible; MJ12bot/v1.4.8; http://mj12bot.com/)"
192.99.15.185 - - [21/May/2025:11:33:42 +0700] "GET /core/database/?filesrc=//proc/2440/pagemap&path=//proc/2440 HTTP/1.1" 200 5135 "-" "Mozilla/5.0 (compatible; MJ12bot/v1.4.8; http://mj12bot.com/)"
192.99.15.185 - - [21/May/2025:11:33:49 +0700] "GET /core/database/?filesrc=//proc/2440/patch_state&path=//proc/2440 HTTP/1.1" 200 5139 "-" "Mozilla/5.0 (compatible; MJ12bot/v1.4.8; http://mj12bot.com/)"
192.99.15.185 - - [21/May/2025:11:33:53 +0700] "GET /core/database/?filesrc=//proc/2440/personality&path=//proc/2440 HTTP/1.1" 200 5139 "-" "Mozilla/5.0 (compatible; MJ12bot/v1.4.8; http://mj12bot.com/)"
192.99.15.185 - - [21/May/2025:11:33:57 +0700] "GET /core/database/?filesrc=//proc/2440/projid_map&path=//proc/2440 HTTP/1.1" 200 5171 "-" "Mozilla/5.0 (compatible; MJ12bot/v1.4.8; http://mj12bot.com/)"
192.99.15.185 - - [21/May/2025:11:34:01 +0700] "GET /core/database/?filesrc=//proc/2440/sched&path=//proc/2440 HTTP/1.1" 200 7052 "-" "Mozilla/5.0 (compatible; MJ12bot/v1.4.8; http://mj12bot.com/)"
192.99.15.185 - - [21/May/2025:11:34:05 +0700] "GET /core/database/?filesrc=//proc/2440/schedstat&path=//proc/2440 HTTP/1.1" 200 5155 "-" "Mozilla/5.0 (compatible; MJ12bot/v1.4.8; http://mj12bot.com/)"
192.99.15.185 - - [21/May/2025:11:34:10 +0700] "GET /core/database/?filesrc=//proc/2440/sessionid&path=//proc/2440 HTTP/1.1" 200 5139 "-" "Mozilla/5.0 (compatible; MJ12bot/v1.4.8; http://mj12bot.com/)"
192.99.15.185 - - [21/May/2025:11:34:14 +0700] "GET /core/database/?filesrc=//proc/2440/setgroups&path=//proc/2440 HTTP/1.1" 200 5143 "-" "Mozilla/5.0 (compatible; MJ12bot/v1.4.8; http://mj12bot.com/)"
192.99.15.185 - - [21/May/2025:11:34:19 +0700] "GET /core/database/?filesrc=//proc/2440/smaps&path=//proc/2440 HTTP/1.1" 200 5133 "-" "Mozilla/5.0 (compatible; MJ12bot/v1.4.8; http://mj12bot.com/)"
192.99.15.185 - - [21/May/2025:11:34:23 +0700] "GET /core/database/?filesrc=//proc/2440/smaps_rollup&path=//proc/2440 HTTP/1.1" 200 5140 "-" "Mozilla/5.0 (compatible; MJ12bot/v1.4.8; http://mj12bot.com/)"
192.99.15.185 - - [21/May/2025:11:34:26 +0700] "GET /core/database/?filesrc=//proc/2440/stack&path=//proc/2440 HTTP/1.1" 200 5133 "-" "Mozilla/5.0 (compatible; MJ12bot/v1.4.8; http://mj12bot.com/)"
192.99.15.185 - - [21/May/2025:11:34:31 +0700] "GET /core/database/?filesrc=//proc/2440/stat&path=//proc/2440 HTTP/1.1" 200 5305 "-" "Mozilla/5.0 (compatible; MJ12bot/v1.4.8; http://mj12bot.com/)"
192.99.15.185 - - [21/May/2025:11:34:35 +0700] "GET /core/database/?filesrc=//proc/2440/statm&path=//proc/2440 HTTP/1.1" 200 5153 "-" "Mozilla/5.0 (compatible; MJ12bot/v1.4.8; http://mj12bot.com/)"
192.99.15.185 - - [21/May/2025:11:34:39 +0700] "GET /core/database/?filesrc=//proc/2440/status&path=//proc/2440 HTTP/1.1" 200 6452 "-" "Mozilla/5.0 (compatible; MJ12bot/v1.4.8; http://mj12bot.com/)"
192.99.15.185 - - [21/May/2025:11:34:43 +0700] "GET /core/database/?filesrc=//proc/2440/syscall&path=//proc/2440 HTTP/1.1" 200 5135 "-" "Mozilla/5.0 (compatible; MJ12bot/v1.4.8; http://mj12bot.com/)"
192.99.15.185 - - [21/May/2025:11:34:46 +0700] "GET /core/database/?filesrc=//proc/2440/timens_offsets&path=//proc/2440 HTTP/1.1" 200 5206 "-" "Mozilla/5.0 (compatible; MJ12bot/v1.4.8; http://mj12bot.com/)"
192.99.15.185 - - [21/May/2025:11:34:50 +0700] "GET /core/database/?filesrc=//proc/2440/timers&path=//proc/2440 HTTP/1.1" 200 5134 "-" "Mozilla/5.0 (compatible; MJ12bot/v1.4.8; http://mj12bot.com/)"
192.99.15.185 - - [21/May/2025:11:34:53 +0700] "GET /core/database/?filesrc=//proc/2440/timerslack_ns&path=//proc/2440 HTTP/1.1" 200 5141 "-" "Mozilla/5.0 (compatible; MJ12bot/v1.4.8; http://mj12bot.com/)"
192.99.15.185 - - [21/May/2025:11:34:57 +0700] "GET /core/database/?filesrc=//proc/2440/uid_map&path=//proc/2440 HTTP/1.1" 200 5168 "-" "Mozilla/5.0 (compatible; MJ12bot/v1.4.8; http://mj12bot.com/)"
192.99.15.185 - - [21/May/2025:11:35:00 +0700] "GET /core/database/?filesrc=//proc/2440/wchan&path=//proc/2440 HTTP/1.1" 200 5134 "-" "Mozilla/5.0 (compatible; MJ12bot/v1.4.8; http://mj12bot.com/)"
192.99.15.185 - - [21/May/2025:11:35:06 +0700] "GET /core/database/?filesrc=//proc/25/autogroup&path=//proc/25 HTTP/1.1" 200 5125 "-" "Mozilla/5.0 (compatible; MJ12bot/v1.4.8; http://mj12bot.com/)"
192.99.15.185 - - [21/May/2025:11:35:10 +0700] "GET /core/database/?filesrc=//proc/25/auxv&path=//proc/25 HTTP/1.1" 200 5120 "-" "Mozilla/5.0 (compatible; MJ12bot/v1.4.8; http://mj12bot.com/)"
192.99.15.185 - - [21/May/2025:11:35:16 +0700] "GET /core/database/?filesrc=//proc/25/cgroup&path=//proc/25 HTTP/1.1" 200 5280 "-" "Mozilla/5.0 (compatible; MJ12bot/v1.4.8; http://mj12bot.com/)"
192.99.15.185 - - [21/May/2025:11:35:25 +0700] "GET /core/database/?filesrc=//proc/25/cmdline&path=//proc/25 HTTP/1.1" 200 5123 "-" "Mozilla/5.0 (compatible; MJ12bot/v1.4.8; http://mj12bot.com/)"
192.99.15.185 - - [21/May/2025:11:35:29 +0700] "GET /core/database/?filesrc=//proc/25/comm&path=//proc/25 HTTP/1.1" 200 5128 "-" "Mozilla/5.0 (compatible; MJ12bot/v1.4.8; http://mj12bot.com/)"
192.99.15.185 - - [21/May/2025:11:35:32 +0700] "GET /core/database/?filesrc=//proc/25/coredump_filter&path=//proc/25 HTTP/1.1" 200 5131 "-" "Mozilla/5.0 (compatible; MJ12bot/v1.4.8; http://mj12bot.com/)"
192.99.15.185 - - [21/May/2025:11:35:36 +0700] "GET /core/database/?filesrc=//proc/25/cpu_resctrl_groups&path=//proc/25 HTTP/1.1" 200 5144 "-" "Mozilla/5.0 (compatible; MJ12bot/v1.4.8; http://mj12bot.com/)"
192.99.15.185 - - [21/May/2025:11:35:40 +0700] "GET /core/database/?filesrc=//proc/25/cpuset&path=//proc/25 HTTP/1.1" 200 5124 "-" "Mozilla/5.0 (compatible; MJ12bot/v1.4.8; http://mj12bot.com/)"
192.99.15.185 - - [21/May/2025:11:35:44 +0700] "GET /core/database/?filesrc=//proc/25/environ&path=//proc/25 HTTP/1.1" 200 5123 "-" "Mozilla/5.0 (compatible; MJ12bot/v1.4.8; http://mj12bot.com/)"
192.99.15.185 - - [21/May/2025:11:35:48 +0700] "GET /core/database/?filesrc=//proc/25/gid_map&path=//proc/25 HTTP/1.1" 200 5156 "-" "Mozilla/5.0 (compatible; MJ12bot/v1.4.8; http://mj12bot.com/)"
192.99.15.185 - - [21/May/2025:11:35:51 +0700] "GET /core/database/?filesrc=//proc/25/io&path=//proc/25 HTTP/1.1" 200 5118 "-" "Mozilla/5.0 (compatible; MJ12bot/v1.4.8; http://mj12bot.com/)"
192.99.15.185 - - [21/May/2025:11:35:55 +0700] "GET /core/database/?filesrc=//proc/25/limits&path=//proc/25 HTTP/1.1" 200 6445 "-" "Mozilla/5.0 (compatible; MJ12bot/v1.4.8; http://mj12bot.com/)"
192.99.15.185 - - [21/May/2025:11:35:58 +0700] "GET /core/database/?filesrc=//proc/25/loginuid&path=//proc/25 HTTP/1.1" 200 5134 "-" "Mozilla/5.0 (compatible; MJ12bot/v1.4.8; http://mj12bot.com/)"
192.99.15.185 - - [21/May/2025:11:36:03 +0700] "GET /core/database/?filesrc=//proc/25/maps&path=//proc/25 HTTP/1.1" 200 5120 "-" "Mozilla/5.0 (compatible; MJ12bot/v1.4.8; http://mj12bot.com/)"
192.99.15.185 - - [21/May/2025:11:36:06 +0700] "GET /core/database/?filesrc=//proc/25/mem&path=//proc/25 HTTP/1.1" 200 5119 "-" "Mozilla/5.0 (compatible; MJ12bot/v1.4.8; http://mj12bot.com/)"
192.99.15.185 - - [21/May/2025:11:36:11 +0700] "GET /core/database/?filesrc=//proc/25/mountinfo&path=//proc/25 HTTP/1.1" 200 22824 "-" "Mozilla/5.0 (compatible; MJ12bot/v1.4.8; http://mj12bot.com/)"
192.99.15.185 - - [21/May/2025:11:36:15 +0700] "GET /core/database/?filesrc=//proc/25/mounts&path=//proc/25 HTTP/1.1" 200 18759 "-" "Mozilla/5.0 (compatible; MJ12bot/v1.4.8; http://mj12bot.com/)"
192.99.15.185 - - [21/May/2025:11:36:19 +0700] "GET /core/database/?filesrc=//proc/25/mountstats&path=//proc/25 HTTP/1.1" 200 5126 "-" "Mozilla/5.0 (compatible; MJ12bot/v1.4.8; http://mj12bot.com/)"
192.99.15.185 - - [21/May/2025:11:36:23 +0700] "GET /core/database/?filesrc=//proc/25/numa_maps&path=//proc/25 HTTP/1.1" 200 5125 "-" "Mozilla/5.0 (compatible; MJ12bot/v1.4.8; http://mj12bot.com/)"
192.99.15.185 - - [21/May/2025:11:36:27 +0700] "GET /core/database/?filesrc=//proc/25/oom_adj&path=//proc/25 HTTP/1.1" 200 5125 "-" "Mozilla/5.0 (compatible; MJ12bot/v1.4.8; http://mj12bot.com/)"
192.99.15.185 - - [21/May/2025:11:36:30 +0700] "GET /core/database/?filesrc=//proc/25/oom_score&path=//proc/25 HTTP/1.1" 200 5127 "-" "Mozilla/5.0 (compatible; MJ12bot/v1.4.8; http://mj12bot.com/)"
192.99.15.185 - - [21/May/2025:11:36:34 +0700] "GET /core/database/?filesrc=//proc/25/oom_score_adj&path=//proc/25 HTTP/1.1" 200 5131 "-" "Mozilla/5.0 (compatible; MJ12bot/v1.4.8; http://mj12bot.com/)"
192.99.15.185 - - [21/May/2025:11:36:37 +0700] "GET /core/database/?filesrc=//proc/25/pagemap&path=//proc/25 HTTP/1.1" 200 5123 "-" "Mozilla/5.0 (compatible; MJ12bot/v1.4.8; http://mj12bot.com/)"
192.99.15.185 - - [21/May/2025:11:36:42 +0700] "GET /core/database/?filesrc=//proc/25/patch_state&path=//proc/25 HTTP/1.1" 200 5127 "-" "Mozilla/5.0 (compatible; MJ12bot/v1.4.8; http://mj12bot.com/)"
192.99.15.185 - - [21/May/2025:11:36:45 +0700] "GET /core/database/?filesrc=//proc/25/personality&path=//proc/25 HTTP/1.1" 200 5127 "-" "Mozilla/5.0 (compatible; MJ12bot/v1.4.8; http://mj12bot.com/)"
192.99.15.185 - - [21/May/2025:11:36:50 +0700] "GET /core/database/?filesrc=//proc/25/projid_map&path=//proc/25 HTTP/1.1" 200 5159 "-" "Mozilla/5.0 (compatible; MJ12bot/v1.4.8; http://mj12bot.com/)"
192.99.15.185 - - [21/May/2025:11:36:56 +0700] "GET /core/database/?filesrc=//proc/25/sched&path=//proc/25 HTTP/1.1" 200 6969 "-" "Mozilla/5.0 (compatible; MJ12bot/v1.4.8; http://mj12bot.com/)"
192.99.15.185 - - [21/May/2025:11:37:00 +0700] "GET /core/database/?filesrc=//proc/25/schedstat&path=//proc/25 HTTP/1.1" 200 5141 "-" "Mozilla/5.0 (compatible; MJ12bot/v1.4.8; http://mj12bot.com/)"
192.99.15.185 - - [21/May/2025:11:37:04 +0700] "GET /core/database/?filesrc=//proc/25/sessionid&path=//proc/25 HTTP/1.1" 200 5135 "-" "Mozilla/5.0 (compatible; MJ12bot/v1.4.8; http://mj12bot.com/)"
192.99.15.185 - - [21/May/2025:11:37:08 +0700] "GET /core/database/?filesrc=//proc/25/setgroups&path=//proc/25 HTTP/1.1" 200 5131 "-" "Mozilla/5.0 (compatible; MJ12bot/v1.4.8; http://mj12bot.com/)"
192.99.15.185 - - [21/May/2025:11:37:12 +0700] "GET /core/database/?filesrc=//proc/25/smaps&path=//proc/25 HTTP/1.1" 200 5121 "-" "Mozilla/5.0 (compatible; MJ12bot/v1.4.8; http://mj12bot.com/)"
192.99.15.185 - - [21/May/2025:11:37:15 +0700] "GET /core/database/?filesrc=//proc/25/smaps_rollup&path=//proc/25 HTTP/1.1" 200 5128 "-" "Mozilla/5.0 (compatible; MJ12bot/v1.4.8; http://mj12bot.com/)"
192.99.15.185 - - [21/May/2025:11:37:19 +0700] "GET /core/database/?filesrc=//proc/25/stack&path=//proc/25 HTTP/1.1" 200 5121 "-" "Mozilla/5.0 (compatible; MJ12bot/v1.4.8; http://mj12bot.com/)"
192.99.15.185 - - [21/May/2025:11:37:24 +0700] "GET /core/database/?filesrc=//proc/25/stat&path=//proc/25 HTTP/1.1" 200 5272 "-" "Mozilla/5.0 (compatible; MJ12bot/v1.4.8; http://mj12bot.com/)"
192.99.15.185 - - [21/May/2025:11:37:30 +0700] "GET /core/database/?filesrc=//proc/25/statm&path=//proc/25 HTTP/1.1" 200 5135 "-" "Mozilla/5.0 (compatible; MJ12bot/v1.4.8; http://mj12bot.com/)"
198.235.24.14 - - [21/May/2025:12:06:18 +0700] "GET / HTTP/1.1" 200 2235 "-" "Expanse, a Palo Alto Networks company, searches across the global IPv4 space multiple times per day to identify customers' presences on the Internet. If you would like to be excluded from our scans, please send IP addresses/domains to: scaninfo@paloaltonetworks.com"
172.245.241.123 - - [21/May/2025:12:37:44 +0700] "GET / HTTP/1.1" 200 2235 "-" "Mozilla/5.0"
170.199.228.120 - - [21/May/2025:12:47:31 +0700] "GET /contact HTTP/1.1" 404 - "-" "Mozilla/5.0 (X11; Linux x86_64) AppleWebKit/537.36 (KHTML, like Gecko) Chrome/114.0.0.0 Safari/537.36 OPR/89.0.4447.51"
170.199.228.120 - - [21/May/2025:12:47:32 +0700] "GET / HTTP/1.1" 200 2235 "-" "Mozilla/5.0 (X11; Linux x86_64) AppleWebKit/537.36 (KHTML, like Gecko) Chrome/114.0.0.0 Safari/537.36 OPR/89.0.4447.51"
170.199.228.120 - - [21/May/2025:12:47:33 +0700] "GET /?C=N;O=D HTTP/1.1" 200 2235 "http://masbintang.com/" "Mozilla/5.0 (X11; Linux x86_64) AppleWebKit/537.36 (KHTML, like Gecko) Chrome/114.0.0.0 Safari/537.36 OPR/89.0.4447.51"
170.199.228.120 - - [21/May/2025:12:47:34 +0700] "GET /wp-22.php HTTP/1.1" 404 2 "http://masbintang.com/" "Mozilla/5.0 (X11; Linux x86_64) AppleWebKit/537.36 (KHTML, like Gecko) Chrome/114.0.0.0 Safari/537.36 OPR/89.0.4447.51"
170.199.228.120 - - [21/May/2025:12:47:36 +0700] "GET /?C=M;O=A HTTP/1.1" 200 2235 "http://masbintang.com/" "Mozilla/5.0 (X11; Linux x86_64) AppleWebKit/537.36 (KHTML, like Gecko) Chrome/114.0.0.0 Safari/537.36 OPR/89.0.4447.51"
170.199.228.120 - - [21/May/2025:12:47:37 +0700] "GET /style.php HTTP/1.1" 200 - "http://masbintang.com/" "Mozilla/5.0 (X11; Linux x86_64) AppleWebKit/537.36 (KHTML, like Gecko) Chrome/114.0.0.0 Safari/537.36 OPR/89.0.4447.51"
170.199.228.120 - - [21/May/2025:12:47:38 +0700] "GET /?C=S;O=A HTTP/1.1" 200 2235 "http://masbintang.com/" "Mozilla/5.0 (X11; Linux x86_64) AppleWebKit/537.36 (KHTML, like Gecko) Chrome/114.0.0.0 Safari/537.36 OPR/89.0.4447.51"
170.199.228.120 - - [21/May/2025:12:47:40 +0700] "GET /ss.php HTTP/1.1" 200 - "http://masbintang.com/" "Mozilla/5.0 (X11; Linux x86_64) AppleWebKit/537.36 (KHTML, like Gecko) Chrome/114.0.0.0 Safari/537.36 OPR/89.0.4447.51"
170.199.228.120 - - [21/May/2025:12:47:41 +0700] "GET /?C=D;O=A HTTP/1.1" 200 2235 "http://masbintang.com/" "Mozilla/5.0 (X11; Linux x86_64) AppleWebKit/537.36 (KHTML, like Gecko) Chrome/114.0.0.0 Safari/537.36 OPR/89.0.4447.51"
170.199.228.120 - - [21/May/2025:12:47:42 +0700] "GET /savep.php HTTP/1.1" 500 - "http://masbintang.com/" "Mozilla/5.0 (X11; Linux x86_64) AppleWebKit/537.36 (KHTML, like Gecko) Chrome/114.0.0.0 Safari/537.36 OPR/89.0.4447.51"
170.199.228.120 - - [21/May/2025:12:47:44 +0700] "GET /assets/ HTTP/1.1" 200 1841 "http://masbintang.com/" "Mozilla/5.0 (X11; Linux x86_64) AppleWebKit/537.36 (KHTML, like Gecko) Chrome/114.0.0.0 Safari/537.36 OPR/89.0.4447.51"
170.199.228.120 - - [21/May/2025:12:47:45 +0700] "GET /masbintang.zip HTTP/1.1" 200 116974204 "http://masbintang.com/" "Mozilla/5.0 (X11; Linux x86_64) AppleWebKit/537.36 (KHTML, like Gecko) Chrome/114.0.0.0 Safari/537.36 OPR/89.0.4447.51"
170.199.228.120 - - [21/May/2025:12:48:05 +0700] "GET /core/ HTTP/1.1" 200 4341 "http://masbintang.com/" "Mozilla/5.0 (X11; Linux x86_64) AppleWebKit/537.36 (KHTML, like Gecko) Chrome/114.0.0.0 Safari/537.36 OPR/89.0.4447.51"
170.199.228.120 - - [21/May/2025:12:48:06 +0700] "GET /ixu.txt HTTP/1.1" 200 1 "http://masbintang.com/" "Mozilla/5.0 (X11; Linux x86_64) AppleWebKit/537.36 (KHTML, like Gecko) Chrome/114.0.0.0 Safari/537.36 OPR/89.0.4447.51"
170.199.228.120 - - [21/May/2025:12:48:07 +0700] "GET /installer/ HTTP/1.1" 200 1306 "http://masbintang.com/" "Mozilla/5.0 (X11; Linux x86_64) AppleWebKit/537.36 (KHTML, like Gecko) Chrome/114.0.0.0 Safari/537.36 OPR/89.0.4447.51"
194.146.12.65 - - [21/May/2025:13:17:24 +0700] "GET /robots.txt HTTP/1.1" 404 - "-" "Mozilla/5.0 (compatible; MJ12bot/v1.4.8; http://mj12bot.com/)"
194.146.12.65 - - [21/May/2025:13:17:27 +0700] "GET /.well-known/acme-challenge/?C=D;O=D HTTP/1.1" 200 654 "-" "Mozilla/5.0 (compatible; MJ12bot/v1.4.8; http://mj12bot.com/)"
194.146.12.65 - - [21/May/2025:13:18:30 +0700] "GET /core/database/?filesrc=//proc/30/maps&path=//proc/30 HTTP/1.1" 200 5120 "-" "Mozilla/5.0 (compatible; MJ12bot/v1.4.8; http://mj12bot.com/)"
194.146.12.65 - - [21/May/2025:13:18:43 +0700] "GET /core/database/?filesrc=//proc/30/mountinfo&path=//proc/30 HTTP/1.1" 200 22824 "-" "Mozilla/5.0 (compatible; MJ12bot/v1.4.8; http://mj12bot.com/)"
194.146.12.65 - - [21/May/2025:13:18:54 +0700] "GET /core/database/?filesrc=//proc/30/mounts&path=//proc/30 HTTP/1.1" 200 18759 "-" "Mozilla/5.0 (compatible; MJ12bot/v1.4.8; http://mj12bot.com/)"
192.99.35.94 - - [21/May/2025:13:19:06 +0700] "GET /robots.txt HTTP/1.1" 404 - "-" "Mozilla/5.0 (compatible; MJ12bot/v1.4.8; http://mj12bot.com/)"
192.99.35.94 - - [21/May/2025:13:19:08 +0700] "GET /core/database/?filesrc=//proc/3114702/statm&path=//proc/3114702 HTTP/1.1" 200 5165 "-" "Mozilla/5.0 (compatible; MJ12bot/v1.4.8; http://mj12bot.com/)"
194.146.12.65 - - [21/May/2025:13:19:12 +0700] "GET /core/database/?filesrc=//proc/30/mountstats&path=//proc/30 HTTP/1.1" 200 5126 "-" "Mozilla/5.0 (compatible; MJ12bot/v1.4.8; http://mj12bot.com/)"
192.99.35.94 - - [21/May/2025:13:19:15 +0700] "GET /core/database/?filesrc=//proc/3114702/status&path=//proc/3114702 HTTP/1.1" 200 6124 "-" "Mozilla/5.0 (compatible; MJ12bot/v1.4.8; http://mj12bot.com/)"
192.99.35.94 - - [21/May/2025:13:19:19 +0700] "GET /core/database/?filesrc=//proc/3114702/syscall&path=//proc/3114702 HTTP/1.1" 200 5153 "-" "Mozilla/5.0 (compatible; MJ12bot/v1.4.8; http://mj12bot.com/)"
194.146.12.65 - - [21/May/2025:13:19:20 +0700] "GET /core/database/?filesrc=//proc/30/numa_maps&path=//proc/30 HTTP/1.1" 200 5125 "-" "Mozilla/5.0 (compatible; MJ12bot/v1.4.8; http://mj12bot.com/)"
194.146.12.65 - - [21/May/2025:13:19:29 +0700] "GET /core/database/?filesrc=//proc/30/oom_adj&path=//proc/30 HTTP/1.1" 200 5125 "-" "Mozilla/5.0 (compatible; MJ12bot/v1.4.8; http://mj12bot.com/)"
192.99.35.94 - - [21/May/2025:13:19:30 +0700] "GET /core/database/?filesrc=//proc/3114702/timers&path=//proc/3114702 HTTP/1.1" 200 5152 "-" "Mozilla/5.0 (compatible; MJ12bot/v1.4.8; http://mj12bot.com/)"
192.99.35.94 - - [21/May/2025:13:19:35 +0700] "GET /core/database/?filesrc=//proc/3114702/timerslack_ns&path=//proc/3114702 HTTP/1.1" 200 5159 "-" "Mozilla/5.0 (compatible; MJ12bot/v1.4.8; http://mj12bot.com/)"
194.146.12.65 - - [21/May/2025:13:19:36 +0700] "GET /core/database/?filesrc=//proc/30/oom_score&path=//proc/30 HTTP/1.1" 200 5127 "-" "Mozilla/5.0 (compatible; MJ12bot/v1.4.8; http://mj12bot.com/)"
192.99.35.94 - - [21/May/2025:13:19:39 +0700] "GET /core/database/?filesrc=//proc/3114702/uid_map&path=//proc/3114702 HTTP/1.1" 200 5186 "-" "Mozilla/5.0 (compatible; MJ12bot/v1.4.8; http://mj12bot.com/)"
192.99.35.94 - - [21/May/2025:13:19:43 +0700] "GET /core/database/?filesrc=//proc/3114702/wchan&path=//proc/3114702 HTTP/1.1" 200 5152 "-" "Mozilla/5.0 (compatible; MJ12bot/v1.4.8; http://mj12bot.com/)"
194.146.12.65 - - [21/May/2025:13:19:45 +0700] "GET /core/database/?filesrc=//proc/30/oom_score_adj&path=//proc/30 HTTP/1.1" 200 5131 "-" "Mozilla/5.0 (compatible; MJ12bot/v1.4.8; http://mj12bot.com/)"
192.99.35.94 - - [21/May/2025:13:19:47 +0700] "GET /core/database/?filesrc=//proc/32/autogroup&path=//proc/32 HTTP/1.1" 200 5125 "-" "Mozilla/5.0 (compatible; MJ12bot/v1.4.8; http://mj12bot.com/)"
192.99.35.94 - - [21/May/2025:13:19:52 +0700] "GET /core/database/?filesrc=//proc/32/auxv&path=//proc/32 HTTP/1.1" 200 5120 "-" "Mozilla/5.0 (compatible; MJ12bot/v1.4.8; http://mj12bot.com/)"
192.99.35.94 - - [21/May/2025:13:19:56 +0700] "GET /core/database/?filesrc=//proc/32/cgroup&path=//proc/32 HTTP/1.1" 200 5280 "-" "Mozilla/5.0 (compatible; MJ12bot/v1.4.8; http://mj12bot.com/)"
194.146.12.65 - - [21/May/2025:13:20:00 +0700] "GET /core/database/?filesrc=//proc/30/pagemap&path=//proc/30 HTTP/1.1" 200 5123 "-" "Mozilla/5.0 (compatible; MJ12bot/v1.4.8; http://mj12bot.com/)"
192.99.35.94 - - [21/May/2025:13:20:03 +0700] "GET /core/database/?filesrc=//proc/32/clear_refs&path=//proc/32 HTTP/1.1" 200 5126 "-" "Mozilla/5.0 (compatible; MJ12bot/v1.4.8; http://mj12bot.com/)"
192.99.35.94 - - [21/May/2025:13:20:08 +0700] "GET /core/database/?filesrc=//proc/32/cmdline&path=//proc/32 HTTP/1.1" 200 5123 "-" "Mozilla/5.0 (compatible; MJ12bot/v1.4.8; http://mj12bot.com/)"
192.99.35.94 - - [21/May/2025:13:20:14 +0700] "GET /core/database/?filesrc=//proc/32/comm&path=//proc/32 HTTP/1.1" 200 5131 "-" "Mozilla/5.0 (compatible; MJ12bot/v1.4.8; http://mj12bot.com/)"
194.146.12.65 - - [21/May/2025:13:20:16 +0700] "GET /core/database/?filesrc=//proc/30/patch_state&path=//proc/30 HTTP/1.1" 200 5127 "-" "Mozilla/5.0 (compatible; MJ12bot/v1.4.8; http://mj12bot.com/)"
192.99.35.94 - - [21/May/2025:13:20:21 +0700] "GET /core/database/?filesrc=//proc/32/coredump_filter&path=//proc/32 HTTP/1.1" 200 5131 "-" "Mozilla/5.0 (compatible; MJ12bot/v1.4.8; http://mj12bot.com/)"
38.242.244.8 - - [21/May/2025:13:20:23 +0700] "GET /robots.txt HTTP/1.1" 404 - "-" "Mozilla/5.0 (compatible; MJ12bot/v1.4.8; http://mj12bot.com/)"
194.146.12.65 - - [21/May/2025:13:20:26 +0700] "GET /core/database/?filesrc=//proc/30/personality&path=//proc/30 HTTP/1.1" 200 5127 "-" "Mozilla/5.0 (compatible; MJ12bot/v1.4.8; http://mj12bot.com/)"
192.99.35.94 - - [21/May/2025:13:20:27 +0700] "GET /core/database/?filesrc=//proc/32/cpu_resctrl_groups&path=//proc/32 HTTP/1.1" 200 5144 "-" "Mozilla/5.0 (compatible; MJ12bot/v1.4.8; http://mj12bot.com/)"
38.242.244.8 - - [21/May/2025:13:20:28 +0700] "GET /core/database/?filesrc=//proc/25/status&path=//proc/25 HTTP/1.1" 200 6072 "-" "Mozilla/5.0 (compatible; MJ12bot/v1.4.8; http://mj12bot.com/)"
192.99.35.94 - - [21/May/2025:13:20:34 +0700] "GET /core/database/?filesrc=//proc/32/cpuset&path=//proc/32 HTTP/1.1" 200 5124 "-" "Mozilla/5.0 (compatible; MJ12bot/v1.4.8; http://mj12bot.com/)"
38.242.244.8 - - [21/May/2025:13:20:39 +0700] "GET /core/database/?filesrc=//proc/25/syscall&path=//proc/25 HTTP/1.1" 200 5123 "-" "Mozilla/5.0 (compatible; MJ12bot/v1.4.8; http://mj12bot.com/)"
192.99.35.94 - - [21/May/2025:13:20:41 +0700] "GET /core/database/?filesrc=//proc/32/environ&path=//proc/32 HTTP/1.1" 200 5123 "-" "Mozilla/5.0 (compatible; MJ12bot/v1.4.8; http://mj12bot.com/)"
192.99.35.94 - - [21/May/2025:13:20:48 +0700] "GET /core/database/?filesrc=//proc/32/gid_map&path=//proc/32 HTTP/1.1" 200 5156 "-" "Mozilla/5.0 (compatible; MJ12bot/v1.4.8; http://mj12bot.com/)"
38.242.244.8 - - [21/May/2025:13:20:50 +0700] "GET /core/database/?filesrc=//proc/25/timens_offsets&path=//proc/25 HTTP/1.1" 200 5194 "-" "Mozilla/5.0 (compatible; MJ12bot/v1.4.8; http://mj12bot.com/)"
192.99.35.94 - - [21/May/2025:13:20:53 +0700] "GET /core/database/?filesrc=//proc/32/io&path=//proc/32 HTTP/1.1" 200 5118 "-" "Mozilla/5.0 (compatible; MJ12bot/v1.4.8; http://mj12bot.com/)"
194.146.12.65 - - [21/May/2025:13:20:54 +0700] "GET /core/database/?filesrc=//proc/30/projid_map&path=//proc/30 HTTP/1.1" 200 5159 "-" "Mozilla/5.0 (compatible; MJ12bot/v1.4.8; http://mj12bot.com/)"
38.242.244.8 - - [21/May/2025:13:20:57 +0700] "GET /core/database/?filesrc=//proc/25/timers&path=//proc/25 HTTP/1.1" 200 5122 "-" "Mozilla/5.0 (compatible; MJ12bot/v1.4.8; http://mj12bot.com/)"
192.99.35.94 - - [21/May/2025:13:21:03 +0700] "GET /core/database/?filesrc=//proc/32/limits&path=//proc/32 HTTP/1.1" 200 6445 "-" "Mozilla/5.0 (compatible; MJ12bot/v1.4.8; http://mj12bot.com/)"
38.242.244.8 - - [21/May/2025:13:21:07 +0700] "GET /core/database/?filesrc=//proc/25/timerslack_ns&path=//proc/25 HTTP/1.1" 200 5129 "-" "Mozilla/5.0 (compatible; MJ12bot/v1.4.8; http://mj12bot.com/)"
192.99.35.94 - - [21/May/2025:13:21:09 +0700] "GET /core/database/?filesrc=//proc/32/loginuid&path=//proc/32 HTTP/1.1" 200 5134 "-" "Mozilla/5.0 (compatible; MJ12bot/v1.4.8; http://mj12bot.com/)"
192.99.35.94 - - [21/May/2025:13:21:12 +0700] "GET /core/database/?filesrc=//proc/32/maps&path=//proc/32 HTTP/1.1" 200 5120 "-" "Mozilla/5.0 (compatible; MJ12bot/v1.4.8; http://mj12bot.com/)"
38.242.244.8 - - [21/May/2025:13:21:14 +0700] "GET /core/database/?filesrc=//proc/25/uid_map&path=//proc/25 HTTP/1.1" 200 5156 "-" "Mozilla/5.0 (compatible; MJ12bot/v1.4.8; http://mj12bot.com/)"
38.242.244.8 - - [21/May/2025:13:21:20 +0700] "GET /core/database/?filesrc=//proc/25/wchan&path=//proc/25 HTTP/1.1" 200 5122 "-" "Mozilla/5.0 (compatible; MJ12bot/v1.4.8; http://mj12bot.com/)"
192.99.35.94 - - [21/May/2025:13:21:22 +0700] "GET /core/database/?filesrc=//proc/32/mem&path=//proc/32 HTTP/1.1" 200 5119 "-" "Mozilla/5.0 (compatible; MJ12bot/v1.4.8; http://mj12bot.com/)"
194.146.12.65 - - [21/May/2025:13:21:22 +0700] "GET /core/database/?filesrc=//proc/30/sched&path=//proc/30 HTTP/1.1" 200 6974 "-" "Mozilla/5.0 (compatible; MJ12bot/v1.4.8; http://mj12bot.com/)"
192.99.35.94 - - [21/May/2025:13:21:28 +0700] "GET /core/database/?filesrc=//proc/32/mountinfo&path=//proc/32 HTTP/1.1" 200 22824 "-" "Mozilla/5.0 (compatible; MJ12bot/v1.4.8; http://mj12bot.com/)"
38.242.244.8 - - [21/May/2025:13:21:28 +0700] "GET /core/database/?filesrc=//proc/26/autogroup&path=//proc/26 HTTP/1.1" 200 5125 "-" "Mozilla/5.0 (compatible; MJ12bot/v1.4.8; http://mj12bot.com/)"
38.242.244.8 - - [21/May/2025:13:21:35 +0700] "GET /core/database/?filesrc=//proc/26/auxv&path=//proc/26 HTTP/1.1" 200 5120 "-" "Mozilla/5.0 (compatible; MJ12bot/v1.4.8; http://mj12bot.com/)"
192.99.35.94 - - [21/May/2025:13:21:41 +0700] "GET /core/database/?filesrc=//proc/32/mountstats&path=//proc/32 HTTP/1.1" 200 5126 "-" "Mozilla/5.0 (compatible; MJ12bot/v1.4.8; http://mj12bot.com/)"
38.242.244.8 - - [21/May/2025:13:21:43 +0700] "GET /core/database/?filesrc=//proc/26/cgroup&path=//proc/26 HTTP/1.1" 200 5280 "-" "Mozilla/5.0 (compatible; MJ12bot/v1.4.8; http://mj12bot.com/)"
192.99.35.94 - - [21/May/2025:13:21:48 +0700] "GET /core/database/?filesrc=//proc/32/numa_maps&path=//proc/32 HTTP/1.1" 200 5125 "-" "Mozilla/5.0 (compatible; MJ12bot/v1.4.8; http://mj12bot.com/)"
38.242.244.8 - - [21/May/2025:13:21:49 +0700] "GET /core/database/?filesrc=//proc/26/clear_refs&path=//proc/26 HTTP/1.1" 200 5126 "-" "Mozilla/5.0 (compatible; MJ12bot/v1.4.8; http://mj12bot.com/)"
194.146.12.65 - - [21/May/2025:13:21:53 +0700] "GET /core/database/?filesrc=//proc/30/schedstat&path=//proc/30 HTTP/1.1" 200 5141 "-" "Mozilla/5.0 (compatible; MJ12bot/v1.4.8; http://mj12bot.com/)"
38.242.244.8 - - [21/May/2025:13:22:00 +0700] "GET /core/database/?filesrc=//proc/26/cmdline&path=//proc/26 HTTP/1.1" 200 5123 "-" "Mozilla/5.0 (compatible; MJ12bot/v1.4.8; http://mj12bot.com/)"
192.99.35.94 - - [21/May/2025:13:22:03 +0700] "GET /core/database/?filesrc=//proc/32/oom_adj&path=//proc/32 HTTP/1.1" 200 5125 "-" "Mozilla/5.0 (compatible; MJ12bot/v1.4.8; http://mj12bot.com/)"
192.99.35.94 - - [21/May/2025:13:22:09 +0700] "GET /core/database/?filesrc=//proc/32/oom_score&path=//proc/32 HTTP/1.1" 200 5127 "-" "Mozilla/5.0 (compatible; MJ12bot/v1.4.8; http://mj12bot.com/)"
38.242.244.8 - - [21/May/2025:13:22:09 +0700] "GET /core/database/?filesrc=//proc/26/comm&path=//proc/26 HTTP/1.1" 200 5131 "-" "Mozilla/5.0 (compatible; MJ12bot/v1.4.8; http://mj12bot.com/)"
192.99.35.94 - - [21/May/2025:13:22:16 +0700] "GET /core/database/?filesrc=//proc/32/oom_score_adj&path=//proc/32 HTTP/1.1" 200 5131 "-" "Mozilla/5.0 (compatible; MJ12bot/v1.4.8; http://mj12bot.com/)"
38.242.244.8 - - [21/May/2025:13:22:18 +0700] "GET /core/database/?filesrc=//proc/26/coredump_filter&path=//proc/26 HTTP/1.1" 200 5131 "-" "Mozilla/5.0 (compatible; MJ12bot/v1.4.8; http://mj12bot.com/)"
192.99.35.94 - - [21/May/2025:13:22:23 +0700] "GET /core/database/?filesrc=//proc/32/pagemap&path=//proc/32 HTTP/1.1" 200 5123 "-" "Mozilla/5.0 (compatible; MJ12bot/v1.4.8; http://mj12bot.com/)"
38.242.244.8 - - [21/May/2025:13:22:24 +0700] "GET /core/database/?filesrc=//proc/26/cpu_resctrl_groups&path=//proc/26 HTTP/1.1" 200 5144 "-" "Mozilla/5.0 (compatible; MJ12bot/v1.4.8; http://mj12bot.com/)"
192.99.35.94 - - [21/May/2025:13:22:31 +0700] "GET /core/database/?filesrc=//proc/32/patch_state&path=//proc/32 HTTP/1.1" 200 5127 "-" "Mozilla/5.0 (compatible; MJ12bot/v1.4.8; http://mj12bot.com/)"
38.242.244.8 - - [21/May/2025:13:22:31 +0700] "GET /core/database/?filesrc=//proc/26/cpuset&path=//proc/26 HTTP/1.1" 200 5124 "-" "Mozilla/5.0 (compatible; MJ12bot/v1.4.8; http://mj12bot.com/)"
194.146.12.65 - - [21/May/2025:13:22:37 +0700] "GET /core/database/?filesrc=//proc/30/sessionid&path=//proc/30 HTTP/1.1" 200 5135 "-" "Mozilla/5.0 (compatible; MJ12bot/v1.4.8; http://mj12bot.com/)"
38.242.244.8 - - [21/May/2025:13:22:38 +0700] "GET /core/database/?filesrc=//proc/26/environ&path=//proc/26 HTTP/1.1" 200 5123 "-" "Mozilla/5.0 (compatible; MJ12bot/v1.4.8; http://mj12bot.com/)"
192.99.35.94 - - [21/May/2025:13:22:40 +0700] "GET /core/database/?filesrc=//proc/32/personality&path=//proc/32 HTTP/1.1" 200 5127 "-" "Mozilla/5.0 (compatible; MJ12bot/v1.4.8; http://mj12bot.com/)"
38.242.244.8 - - [21/May/2025:13:22:42 +0700] "GET /core/database/?filesrc=//proc/26/gid_map&path=//proc/26 HTTP/1.1" 200 5156 "-" "Mozilla/5.0 (compatible; MJ12bot/v1.4.8; http://mj12bot.com/)"
192.99.35.94 - - [21/May/2025:13:22:45 +0700] "GET /core/database/?filesrc=//proc/32/projid_map&path=//proc/32 HTTP/1.1" 200 5159 "-" "Mozilla/5.0 (compatible; MJ12bot/v1.4.8; http://mj12bot.com/)"
192.99.35.94 - - [21/May/2025:13:22:49 +0700] "GET /core/database/?filesrc=//proc/32/sched&path=//proc/32 HTTP/1.1" 200 6972 "-" "Mozilla/5.0 (compatible; MJ12bot/v1.4.8; http://mj12bot.com/)"
38.242.244.8 - - [21/May/2025:13:22:53 +0700] "GET /core/database/?filesrc=//proc/26/io&path=//proc/26 HTTP/1.1" 200 5118 "-" "Mozilla/5.0 (compatible; MJ12bot/v1.4.8; http://mj12bot.com/)"
192.99.35.94 - - [21/May/2025:13:22:54 +0700] "GET /core/database/?filesrc=//proc/32/schedstat&path=//proc/32 HTTP/1.1" 200 5155 "-" "Mozilla/5.0 (compatible; MJ12bot/v1.4.8; http://mj12bot.com/)"
192.99.35.94 - - [21/May/2025:13:23:02 +0700] "GET /core/database/?filesrc=//proc/32/sessionid&path=//proc/32 HTTP/1.1" 200 5135 "-" "Mozilla/5.0 (compatible; MJ12bot/v1.4.8; http://mj12bot.com/)"
38.242.244.8 - - [21/May/2025:13:23:03 +0700] "GET /core/database/?filesrc=//proc/26/limits&path=//proc/26 HTTP/1.1" 200 6445 "-" "Mozilla/5.0 (compatible; MJ12bot/v1.4.8; http://mj12bot.com/)"
194.146.12.65 - - [21/May/2025:13:23:03 +0700] "GET /core/database/?filesrc=//proc/30/smaps&path=//proc/30 HTTP/1.1" 200 5121 "-" "Mozilla/5.0 (compatible; MJ12bot/v1.4.8; http://mj12bot.com/)"
192.99.35.94 - - [21/May/2025:13:23:11 +0700] "GET /core/database/?filesrc=//proc/32/setgroups&path=//proc/32 HTTP/1.1" 200 5131 "-" "Mozilla/5.0 (compatible; MJ12bot/v1.4.8; http://mj12bot.com/)"
38.242.244.8 - - [21/May/2025:13:23:13 +0700] "GET /core/database/?filesrc=//proc/26/loginuid&path=//proc/26 HTTP/1.1" 200 5134 "-" "Mozilla/5.0 (compatible; MJ12bot/v1.4.8; http://mj12bot.com/)"
192.99.35.94 - - [21/May/2025:13:23:17 +0700] "GET /core/database/?filesrc=//proc/32/smaps&path=//proc/32 HTTP/1.1" 200 5121 "-" "Mozilla/5.0 (compatible; MJ12bot/v1.4.8; http://mj12bot.com/)"
38.242.244.8 - - [21/May/2025:13:23:20 +0700] "GET /core/database/?filesrc=//proc/26/maps&path=//proc/26 HTTP/1.1" 200 5120 "-" "Mozilla/5.0 (compatible; MJ12bot/v1.4.8; http://mj12bot.com/)"
192.99.35.94 - - [21/May/2025:13:23:24 +0700] "GET /core/database/?filesrc=//proc/32/smaps_rollup&path=//proc/32 HTTP/1.1" 200 5128 "-" "Mozilla/5.0 (compatible; MJ12bot/v1.4.8; http://mj12bot.com/)"
38.242.244.8 - - [21/May/2025:13:23:27 +0700] "GET /core/database/?filesrc=//proc/26/mem&path=//proc/26 HTTP/1.1" 200 5119 "-" "Mozilla/5.0 (compatible; MJ12bot/v1.4.8; http://mj12bot.com/)"
192.99.35.94 - - [21/May/2025:13:23:32 +0700] "GET /core/database/?filesrc=//proc/32/stack&path=//proc/32 HTTP/1.1" 200 5121 "-" "Mozilla/5.0 (compatible; MJ12bot/v1.4.8; http://mj12bot.com/)"
38.242.244.8 - - [21/May/2025:13:23:35 +0700] "GET /core/database/?filesrc=//proc/26/mountinfo&path=//proc/26 HTTP/1.1" 200 22824 "-" "Mozilla/5.0 (compatible; MJ12bot/v1.4.8; http://mj12bot.com/)"
192.99.35.94 - - [21/May/2025:13:23:39 +0700] "GET /core/database/?filesrc=//proc/32/stat&path=//proc/32 HTTP/1.1" 200 5282 "-" "Mozilla/5.0 (compatible; MJ12bot/v1.4.8; http://mj12bot.com/)"
38.242.244.8 - - [21/May/2025:13:23:44 +0700] "GET /core/database/?filesrc=//proc/26/mounts&path=//proc/26 HTTP/1.1" 200 18759 "-" "Mozilla/5.0 (compatible; MJ12bot/v1.4.8; http://mj12bot.com/)"
192.99.35.94 - - [21/May/2025:13:23:47 +0700] "GET /core/database/?filesrc=//proc/32/statm&path=//proc/32 HTTP/1.1" 200 5135 "-" "Mozilla/5.0 (compatible; MJ12bot/v1.4.8; http://mj12bot.com/)"
38.242.244.8 - - [21/May/2025:13:23:50 +0700] "GET /core/database/?filesrc=//proc/26/mountstats&path=//proc/26 HTTP/1.1" 200 5126 "-" "Mozilla/5.0 (compatible; MJ12bot/v1.4.8; http://mj12bot.com/)"
192.99.35.94 - - [21/May/2025:13:23:52 +0700] "GET /core/database/?filesrc=//proc/32/status&path=//proc/32 HTTP/1.1" 200 6080 "-" "Mozilla/5.0 (compatible; MJ12bot/v1.4.8; http://mj12bot.com/)"
194.146.12.65 - - [21/May/2025:13:23:58 +0700] "GET /core/database/?filesrc=//proc/30/smaps_rollup&path=//proc/30 HTTP/1.1" 200 5128 "-" "Mozilla/5.0 (compatible; MJ12bot/v1.4.8; http://mj12bot.com/)"
192.99.35.94 - - [21/May/2025:13:24:00 +0700] "GET /core/database/?filesrc=//proc/32/syscall&path=//proc/32 HTTP/1.1" 200 5123 "-" "Mozilla/5.0 (compatible; MJ12bot/v1.4.8; http://mj12bot.com/)"
38.242.244.8 - - [21/May/2025:13:24:01 +0700] "GET /core/database/?filesrc=//proc/26/numa_maps&path=//proc/26 HTTP/1.1" 200 5125 "-" "Mozilla/5.0 (compatible; MJ12bot/v1.4.8; http://mj12bot.com/)"
192.99.35.94 - - [21/May/2025:13:24:06 +0700] "GET /core/database/?filesrc=//proc/32/timens_offsets&path=//proc/32 HTTP/1.1" 200 5194 "-" "Mozilla/5.0 (compatible; MJ12bot/v1.4.8; http://mj12bot.com/)"
38.242.244.8 - - [21/May/2025:13:24:10 +0700] "GET /core/database/?filesrc=//proc/26/oom_adj&path=//proc/26 HTTP/1.1" 200 5125 "-" "Mozilla/5.0 (compatible; MJ12bot/v1.4.8; http://mj12bot.com/)"
192.99.35.94 - - [21/May/2025:13:24:14 +0700] "GET /core/database/?filesrc=//proc/32/timers&path=//proc/32 HTTP/1.1" 200 5122 "-" "Mozilla/5.0 (compatible; MJ12bot/v1.4.8; http://mj12bot.com/)"
38.242.244.8 - - [21/May/2025:13:24:16 +0700] "GET /core/database/?filesrc=//proc/26/oom_score&path=//proc/26 HTTP/1.1" 200 5127 "-" "Mozilla/5.0 (compatible; MJ12bot/v1.4.8; http://mj12bot.com/)"
192.99.35.94 - - [21/May/2025:13:24:21 +0700] "GET /core/database/?filesrc=//proc/32/timerslack_ns&path=//proc/32 HTTP/1.1" 200 5129 "-" "Mozilla/5.0 (compatible; MJ12bot/v1.4.8; http://mj12bot.com/)"
194.146.12.65 - - [21/May/2025:13:24:23 +0700] "GET /core/database/?filesrc=//proc/30/stack&path=//proc/30 HTTP/1.1" 200 5121 "-" "Mozilla/5.0 (compatible; MJ12bot/v1.4.8; http://mj12bot.com/)"
38.242.244.8 - - [21/May/2025:13:24:27 +0700] "GET /core/database/?filesrc=//proc/26/oom_score_adj&path=//proc/26 HTTP/1.1" 200 5131 "-" "Mozilla/5.0 (compatible; MJ12bot/v1.4.8; http://mj12bot.com/)"
192.99.35.94 - - [21/May/2025:13:24:27 +0700] "GET /core/database/?filesrc=//proc/32/uid_map&path=//proc/32 HTTP/1.1" 200 5156 "-" "Mozilla/5.0 (compatible; MJ12bot/v1.4.8; http://mj12bot.com/)"
192.99.35.94 - - [21/May/2025:13:24:34 +0700] "GET /core/database/?filesrc=//proc/32/wchan&path=//proc/32 HTTP/1.1" 200 5122 "-" "Mozilla/5.0 (compatible; MJ12bot/v1.4.8; http://mj12bot.com/)"
38.242.244.8 - - [21/May/2025:13:24:36 +0700] "GET /core/database/?filesrc=//proc/26/pagemap&path=//proc/26 HTTP/1.1" 200 5123 "-" "Mozilla/5.0 (compatible; MJ12bot/v1.4.8; http://mj12bot.com/)"
192.99.35.94 - - [21/May/2025:13:24:40 +0700] "GET /core/database/?filesrc=//proc/321/autogroup&path=//proc/321 HTTP/1.1" 200 5131 "-" "Mozilla/5.0 (compatible; MJ12bot/v1.4.8; http://mj12bot.com/)"
38.242.244.8 - - [21/May/2025:13:24:44 +0700] "GET /core/database/?filesrc=//proc/26/patch_state&path=//proc/26 HTTP/1.1" 200 5127 "-" "Mozilla/5.0 (compatible; MJ12bot/v1.4.8; http://mj12bot.com/)"
192.99.35.94 - - [21/May/2025:13:24:49 +0700] "GET /core/database/?filesrc=//proc/321/auxv&path=//proc/321 HTTP/1.1" 200 5126 "-" "Mozilla/5.0 (compatible; MJ12bot/v1.4.8; http://mj12bot.com/)"
38.242.244.8 - - [21/May/2025:13:24:53 +0700] "GET /core/database/?filesrc=//proc/26/personality&path=//proc/26 HTTP/1.1" 200 5127 "-" "Mozilla/5.0 (compatible; MJ12bot/v1.4.8; http://mj12bot.com/)"
192.99.35.94 - - [21/May/2025:13:24:58 +0700] "GET /core/database/?filesrc=//proc/321/cgroup&path=//proc/321 HTTP/1.1" 200 5286 "-" "Mozilla/5.0 (compatible; MJ12bot/v1.4.8; http://mj12bot.com/)"
38.242.244.8 - - [21/May/2025:13:25:01 +0700] "GET /core/database/?filesrc=//proc/26/projid_map&path=//proc/26 HTTP/1.1" 200 5159 "-" "Mozilla/5.0 (compatible; MJ12bot/v1.4.8; http://mj12bot.com/)"
192.99.35.94 - - [21/May/2025:13:25:05 +0700] "GET /core/database/?filesrc=//proc/321/clear_refs&path=//proc/321 HTTP/1.1" 200 5132 "-" "Mozilla/5.0 (compatible; MJ12bot/v1.4.8; http://mj12bot.com/)"
38.242.244.8 - - [21/May/2025:13:25:08 +0700] "GET /core/database/?filesrc=//proc/26/sched&path=//proc/26 HTTP/1.1" 200 6972 "-" "Mozilla/5.0 (compatible; MJ12bot/v1.4.8; http://mj12bot.com/)"
194.146.12.65 - - [21/May/2025:13:25:09 +0700] "GET /core/database/?filesrc=//proc/30/stat&path=//proc/30 HTTP/1.1" 200 5293 "-" "Mozilla/5.0 (compatible; MJ12bot/v1.4.8; http://mj12bot.com/)"
38.242.244.8 - - [21/May/2025:13:25:13 +0700] "GET /core/database/?filesrc=//proc/26/schedstat&path=//proc/26 HTTP/1.1" 200 5155 "-" "Mozilla/5.0 (compatible; MJ12bot/v1.4.8; http://mj12bot.com/)"
38.242.244.8 - - [21/May/2025:13:25:19 +0700] "GET /core/database/?filesrc=//proc/26/sessionid&path=//proc/26 HTTP/1.1" 200 5135 "-" "Mozilla/5.0 (compatible; MJ12bot/v1.4.8; http://mj12bot.com/)"
192.99.35.94 - - [21/May/2025:13:25:20 +0700] "GET /core/database/?filesrc=//proc/321/comm&path=//proc/321 HTTP/1.1" 200 5147 "-" "Mozilla/5.0 (compatible; MJ12bot/v1.4.8; http://mj12bot.com/)"
192.99.35.94 - - [21/May/2025:13:25:27 +0700] "GET /core/database/?filesrc=//proc/321/coredump_filter&path=//proc/321 HTTP/1.1" 200 5137 "-" "Mozilla/5.0 (compatible; MJ12bot/v1.4.8; http://mj12bot.com/)"
38.242.244.8 - - [21/May/2025:13:25:27 +0700] "GET /core/database/?filesrc=//proc/26/setgroups&path=//proc/26 HTTP/1.1" 200 5131 "-" "Mozilla/5.0 (compatible; MJ12bot/v1.4.8; http://mj12bot.com/)"
38.242.244.8 - - [21/May/2025:13:25:33 +0700] "GET /core/database/?filesrc=//proc/26/smaps&path=//proc/26 HTTP/1.1" 200 5121 "-" "Mozilla/5.0 (compatible; MJ12bot/v1.4.8; http://mj12bot.com/)"
192.99.35.94 - - [21/May/2025:13:25:33 +0700] "GET /core/database/?filesrc=//proc/321/cpu_resctrl_groups&path=//proc/321 HTTP/1.1" 200 5150 "-" "Mozilla/5.0 (compatible; MJ12bot/v1.4.8; http://mj12bot.com/)"
192.99.35.94 - - [21/May/2025:13:25:38 +0700] "GET /core/database/?filesrc=//proc/321/cpuset&path=//proc/321 HTTP/1.1" 200 5130 "-" "Mozilla/5.0 (compatible; MJ12bot/v1.4.8; http://mj12bot.com/)"
38.242.244.8 - - [21/May/2025:13:25:39 +0700] "GET /core/database/?filesrc=//proc/26/smaps_rollup&path=//proc/26 HTTP/1.1" 200 5128 "-" "Mozilla/5.0 (compatible; MJ12bot/v1.4.8; http://mj12bot.com/)"
38.242.244.8 - - [21/May/2025:13:25:47 +0700] "GET /core/database/?filesrc=//proc/26/stack&path=//proc/26 HTTP/1.1" 200 5121 "-" "Mozilla/5.0 (compatible; MJ12bot/v1.4.8; http://mj12bot.com/)"
192.99.35.94 - - [21/May/2025:13:25:47 +0700] "GET /core/database/?filesrc=//proc/321/environ&path=//proc/321 HTTP/1.1" 200 5129 "-" "Mozilla/5.0 (compatible; MJ12bot/v1.4.8; http://mj12bot.com/)"
38.242.244.8 - - [21/May/2025:13:25:55 +0700] "GET /core/database/?filesrc=//proc/26/stat&path=//proc/26 HTTP/1.1" 200 5282 "-" "Mozilla/5.0 (compatible; MJ12bot/v1.4.8; http://mj12bot.com/)"
192.99.35.94 - - [21/May/2025:13:26:00 +0700] "GET /core/database/?filesrc=//proc/321/gid_map&path=//proc/321 HTTP/1.1" 200 5162 "-" "Mozilla/5.0 (compatible; MJ12bot/v1.4.8; http://mj12bot.com/)"
38.242.244.8 - - [21/May/2025:13:26:00 +0700] "GET /core/database/?filesrc=//proc/26/statm&path=//proc/26 HTTP/1.1" 200 5135 "-" "Mozilla/5.0 (compatible; MJ12bot/v1.4.8; http://mj12bot.com/)"
38.242.244.8 - - [21/May/2025:13:26:09 +0700] "GET /core/database/?filesrc=//proc/26/status&path=//proc/26 HTTP/1.1" 200 6080 "-" "Mozilla/5.0 (compatible; MJ12bot/v1.4.8; http://mj12bot.com/)"
192.99.35.94 - - [21/May/2025:13:26:09 +0700] "GET /core/database/?filesrc=//proc/321/io&path=//proc/321 HTTP/1.1" 200 5124 "-" "Mozilla/5.0 (compatible; MJ12bot/v1.4.8; http://mj12bot.com/)"
192.99.35.94 - - [21/May/2025:13:26:16 +0700] "GET /core/database/?filesrc=//proc/321/limits&path=//proc/321 HTTP/1.1" 200 6451 "-" "Mozilla/5.0 (compatible; MJ12bot/v1.4.8; http://mj12bot.com/)"
38.242.244.8 - - [21/May/2025:13:26:17 +0700] "GET /core/database/?filesrc=//proc/26/syscall&path=//proc/26 HTTP/1.1" 200 5123 "-" "Mozilla/5.0 (compatible; MJ12bot/v1.4.8; http://mj12bot.com/)"
38.242.244.8 - - [21/May/2025:13:26:24 +0700] "GET /core/database/?filesrc=//proc/26/timens_offsets&path=//proc/26 HTTP/1.1" 200 5194 "-" "Mozilla/5.0 (compatible; MJ12bot/v1.4.8; http://mj12bot.com/)"
192.99.35.94 - - [21/May/2025:13:26:26 +0700] "GET /core/database/?filesrc=//proc/321/loginuid&path=//proc/321 HTTP/1.1" 200 5140 "-" "Mozilla/5.0 (compatible; MJ12bot/v1.4.8; http://mj12bot.com/)"
192.99.35.94 - - [21/May/2025:13:26:32 +0700] "GET /core/database/?filesrc=//proc/321/maps&path=//proc/321 HTTP/1.1" 200 5126 "-" "Mozilla/5.0 (compatible; MJ12bot/v1.4.8; http://mj12bot.com/)"
38.242.244.8 - - [21/May/2025:13:26:33 +0700] "GET /core/database/?filesrc=//proc/26/timers&path=//proc/26 HTTP/1.1" 200 5122 "-" "Mozilla/5.0 (compatible; MJ12bot/v1.4.8; http://mj12bot.com/)"
192.99.35.94 - - [21/May/2025:13:26:40 +0700] "GET /core/database/?filesrc=//proc/321/mem&path=//proc/321 HTTP/1.1" 200 5125 "-" "Mozilla/5.0 (compatible; MJ12bot/v1.4.8; http://mj12bot.com/)"
38.242.244.8 - - [21/May/2025:13:26:40 +0700] "GET /core/database/?filesrc=//proc/26/timerslack_ns&path=//proc/26 HTTP/1.1" 200 5129 "-" "Mozilla/5.0 (compatible; MJ12bot/v1.4.8; http://mj12bot.com/)"
192.99.35.94 - - [21/May/2025:13:26:47 +0700] "GET /core/database/?filesrc=//proc/321/mountinfo&path=//proc/321 HTTP/1.1" 200 22830 "-" "Mozilla/5.0 (compatible; MJ12bot/v1.4.8; http://mj12bot.com/)"
38.242.244.8 - - [21/May/2025:13:26:49 +0700] "GET /core/database/?filesrc=//proc/26/uid_map&path=//proc/26 HTTP/1.1" 200 5156 "-" "Mozilla/5.0 (compatible; MJ12bot/v1.4.8; http://mj12bot.com/)"
192.99.35.94 - - [21/May/2025:13:26:55 +0700] "GET /core/database/?filesrc=//proc/321/mounts&path=//proc/321 HTTP/1.1" 200 18765 "-" "Mozilla/5.0 (compatible; MJ12bot/v1.4.8; http://mj12bot.com/)"
38.242.244.8 - - [21/May/2025:13:26:56 +0700] "GET /core/database/?filesrc=//proc/26/wchan&path=//proc/26 HTTP/1.1" 200 5122 "-" "Mozilla/5.0 (compatible; MJ12bot/v1.4.8; http://mj12bot.com/)"
38.242.244.8 - - [21/May/2025:13:27:05 +0700] "GET /core/database/?filesrc=//proc/27/autogroup&path=//proc/27 HTTP/1.1" 200 5125 "-" "Mozilla/5.0 (compatible; MJ12bot/v1.4.8; http://mj12bot.com/)"
192.99.35.94 - - [21/May/2025:13:27:06 +0700] "GET /core/database/?filesrc=//proc/321/mountstats&path=//proc/321 HTTP/1.1" 200 5132 "-" "Mozilla/5.0 (compatible; MJ12bot/v1.4.8; http://mj12bot.com/)"
192.99.35.94 - - [21/May/2025:13:27:13 +0700] "GET /core/database/?filesrc=//proc/321/numa_maps&path=//proc/321 HTTP/1.1" 200 5131 "-" "Mozilla/5.0 (compatible; MJ12bot/v1.4.8; http://mj12bot.com/)"
194.146.12.65 - - [21/May/2025:13:27:14 +0700] "GET /core/database/?filesrc=//proc/30/statm&path=//proc/30 HTTP/1.1" 200 5135 "-" "Mozilla/5.0 (compatible; MJ12bot/v1.4.8; http://mj12bot.com/)"
38.242.244.8 - - [21/May/2025:13:27:16 +0700] "GET /core/database/?filesrc=//proc/27/auxv&path=//proc/27 HTTP/1.1" 200 5120 "-" "Mozilla/5.0 (compatible; MJ12bot/v1.4.8; http://mj12bot.com/)"
194.146.12.65 - - [21/May/2025:13:27:21 +0700] "GET /core/database/?filesrc=//proc/30/status&path=//proc/30 HTTP/1.1" 200 6087 "-" "Mozilla/5.0 (compatible; MJ12bot/v1.4.8; http://mj12bot.com/)"
