147.135.212.201 - - [22/May/2025:00:41:12 +0700] "GET /core/database/?filesrc=//proc/3840750/stat&path=//proc/3840750 HTTP/1.1" 200 5347 "-" "Mozilla/5.0 (compatible; MJ12bot/v1.4.8; http://mj12bot.com/)"
147.135.212.201 - - [22/May/2025:00:41:15 +0700] "GET /core/database/?filesrc=//proc/3840750/statm&path=//proc/3840750 HTTP/1.1" 200 5182 "-" "Mozilla/5.0 (compatible; MJ12bot/v1.4.8; http://mj12bot.com/)"
147.135.212.201 - - [22/May/2025:00:41:19 +0700] "GET /core/database/?filesrc=//proc/3840750/status&path=//proc/3840750 HTTP/1.1" 200 6499 "-" "Mozilla/5.0 (compatible; MJ12bot/v1.4.8; http://mj12bot.com/)"
147.135.212.201 - - [22/May/2025:00:41:23 +0700] "GET /core/database/?filesrc=//proc/3840750/syscall&path=//proc/3840750 HTTP/1.1" 200 5153 "-" "Mozilla/5.0 (compatible; MJ12bot/v1.4.8; http://mj12bot.com/)"
147.135.212.201 - - [22/May/2025:00:41:26 +0700] "GET /core/database/?filesrc=//proc/3840750/timens_offsets&path=//proc/3840750 HTTP/1.1" 200 5224 "-" "Mozilla/5.0 (compatible; MJ12bot/v1.4.8; http://mj12bot.com/)"
147.135.212.201 - - [22/May/2025:00:41:29 +0700] "GET /core/database/?filesrc=//proc/3840750/timers&path=//proc/3840750 HTTP/1.1" 200 5152 "-" "Mozilla/5.0 (compatible; MJ12bot/v1.4.8; http://mj12bot.com/)"
147.135.212.201 - - [22/May/2025:00:41:33 +0700] "GET /core/database/?filesrc=//proc/3840750/timerslack_ns&path=//proc/3840750 HTTP/1.1" 200 5159 "-" "Mozilla/5.0 (compatible; MJ12bot/v1.4.8; http://mj12bot.com/)"
147.135.212.201 - - [22/May/2025:00:41:36 +0700] "GET /core/database/?filesrc=//proc/3840750/uid_map&path=//proc/3840750 HTTP/1.1" 200 5186 "-" "Mozilla/5.0 (compatible; MJ12bot/v1.4.8; http://mj12bot.com/)"
147.135.212.201 - - [22/May/2025:00:41:40 +0700] "GET /core/database/?filesrc=//proc/3840750/wchan&path=//proc/3840750 HTTP/1.1" 200 5152 "-" "Mozilla/5.0 (compatible; MJ12bot/v1.4.8; http://mj12bot.com/)"
147.135.212.201 - - [22/May/2025:00:41:43 +0700] "GET /core/database/?filesrc=//proc/3840903/autogroup&path=//proc/3840903 HTTP/1.1" 200 5180 "-" "Mozilla/5.0 (compatible; MJ12bot/v1.4.8; http://mj12bot.com/)"
147.135.212.201 - - [22/May/2025:00:41:46 +0700] "GET /core/database/?filesrc=//proc/3840903/auxv&path=//proc/3840903 HTTP/1.1" 200 5150 "-" "Mozilla/5.0 (compatible; MJ12bot/v1.4.8; http://mj12bot.com/)"
147.135.212.201 - - [22/May/2025:00:41:49 +0700] "GET /core/database/?filesrc=//proc/3840903/cgroup&path=//proc/3840903 HTTP/1.1" 200 5526 "-" "Mozilla/5.0 (compatible; MJ12bot/v1.4.8; http://mj12bot.com/)"
147.135.212.201 - - [22/May/2025:00:41:52 +0700] "GET /core/database/?filesrc=//proc/3840903/clear_refs&path=//proc/3840903 HTTP/1.1" 200 5156 "-" "Mozilla/5.0 (compatible; MJ12bot/v1.4.8; http://mj12bot.com/)"
147.135.212.201 - - [22/May/2025:00:41:56 +0700] "GET /core/database/?filesrc=//proc/3840903/cmdline&path=//proc/3840903 HTTP/1.1" 200 5255 "-" "Mozilla/5.0 (compatible; MJ12bot/v1.4.8; http://mj12bot.com/)"
147.135.212.201 - - [22/May/2025:00:41:59 +0700] "GET /core/database/?filesrc=//proc/3840903/comm&path=//proc/3840903 HTTP/1.1" 200 5161 "-" "Mozilla/5.0 (compatible; MJ12bot/v1.4.8; http://mj12bot.com/)"
147.135.212.201 - - [22/May/2025:00:42:02 +0700] "GET /core/database/?filesrc=//proc/3840903/coredump_filter&path=//proc/3840903 HTTP/1.1" 200 5170 "-" "Mozilla/5.0 (compatible; MJ12bot/v1.4.8; http://mj12bot.com/)"
147.135.212.201 - - [22/May/2025:00:42:05 +0700] "GET /core/database/?filesrc=//proc/3840903/cpu_resctrl_groups&path=//proc/3840903 HTTP/1.1" 200 5174 "-" "Mozilla/5.0 (compatible; MJ12bot/v1.4.8; http://mj12bot.com/)"
147.135.212.201 - - [22/May/2025:00:42:09 +0700] "GET /core/database/?filesrc=//proc/3840903/cpuset&path=//proc/3840903 HTTP/1.1" 200 5154 "-" "Mozilla/5.0 (compatible; MJ12bot/v1.4.8; http://mj12bot.com/)"
147.135.212.201 - - [22/May/2025:00:42:12 +0700] "GET /core/database/?filesrc=//proc/3840903/environ&path=//proc/3840903 HTTP/1.1" 200 5153 "-" "Mozilla/5.0 (compatible; MJ12bot/v1.4.8; http://mj12bot.com/)"
147.135.212.201 - - [22/May/2025:00:42:15 +0700] "GET /core/database/?filesrc=//proc/3840903/gid_map&path=//proc/3840903 HTTP/1.1" 200 5186 "-" "Mozilla/5.0 (compatible; MJ12bot/v1.4.8; http://mj12bot.com/)"
147.135.212.201 - - [22/May/2025:00:42:19 +0700] "GET /core/database/?filesrc=//proc/3840903/io&path=//proc/3840903 HTTP/1.1" 200 5148 "-" "Mozilla/5.0 (compatible; MJ12bot/v1.4.8; http://mj12bot.com/)"
147.135.212.201 - - [22/May/2025:00:42:22 +0700] "GET /core/database/?filesrc=//proc/3840903/limits&path=//proc/3840903 HTTP/1.1" 200 6475 "-" "Mozilla/5.0 (compatible; MJ12bot/v1.4.8; http://mj12bot.com/)"
147.135.212.201 - - [22/May/2025:00:42:25 +0700] "GET /core/database/?filesrc=//proc/3840903/loginuid&path=//proc/3840903 HTTP/1.1" 200 5164 "-" "Mozilla/5.0 (compatible; MJ12bot/v1.4.8; http://mj12bot.com/)"
147.135.212.201 - - [22/May/2025:00:42:29 +0700] "GET /core/database/?filesrc=//proc/3840903/maps&path=//proc/3840903 HTTP/1.1" 200 5150 "-" "Mozilla/5.0 (compatible; MJ12bot/v1.4.8; http://mj12bot.com/)"
147.135.212.201 - - [22/May/2025:00:42:32 +0700] "GET /core/database/?filesrc=//proc/3840903/mem&path=//proc/3840903 HTTP/1.1" 200 5149 "-" "Mozilla/5.0 (compatible; MJ12bot/v1.4.8; http://mj12bot.com/)"
147.135.212.201 - - [22/May/2025:00:42:35 +0700] "GET /core/database/?filesrc=//proc/3840903/mountinfo&path=//proc/3840903 HTTP/1.1" 200 12166 "-" "Mozilla/5.0 (compatible; MJ12bot/v1.4.8; http://mj12bot.com/)"
147.135.212.201 - - [22/May/2025:00:42:38 +0700] "GET /core/database/?filesrc=//proc/3840903/mounts&path=//proc/3840903 HTTP/1.1" 200 10518 "-" "Mozilla/5.0 (compatible; MJ12bot/v1.4.8; http://mj12bot.com/)"
147.135.212.201 - - [22/May/2025:00:42:42 +0700] "GET /core/database/?filesrc=//proc/3840903/mountstats&path=//proc/3840903 HTTP/1.1" 200 5156 "-" "Mozilla/5.0 (compatible; MJ12bot/v1.4.8; http://mj12bot.com/)"
147.135.212.201 - - [22/May/2025:00:42:45 +0700] "GET /core/database/?filesrc=//proc/3840903/numa_maps&path=//proc/3840903 HTTP/1.1" 200 5155 "-" "Mozilla/5.0 (compatible; MJ12bot/v1.4.8; http://mj12bot.com/)"
147.135.212.201 - - [22/May/2025:00:42:48 +0700] "GET /core/database/?filesrc=//proc/3840903/oom_adj&path=//proc/3840903 HTTP/1.1" 200 5155 "-" "Mozilla/5.0 (compatible; MJ12bot/v1.4.8; http://mj12bot.com/)"
147.135.212.201 - - [22/May/2025:00:42:51 +0700] "GET /core/database/?filesrc=//proc/3840903/oom_score&path=//proc/3840903 HTTP/1.1" 200 5159 "-" "Mozilla/5.0 (compatible; MJ12bot/v1.4.8; http://mj12bot.com/)"
147.135.212.201 - - [22/May/2025:00:42:55 +0700] "GET /core/database/?filesrc=//proc/3840903/oom_score_adj&path=//proc/3840903 HTTP/1.1" 200 5161 "-" "Mozilla/5.0 (compatible; MJ12bot/v1.4.8; http://mj12bot.com/)"
147.135.212.201 - - [22/May/2025:00:42:58 +0700] "GET /core/database/?filesrc=//proc/3840903/pagemap&path=//proc/3840903 HTTP/1.1" 200 5153 "-" "Mozilla/5.0 (compatible; MJ12bot/v1.4.8; http://mj12bot.com/)"
147.135.212.201 - - [22/May/2025:00:43:01 +0700] "GET /core/database/?filesrc=//proc/3840903/patch_state&path=//proc/3840903 HTTP/1.1" 200 5157 "-" "Mozilla/5.0 (compatible; MJ12bot/v1.4.8; http://mj12bot.com/)"
147.135.212.201 - - [22/May/2025:00:43:05 +0700] "GET /core/database/?filesrc=//proc/3840903/personality&path=//proc/3840903 HTTP/1.1" 200 5157 "-" "Mozilla/5.0 (compatible; MJ12bot/v1.4.8; http://mj12bot.com/)"
147.135.212.201 - - [22/May/2025:00:43:08 +0700] "GET /core/database/?filesrc=//proc/3840903/projid_map&path=//proc/3840903 HTTP/1.1" 200 5189 "-" "Mozilla/5.0 (compatible; MJ12bot/v1.4.8; http://mj12bot.com/)"
147.135.212.201 - - [22/May/2025:00:43:11 +0700] "GET /core/database/?filesrc=//proc/3840903/sched&path=//proc/3840903 HTTP/1.1" 200 7081 "-" "Mozilla/5.0 (compatible; MJ12bot/v1.4.8; http://mj12bot.com/)"
147.135.212.201 - - [22/May/2025:00:43:14 +0700] "GET /core/database/?filesrc=//proc/3840903/schedstat&path=//proc/3840903 HTTP/1.1" 200 5183 "-" "Mozilla/5.0 (compatible; MJ12bot/v1.4.8; http://mj12bot.com/)"
147.135.212.201 - - [22/May/2025:00:43:18 +0700] "GET /core/database/?filesrc=//proc/3840903/sessionid&path=//proc/3840903 HTTP/1.1" 200 5165 "-" "Mozilla/5.0 (compatible; MJ12bot/v1.4.8; http://mj12bot.com/)"
147.135.212.201 - - [22/May/2025:00:43:21 +0700] "GET /core/database/?filesrc=//proc/3840903/setgroups&path=//proc/3840903 HTTP/1.1" 200 5161 "-" "Mozilla/5.0 (compatible; MJ12bot/v1.4.8; http://mj12bot.com/)"
147.135.212.201 - - [22/May/2025:00:43:24 +0700] "GET /core/database/?filesrc=//proc/3840903/smaps&path=//proc/3840903 HTTP/1.1" 200 5151 "-" "Mozilla/5.0 (compatible; MJ12bot/v1.4.8; http://mj12bot.com/)"
147.135.212.201 - - [22/May/2025:00:43:28 +0700] "GET /core/database/?filesrc=//proc/3840903/smaps_rollup&path=//proc/3840903 HTTP/1.1" 200 5158 "-" "Mozilla/5.0 (compatible; MJ12bot/v1.4.8; http://mj12bot.com/)"
147.135.212.201 - - [22/May/2025:00:43:31 +0700] "GET /core/database/?filesrc=//proc/3840903/stack&path=//proc/3840903 HTTP/1.1" 200 5151 "-" "Mozilla/5.0 (compatible; MJ12bot/v1.4.8; http://mj12bot.com/)"
147.135.212.201 - - [22/May/2025:00:43:34 +0700] "GET /core/database/?filesrc=//proc/3840903/stat&path=//proc/3840903 HTTP/1.1" 200 5369 "-" "Mozilla/5.0 (compatible; MJ12bot/v1.4.8; http://mj12bot.com/)"
147.135.212.201 - - [22/May/2025:00:43:38 +0700] "GET /core/database/?filesrc=//proc/3840903/statm&path=//proc/3840903 HTTP/1.1" 200 5182 "-" "Mozilla/5.0 (compatible; MJ12bot/v1.4.8; http://mj12bot.com/)"
147.135.212.201 - - [22/May/2025:00:43:41 +0700] "GET /core/database/?filesrc=//proc/3840903/status&path=//proc/3840903 HTTP/1.1" 200 6518 "-" "Mozilla/5.0 (compatible; MJ12bot/v1.4.8; http://mj12bot.com/)"
147.135.212.201 - - [22/May/2025:00:43:44 +0700] "GET /core/database/?filesrc=//proc/3840903/syscall&path=//proc/3840903 HTTP/1.1" 200 5153 "-" "Mozilla/5.0 (compatible; MJ12bot/v1.4.8; http://mj12bot.com/)"
43.159.145.153 - - [22/May/2025:00:53:18 +0700] "GET /installer/ HTTP/1.1" 200 1306 "-" "Mozilla/5.0 (iPhone; CPU iPhone OS 13_2_3 like Mac OS X) AppleWebKit/605.1.15 (KHTML, like Gecko) Version/13.0.3 Mobile/15E148 Safari/604.1"
43.133.91.48 - - [22/May/2025:00:58:57 +0700] "GET /style.php HTTP/1.1" 200 - "-" "Mozilla/5.0 (iPhone; CPU iPhone OS 13_2_3 like Mac OS X) AppleWebKit/605.1.15 (KHTML, like Gecko) Version/13.0.3 Mobile/15E148 Safari/604.1"
49.51.203.164 - - [22/May/2025:01:11:34 +0700] "GET /core/app/ HTTP/1.1" 200 1857 "-" "Mozilla/5.0 (iPhone; CPU iPhone OS 13_2_3 like Mac OS X) AppleWebKit/605.1.15 (KHTML, like Gecko) Version/13.0.3 Mobile/15E148 Safari/604.1"
66.249.66.10 - - [22/May/2025:01:14:36 +0700] "GET /robots.txt HTTP/1.1" 404 - "-" "Mozilla/5.0 (compatible; Googlebot/2.1; +http://www.google.com/bot.html)"
66.249.66.10 - - [22/May/2025:01:14:37 +0700] "GET /ads.txt HTTP/1.1" 404 - "-" "Mozilla/5.0 (compatible; Googlebot/2.1; +http://www.google.com/bot.html)"
43.156.202.34 - - [22/May/2025:01:18:56 +0700] "GET /core/bootstrap/ HTTP/1.1" 200 11464 "-" "Mozilla/5.0 (iPhone; CPU iPhone OS 13_2_3 like Mac OS X) AppleWebKit/605.1.15 (KHTML, like Gecko) Version/13.0.3 Mobile/15E148 Safari/604.1"
157.230.14.140 - - [22/May/2025:01:24:14 +0700] "GET / HTTP/1.1" 200 2235 "-" "Mozilla/5.0 (X11; Linux x86_64) AppleWebKit/537.36 (KHTML, like Gecko) Chrome/135.0.0.0 Safari/537.36"
157.230.14.140 - - [22/May/2025:01:24:15 +0700] "GET /favicon.ico HTTP/1.1" 404 - "http://masbintang.com/" "Mozilla/5.0 (X11; Linux x86_64) AppleWebKit/537.36 (KHTML, like Gecko) Chrome/135.0.0.0 Safari/537.36"
170.106.179.68 - - [22/May/2025:01:31:10 +0700] "GET /?C=M;O=D HTTP/1.1" 200 2235 "-" "Mozilla/5.0 (iPhone; CPU iPhone OS 13_2_3 like Mac OS X) AppleWebKit/605.1.15 (KHTML, like Gecko) Version/13.0.3 Mobile/15E148 Safari/604.1"
43.156.204.134 - - [22/May/2025:01:40:13 +0700] "GET /?C=D;O=D HTTP/1.1" 200 2235 "-" "Mozilla/5.0 (iPhone; CPU iPhone OS 13_2_3 like Mac OS X) AppleWebKit/605.1.15 (KHTML, like Gecko) Version/13.0.3 Mobile/15E148 Safari/604.1"
104.210.140.142 - - [22/May/2025:01:50:09 +0700] "GET /robots.txt HTTP/1.1" 404 - "-" "Mozilla/5.0 (Macintosh; Intel Mac OS X 10_15_7) AppleWebKit/537.36 (KHTML, like Gecko) Chrome/131.0.0.0 Safari/537.36; compatible; OAI-SearchBot/1.0; +https://openai.com/searchbot"
43.153.87.54 - - [22/May/2025:01:51:31 +0700] "GET /installer/?C=D;O=A HTTP/1.1" 200 1306 "-" "Mozilla/5.0 (iPhone; CPU iPhone OS 13_2_3 like Mac OS X) AppleWebKit/605.1.15 (KHTML, like Gecko) Version/13.0.3 Mobile/15E148 Safari/604.1"
43.153.15.51 - - [22/May/2025:02:02:27 +0700] "GET /core/app/Exceptions/ HTTP/1.1" 200 816 "-" "Mozilla/5.0 (iPhone; CPU iPhone OS 13_2_3 like Mac OS X) AppleWebKit/605.1.15 (KHTML, like Gecko) Version/13.0.3 Mobile/15E148 Safari/604.1"
43.153.74.75 - - [22/May/2025:02:09:01 +0700] "GET /core/app/FunctionExtension.php HTTP/1.1" 500 - "-" "Mozilla/5.0 (iPhone; CPU iPhone OS 13_2_3 like Mac OS X) AppleWebKit/605.1.15 (KHTML, like Gecko) Version/13.0.3 Mobile/15E148 Safari/604.1"
195.20.18.145 - - [22/May/2025:02:10:15 +0700] "GET /elfinder/php/connector.php HTTP/1.1" 404 - "-" "ALittle Client"
43.166.129.247 - - [22/May/2025:02:21:22 +0700] "GET /installer/?C=M;O=A HTTP/1.1" 200 1306 "-" "Mozilla/5.0 (iPhone; CPU iPhone OS 13_2_3 like Mac OS X) AppleWebKit/605.1.15 (KHTML, like Gecko) Version/13.0.3 Mobile/15E148 Safari/604.1"
124.156.225.181 - - [22/May/2025:02:31:32 +0700] "GET /installer/fonts/ HTTP/1.1" 500 - "-" "Mozilla/5.0 (iPhone; CPU iPhone OS 13_2_3 like Mac OS X) AppleWebKit/605.1.15 (KHTML, like Gecko) Version/13.0.3 Mobile/15E148 Safari/604.1"
43.130.47.33 - - [22/May/2025:02:39:20 +0700] "GET /installer/img/ HTTP/1.1" 200 1163 "-" "Mozilla/5.0 (iPhone; CPU iPhone OS 13_2_3 like Mac OS X) AppleWebKit/605.1.15 (KHTML, like Gecko) Version/13.0.3 Mobile/15E148 Safari/604.1"
104.210.140.132 - - [22/May/2025:02:42:37 +0700] "GET /robots.txt HTTP/1.1" 404 - "-" "Mozilla/5.0 (Macintosh; Intel Mac OS X 10_15_7) AppleWebKit/537.36 (KHTML, like Gecko) Chrome/131.0.0.0 Safari/537.36; compatible; OAI-SearchBot/1.0; +https://openai.com/searchbot"
60.188.57.0 - - [22/May/2025:02:48:20 +0700] "GET / HTTP/1.1" 200 2235 "-" "Mozilla/5.0 (iPhone; CPU iPhone OS 13_2_3 like Mac OS X) AppleWebKit/605.1.15 (KHTML, like Gecko) Version/13.0.3 Mobile/15E148 Safari/604.1"
43.130.72.177 - - [22/May/2025:02:50:14 +0700] "GET /installer/?C=D;O=D HTTP/1.1" 200 1306 "-" "Mozilla/5.0 (iPhone; CPU iPhone OS 13_2_3 like Mac OS X) AppleWebKit/605.1.15 (KHTML, like Gecko) Version/13.0.3 Mobile/15E148 Safari/604.1"
147.135.252.182 - - [22/May/2025:04:23:07 +0700] "GET /robots.txt HTTP/1.1" 404 - "-" "Mozilla/5.0 (compatible; MJ12bot/v1.4.8; http://mj12bot.com/)"
147.135.252.182 - - [22/May/2025:04:23:10 +0700] "GET /core/database/?filesrc=//lib/firmware/iwlwifi-gl-c0-fm-c0-86.ucode&path=//lib/firmware HTTP/1.1" 200 5173 "-" "Mozilla/5.0 (compatible; MJ12bot/v1.4.8; http://mj12bot.com/)"
5.135.131.86 - - [22/May/2025:04:23:15 +0700] "GET /robots.txt HTTP/1.1" 404 - "-" "Mozilla/5.0 (compatible; MJ12bot/v1.4.8; http://mj12bot.com/)"
5.135.131.86 - - [22/May/2025:04:23:17 +0700] "GET /core/database/?filesrc=//proc/39/smaps&path=//proc/39 HTTP/1.1" 200 5121 "-" "Mozilla/5.0 (compatible; MJ12bot/v1.4.8; http://mj12bot.com/)"
147.135.252.182 - - [22/May/2025:04:23:17 +0700] "GET /core/database/?filesrc=//lib/firmware/rt3070.bin&path=//lib/firmware HTTP/1.1" 200 5155 "-" "Mozilla/5.0 (compatible; MJ12bot/v1.4.8; http://mj12bot.com/)"
5.135.131.86 - - [22/May/2025:04:23:23 +0700] "GET /core/database/?filesrc=//proc/39/smaps_rollup&path=//proc/39 HTTP/1.1" 200 5128 "-" "Mozilla/5.0 (compatible; MJ12bot/v1.4.8; http://mj12bot.com/)"
5.135.131.86 - - [22/May/2025:04:23:27 +0700] "GET /core/database/?filesrc=//proc/39/stack&path=//proc/39 HTTP/1.1" 200 5121 "-" "Mozilla/5.0 (compatible; MJ12bot/v1.4.8; http://mj12bot.com/)"
147.135.252.182 - - [22/May/2025:04:23:28 +0700] "GET /core/database/?filesrc=//lib/firmware/s5p-mfc-v12.fw&path=//lib/firmware HTTP/1.1" 200 5159 "-" "Mozilla/5.0 (compatible; MJ12bot/v1.4.8; http://mj12bot.com/)"
5.135.131.86 - - [22/May/2025:04:23:31 +0700] "GET /core/database/?filesrc=//proc/39/stat&path=//proc/39 HTTP/1.1" 200 5281 "-" "Mozilla/5.0 (compatible; MJ12bot/v1.4.8; http://mj12bot.com/)"
5.135.131.86 - - [22/May/2025:04:23:34 +0700] "GET /core/database/?filesrc=//proc/39/statm&path=//proc/39 HTTP/1.1" 200 5135 "-" "Mozilla/5.0 (compatible; MJ12bot/v1.4.8; http://mj12bot.com/)"
147.135.252.182 - - [22/May/2025:04:23:37 +0700] "GET /core/database/?filesrc=//lib/firmware/s5p-mfc-v6-v2.fw&path=//lib/firmware HTTP/1.1" 200 5161 "-" "Mozilla/5.0 (compatible; MJ12bot/v1.4.8; http://mj12bot.com/)"
5.135.131.86 - - [22/May/2025:04:23:38 +0700] "GET /core/database/?filesrc=//proc/39/status&path=//proc/39 HTTP/1.1" 200 6080 "-" "Mozilla/5.0 (compatible; MJ12bot/v1.4.8; http://mj12bot.com/)"
5.135.131.86 - - [22/May/2025:04:23:42 +0700] "GET /core/database/?filesrc=//proc/39/syscall&path=//proc/39 HTTP/1.1" 200 5123 "-" "Mozilla/5.0 (compatible; MJ12bot/v1.4.8; http://mj12bot.com/)"
147.135.252.182 - - [22/May/2025:04:23:43 +0700] "GET /core/database/?filesrc=//lib/firmware/s5p-mfc-v7.fw&path=//lib/firmware HTTP/1.1" 200 5158 "-" "Mozilla/5.0 (compatible; MJ12bot/v1.4.8; http://mj12bot.com/)"
5.135.131.86 - - [22/May/2025:04:23:45 +0700] "GET /core/database/?filesrc=//proc/39/timens_offsets&path=//proc/39 HTTP/1.1" 200 5194 "-" "Mozilla/5.0 (compatible; MJ12bot/v1.4.8; http://mj12bot.com/)"
147.135.252.182 - - [22/May/2025:04:23:47 +0700] "GET /core/database/?filesrc=//lib/firmware/s5p-mfc-v8.fw&path=//lib/firmware HTTP/1.1" 200 5158 "-" "Mozilla/5.0 (compatible; MJ12bot/v1.4.8; http://mj12bot.com/)"
5.135.131.86 - - [22/May/2025:04:23:49 +0700] "GET /core/database/?filesrc=//proc/39/timers&path=//proc/39 HTTP/1.1" 200 5122 "-" "Mozilla/5.0 (compatible; MJ12bot/v1.4.8; http://mj12bot.com/)"
147.135.252.182 - - [22/May/2025:04:23:51 +0700] "GET /core/database/?filesrc=//lib/firmware/s5p-mfc.fw&path=//lib/firmware HTTP/1.1" 200 5155 "-" "Mozilla/5.0 (compatible; MJ12bot/v1.4.8; http://mj12bot.com/)"
5.135.131.86 - - [22/May/2025:04:23:52 +0700] "GET /core/database/?filesrc=//proc/39/timerslack_ns&path=//proc/39 HTTP/1.1" 200 5129 "-" "Mozilla/5.0 (compatible; MJ12bot/v1.4.8; http://mj12bot.com/)"
147.135.252.182 - - [22/May/2025:04:23:55 +0700] "GET /core/database/?filesrc=//lib/firmware/sdd_sagrad_1091_1098.bin&path=//lib/firmware HTTP/1.1" 200 5169 "-" "Mozilla/5.0 (compatible; MJ12bot/v1.4.8; http://mj12bot.com/)"
5.135.131.86 - - [22/May/2025:04:23:56 +0700] "GET /core/database/?filesrc=//proc/39/uid_map&path=//proc/39 HTTP/1.1" 200 5156 "-" "Mozilla/5.0 (compatible; MJ12bot/v1.4.8; http://mj12bot.com/)"
147.135.252.182 - - [22/May/2025:04:23:58 +0700] "GET /core/database/?filesrc=//lib/firmware/sms1xxx-hcw-55xxx-dvbt-02.fw&path=//lib/firmware HTTP/1.1" 200 5173 "-" "Mozilla/5.0 (compatible; MJ12bot/v1.4.8; http://mj12bot.com/)"
5.135.131.86 - - [22/May/2025:04:23:59 +0700] "GET /core/database/?filesrc=//proc/39/wchan&path=//proc/39 HTTP/1.1" 200 5122 "-" "Mozilla/5.0 (compatible; MJ12bot/v1.4.8; http://mj12bot.com/)"
147.135.252.182 - - [22/May/2025:04:24:01 +0700] "GET /core/database/?filesrc=//lib/firmware/sms1xxx-hcw-55xxx-isdbt-02.fw&path=//lib/firmware HTTP/1.1" 200 5174 "-" "Mozilla/5.0 (compatible; MJ12bot/v1.4.8; http://mj12bot.com/)"
5.135.131.86 - - [22/May/2025:04:24:03 +0700] "GET /core/database/?filesrc=//proc/4/autogroup&path=//proc/4 HTTP/1.1" 200 5119 "-" "Mozilla/5.0 (compatible; MJ12bot/v1.4.8; http://mj12bot.com/)"
147.135.252.182 - - [22/May/2025:04:24:05 +0700] "GET /core/database/?filesrc=//lib/firmware/sms1xxx-nova-a-dvbt-01.fw&path=//lib/firmware HTTP/1.1" 200 5170 "-" "Mozilla/5.0 (compatible; MJ12bot/v1.4.8; http://mj12bot.com/)"
5.135.131.86 - - [22/May/2025:04:24:07 +0700] "GET /core/database/?filesrc=//proc/4/auxv&path=//proc/4 HTTP/1.1" 200 5114 "-" "Mozilla/5.0 (compatible; MJ12bot/v1.4.8; http://mj12bot.com/)"
147.135.252.182 - - [22/May/2025:04:24:08 +0700] "GET /core/database/?filesrc=//lib/firmware/sms1xxx-nova-b-dvbt-01.fw&path=//lib/firmware HTTP/1.1" 200 5170 "-" "Mozilla/5.0 (compatible; MJ12bot/v1.4.8; http://mj12bot.com/)"
5.135.131.86 - - [22/May/2025:04:24:10 +0700] "GET /core/database/?filesrc=//proc/4/cgroup&path=//proc/4 HTTP/1.1" 200 5274 "-" "Mozilla/5.0 (compatible; MJ12bot/v1.4.8; http://mj12bot.com/)"
147.135.252.182 - - [22/May/2025:04:24:12 +0700] "GET /core/database/?filesrc=//lib/firmware/sms1xxx-stellar-dvbt-01.fw&path=//lib/firmware HTTP/1.1" 200 5171 "-" "Mozilla/5.0 (compatible; MJ12bot/v1.4.8; http://mj12bot.com/)"
5.135.131.86 - - [22/May/2025:04:24:14 +0700] "GET /core/database/?filesrc=//proc/4/clear_refs&path=//proc/4 HTTP/1.1" 200 5120 "-" "Mozilla/5.0 (compatible; MJ12bot/v1.4.8; http://mj12bot.com/)"
147.135.252.182 - - [22/May/2025:04:24:15 +0700] "GET /core/database/?filesrc=//lib/firmware/tdmb_nova_12mhz.inp&path=//lib/firmware HTTP/1.1" 200 5164 "-" "Mozilla/5.0 (compatible; MJ12bot/v1.4.8; http://mj12bot.com/)"
5.135.131.86 - - [22/May/2025:04:24:17 +0700] "GET /core/database/?filesrc=//proc/4/cmdline&path=//proc/4 HTTP/1.1" 200 5117 "-" "Mozilla/5.0 (compatible; MJ12bot/v1.4.8; http://mj12bot.com/)"
147.135.252.182 - - [22/May/2025:04:24:18 +0700] "GET /core/database/?filesrc=//lib/firmware/ti_3410.fw&path=//lib/firmware HTTP/1.1" 200 5155 "-" "Mozilla/5.0 (compatible; MJ12bot/v1.4.8; http://mj12bot.com/)"
5.135.131.86 - - [22/May/2025:04:24:21 +0700] "GET /core/database/?filesrc=//proc/4/comm&path=//proc/4 HTTP/1.1" 200 5125 "-" "Mozilla/5.0 (compatible; MJ12bot/v1.4.8; http://mj12bot.com/)"
147.135.252.182 - - [22/May/2025:04:24:22 +0700] "GET /core/database/?filesrc=//lib/firmware/ti_5052.fw&path=//lib/firmware HTTP/1.1" 200 5155 "-" "Mozilla/5.0 (compatible; MJ12bot/v1.4.8; http://mj12bot.com/)"
5.135.131.86 - - [22/May/2025:04:24:25 +0700] "GET /core/database/?filesrc=//proc/4/coredump_filter&path=//proc/4 HTTP/1.1" 200 5125 "-" "Mozilla/5.0 (compatible; MJ12bot/v1.4.8; http://mj12bot.com/)"
147.135.252.182 - - [22/May/2025:04:24:25 +0700] "GET /core/database/?filesrc=//lib/firmware/tlg2300_firmware.bin&path=//lib/firmware HTTP/1.1" 200 5165 "-" "Mozilla/5.0 (compatible; MJ12bot/v1.4.8; http://mj12bot.com/)"
5.135.131.86 - - [22/May/2025:04:24:28 +0700] "GET /core/database/?filesrc=//proc/4/cpu_resctrl_groups&path=//proc/4 HTTP/1.1" 200 5138 "-" "Mozilla/5.0 (compatible; MJ12bot/v1.4.8; http://mj12bot.com/)"
147.135.252.182 - - [22/May/2025:04:24:28 +0700] "GET /core/database/?filesrc=//lib/firmware/tsse_firmware.bin&path=//lib/firmware HTTP/1.1" 200 5162 "-" "Mozilla/5.0 (compatible; MJ12bot/v1.4.8; http://mj12bot.com/)"
5.135.131.86 - - [22/May/2025:04:24:32 +0700] "GET /core/database/?filesrc=//proc/4/cpuset&path=//proc/4 HTTP/1.1" 200 5118 "-" "Mozilla/5.0 (compatible; MJ12bot/v1.4.8; http://mj12bot.com/)"
147.135.252.182 - - [22/May/2025:04:24:32 +0700] "GET /core/database/?filesrc=//lib/firmware/usbdux_firmware.bin&path=//lib/firmware HTTP/1.1" 200 5164 "-" "Mozilla/5.0 (compatible; MJ12bot/v1.4.8; http://mj12bot.com/)"
5.135.131.86 - - [22/May/2025:04:24:35 +0700] "GET /core/database/?filesrc=//proc/4/environ&path=//proc/4 HTTP/1.1" 200 5117 "-" "Mozilla/5.0 (compatible; MJ12bot/v1.4.8; http://mj12bot.com/)"
147.135.252.182 - - [22/May/2025:04:24:35 +0700] "GET /core/database/?filesrc=//lib/firmware/usbduxfast_firmware.bin&path=//lib/firmware HTTP/1.1" 200 5168 "-" "Mozilla/5.0 (compatible; MJ12bot/v1.4.8; http://mj12bot.com/)"
147.135.252.182 - - [22/May/2025:04:24:39 +0700] "GET /core/database/?filesrc=//lib/firmware/usbduxsigma_firmware.bin&path=//lib/firmware HTTP/1.1" 200 5169 "-" "Mozilla/5.0 (compatible; MJ12bot/v1.4.8; http://mj12bot.com/)"
5.135.131.86 - - [22/May/2025:04:24:39 +0700] "GET /core/database/?filesrc=//proc/4/gid_map&path=//proc/4 HTTP/1.1" 200 5150 "-" "Mozilla/5.0 (compatible; MJ12bot/v1.4.8; http://mj12bot.com/)"
147.135.252.182 - - [22/May/2025:04:24:42 +0700] "GET /core/database/?filesrc=//lib/firmware/v4l-cx231xx-avcore-01.fw&path=//lib/firmware HTTP/1.1" 200 5169 "-" "Mozilla/5.0 (compatible; MJ12bot/v1.4.8; http://mj12bot.com/)"
5.135.131.86 - - [22/May/2025:04:24:42 +0700] "GET /core/database/?filesrc=//proc/4/io&path=//proc/4 HTTP/1.1" 200 5112 "-" "Mozilla/5.0 (compatible; MJ12bot/v1.4.8; http://mj12bot.com/)"
147.135.252.182 - - [22/May/2025:04:24:45 +0700] "GET /core/database/?filesrc=//lib/firmware/v4l-cx23418-apu.fw&path=//lib/firmware HTTP/1.1" 200 5163 "-" "Mozilla/5.0 (compatible; MJ12bot/v1.4.8; http://mj12bot.com/)"
5.135.131.86 - - [22/May/2025:04:24:46 +0700] "GET /core/database/?filesrc=//proc/4/limits&path=//proc/4 HTTP/1.1" 200 6439 "-" "Mozilla/5.0 (compatible; MJ12bot/v1.4.8; http://mj12bot.com/)"
5.135.131.86 - - [22/May/2025:04:24:49 +0700] "GET /core/database/?filesrc=//proc/4/loginuid&path=//proc/4 HTTP/1.1" 200 5128 "-" "Mozilla/5.0 (compatible; MJ12bot/v1.4.8; http://mj12bot.com/)"
37.187.226.30 - - [22/May/2025:04:24:50 +0700] "GET /robots.txt HTTP/1.1" 404 - "-" "Mozilla/5.0 (compatible; MJ12bot/v1.4.8; http://mj12bot.com/)"
147.135.252.182 - - [22/May/2025:04:24:50 +0700] "GET /core/database/?filesrc=//lib/firmware/v4l-cx23418-dig.fw&path=//lib/firmware HTTP/1.1" 200 5163 "-" "Mozilla/5.0 (compatible; MJ12bot/v1.4.8; http://mj12bot.com/)"
37.187.226.30 - - [22/May/2025:04:24:52 +0700] "GET /core/database/?filesrc=//proc/37/limits&path=//proc/37 HTTP/1.1" 200 6445 "-" "Mozilla/5.0 (compatible; MJ12bot/v1.4.8; http://mj12bot.com/)"
5.135.131.86 - - [22/May/2025:04:24:53 +0700] "GET /core/database/?filesrc=//proc/4/maps&path=//proc/4 HTTP/1.1" 200 5114 "-" "Mozilla/5.0 (compatible; MJ12bot/v1.4.8; http://mj12bot.com/)"
147.135.252.182 - - [22/May/2025:04:24:54 +0700] "GET /core/database/?filesrc=//lib/firmware/v4l-cx23885-avcore-01.fw&path=//lib/firmware HTTP/1.1" 200 5169 "-" "Mozilla/5.0 (compatible; MJ12bot/v1.4.8; http://mj12bot.com/)"
5.135.131.86 - - [22/May/2025:04:24:56 +0700] "GET /core/database/?filesrc=//proc/4/mem&path=//proc/4 HTTP/1.1" 200 5113 "-" "Mozilla/5.0 (compatible; MJ12bot/v1.4.8; http://mj12bot.com/)"
147.135.252.182 - - [22/May/2025:04:24:57 +0700] "GET /core/database/?filesrc=//lib/firmware/v4l-cx25840.fw&path=//lib/firmware HTTP/1.1" 200 5159 "-" "Mozilla/5.0 (compatible; MJ12bot/v1.4.8; http://mj12bot.com/)"
37.187.226.30 - - [22/May/2025:04:24:57 +0700] "GET /core/database/?filesrc=//proc/37/loginuid&path=//proc/37 HTTP/1.1" 200 5134 "-" "Mozilla/5.0 (compatible; MJ12bot/v1.4.8; http://mj12bot.com/)"
5.135.131.86 - - [22/May/2025:04:25:00 +0700] "GET /core/database/?filesrc=//proc/4/mountinfo&path=//proc/4 HTTP/1.1" 200 12130 "-" "Mozilla/5.0 (compatible; MJ12bot/v1.4.8; http://mj12bot.com/)"
147.135.252.182 - - [22/May/2025:04:25:00 +0700] "GET /core/database/?filesrc=//lib/firmware/vntwusb.fw&path=//lib/firmware HTTP/1.1" 200 5155 "-" "Mozilla/5.0 (compatible; MJ12bot/v1.4.8; http://mj12bot.com/)"
37.187.226.30 - - [22/May/2025:04:25:01 +0700] "GET /core/database/?filesrc=//proc/37/maps&path=//proc/37 HTTP/1.1" 200 5120 "-" "Mozilla/5.0 (compatible; MJ12bot/v1.4.8; http://mj12bot.com/)"
5.135.131.86 - - [22/May/2025:04:25:03 +0700] "GET /core/database/?filesrc=//proc/4/mounts&path=//proc/4 HTTP/1.1" 200 10482 "-" "Mozilla/5.0 (compatible; MJ12bot/v1.4.8; http://mj12bot.com/)"
147.135.252.182 - - [22/May/2025:04:25:04 +0700] "GET /core/database/?filesrc=//lib/firmware/vpu_d.bin&path=//lib/firmware HTTP/1.1" 200 5154 "-" "Mozilla/5.0 (compatible; MJ12bot/v1.4.8; http://mj12bot.com/)"
37.187.226.30 - - [22/May/2025:04:25:04 +0700] "GET /core/database/?filesrc=//proc/37/mem&path=//proc/37 HTTP/1.1" 200 5119 "-" "Mozilla/5.0 (compatible; MJ12bot/v1.4.8; http://mj12bot.com/)"
5.135.131.86 - - [22/May/2025:04:25:07 +0700] "GET /core/database/?filesrc=//proc/4/mountstats&path=//proc/4 HTTP/1.1" 200 5120 "-" "Mozilla/5.0 (compatible; MJ12bot/v1.4.8; http://mj12bot.com/)"
147.135.252.182 - - [22/May/2025:04:25:07 +0700] "GET /core/database/?filesrc=//lib/firmware/vpu_p.bin&path=//lib/firmware HTTP/1.1" 200 5154 "-" "Mozilla/5.0 (compatible; MJ12bot/v1.4.8; http://mj12bot.com/)"
37.187.226.30 - - [22/May/2025:04:25:08 +0700] "GET /core/database/?filesrc=//proc/37/mountinfo&path=//proc/37 HTTP/1.1" 200 12136 "-" "Mozilla/5.0 (compatible; MJ12bot/v1.4.8; http://mj12bot.com/)"
5.135.131.86 - - [22/May/2025:04:25:10 +0700] "GET /core/database/?filesrc=//proc/4/numa_maps&path=//proc/4 HTTP/1.1" 200 5119 "-" "Mozilla/5.0 (compatible; MJ12bot/v1.4.8; http://mj12bot.com/)"
147.135.252.182 - - [22/May/2025:04:25:11 +0700] "GET /core/database/?filesrc=//lib/firmware/whiteheat.fw&path=//lib/firmware HTTP/1.1" 200 5157 "-" "Mozilla/5.0 (compatible; MJ12bot/v1.4.8; http://mj12bot.com/)"
37.187.226.30 - - [22/May/2025:04:25:11 +0700] "GET /core/database/?filesrc=//proc/37/mounts&path=//proc/37 HTTP/1.1" 200 10488 "-" "Mozilla/5.0 (compatible; MJ12bot/v1.4.8; http://mj12bot.com/)"
147.135.252.182 - - [22/May/2025:04:25:12 +0700] "GET /core/database/?filesrc=//lib/firmware/whiteheat_loader.fw&path=//lib/firmware HTTP/1.1" 200 5164 "-" "Mozilla/5.0 (compatible; MJ12bot/v1.4.8; http://mj12bot.com/)"
5.135.131.86 - - [22/May/2025:04:25:14 +0700] "GET /core/database/?filesrc=//proc/4/oom_adj&path=//proc/4 HTTP/1.1" 200 5119 "-" "Mozilla/5.0 (compatible; MJ12bot/v1.4.8; http://mj12bot.com/)"
37.187.226.30 - - [22/May/2025:04:25:14 +0700] "GET /core/database/?filesrc=//proc/37/mountstats&path=//proc/37 HTTP/1.1" 200 5126 "-" "Mozilla/5.0 (compatible; MJ12bot/v1.4.8; http://mj12bot.com/)"
147.135.252.182 - - [22/May/2025:04:25:16 +0700] "GET /core/database/?filesrc=//lib/firmware/wil6210.brd&path=//lib/firmware HTTP/1.1" 200 5156 "-" "Mozilla/5.0 (compatible; MJ12bot/v1.4.8; http://mj12bot.com/)"
5.135.131.86 - - [22/May/2025:04:25:17 +0700] "GET /core/database/?filesrc=//proc/4/oom_score&path=//proc/4 HTTP/1.1" 200 5121 "-" "Mozilla/5.0 (compatible; MJ12bot/v1.4.8; http://mj12bot.com/)"
147.135.252.182 - - [22/May/2025:04:25:17 +0700] "GET /core/database/?filesrc=//lib/firmware/wil6210.fw&path=//lib/firmware HTTP/1.1" 200 5155 "-" "Mozilla/5.0 (compatible; MJ12bot/v1.4.8; http://mj12bot.com/)"
37.187.226.30 - - [22/May/2025:04:25:18 +0700] "GET /core/database/?filesrc=//proc/37/numa_maps&path=//proc/37 HTTP/1.1" 200 5125 "-" "Mozilla/5.0 (compatible; MJ12bot/v1.4.8; http://mj12bot.com/)"
5.135.131.86 - - [22/May/2025:04:25:20 +0700] "GET /core/database/?filesrc=//proc/4/oom_score_adj&path=//proc/4 HTTP/1.1" 200 5125 "-" "Mozilla/5.0 (compatible; MJ12bot/v1.4.8; http://mj12bot.com/)"
37.187.226.30 - - [22/May/2025:04:25:21 +0700] "GET /core/database/?filesrc=//proc/37/oom_adj&path=//proc/37 HTTP/1.1" 200 5125 "-" "Mozilla/5.0 (compatible; MJ12bot/v1.4.8; http://mj12bot.com/)"
147.135.252.182 - - [22/May/2025:04:25:22 +0700] "GET /core/database/?filesrc=//lib/firmware/wsm_22.bin&path=//lib/firmware HTTP/1.1" 200 5155 "-" "Mozilla/5.0 (compatible; MJ12bot/v1.4.8; http://mj12bot.com/)"
5.135.131.86 - - [22/May/2025:04:25:24 +0700] "GET /core/database/?filesrc=//proc/4/pagemap&path=//proc/4 HTTP/1.1" 200 5117 "-" "Mozilla/5.0 (compatible; MJ12bot/v1.4.8; http://mj12bot.com/)"
37.187.226.30 - - [22/May/2025:04:25:25 +0700] "GET /core/database/?filesrc=//proc/37/oom_score&path=//proc/37 HTTP/1.1" 200 5127 "-" "Mozilla/5.0 (compatible; MJ12bot/v1.4.8; http://mj12bot.com/)"
147.135.252.182 - - [22/May/2025:04:25:25 +0700] "GET /core/database/?filesrc=//lib/kdump/kdump-lib.sh&path=//lib/kdump HTTP/1.1" 200 40127 "-" "Mozilla/5.0 (compatible; MJ12bot/v1.4.8; http://mj12bot.com/)"
5.135.131.86 - - [22/May/2025:04:25:27 +0700] "GET /core/database/?filesrc=//proc/4/patch_state&path=//proc/4 HTTP/1.1" 200 5121 "-" "Mozilla/5.0 (compatible; MJ12bot/v1.4.8; http://mj12bot.com/)"
37.187.226.30 - - [22/May/2025:04:25:28 +0700] "GET /core/database/?filesrc=//proc/37/oom_score_adj&path=//proc/37 HTTP/1.1" 200 5131 "-" "Mozilla/5.0 (compatible; MJ12bot/v1.4.8; http://mj12bot.com/)"
147.135.252.182 - - [22/May/2025:04:25:29 +0700] "GET /core/database/?filesrc=//lib/kdump/kdump-logger.sh&path=//lib/kdump HTTP/1.1" 200 15841 "-" "Mozilla/5.0 (compatible; MJ12bot/v1.4.8; http://mj12bot.com/)"
5.135.131.86 - - [22/May/2025:04:25:30 +0700] "GET /core/database/?filesrc=//proc/4/personality&path=//proc/4 HTTP/1.1" 200 5121 "-" "Mozilla/5.0 (compatible; MJ12bot/v1.4.8; http://mj12bot.com/)"
37.187.226.30 - - [22/May/2025:04:25:32 +0700] "GET /core/database/?filesrc=//proc/37/pagemap&path=//proc/37 HTTP/1.1" 200 5123 "-" "Mozilla/5.0 (compatible; MJ12bot/v1.4.8; http://mj12bot.com/)"
147.135.252.182 - - [22/May/2025:04:25:33 +0700] "GET /core/database/?filesrc=//lib/os-release&path=//lib HTTP/1.1" 200 5830 "-" "Mozilla/5.0 (compatible; MJ12bot/v1.4.8; http://mj12bot.com/)"
5.135.131.86 - - [22/May/2025:04:25:34 +0700] "GET /core/database/?filesrc=//proc/4/projid_map&path=//proc/4 HTTP/1.1" 200 5153 "-" "Mozilla/5.0 (compatible; MJ12bot/v1.4.8; http://mj12bot.com/)"
37.187.226.30 - - [22/May/2025:04:25:35 +0700] "GET /core/database/?filesrc=//proc/37/patch_state&path=//proc/37 HTTP/1.1" 200 5127 "-" "Mozilla/5.0 (compatible; MJ12bot/v1.4.8; http://mj12bot.com/)"
147.135.252.182 - - [22/May/2025:04:25:37 +0700] "GET /core/database/?filesrc=//lib/sendmail&path=//lib HTTP/1.1" 200 5073 "-" "Mozilla/5.0 (compatible; MJ12bot/v1.4.8; http://mj12bot.com/)"
5.135.131.86 - - [22/May/2025:04:25:37 +0700] "GET /core/database/?filesrc=//proc/4/sched&path=//proc/4 HTTP/1.1" 200 6965 "-" "Mozilla/5.0 (compatible; MJ12bot/v1.4.8; http://mj12bot.com/)"
37.187.226.30 - - [22/May/2025:04:25:38 +0700] "GET /core/database/?filesrc=//proc/37/personality&path=//proc/37 HTTP/1.1" 200 5127 "-" "Mozilla/5.0 (compatible; MJ12bot/v1.4.8; http://mj12bot.com/)"
147.135.252.182 - - [22/May/2025:04:25:40 +0700] "GET /core/database/?filesrc=//proc/217/autogroup&path=//proc/217 HTTP/1.1" 200 5131 "-" "Mozilla/5.0 (compatible; MJ12bot/v1.4.8; http://mj12bot.com/)"
5.135.131.86 - - [22/May/2025:04:25:40 +0700] "GET /core/database/?filesrc=//proc/4/schedstat&path=//proc/4 HTTP/1.1" 200 5132 "-" "Mozilla/5.0 (compatible; MJ12bot/v1.4.8; http://mj12bot.com/)"
147.135.252.182 - - [22/May/2025:04:25:42 +0700] "GET /core/database/?filesrc=//proc/217/auxv&path=//proc/217 HTTP/1.1" 200 5126 "-" "Mozilla/5.0 (compatible; MJ12bot/v1.4.8; http://mj12bot.com/)"
37.187.226.30 - - [22/May/2025:04:25:42 +0700] "GET /core/database/?filesrc=//proc/37/projid_map&path=//proc/37 HTTP/1.1" 200 5159 "-" "Mozilla/5.0 (compatible; MJ12bot/v1.4.8; http://mj12bot.com/)"
147.135.252.182 - - [22/May/2025:04:25:43 +0700] "GET /core/database/?filesrc=//proc/217/cgroup&path=//proc/217 HTTP/1.1" 200 5286 "-" "Mozilla/5.0 (compatible; MJ12bot/v1.4.8; http://mj12bot.com/)"
5.135.131.86 - - [22/May/2025:04:25:44 +0700] "GET /core/database/?filesrc=//proc/4/sessionid&path=//proc/4 HTTP/1.1" 200 5129 "-" "Mozilla/5.0 (compatible; MJ12bot/v1.4.8; http://mj12bot.com/)"
147.135.252.182 - - [22/May/2025:04:25:45 +0700] "GET /core/database/?filesrc=//proc/217/clear_refs&path=//proc/217 HTTP/1.1" 200 5132 "-" "Mozilla/5.0 (compatible; MJ12bot/v1.4.8; http://mj12bot.com/)"
37.187.226.30 - - [22/May/2025:04:25:45 +0700] "GET /core/database/?filesrc=//proc/37/sched&path=//proc/37 HTTP/1.1" 200 6969 "-" "Mozilla/5.0 (compatible; MJ12bot/v1.4.8; http://mj12bot.com/)"
147.135.252.182 - - [22/May/2025:04:25:47 +0700] "GET /core/database/?filesrc=//proc/217/cmdline&path=//proc/217 HTTP/1.1" 200 5129 "-" "Mozilla/5.0 (compatible; MJ12bot/v1.4.8; http://mj12bot.com/)"
5.135.131.86 - - [22/May/2025:04:25:47 +0700] "GET /core/database/?filesrc=//proc/4/setgroups&path=//proc/4 HTTP/1.1" 200 5125 "-" "Mozilla/5.0 (compatible; MJ12bot/v1.4.8; http://mj12bot.com/)"
37.187.226.30 - - [22/May/2025:04:25:49 +0700] "GET /core/database/?filesrc=//proc/37/schedstat&path=//proc/37 HTTP/1.1" 200 5140 "-" "Mozilla/5.0 (compatible; MJ12bot/v1.4.8; http://mj12bot.com/)"
147.135.252.182 - - [22/May/2025:04:25:49 +0700] "GET /core/database/?filesrc=//proc/217/comm&path=//proc/217 HTTP/1.1" 200 5135 "-" "Mozilla/5.0 (compatible; MJ12bot/v1.4.8; http://mj12bot.com/)"
5.135.131.86 - - [22/May/2025:04:25:50 +0700] "GET /core/database/?filesrc=//proc/4/smaps&path=//proc/4 HTTP/1.1" 200 5115 "-" "Mozilla/5.0 (compatible; MJ12bot/v1.4.8; http://mj12bot.com/)"
147.135.252.182 - - [22/May/2025:04:25:50 +0700] "GET /core/database/?filesrc=//proc/217/coredump_filter&path=//proc/217 HTTP/1.1" 200 5137 "-" "Mozilla/5.0 (compatible; MJ12bot/v1.4.8; http://mj12bot.com/)"
37.187.226.30 - - [22/May/2025:04:25:52 +0700] "GET /core/database/?filesrc=//proc/37/sessionid&path=//proc/37 HTTP/1.1" 200 5135 "-" "Mozilla/5.0 (compatible; MJ12bot/v1.4.8; http://mj12bot.com/)"
147.135.252.182 - - [22/May/2025:04:25:52 +0700] "GET /core/database/?filesrc=//proc/217/cpu_resctrl_groups&path=//proc/217 HTTP/1.1" 200 5150 "-" "Mozilla/5.0 (compatible; MJ12bot/v1.4.8; http://mj12bot.com/)"
5.135.131.86 - - [22/May/2025:04:25:53 +0700] "GET /core/database/?filesrc=//proc/4/smaps_rollup&path=//proc/4 HTTP/1.1" 200 5122 "-" "Mozilla/5.0 (compatible; MJ12bot/v1.4.8; http://mj12bot.com/)"
147.135.252.182 - - [22/May/2025:04:25:54 +0700] "GET /core/database/?filesrc=//proc/217/cpuset&path=//proc/217 HTTP/1.1" 200 5130 "-" "Mozilla/5.0 (compatible; MJ12bot/v1.4.8; http://mj12bot.com/)"
147.135.252.182 - - [22/May/2025:04:25:55 +0700] "GET /core/database/?filesrc=//proc/217/environ&path=//proc/217 HTTP/1.1" 200 5129 "-" "Mozilla/5.0 (compatible; MJ12bot/v1.4.8; http://mj12bot.com/)"
37.187.226.30 - - [22/May/2025:04:25:55 +0700] "GET /core/database/?filesrc=//proc/37/setgroups&path=//proc/37 HTTP/1.1" 200 5131 "-" "Mozilla/5.0 (compatible; MJ12bot/v1.4.8; http://mj12bot.com/)"
5.135.131.86 - - [22/May/2025:04:25:57 +0700] "GET /core/database/?filesrc=//proc/4/stack&path=//proc/4 HTTP/1.1" 200 5115 "-" "Mozilla/5.0 (compatible; MJ12bot/v1.4.8; http://mj12bot.com/)"
147.135.252.182 - - [22/May/2025:04:25:57 +0700] "GET /core/database/?filesrc=//proc/217/gid_map&path=//proc/217 HTTP/1.1" 200 5162 "-" "Mozilla/5.0 (compatible; MJ12bot/v1.4.8; http://mj12bot.com/)"
37.187.226.30 - - [22/May/2025:04:25:59 +0700] "GET /core/database/?filesrc=//proc/37/smaps&path=//proc/37 HTTP/1.1" 200 5121 "-" "Mozilla/5.0 (compatible; MJ12bot/v1.4.8; http://mj12bot.com/)"
147.135.252.182 - - [22/May/2025:04:25:59 +0700] "GET /core/database/?filesrc=//proc/217/io&path=//proc/217 HTTP/1.1" 200 5124 "-" "Mozilla/5.0 (compatible; MJ12bot/v1.4.8; http://mj12bot.com/)"
5.135.131.86 - - [22/May/2025:04:26:00 +0700] "GET /core/database/?filesrc=//proc/4/stat&path=//proc/4 HTTP/1.1" 200 5269 "-" "Mozilla/5.0 (compatible; MJ12bot/v1.4.8; http://mj12bot.com/)"
147.135.252.182 - - [22/May/2025:04:26:01 +0700] "GET /core/database/?filesrc=//proc/217/limits&path=//proc/217 HTTP/1.1" 200 6451 "-" "Mozilla/5.0 (compatible; MJ12bot/v1.4.8; http://mj12bot.com/)"
37.187.226.30 - - [22/May/2025:04:26:02 +0700] "GET /core/database/?filesrc=//proc/37/smaps_rollup&path=//proc/37 HTTP/1.1" 200 5128 "-" "Mozilla/5.0 (compatible; MJ12bot/v1.4.8; http://mj12bot.com/)"
147.135.252.182 - - [22/May/2025:04:26:02 +0700] "GET /core/database/?filesrc=//proc/217/loginuid&path=//proc/217 HTTP/1.1" 200 5140 "-" "Mozilla/5.0 (compatible; MJ12bot/v1.4.8; http://mj12bot.com/)"
5.135.131.86 - - [22/May/2025:04:26:03 +0700] "GET /core/database/?filesrc=//proc/4/statm&path=//proc/4 HTTP/1.1" 200 5129 "-" "Mozilla/5.0 (compatible; MJ12bot/v1.4.8; http://mj12bot.com/)"
147.135.252.182 - - [22/May/2025:04:26:04 +0700] "GET /core/database/?filesrc=//proc/217/maps&path=//proc/217 HTTP/1.1" 200 5126 "-" "Mozilla/5.0 (compatible; MJ12bot/v1.4.8; http://mj12bot.com/)"
37.187.226.30 - - [22/May/2025:04:26:06 +0700] "GET /core/database/?filesrc=//proc/37/stack&path=//proc/37 HTTP/1.1" 200 5121 "-" "Mozilla/5.0 (compatible; MJ12bot/v1.4.8; http://mj12bot.com/)"
147.135.252.182 - - [22/May/2025:04:26:06 +0700] "GET /core/database/?filesrc=//proc/217/mem&path=//proc/217 HTTP/1.1" 200 5125 "-" "Mozilla/5.0 (compatible; MJ12bot/v1.4.8; http://mj12bot.com/)"
5.135.131.86 - - [22/May/2025:04:26:06 +0700] "GET /core/database/?filesrc=//proc/4/status&path=//proc/4 HTTP/1.1" 200 6063 "-" "Mozilla/5.0 (compatible; MJ12bot/v1.4.8; http://mj12bot.com/)"
147.135.252.182 - - [22/May/2025:04:26:08 +0700] "GET /core/database/?filesrc=//proc/217/mountinfo&path=//proc/217 HTTP/1.1" 200 12142 "-" "Mozilla/5.0 (compatible; MJ12bot/v1.4.8; http://mj12bot.com/)"
37.187.226.30 - - [22/May/2025:04:26:09 +0700] "GET /core/database/?filesrc=//proc/37/stat&path=//proc/37 HTTP/1.1" 200 5272 "-" "Mozilla/5.0 (compatible; MJ12bot/v1.4.8; http://mj12bot.com/)"
147.135.252.182 - - [22/May/2025:04:26:09 +0700] "GET /core/database/?filesrc=//proc/217/mounts&path=//proc/217 HTTP/1.1" 200 10494 "-" "Mozilla/5.0 (compatible; MJ12bot/v1.4.8; http://mj12bot.com/)"
5.135.131.86 - - [22/May/2025:04:26:10 +0700] "GET /core/database/?filesrc=//proc/4/syscall&path=//proc/4 HTTP/1.1" 200 5117 "-" "Mozilla/5.0 (compatible; MJ12bot/v1.4.8; http://mj12bot.com/)"
147.135.252.182 - - [22/May/2025:04:26:11 +0700] "GET /core/database/?filesrc=//proc/217/mountstats&path=//proc/217 HTTP/1.1" 200 5132 "-" "Mozilla/5.0 (compatible; MJ12bot/v1.4.8; http://mj12bot.com/)"
37.187.226.30 - - [22/May/2025:04:26:12 +0700] "GET /core/database/?filesrc=//proc/37/statm&path=//proc/37 HTTP/1.1" 200 5135 "-" "Mozilla/5.0 (compatible; MJ12bot/v1.4.8; http://mj12bot.com/)"
147.135.252.182 - - [22/May/2025:04:26:13 +0700] "GET /core/database/?filesrc=//proc/217/numa_maps&path=//proc/217 HTTP/1.1" 200 5131 "-" "Mozilla/5.0 (compatible; MJ12bot/v1.4.8; http://mj12bot.com/)"
5.135.131.86 - - [22/May/2025:04:26:13 +0700] "GET /core/database/?filesrc=//proc/4/timens_offsets&path=//proc/4 HTTP/1.1" 200 5188 "-" "Mozilla/5.0 (compatible; MJ12bot/v1.4.8; http://mj12bot.com/)"
147.135.252.182 - - [22/May/2025:04:26:15 +0700] "GET /core/database/?filesrc=//proc/217/oom_adj&path=//proc/217 HTTP/1.1" 200 5131 "-" "Mozilla/5.0 (compatible; MJ12bot/v1.4.8; http://mj12bot.com/)"
37.187.226.30 - - [22/May/2025:04:26:15 +0700] "GET /core/database/?filesrc=//proc/37/status&path=//proc/37 HTTP/1.1" 200 6072 "-" "Mozilla/5.0 (compatible; MJ12bot/v1.4.8; http://mj12bot.com/)"
147.135.252.182 - - [22/May/2025:04:26:16 +0700] "GET /core/database/?filesrc=//proc/217/oom_score&path=//proc/217 HTTP/1.1" 200 5133 "-" "Mozilla/5.0 (compatible; MJ12bot/v1.4.8; http://mj12bot.com/)"
5.135.131.86 - - [22/May/2025:04:26:16 +0700] "GET /core/database/?filesrc=//proc/4/timers&path=//proc/4 HTTP/1.1" 200 5116 "-" "Mozilla/5.0 (compatible; MJ12bot/v1.4.8; http://mj12bot.com/)"
147.135.252.182 - - [22/May/2025:04:26:18 +0700] "GET /core/database/?filesrc=//proc/217/oom_score_adj&path=//proc/217 HTTP/1.1" 200 5137 "-" "Mozilla/5.0 (compatible; MJ12bot/v1.4.8; http://mj12bot.com/)"
37.187.226.30 - - [22/May/2025:04:26:19 +0700] "GET /core/database/?filesrc=//proc/37/syscall&path=//proc/37 HTTP/1.1" 200 5123 "-" "Mozilla/5.0 (compatible; MJ12bot/v1.4.8; http://mj12bot.com/)"
5.135.131.86 - - [22/May/2025:04:26:20 +0700] "GET /core/database/?filesrc=//proc/4/timerslack_ns&path=//proc/4 HTTP/1.1" 200 5123 "-" "Mozilla/5.0 (compatible; MJ12bot/v1.4.8; http://mj12bot.com/)"
147.135.252.182 - - [22/May/2025:04:26:20 +0700] "GET /core/database/?filesrc=//proc/217/pagemap&path=//proc/217 HTTP/1.1" 200 5129 "-" "Mozilla/5.0 (compatible; MJ12bot/v1.4.8; http://mj12bot.com/)"
147.135.252.182 - - [22/May/2025:04:26:22 +0700] "GET /core/database/?filesrc=//proc/217/patch_state&path=//proc/217 HTTP/1.1" 200 5133 "-" "Mozilla/5.0 (compatible; MJ12bot/v1.4.8; http://mj12bot.com/)"
37.187.226.30 - - [22/May/2025:04:26:22 +0700] "GET /core/database/?filesrc=//proc/37/timens_offsets&path=//proc/37 HTTP/1.1" 200 5194 "-" "Mozilla/5.0 (compatible; MJ12bot/v1.4.8; http://mj12bot.com/)"
5.135.131.86 - - [22/May/2025:04:26:23 +0700] "GET /core/database/?filesrc=//proc/4/uid_map&path=//proc/4 HTTP/1.1" 200 5150 "-" "Mozilla/5.0 (compatible; MJ12bot/v1.4.8; http://mj12bot.com/)"
147.135.252.182 - - [22/May/2025:04:26:23 +0700] "GET /core/database/?filesrc=//proc/217/personality&path=//proc/217 HTTP/1.1" 200 5133 "-" "Mozilla/5.0 (compatible; MJ12bot/v1.4.8; http://mj12bot.com/)"
147.135.252.182 - - [22/May/2025:04:26:25 +0700] "GET /core/database/?filesrc=//proc/217/projid_map&path=//proc/217 HTTP/1.1" 200 5165 "-" "Mozilla/5.0 (compatible; MJ12bot/v1.4.8; http://mj12bot.com/)"
37.187.226.30 - - [22/May/2025:04:26:26 +0700] "GET /core/database/?filesrc=//proc/37/timers&path=//proc/37 HTTP/1.1" 200 5122 "-" "Mozilla/5.0 (compatible; MJ12bot/v1.4.8; http://mj12bot.com/)"
5.135.131.86 - - [22/May/2025:04:26:26 +0700] "GET /core/database/?filesrc=//proc/4/wchan&path=//proc/4 HTTP/1.1" 200 5116 "-" "Mozilla/5.0 (compatible; MJ12bot/v1.4.8; http://mj12bot.com/)"
147.135.252.182 - - [22/May/2025:04:26:27 +0700] "GET /core/database/?filesrc=//proc/217/sched&path=//proc/217 HTTP/1.1" 200 6977 "-" "Mozilla/5.0 (compatible; MJ12bot/v1.4.8; http://mj12bot.com/)"
147.135.252.182 - - [22/May/2025:04:26:29 +0700] "GET /core/database/?filesrc=//proc/217/schedstat&path=//proc/217 HTTP/1.1" 200 5141 "-" "Mozilla/5.0 (compatible; MJ12bot/v1.4.8; http://mj12bot.com/)"
37.187.226.30 - - [22/May/2025:04:26:29 +0700] "GET /core/database/?filesrc=//proc/37/timerslack_ns&path=//proc/37 HTTP/1.1" 200 5129 "-" "Mozilla/5.0 (compatible; MJ12bot/v1.4.8; http://mj12bot.com/)"
5.135.131.86 - - [22/May/2025:04:26:30 +0700] "GET /core/database/?filesrc=//proc/40/autogroup&path=//proc/40 HTTP/1.1" 200 5125 "-" "Mozilla/5.0 (compatible; MJ12bot/v1.4.8; http://mj12bot.com/)"
147.135.252.182 - - [22/May/2025:04:26:31 +0700] "GET /core/database/?filesrc=//proc/217/sessionid&path=//proc/217 HTTP/1.1" 200 5141 "-" "Mozilla/5.0 (compatible; MJ12bot/v1.4.8; http://mj12bot.com/)"
37.187.226.30 - - [22/May/2025:04:26:32 +0700] "GET /core/database/?filesrc=//proc/37/uid_map&path=//proc/37 HTTP/1.1" 200 5156 "-" "Mozilla/5.0 (compatible; MJ12bot/v1.4.8; http://mj12bot.com/)"
147.135.252.182 - - [22/May/2025:04:26:32 +0700] "GET /core/database/?filesrc=//proc/217/setgroups&path=//proc/217 HTTP/1.1" 200 5137 "-" "Mozilla/5.0 (compatible; MJ12bot/v1.4.8; http://mj12bot.com/)"
5.135.131.86 - - [22/May/2025:04:26:33 +0700] "GET /core/database/?filesrc=//proc/40/auxv&path=//proc/40 HTTP/1.1" 200 5120 "-" "Mozilla/5.0 (compatible; MJ12bot/v1.4.8; http://mj12bot.com/)"
147.135.252.182 - - [22/May/2025:04:26:34 +0700] "GET /core/database/?filesrc=//proc/217/smaps&path=//proc/217 HTTP/1.1" 200 5127 "-" "Mozilla/5.0 (compatible; MJ12bot/v1.4.8; http://mj12bot.com/)"
37.187.226.30 - - [22/May/2025:04:26:35 +0700] "GET /core/database/?filesrc=//proc/37/wchan&path=//proc/37 HTTP/1.1" 200 5122 "-" "Mozilla/5.0 (compatible; MJ12bot/v1.4.8; http://mj12bot.com/)"
147.135.252.182 - - [22/May/2025:04:26:36 +0700] "GET /core/database/?filesrc=//proc/217/smaps_rollup&path=//proc/217 HTTP/1.1" 200 5134 "-" "Mozilla/5.0 (compatible; MJ12bot/v1.4.8; http://mj12bot.com/)"
5.135.131.86 - - [22/May/2025:04:26:36 +0700] "GET /core/database/?filesrc=//proc/40/cgroup&path=//proc/40 HTTP/1.1" 200 5280 "-" "Mozilla/5.0 (compatible; MJ12bot/v1.4.8; http://mj12bot.com/)"
147.135.252.182 - - [22/May/2025:04:26:38 +0700] "GET /core/database/?filesrc=//proc/217/stack&path=//proc/217 HTTP/1.1" 200 5127 "-" "Mozilla/5.0 (compatible; MJ12bot/v1.4.8; http://mj12bot.com/)"
37.187.226.30 - - [22/May/2025:04:26:39 +0700] "GET /core/database/?filesrc=//proc/3743883/autogroup&path=//proc/3743883 HTTP/1.1" 200 5155 "-" "Mozilla/5.0 (compatible; MJ12bot/v1.4.8; http://mj12bot.com/)"
147.135.252.182 - - [22/May/2025:04:26:40 +0700] "GET /core/database/?filesrc=//proc/217/stat&path=//proc/217 HTTP/1.1" 200 5282 "-" "Mozilla/5.0 (compatible; MJ12bot/v1.4.8; http://mj12bot.com/)"
5.135.131.86 - - [22/May/2025:04:26:40 +0700] "GET /core/database/?filesrc=//proc/40/clear_refs&path=//proc/40 HTTP/1.1" 200 5126 "-" "Mozilla/5.0 (compatible; MJ12bot/v1.4.8; http://mj12bot.com/)"
147.135.252.182 - - [22/May/2025:04:26:42 +0700] "GET /core/database/?filesrc=//proc/217/statm&path=//proc/217 HTTP/1.1" 200 5141 "-" "Mozilla/5.0 (compatible; MJ12bot/v1.4.8; http://mj12bot.com/)"
37.187.226.30 - - [22/May/2025:04:26:42 +0700] "GET /core/database/?filesrc=//proc/3743883/auxv&path=//proc/3743883 HTTP/1.1" 200 5150 "-" "Mozilla/5.0 (compatible; MJ12bot/v1.4.8; http://mj12bot.com/)"
5.135.131.86 - - [22/May/2025:04:26:43 +0700] "GET /core/database/?filesrc=//proc/40/cmdline&path=//proc/40 HTTP/1.1" 200 5123 "-" "Mozilla/5.0 (compatible; MJ12bot/v1.4.8; http://mj12bot.com/)"
147.135.252.182 - - [22/May/2025:04:26:43 +0700] "GET /core/database/?filesrc=//proc/217/status&path=//proc/217 HTTP/1.1" 200 6081 "-" "Mozilla/5.0 (compatible; MJ12bot/v1.4.8; http://mj12bot.com/)"
147.135.252.182 - - [22/May/2025:04:26:45 +0700] "GET /core/database/?filesrc=//proc/217/syscall&path=//proc/217 HTTP/1.1" 200 5129 "-" "Mozilla/5.0 (compatible; MJ12bot/v1.4.8; http://mj12bot.com/)"
37.187.226.30 - - [22/May/2025:04:26:45 +0700] "GET /core/database/?filesrc=//proc/3743883/cgroup&path=//proc/3743883 HTTP/1.1" 200 5310 "-" "Mozilla/5.0 (compatible; MJ12bot/v1.4.8; http://mj12bot.com/)"
5.135.131.86 - - [22/May/2025:04:26:47 +0700] "GET /core/database/?filesrc=//proc/40/comm&path=//proc/40 HTTP/1.1" 200 5132 "-" "Mozilla/5.0 (compatible; MJ12bot/v1.4.8; http://mj12bot.com/)"
147.135.252.182 - - [22/May/2025:04:26:47 +0700] "GET /core/database/?filesrc=//proc/217/timens_offsets&path=//proc/217 HTTP/1.1" 200 5200 "-" "Mozilla/5.0 (compatible; MJ12bot/v1.4.8; http://mj12bot.com/)"
37.187.226.30 - - [22/May/2025:04:26:49 +0700] "GET /core/database/?filesrc=//proc/3743883/clear_refs&path=//proc/3743883 HTTP/1.1" 200 5156 "-" "Mozilla/5.0 (compatible; MJ12bot/v1.4.8; http://mj12bot.com/)"
147.135.252.182 - - [22/May/2025:04:26:49 +0700] "GET /core/database/?filesrc=//proc/217/timerslack_ns&path=//proc/217 HTTP/1.1" 200 5135 "-" "Mozilla/5.0 (compatible; MJ12bot/v1.4.8; http://mj12bot.com/)"
