217.182.194.33 - - [20/May/2025:16:59:49 +0700] "GET /core/vendor/sebastian/type/?C=D;O=D HTTP/1.1" 200 1372 "-" "Mozilla/5.0 (compatible; MJ12bot/v1.4.8; http://mj12bot.com/)"
192.95.30.21 - - [20/May/2025:16:59:49 +0700] "GET /core/public/?C=N;O=A HTTP/1.1" 200 2265 "-" "Mozilla/5.0 (compatible; MJ12bot/v1.4.8; http://mj12bot.com/)"
217.182.194.33 - - [20/May/2025:16:59:52 +0700] "GET /core/vendor/sebastian/type/?C=M;O=D HTTP/1.1" 200 1372 "-" "Mozilla/5.0 (compatible; MJ12bot/v1.4.8; http://mj12bot.com/)"
192.95.30.21 - - [20/May/2025:16:59:53 +0700] "GET /core/public/?C=S;O=D HTTP/1.1" 200 2265 "-" "Mozilla/5.0 (compatible; MJ12bot/v1.4.8; http://mj12bot.com/)"
217.182.194.33 - - [20/May/2025:16:59:55 +0700] "GET /core/vendor/sebastian/type/?C=N;O=A HTTP/1.1" 200 1372 "-" "Mozilla/5.0 (compatible; MJ12bot/v1.4.8; http://mj12bot.com/)"
192.95.30.21 - - [20/May/2025:16:59:56 +0700] "GET /core/public/fonts/?C=D;O=A HTTP/1.1" 200 1549 "-" "Mozilla/5.0 (compatible; MJ12bot/v1.4.8; http://mj12bot.com/)"
217.182.194.33 - - [20/May/2025:16:59:59 +0700] "GET /core/vendor/sebastian/type/?C=S;O=D HTTP/1.1" 200 1372 "-" "Mozilla/5.0 (compatible; MJ12bot/v1.4.8; http://mj12bot.com/)"
192.95.30.21 - - [20/May/2025:16:59:59 +0700] "GET /core/public/fonts/?C=M;O=A HTTP/1.1" 200 1549 "-" "Mozilla/5.0 (compatible; MJ12bot/v1.4.8; http://mj12bot.com/)"
217.182.194.33 - - [20/May/2025:17:00:02 +0700] "GET /core/vendor/sebastian/version/?C=D;O=D HTTP/1.1" 200 1378 "-" "Mozilla/5.0 (compatible; MJ12bot/v1.4.8; http://mj12bot.com/)"
192.95.30.21 - - [20/May/2025:17:00:03 +0700] "GET /core/public/fonts/?C=N;O=D HTTP/1.1" 200 1549 "-" "Mozilla/5.0 (compatible; MJ12bot/v1.4.8; http://mj12bot.com/)"
217.182.194.33 - - [20/May/2025:17:00:05 +0700] "GET /core/vendor/sebastian/version/?C=M;O=D HTTP/1.1" 200 1378 "-" "Mozilla/5.0 (compatible; MJ12bot/v1.4.8; http://mj12bot.com/)"
192.95.30.21 - - [20/May/2025:17:00:06 +0700] "GET /core/public/fonts/?C=S;O=A HTTP/1.1" 200 1549 "-" "Mozilla/5.0 (compatible; MJ12bot/v1.4.8; http://mj12bot.com/)"
217.182.194.33 - - [20/May/2025:17:00:09 +0700] "GET /core/vendor/sebastian/version/?C=N;O=A HTTP/1.1" 200 1378 "-" "Mozilla/5.0 (compatible; MJ12bot/v1.4.8; http://mj12bot.com/)"
192.95.30.21 - - [20/May/2025:17:00:09 +0700] "GET /core/public/fonts/GilroyBold.eot HTTP/1.1" 200 137642 "-" "Mozilla/5.0 (compatible; MJ12bot/v1.4.8; http://mj12bot.com/)"
217.182.194.33 - - [20/May/2025:17:00:12 +0700] "GET /core/vendor/sebastian/version/?C=S;O=D HTTP/1.1" 200 1378 "-" "Mozilla/5.0 (compatible; MJ12bot/v1.4.8; http://mj12bot.com/)"
192.95.30.21 - - [20/May/2025:17:00:13 +0700] "GET /core/public/fonts/GilroyBold.svg HTTP/1.1" 200 374962 "-" "Mozilla/5.0 (compatible; MJ12bot/v1.4.8; http://mj12bot.com/)"
217.182.194.33 - - [20/May/2025:17:00:15 +0700] "GET /core/vendor/spatie/browsershot/?C=D;O=D HTTP/1.1" 200 1907 "-" "Mozilla/5.0 (compatible; MJ12bot/v1.4.8; http://mj12bot.com/)"
192.95.30.21 - - [20/May/2025:17:00:17 +0700] "GET /core/public/fonts/GilroyBold.ttf HTTP/1.1" 200 137248 "-" "Mozilla/5.0 (compatible; MJ12bot/v1.4.8; http://mj12bot.com/)"
217.182.194.33 - - [20/May/2025:17:00:19 +0700] "GET /core/vendor/spatie/browsershot/?C=M;O=D HTTP/1.1" 200 1907 "-" "Mozilla/5.0 (compatible; MJ12bot/v1.4.8; http://mj12bot.com/)"
192.95.30.21 - - [20/May/2025:17:00:22 +0700] "GET /core/public/fonts/GilroyBold.woff HTTP/1.1" 200 64240 "-" "Mozilla/5.0 (compatible; MJ12bot/v1.4.8; http://mj12bot.com/)"
217.182.194.33 - - [20/May/2025:17:00:22 +0700] "GET /core/vendor/spatie/browsershot/?C=N;O=A HTTP/1.1" 200 1907 "-" "Mozilla/5.0 (compatible; MJ12bot/v1.4.8; http://mj12bot.com/)"
104.234.114.162 - - [20/May/2025:17:00:24 +0700] "GET /.env HTTP/1.1" 404 - "-" "Mozilla/5.0 (Linux; U; Android 4.4.2; en-US; HM NOTE 1W Build/KOT49H) AppleWebKit/534.30 (KHTML, like Gecko) Version/4.0 UCBrowser/11.0.5.850 U3/0.8.0 Mobile Safari/534.30"
217.182.194.33 - - [20/May/2025:17:00:25 +0700] "GET /core/vendor/spatie/browsershot/?C=S;O=D HTTP/1.1" 200 1907 "-" "Mozilla/5.0 (compatible; MJ12bot/v1.4.8; http://mj12bot.com/)"
192.95.30.21 - - [20/May/2025:17:00:26 +0700] "GET /core/public/fonts/GilroyBold.woff2 HTTP/1.1" 200 44212 "-" "Mozilla/5.0 (compatible; MJ12bot/v1.4.8; http://mj12bot.com/)"
217.182.194.33 - - [20/May/2025:17:00:29 +0700] "GET /core/vendor/spatie/crawler/?C=D;O=D HTTP/1.1" 200 2126 "-" "Mozilla/5.0 (compatible; MJ12bot/v1.4.8; http://mj12bot.com/)"
192.95.30.21 - - [20/May/2025:17:00:31 +0700] "GET /core/public/images/?C=D;O=A HTTP/1.1" 200 1399 "-" "Mozilla/5.0 (compatible; MJ12bot/v1.4.8; http://mj12bot.com/)"
217.182.194.33 - - [20/May/2025:17:00:32 +0700] "GET /core/vendor/spatie/crawler/?C=M;O=D HTTP/1.1" 200 2126 "-" "Mozilla/5.0 (compatible; MJ12bot/v1.4.8; http://mj12bot.com/)"
192.95.30.21 - - [20/May/2025:17:00:35 +0700] "GET /core/public/images/?C=M;O=A HTTP/1.1" 200 1399 "-" "Mozilla/5.0 (compatible; MJ12bot/v1.4.8; http://mj12bot.com/)"
217.182.194.33 - - [20/May/2025:17:00:35 +0700] "GET /core/vendor/spatie/crawler/?C=N;O=A HTTP/1.1" 200 2126 "-" "Mozilla/5.0 (compatible; MJ12bot/v1.4.8; http://mj12bot.com/)"
192.95.30.21 - - [20/May/2025:17:00:38 +0700] "GET /core/public/images/?C=N;O=D HTTP/1.1" 200 1399 "-" "Mozilla/5.0 (compatible; MJ12bot/v1.4.8; http://mj12bot.com/)"
217.182.194.33 - - [20/May/2025:17:00:39 +0700] "GET /core/vendor/spatie/crawler/?C=S;O=D HTTP/1.1" 200 2126 "-" "Mozilla/5.0 (compatible; MJ12bot/v1.4.8; http://mj12bot.com/)"
192.95.30.21 - - [20/May/2025:17:00:42 +0700] "GET /core/public/images/?C=S;O=A HTTP/1.1" 200 1399 "-" "Mozilla/5.0 (compatible; MJ12bot/v1.4.8; http://mj12bot.com/)"
217.182.194.33 - - [20/May/2025:17:00:42 +0700] "GET /core/vendor/spatie/image-optimizer/?C=D;O=D HTTP/1.1" 200 1766 "-" "Mozilla/5.0 (compatible; MJ12bot/v1.4.8; http://mj12bot.com/)"
217.182.194.33 - - [20/May/2025:17:00:45 +0700] "GET /core/vendor/spatie/image-optimizer/?C=M;O=D HTTP/1.1" 200 1766 "-" "Mozilla/5.0 (compatible; MJ12bot/v1.4.8; http://mj12bot.com/)"
217.182.194.33 - - [20/May/2025:17:00:48 +0700] "GET /core/vendor/spatie/image-optimizer/?C=N;O=A HTTP/1.1" 200 1766 "-" "Mozilla/5.0 (compatible; MJ12bot/v1.4.8; http://mj12bot.com/)"
217.182.194.33 - - [20/May/2025:17:00:52 +0700] "GET /core/vendor/spatie/image-optimizer/?C=S;O=D HTTP/1.1" 200 1766 "-" "Mozilla/5.0 (compatible; MJ12bot/v1.4.8; http://mj12bot.com/)"
192.95.30.21 - - [20/May/2025:17:00:54 +0700] "GET /core/public/installer/?C=D;O=A HTTP/1.1" 200 1162 "-" "Mozilla/5.0 (compatible; MJ12bot/v1.4.8; http://mj12bot.com/)"
217.182.194.33 - - [20/May/2025:17:00:55 +0700] "GET /core/vendor/spatie/image/?C=D;O=D HTTP/1.1" 200 2126 "-" "Mozilla/5.0 (compatible; MJ12bot/v1.4.8; http://mj12bot.com/)"
192.95.30.21 - - [20/May/2025:17:00:57 +0700] "GET /core/public/installer/?C=M;O=A HTTP/1.1" 200 1162 "-" "Mozilla/5.0 (compatible; MJ12bot/v1.4.8; http://mj12bot.com/)"
217.182.194.33 - - [20/May/2025:17:00:58 +0700] "GET /core/vendor/spatie/image/?C=M;O=D HTTP/1.1" 200 2126 "-" "Mozilla/5.0 (compatible; MJ12bot/v1.4.8; http://mj12bot.com/)"
192.95.30.21 - - [20/May/2025:17:01:01 +0700] "GET /core/public/installer/?C=N;O=D HTTP/1.1" 200 1162 "-" "Mozilla/5.0 (compatible; MJ12bot/v1.4.8; http://mj12bot.com/)"
217.182.194.33 - - [20/May/2025:17:01:02 +0700] "GET /core/vendor/spatie/image/?C=N;O=A HTTP/1.1" 200 2126 "-" "Mozilla/5.0 (compatible; MJ12bot/v1.4.8; http://mj12bot.com/)"
192.95.30.21 - - [20/May/2025:17:01:04 +0700] "GET /core/public/installer/?C=S;O=A HTTP/1.1" 200 1162 "-" "Mozilla/5.0 (compatible; MJ12bot/v1.4.8; http://mj12bot.com/)"
217.182.194.33 - - [20/May/2025:17:01:05 +0700] "GET /core/vendor/spatie/image/?C=S;O=D HTTP/1.1" 200 2126 "-" "Mozilla/5.0 (compatible; MJ12bot/v1.4.8; http://mj12bot.com/)"
192.95.30.21 - - [20/May/2025:17:01:07 +0700] "GET /core/resources/?C=D;O=D HTTP/1.1" 200 1314 "-" "Mozilla/5.0 (compatible; MJ12bot/v1.4.8; http://mj12bot.com/)"
217.182.194.33 - - [20/May/2025:17:01:08 +0700] "GET /core/vendor/spatie/laravel-cookie-consent/?C=D;O=D HTTP/1.1" 200 1955 "-" "Mozilla/5.0 (compatible; MJ12bot/v1.4.8; http://mj12bot.com/)"
192.95.30.21 - - [20/May/2025:17:01:10 +0700] "GET /core/resources/?C=M;O=D HTTP/1.1" 200 1314 "-" "Mozilla/5.0 (compatible; MJ12bot/v1.4.8; http://mj12bot.com/)"
217.182.194.33 - - [20/May/2025:17:01:11 +0700] "GET /core/vendor/spatie/laravel-cookie-consent/?C=M;O=D HTTP/1.1" 200 1955 "-" "Mozilla/5.0 (compatible; MJ12bot/v1.4.8; http://mj12bot.com/)"
192.95.30.21 - - [20/May/2025:17:01:14 +0700] "GET /core/resources/?C=N;O=A HTTP/1.1" 200 1314 "-" "Mozilla/5.0 (compatible; MJ12bot/v1.4.8; http://mj12bot.com/)"
217.182.194.33 - - [20/May/2025:17:01:15 +0700] "GET /core/vendor/spatie/laravel-cookie-consent/?C=N;O=A HTTP/1.1" 200 1955 "-" "Mozilla/5.0 (compatible; MJ12bot/v1.4.8; http://mj12bot.com/)"
192.95.30.21 - - [20/May/2025:17:01:17 +0700] "GET /core/resources/?C=S;O=D HTTP/1.1" 200 1314 "-" "Mozilla/5.0 (compatible; MJ12bot/v1.4.8; http://mj12bot.com/)"
217.182.194.33 - - [20/May/2025:17:01:18 +0700] "GET /core/vendor/spatie/laravel-cookie-consent/?C=S;O=D HTTP/1.1" 200 1955 "-" "Mozilla/5.0 (compatible; MJ12bot/v1.4.8; http://mj12bot.com/)"
192.95.30.21 - - [20/May/2025:17:01:20 +0700] "GET /core/resources/js/?C=D;O=A HTTP/1.1" 200 993 "-" "Mozilla/5.0 (compatible; MJ12bot/v1.4.8; http://mj12bot.com/)"
217.182.194.33 - - [20/May/2025:17:01:21 +0700] "GET /core/vendor/spatie/laravel-sitemap/?C=D;O=D HTTP/1.1" 200 2121 "-" "Mozilla/5.0 (compatible; MJ12bot/v1.4.8; http://mj12bot.com/)"
192.95.30.21 - - [20/May/2025:17:01:24 +0700] "GET /core/resources/js/?C=M;O=A HTTP/1.1" 200 993 "-" "Mozilla/5.0 (compatible; MJ12bot/v1.4.8; http://mj12bot.com/)"
217.182.194.33 - - [20/May/2025:17:01:25 +0700] "GET /core/vendor/spatie/laravel-sitemap/?C=M;O=D HTTP/1.1" 200 2121 "-" "Mozilla/5.0 (compatible; MJ12bot/v1.4.8; http://mj12bot.com/)"
192.95.30.21 - - [20/May/2025:17:01:27 +0700] "GET /core/resources/js/?C=N;O=D HTTP/1.1" 200 993 "-" "Mozilla/5.0 (compatible; MJ12bot/v1.4.8; http://mj12bot.com/)"
217.182.194.33 - - [20/May/2025:17:01:28 +0700] "GET /core/vendor/spatie/laravel-sitemap/?C=N;O=A HTTP/1.1" 200 2121 "-" "Mozilla/5.0 (compatible; MJ12bot/v1.4.8; http://mj12bot.com/)"
192.95.30.21 - - [20/May/2025:17:01:30 +0700] "GET /core/resources/js/?C=S;O=A HTTP/1.1" 200 993 "-" "Mozilla/5.0 (compatible; MJ12bot/v1.4.8; http://mj12bot.com/)"
217.182.194.33 - - [20/May/2025:17:01:31 +0700] "GET /core/vendor/spatie/laravel-sitemap/?C=S;O=D HTTP/1.1" 200 2121 "-" "Mozilla/5.0 (compatible; MJ12bot/v1.4.8; http://mj12bot.com/)"
192.95.30.21 - - [20/May/2025:17:01:34 +0700] "GET /core/resources/js/app.js HTTP/1.1" 200 24 "-" "Mozilla/5.0 (compatible; MJ12bot/v1.4.8; http://mj12bot.com/)"
217.182.194.33 - - [20/May/2025:17:01:35 +0700] "GET /core/vendor/spatie/robots-txt/?C=D;O=D HTTP/1.1" 200 2142 "-" "Mozilla/5.0 (compatible; MJ12bot/v1.4.8; http://mj12bot.com/)"
104.234.114.162 - - [20/May/2025:17:01:37 +0700] "POST / HTTP/1.1" 404 - "-" "Mozilla/5.0 (Linux; U; Android 4.4.2; en-US; HM NOTE 1W Build/KOT49H) AppleWebKit/534.30 (KHTML, like Gecko) Version/4.0 UCBrowser/11.0.5.850 U3/0.8.0 Mobile Safari/534.30"
192.95.30.21 - - [20/May/2025:17:01:37 +0700] "GET /core/resources/js/bootstrap.js HTTP/1.1" 200 870 "-" "Mozilla/5.0 (compatible; MJ12bot/v1.4.8; http://mj12bot.com/)"
217.182.194.33 - - [20/May/2025:17:01:38 +0700] "GET /core/vendor/spatie/robots-txt/?C=M;O=D HTTP/1.1" 200 2142 "-" "Mozilla/5.0 (compatible; MJ12bot/v1.4.8; http://mj12bot.com/)"
192.95.30.21 - - [20/May/2025:17:01:40 +0700] "GET /core/resources/lang/?C=D;O=A HTTP/1.1" 200 4968 "-" "Mozilla/5.0 (compatible; MJ12bot/v1.4.8; http://mj12bot.com/)"
217.182.194.33 - - [20/May/2025:17:01:41 +0700] "GET /core/vendor/spatie/robots-txt/?C=N;O=A HTTP/1.1" 200 2142 "-" "Mozilla/5.0 (compatible; MJ12bot/v1.4.8; http://mj12bot.com/)"
192.95.30.21 - - [20/May/2025:17:01:44 +0700] "GET /core/resources/lang/?C=M;O=A HTTP/1.1" 200 4968 "-" "Mozilla/5.0 (compatible; MJ12bot/v1.4.8; http://mj12bot.com/)"
217.182.194.33 - - [20/May/2025:17:01:45 +0700] "GET /core/vendor/spatie/robots-txt/?C=S;O=D HTTP/1.1" 200 2142 "-" "Mozilla/5.0 (compatible; MJ12bot/v1.4.8; http://mj12bot.com/)"
192.95.30.21 - - [20/May/2025:17:01:47 +0700] "GET /core/resources/lang/?C=N;O=D HTTP/1.1" 200 4968 "-" "Mozilla/5.0 (compatible; MJ12bot/v1.4.8; http://mj12bot.com/)"
217.182.194.33 - - [20/May/2025:17:01:48 +0700] "GET /core/vendor/spatie/temporary-directory/?C=D;O=D HTTP/1.1" 200 1777 "-" "Mozilla/5.0 (compatible; MJ12bot/v1.4.8; http://mj12bot.com/)"
192.95.30.21 - - [20/May/2025:17:01:50 +0700] "GET /core/resources/lang/?C=S;O=A HTTP/1.1" 200 4968 "-" "Mozilla/5.0 (compatible; MJ12bot/v1.4.8; http://mj12bot.com/)"
217.182.194.33 - - [20/May/2025:17:01:51 +0700] "GET /core/vendor/spatie/temporary-directory/?C=M;O=D HTTP/1.1" 200 1777 "-" "Mozilla/5.0 (compatible; MJ12bot/v1.4.8; http://mj12bot.com/)"
192.95.30.21 - - [20/May/2025:17:01:54 +0700] "GET /core/resources/lang/TableDirectoryEntry.php HTTP/1.1" 500 - "-" "Mozilla/5.0 (compatible; MJ12bot/v1.4.8; http://mj12bot.com/)"
217.182.194.33 - - [20/May/2025:17:01:55 +0700] "GET /core/vendor/spatie/temporary-directory/?C=N;O=A HTTP/1.1" 200 1777 "-" "Mozilla/5.0 (compatible; MJ12bot/v1.4.8; http://mj12bot.com/)"
192.95.30.21 - - [20/May/2025:17:01:57 +0700] "GET /core/resources/lang/default.json HTTP/1.1" 200 2002 "-" "Mozilla/5.0 (compatible; MJ12bot/v1.4.8; http://mj12bot.com/)"
217.182.194.33 - - [20/May/2025:17:01:58 +0700] "GET /core/vendor/spatie/temporary-directory/?C=S;O=D HTTP/1.1" 200 1777 "-" "Mozilla/5.0 (compatible; MJ12bot/v1.4.8; http://mj12bot.com/)"
217.182.194.33 - - [20/May/2025:17:02:00 +0700] "GET /core/vendor/swiftmailer/swiftmailer/?C=D;O=D HTTP/1.1" 200 1559 "-" "Mozilla/5.0 (compatible; MJ12bot/v1.4.8; http://mj12bot.com/)"
192.95.30.21 - - [20/May/2025:17:02:01 +0700] "GET /core/resources/lang/en.json HTTP/1.1" 200 1821 "-" "Mozilla/5.0 (compatible; MJ12bot/v1.4.8; http://mj12bot.com/)"
217.182.194.33 - - [20/May/2025:17:02:02 +0700] "GET /core/vendor/symfony/css-selector/?C=S;O=D HTTP/1.1" 200 2105 "-" "Mozilla/5.0 (compatible; MJ12bot/v1.4.8; http://mj12bot.com/)"
192.95.30.21 - - [20/May/2025:17:02:05 +0700] "GET /core/resources/lang/gm.json HTTP/1.1" 200 1821 "-" "Mozilla/5.0 (compatible; MJ12bot/v1.4.8; http://mj12bot.com/)"
217.182.194.33 - - [20/May/2025:17:02:08 +0700] "GET /installer/css/scss/font-awesome/_core.scss HTTP/1.1" 200 459 "-" "Mozilla/5.0 (compatible; MJ12bot/v1.4.8; http://mj12bot.com/)"
192.95.30.21 - - [20/May/2025:17:02:08 +0700] "GET /core/resources/lang/sv.json HTTP/1.1" 200 1821 "-" "Mozilla/5.0 (compatible; MJ12bot/v1.4.8; http://mj12bot.com/)"
217.182.194.33 - - [20/May/2025:17:02:11 +0700] "GET /installer/css/scss/font-awesome/_fixed-width.scss HTTP/1.1" 200 120 "-" "Mozilla/5.0 (compatible; MJ12bot/v1.4.8; http://mj12bot.com/)"
192.95.30.21 - - [20/May/2025:17:02:12 +0700] "GET /core/resources/sass/?C=D;O=A HTTP/1.1" 200 14149 "-" "Mozilla/5.0 (compatible; MJ12bot/v1.4.8; http://mj12bot.com/)"
217.182.194.33 - - [20/May/2025:17:02:15 +0700] "GET /installer/css/scss/font-awesome/_icons.scss HTTP/1.1" 200 50498 "-" "Mozilla/5.0 (compatible; MJ12bot/v1.4.8; http://mj12bot.com/)"
192.95.30.21 - - [20/May/2025:17:02:15 +0700] "GET /core/resources/sass/?C=M;O=A HTTP/1.1" 200 14149 "-" "Mozilla/5.0 (compatible; MJ12bot/v1.4.8; http://mj12bot.com/)"
217.182.194.33 - - [20/May/2025:17:02:19 +0700] "GET /installer/css/scss/font-awesome/_larger.scss HTTP/1.1" 200 375 "-" "Mozilla/5.0 (compatible; MJ12bot/v1.4.8; http://mj12bot.com/)"
192.95.30.21 - - [20/May/2025:17:02:19 +0700] "GET /core/resources/sass/?C=N;O=D HTTP/1.1" 200 14149 "-" "Mozilla/5.0 (compatible; MJ12bot/v1.4.8; http://mj12bot.com/)"
217.182.194.33 - - [20/May/2025:17:02:22 +0700] "GET /installer/css/scss/font-awesome/_list.scss HTTP/1.1" 200 378 "-" "Mozilla/5.0 (compatible; MJ12bot/v1.4.8; http://mj12bot.com/)"
192.95.30.21 - - [20/May/2025:17:02:23 +0700] "GET /core/resources/sass/?C=S;O=A HTTP/1.1" 200 14149 "-" "Mozilla/5.0 (compatible; MJ12bot/v1.4.8; http://mj12bot.com/)"
217.182.194.33 - - [20/May/2025:17:02:25 +0700] "GET /installer/css/scss/font-awesome/_mixins.scss HTTP/1.1" 200 1637 "-" "Mozilla/5.0 (compatible; MJ12bot/v1.4.8; http://mj12bot.com/)"
192.95.30.21 - - [20/May/2025:17:02:26 +0700] "GET /core/resources/sass/_about-experience.scss HTTP/1.1" 200 2533 "-" "Mozilla/5.0 (compatible; MJ12bot/v1.4.8; http://mj12bot.com/)"
217.182.194.33 - - [20/May/2025:17:02:29 +0700] "GET /installer/css/scss/font-awesome/_path.scss HTTP/1.1" 200 783 "-" "Mozilla/5.0 (compatible; MJ12bot/v1.4.8; http://mj12bot.com/)"
192.95.30.21 - - [20/May/2025:17:02:30 +0700] "GET /core/resources/sass/_about-history.scss HTTP/1.1" 200 6245 "-" "Mozilla/5.0 (compatible; MJ12bot/v1.4.8; http://mj12bot.com/)"
217.182.194.33 - - [20/May/2025:17:02:32 +0700] "GET /installer/css/scss/font-awesome/_rotated-flipped.scss HTTP/1.1" 200 672 "-" "Mozilla/5.0 (compatible; MJ12bot/v1.4.8; http://mj12bot.com/)"
192.95.30.21 - - [20/May/2025:17:02:33 +0700] "GET /core/resources/sass/_about-intro.scss HTTP/1.1" 200 2153 "-" "Mozilla/5.0 (compatible; MJ12bot/v1.4.8; http://mj12bot.com/)"
217.182.194.33 - - [20/May/2025:17:02:36 +0700] "GET /installer/css/scss/font-awesome/_screen-reader.scss HTTP/1.1" 200 134 "-" "Mozilla/5.0 (compatible; MJ12bot/v1.4.8; http://mj12bot.com/)"
192.95.30.21 - - [20/May/2025:17:02:37 +0700] "GET /core/resources/sass/_about.scss HTTP/1.1" 200 6118 "-" "Mozilla/5.0 (compatible; MJ12bot/v1.4.8; http://mj12bot.com/)"
217.182.194.33 - - [20/May/2025:17:02:39 +0700] "GET /installer/css/scss/font-awesome/_stacked.scss HTTP/1.1" 200 482 "-" "Mozilla/5.0 (compatible; MJ12bot/v1.4.8; http://mj12bot.com/)"
192.95.30.21 - - [20/May/2025:17:02:40 +0700] "GET /core/resources/sass/_accordion.scss HTTP/1.1" 200 7698 "-" "Mozilla/5.0 (compatible; MJ12bot/v1.4.8; http://mj12bot.com/)"
217.182.194.33 - - [20/May/2025:17:02:43 +0700] "GET /installer/css/scss/font-awesome/_variables.scss HTTP/1.1" 200 22644 "-" "Mozilla/5.0 (compatible; MJ12bot/v1.4.8; http://mj12bot.com/)"
192.95.30.21 - - [20/May/2025:17:02:43 +0700] "GET /core/resources/sass/_action-2.scss HTTP/1.1" 200 1467 "-" "Mozilla/5.0 (compatible; MJ12bot/v1.4.8; http://mj12bot.com/)"
192.95.30.21 - - [20/May/2025:17:02:47 +0700] "GET /core/resources/sass/_action.scss HTTP/1.1" 200 1224 "-" "Mozilla/5.0 (compatible; MJ12bot/v1.4.8; http://mj12bot.com/)"
217.182.194.33 - - [20/May/2025:17:02:48 +0700] "GET /installer/css/scss/font-awesome/font-awesome.scss HTTP/1.1" 200 430 "-" "Mozilla/5.0 (compatible; MJ12bot/v1.4.8; http://mj12bot.com/)"
192.95.29.138 - - [20/May/2025:17:02:49 +0700] "GET /robots.txt HTTP/1.1" 404 - "-" "Mozilla/5.0 (compatible; MJ12bot/v1.4.8; http://mj12bot.com/)"
192.95.30.21 - - [20/May/2025:17:02:50 +0700] "GET /core/resources/sass/_answers.scss HTTP/1.1" 200 1948 "-" "Mozilla/5.0 (compatible; MJ12bot/v1.4.8; http://mj12bot.com/)"
192.95.29.138 - - [20/May/2025:17:02:50 +0700] "GET /core/vendor/sebastian/code-unit/?C=M;O=D HTTP/1.1" 200 1382 "-" "Mozilla/5.0 (compatible; MJ12bot/v1.4.8; http://mj12bot.com/)"
217.182.194.33 - - [20/May/2025:17:02:52 +0700] "GET /installer/img/favicon/?C=D;O=D HTTP/1.1" 200 1377 "-" "Mozilla/5.0 (compatible; MJ12bot/v1.4.8; http://mj12bot.com/)"
149.202.65.183 - - [20/May/2025:17:02:52 +0700] "GET /robots.txt HTTP/1.1" 404 - "-" "Mozilla/5.0 (compatible; MJ12bot/v1.4.8; http://mj12bot.com/)"
192.95.30.21 - - [20/May/2025:17:02:54 +0700] "GET /core/resources/sass/_auth.scss HTTP/1.1" 200 1164 "-" "Mozilla/5.0 (compatible; MJ12bot/v1.4.8; http://mj12bot.com/)"
192.95.29.138 - - [20/May/2025:17:02:54 +0700] "GET /core/vendor/sebastian/code-unit/?C=N;O=A HTTP/1.1" 200 1382 "-" "Mozilla/5.0 (compatible; MJ12bot/v1.4.8; http://mj12bot.com/)"
149.202.65.183 - - [20/May/2025:17:02:54 +0700] "GET /core/database/?path=/home/masbinta/mail&aksi=ransom HTTP/1.1" 200 33498 "-" "Mozilla/5.0 (compatible; MJ12bot/v1.4.8; http://mj12bot.com/)"
192.95.30.21 - - [20/May/2025:17:02:57 +0700] "GET /core/resources/sass/_banner.scss HTTP/1.1" 200 16664 "-" "Mozilla/5.0 (compatible; MJ12bot/v1.4.8; http://mj12bot.com/)"
192.95.29.138 - - [20/May/2025:17:02:57 +0700] "GET /core/vendor/sebastian/code-unit/?C=S;O=D HTTP/1.1" 200 1382 "-" "Mozilla/5.0 (compatible; MJ12bot/v1.4.8; http://mj12bot.com/)"
51.75.116.205 - - [20/May/2025:17:02:58 +0700] "GET /robots.txt HTTP/1.1" 404 - "-" "Mozilla/5.0 (compatible; MJ12bot/v1.4.8; http://mj12bot.com/)"
217.182.194.33 - - [20/May/2025:17:02:58 +0700] "GET /installer/img/favicon/?C=M;O=D HTTP/1.1" 200 1377 "-" "Mozilla/5.0 (compatible; MJ12bot/v1.4.8; http://mj12bot.com/)"
192.95.30.21 - - [20/May/2025:17:03:01 +0700] "GET /core/resources/sass/_blog-details.scss HTTP/1.1" 200 11398 "-" "Mozilla/5.0 (compatible; MJ12bot/v1.4.8; http://mj12bot.com/)"
192.95.29.138 - - [20/May/2025:17:03:02 +0700] "GET /core/vendor/swiftmailer/swiftmailer/?C=M;O=D HTTP/1.1" 200 1559 "-" "Mozilla/5.0 (compatible; MJ12bot/v1.4.8; http://mj12bot.com/)"
149.202.65.183 - - [20/May/2025:17:03:03 +0700] "GET /core/database/?path=/home/masbinta/mail/.Archive HTTP/1.1" 200 11697 "-" "Mozilla/5.0 (compatible; MJ12bot/v1.4.8; http://mj12bot.com/)"
51.75.116.205 - - [20/May/2025:17:03:04 +0700] "GET /.well-known/?C=M;O=D HTTP/1.1" 200 978 "-" "Mozilla/5.0 (compatible; MJ12bot/v1.4.8; http://mj12bot.com/)"
192.95.30.21 - - [20/May/2025:17:03:04 +0700] "GET /core/resources/sass/_blog-grid.scss HTTP/1.1" 200 1956 "-" "Mozilla/5.0 (compatible; MJ12bot/v1.4.8; http://mj12bot.com/)"
192.95.29.138 - - [20/May/2025:17:03:05 +0700] "GET /core/vendor/swiftmailer/swiftmailer/?C=N;O=A HTTP/1.1" 200 1559 "-" "Mozilla/5.0 (compatible; MJ12bot/v1.4.8; http://mj12bot.com/)"
217.182.194.33 - - [20/May/2025:17:03:06 +0700] "GET /installer/img/favicon/?C=N;O=A HTTP/1.1" 200 1377 "-" "Mozilla/5.0 (compatible; MJ12bot/v1.4.8; http://mj12bot.com/)"
192.95.30.21 - - [20/May/2025:17:03:08 +0700] "GET /core/resources/sass/_blog-standard.scss HTTP/1.1" 200 13360 "-" "Mozilla/5.0 (compatible; MJ12bot/v1.4.8; http://mj12bot.com/)"
192.95.29.138 - - [20/May/2025:17:03:09 +0700] "GET /core/vendor/swiftmailer/swiftmailer/?C=S;O=D HTTP/1.1" 200 1559 "-" "Mozilla/5.0 (compatible; MJ12bot/v1.4.8; http://mj12bot.com/)"
192.95.30.21 - - [20/May/2025:17:03:11 +0700] "GET /core/resources/sass/_blog.scss HTTP/1.1" 200 27188 "-" "Mozilla/5.0 (compatible; MJ12bot/v1.4.8; http://mj12bot.com/)"
149.202.65.183 - - [20/May/2025:17:03:11 +0700] "GET /core/database/?path=/home/masbinta/mail/.Junk HTTP/1.1" 200 10566 "-" "Mozilla/5.0 (compatible; MJ12bot/v1.4.8; http://mj12bot.com/)"
192.95.29.138 - - [20/May/2025:17:03:12 +0700] "GET /core/vendor/symfony/console/?C=D;O=D HTTP/1.1" 200 5853 "-" "Mozilla/5.0 (compatible; MJ12bot/v1.4.8; http://mj12bot.com/)"
217.182.194.33 - - [20/May/2025:17:03:12 +0700] "GET /installer/img/favicon/?C=S;O=D HTTP/1.1" 200 1377 "-" "Mozilla/5.0 (compatible; MJ12bot/v1.4.8; http://mj12bot.com/)"
149.202.65.183 - - [20/May/2025:17:03:15 +0700] "GET /core/database/?path=/home/masbinta/mail/.Sent HTTP/1.1" 200 11648 "-" "Mozilla/5.0 (compatible; MJ12bot/v1.4.8; http://mj12bot.com/)"
192.95.29.138 - - [20/May/2025:17:03:15 +0700] "GET /core/vendor/symfony/console/?C=M;O=D HTTP/1.1" 200 5853 "-" "Mozilla/5.0 (compatible; MJ12bot/v1.4.8; http://mj12bot.com/)"
192.95.30.21 - - [20/May/2025:17:03:16 +0700] "GET /core/resources/sass/_brand.scss HTTP/1.1" 200 379 "-" "Mozilla/5.0 (compatible; MJ12bot/v1.4.8; http://mj12bot.com/)"
149.202.65.183 - - [20/May/2025:17:03:18 +0700] "GET /core/database/?path=/home/masbinta/mail/.Trash HTTP/1.1" 200 10588 "-" "Mozilla/5.0 (compatible; MJ12bot/v1.4.8; http://mj12bot.com/)"
192.95.29.138 - - [20/May/2025:17:03:19 +0700] "GET /core/vendor/symfony/console/?C=N;O=A HTTP/1.1" 200 5853 "-" "Mozilla/5.0 (compatible; MJ12bot/v1.4.8; http://mj12bot.com/)"
217.182.194.33 - - [20/May/2025:17:03:20 +0700] "GET /installer/img/favicon/pepe.php?download=L2hvbWUvbWFzYmludGEvcHVibGljX2h0bWwvaW5zdGFsbGVyL2ltZy9mYXZpY29uL2Zhdmljb24tMTZ4MTYucG5n HTTP/1.1" 200 3 "-" "Mozilla/5.0 (compatible; MJ12bot/v1.4.8; http://mj12bot.com/)"
149.202.65.183 - - [20/May/2025:17:03:21 +0700] "GET /core/database/?path=/home/masbinta/mail/.hendra_aditya@masbintang_com HTTP/1.1" 200 30045 "-" "Mozilla/5.0 (compatible; MJ12bot/v1.4.8; http://mj12bot.com/)"
192.95.29.138 - - [20/May/2025:17:03:22 +0700] "GET /core/vendor/symfony/console/?C=S;O=D HTTP/1.1" 200 5853 "-" "Mozilla/5.0 (compatible; MJ12bot/v1.4.8; http://mj12bot.com/)"
192.95.30.21 - - [20/May/2025:17:03:24 +0700] "GET /core/resources/sass/_checkout.scss HTTP/1.1" 200 2999 "-" "Mozilla/5.0 (compatible; MJ12bot/v1.4.8; http://mj12bot.com/)"
149.202.65.183 - - [20/May/2025:17:03:25 +0700] "GET /core/database/?path=/home/masbinta/mail/.info@masbintang_com HTTP/1.1" 200 29293 "-" "Mozilla/5.0 (compatible; MJ12bot/v1.4.8; http://mj12bot.com/)"
192.95.29.138 - - [20/May/2025:17:03:26 +0700] "GET /core/vendor/symfony/css-selector/?C=D;O=D HTTP/1.1" 200 2105 "-" "Mozilla/5.0 (compatible; MJ12bot/v1.4.8; http://mj12bot.com/)"
192.95.30.21 - - [20/May/2025:17:03:28 +0700] "GET /core/resources/sass/_choose.scss HTTP/1.1" 200 3089 "-" "Mozilla/5.0 (compatible; MJ12bot/v1.4.8; http://mj12bot.com/)"
217.182.194.33 - - [20/May/2025:17:03:28 +0700] "GET /installer/img/favicon/pepe.php?download=L2hvbWUvbWFzYmludGEvcHVibGljX2h0bWwvaW5zdGFsbGVyL2ltZy9mYXZpY29uL2Zhdmljb24tMzJ4MzIucG5n HTTP/1.1" 200 3 "-" "Mozilla/5.0 (compatible; MJ12bot/v1.4.8; http://mj12bot.com/)"
192.95.29.138 - - [20/May/2025:17:03:29 +0700] "GET /core/vendor/symfony/css-selector/?C=M;O=D HTTP/1.1" 200 2105 "-" "Mozilla/5.0 (compatible; MJ12bot/v1.4.8; http://mj12bot.com/)"
149.202.65.183 - - [20/May/2025:17:03:29 +0700] "GET /core/database/?path=/home/masbinta/mail/.joko_prastiyo@masbintang_com HTTP/1.1" 200 31216 "-" "Mozilla/5.0 (compatible; MJ12bot/v1.4.8; http://mj12bot.com/)"
192.95.30.21 - - [20/May/2025:17:03:31 +0700] "GET /core/resources/sass/_coming-soon.scss HTTP/1.1" 200 3634 "-" "Mozilla/5.0 (compatible; MJ12bot/v1.4.8; http://mj12bot.com/)"
192.95.29.138 - - [20/May/2025:17:03:33 +0700] "GET /core/vendor/symfony/css-selector/?C=N;O=A HTTP/1.1" 200 2105 "-" "Mozilla/5.0 (compatible; MJ12bot/v1.4.8; http://mj12bot.com/)"
149.202.65.183 - - [20/May/2025:17:03:33 +0700] "GET /core/database/?path=/home/masbinta/mail/.office@masbintang_com HTTP/1.1" 200 26177 "-" "Mozilla/5.0 (compatible; MJ12bot/v1.4.8; http://mj12bot.com/)"
192.95.30.21 - - [20/May/2025:17:03:35 +0700] "GET /core/resources/sass/_common.scss HTTP/1.1" 200 15908 "-" "Mozilla/5.0 (compatible; MJ12bot/v1.4.8; http://mj12bot.com/)"
192.95.29.138 - - [20/May/2025:17:03:36 +0700] "GET /core/vendor/symfony/dom-crawler/?C=D;O=D HTTP/1.1" 200 3015 "-" "Mozilla/5.0 (compatible; MJ12bot/v1.4.8; http://mj12bot.com/)"
149.202.65.183 - - [20/May/2025:17:03:37 +0700] "GET /core/database/?path=/home/masbinta/mail/.spam HTTP/1.1" 200 11619 "-" "Mozilla/5.0 (compatible; MJ12bot/v1.4.8; http://mj12bot.com/)"
192.95.30.21 - - [20/May/2025:17:03:39 +0700] "GET /core/resources/sass/_contact-us.scss HTTP/1.1" 200 5174 "-" "Mozilla/5.0 (compatible; MJ12bot/v1.4.8; http://mj12bot.com/)"
192.95.29.138 - - [20/May/2025:17:03:39 +0700] "GET /core/vendor/symfony/dom-crawler/?C=M;O=D HTTP/1.1" 200 3015 "-" "Mozilla/5.0 (compatible; MJ12bot/v1.4.8; http://mj12bot.com/)"
149.202.65.183 - - [20/May/2025:17:03:41 +0700] "GET /core/database/?path=/home/masbinta/mail/.widaarahayu@masbintang_com HTTP/1.1" 200 32049 "-" "Mozilla/5.0 (compatible; MJ12bot/v1.4.8; http://mj12bot.com/)"
192.95.29.138 - - [20/May/2025:17:03:43 +0700] "GET /core/vendor/symfony/dom-crawler/?C=N;O=A HTTP/1.1" 200 3015 "-" "Mozilla/5.0 (compatible; MJ12bot/v1.4.8; http://mj12bot.com/)"
192.95.30.21 - - [20/May/2025:17:03:43 +0700] "GET /core/resources/sass/_contact.scss HTTP/1.1" 200 5910 "-" "Mozilla/5.0 (compatible; MJ12bot/v1.4.8; http://mj12bot.com/)"
149.202.65.183 - - [20/May/2025:17:03:45 +0700] "GET /core/database/?path=/home/masbinta/mail/cur HTTP/1.1" 200 584959 "-" "Mozilla/5.0 (compatible; MJ12bot/v1.4.8; http://mj12bot.com/)"
192.95.30.21 - - [20/May/2025:17:03:46 +0700] "GET /core/resources/sass/_counter.scss HTTP/1.1" 200 6303 "-" "Mozilla/5.0 (compatible; MJ12bot/v1.4.8; http://mj12bot.com/)"
192.95.29.138 - - [20/May/2025:17:03:46 +0700] "GET /core/vendor/symfony/dom-crawler/?C=S;O=D HTTP/1.1" 200 3015 "-" "Mozilla/5.0 (compatible; MJ12bot/v1.4.8; http://mj12bot.com/)"
192.95.29.138 - - [20/May/2025:17:03:49 +0700] "GET /core/vendor/symfony/error-handler/?C=D;O=D HTTP/1.1" 200 3389 "-" "Mozilla/5.0 (compatible; MJ12bot/v1.4.8; http://mj12bot.com/)"
192.95.30.21 - - [20/May/2025:17:03:49 +0700] "GET /core/resources/sass/_cta.scss HTTP/1.1" 200 6249 "-" "Mozilla/5.0 (compatible; MJ12bot/v1.4.8; http://mj12bot.com/)"
149.202.65.183 - - [20/May/2025:17:03:52 +0700] "GET /core/database/?path=/home/masbinta/mail/masbintang.com HTTP/1.1" 200 10607 "-" "Mozilla/5.0 (compatible; MJ12bot/v1.4.8; http://mj12bot.com/)"
192.95.29.138 - - [20/May/2025:17:03:53 +0700] "GET /core/vendor/symfony/error-handler/?C=M;O=D HTTP/1.1" 200 3389 "-" "Mozilla/5.0 (compatible; MJ12bot/v1.4.8; http://mj12bot.com/)"
192.95.30.21 - - [20/May/2025:17:03:53 +0700] "GET /core/resources/sass/_ecommerce.scss HTTP/1.1" 200 2884 "-" "Mozilla/5.0 (compatible; MJ12bot/v1.4.8; http://mj12bot.com/)"
149.202.65.183 - - [20/May/2025:17:03:55 +0700] "GET /core/database/?path=/home/masbinta/mail/new HTTP/1.1" 200 133692 "-" "Mozilla/5.0 (compatible; MJ12bot/v1.4.8; http://mj12bot.com/)"
192.95.30.21 - - [20/May/2025:17:03:56 +0700] "GET /core/resources/sass/_error.scss HTTP/1.1" 200 2236 "-" "Mozilla/5.0 (compatible; MJ12bot/v1.4.8; http://mj12bot.com/)"
192.95.29.138 - - [20/May/2025:17:03:57 +0700] "GET /core/vendor/symfony/error-handler/?C=N;O=A HTTP/1.1" 200 3389 "-" "Mozilla/5.0 (compatible; MJ12bot/v1.4.8; http://mj12bot.com/)"
192.95.30.21 - - [20/May/2025:17:04:00 +0700] "GET /core/resources/sass/_faq.scss HTTP/1.1" 200 3219 "-" "Mozilla/5.0 (compatible; MJ12bot/v1.4.8; http://mj12bot.com/)"
192.95.29.138 - - [20/May/2025:17:04:00 +0700] "GET /core/vendor/symfony/error-handler/?C=S;O=D HTTP/1.1" 200 3389 "-" "Mozilla/5.0 (compatible; MJ12bot/v1.4.8; http://mj12bot.com/)"
149.202.65.183 - - [20/May/2025:17:04:01 +0700] "GET /core/database/?path=/home/masbinta/mail/tmp HTTP/1.1" 200 5614 "-" "Mozilla/5.0 (compatible; MJ12bot/v1.4.8; http://mj12bot.com/)"
51.75.116.205 - - [20/May/2025:17:04:03 +0700] "GET /assets/front/img/16949729791740475144.php7 HTTP/1.1" 200 - "-" "Mozilla/5.0 (compatible; MJ12bot/v1.4.8; http://mj12bot.com/)"
192.95.30.21 - - [20/May/2025:17:04:03 +0700] "GET /core/resources/sass/_feature.scss HTTP/1.1" 200 7308 "-" "Mozilla/5.0 (compatible; MJ12bot/v1.4.8; http://mj12bot.com/)"
192.95.29.138 - - [20/May/2025:17:04:04 +0700] "GET /core/vendor/symfony/event-dispatcher-contracts/?C=D;O=D HTTP/1.1" 200 1614 "-" "Mozilla/5.0 (compatible; MJ12bot/v1.4.8; http://mj12bot.com/)"
149.202.65.183 - - [20/May/2025:17:04:04 +0700] "GET /core/database/?path=/home/masbinta/public_ftp&aksi=buatfile HTTP/1.1" 200 6539 "-" "Mozilla/5.0 (compatible; MJ12bot/v1.4.8; http://mj12bot.com/)"
192.95.30.21 - - [20/May/2025:17:04:07 +0700] "GET /core/resources/sass/_features.scss HTTP/1.1" 200 5860 "-" "Mozilla/5.0 (compatible; MJ12bot/v1.4.8; http://mj12bot.com/)"
192.95.29.138 - - [20/May/2025:17:04:07 +0700] "GET /core/vendor/symfony/event-dispatcher-contracts/?C=M;O=D HTTP/1.1" 200 1614 "-" "Mozilla/5.0 (compatible; MJ12bot/v1.4.8; http://mj12bot.com/)"
149.202.65.183 - - [20/May/2025:17:04:07 +0700] "GET /core/database/?path=/home/masbinta/public_ftp&aksi=buatfolder HTTP/1.1" 200 5471 "-" "Mozilla/5.0 (compatible; MJ12bot/v1.4.8; http://mj12bot.com/)"
192.95.30.21 - - [20/May/2025:17:04:10 +0700] "GET /core/resources/sass/_footer.scss HTTP/1.1" 200 2518 "-" "Mozilla/5.0 (compatible; MJ12bot/v1.4.8; http://mj12bot.com/)"
192.95.29.138 - - [20/May/2025:17:04:11 +0700] "GET /core/vendor/symfony/event-dispatcher-contracts/?C=N;O=A HTTP/1.1" 200 1614 "-" "Mozilla/5.0 (compatible; MJ12bot/v1.4.8; http://mj12bot.com/)"
149.202.65.183 - - [20/May/2025:17:04:11 +0700] "GET /core/database/?path=/home/masbinta/public_ftp&aksi=ransom HTTP/1.1" 200 6539 "-" "Mozilla/5.0 (compatible; MJ12bot/v1.4.8; http://mj12bot.com/)"
51.75.116.205 - - [20/May/2025:17:04:11 +0700] "GET /assets/front/img/172701516751386705.php7 HTTP/1.1" 200 231603 "-" "Mozilla/5.0 (compatible; MJ12bot/v1.4.8; http://mj12bot.com/)"
192.95.30.21 - - [20/May/2025:17:04:14 +0700] "GET /core/resources/sass/_gallery.scss HTTP/1.1" 200 5379 "-" "Mozilla/5.0 (compatible; MJ12bot/v1.4.8; http://mj12bot.com/)"
149.202.65.183 - - [20/May/2025:17:04:14 +0700] "GET /core/database/?path=/home/masbinta/public_ftp/incoming HTTP/1.1" 200 5675 "-" "Mozilla/5.0 (compatible; MJ12bot/v1.4.8; http://mj12bot.com/)"
192.95.29.138 - - [20/May/2025:17:04:14 +0700] "GET /core/vendor/symfony/event-dispatcher-contracts/?C=S;O=D HTTP/1.1" 200 1614 "-" "Mozilla/5.0 (compatible; MJ12bot/v1.4.8; http://mj12bot.com/)"
192.95.30.21 - - [20/May/2025:17:04:15 +0700] "GET /core/vendor/cartalyst/?C=S;O=D HTTP/1.1" 200 1379 "-" "Mozilla/5.0 (compatible; MJ12bot/v1.4.8; http://mj12bot.com/)"
149.202.65.183 - - [20/May/2025:17:04:17 +0700] "GET /core/database/?path=/home/masbinta/public_html/.well-known&aksi=buatfile HTTP/1.1" 200 7732 "-" "Mozilla/5.0 (compatible; MJ12bot/v1.4.8; http://mj12bot.com/)"
192.95.29.138 - - [20/May/2025:17:04:18 +0700] "GET /core/vendor/symfony/event-dispatcher/?C=D;O=D HTTP/1.1" 200 2927 "-" "Mozilla/5.0 (compatible; MJ12bot/v1.4.8; http://mj12bot.com/)"
192.95.30.21 - - [20/May/2025:17:04:19 +0700] "GET /core/vendor/cartalyst/stripe-laravel/?C=D;O=A HTTP/1.1" 200 1212 "-" "Mozilla/5.0 (compatible; MJ12bot/v1.4.8; http://mj12bot.com/)"
149.202.65.183 - - [20/May/2025:17:04:21 +0700] "GET /core/database/?path=/home/masbinta/public_html/.well-known&aksi=buatfolder HTTP/1.1" 200 5583 "-" "Mozilla/5.0 (compatible; MJ12bot/v1.4.8; http://mj12bot.com/)"
192.95.29.138 - - [20/May/2025:17:04:21 +0700] "GET /core/vendor/symfony/event-dispatcher/?C=M;O=D HTTP/1.1" 200 2927 "-" "Mozilla/5.0 (compatible; MJ12bot/v1.4.8; http://mj12bot.com/)"
192.95.30.21 - - [20/May/2025:17:04:22 +0700] "GET /core/vendor/cartalyst/stripe-laravel/?C=M;O=A HTTP/1.1" 200 1212 "-" "Mozilla/5.0 (compatible; MJ12bot/v1.4.8; http://mj12bot.com/)"
149.202.65.183 - - [20/May/2025:17:04:24 +0700] "GET /core/database/?path=/home/masbinta/public_html/.well-known&aksi=ransom HTTP/1.1" 200 7732 "-" "Mozilla/5.0 (compatible; MJ12bot/v1.4.8; http://mj12bot.com/)"
192.95.29.138 - - [20/May/2025:17:04:24 +0700] "GET /core/vendor/symfony/event-dispatcher/?C=N;O=A HTTP/1.1" 200 2927 "-" "Mozilla/5.0 (compatible; MJ12bot/v1.4.8; http://mj12bot.com/)"
192.95.30.21 - - [20/May/2025:17:04:25 +0700] "GET /core/vendor/cartalyst/stripe-laravel/?C=N;O=D HTTP/1.1" 200 1212 "-" "Mozilla/5.0 (compatible; MJ12bot/v1.4.8; http://mj12bot.com/)"
149.202.65.183 - - [20/May/2025:17:04:28 +0700] "GET /core/database/?path=/home/masbinta/public_html/.well-known/acme-challenge HTTP/1.1" 200 5830 "-" "Mozilla/5.0 (compatible; MJ12bot/v1.4.8; http://mj12bot.com/)"
192.95.29.138 - - [20/May/2025:17:04:28 +0700] "GET /core/vendor/symfony/event-dispatcher/?C=S;O=D HTTP/1.1" 200 2927 "-" "Mozilla/5.0 (compatible; MJ12bot/v1.4.8; http://mj12bot.com/)"
192.95.30.21 - - [20/May/2025:17:04:29 +0700] "GET /core/vendor/cartalyst/stripe-laravel/?C=S;O=A HTTP/1.1" 200 1212 "-" "Mozilla/5.0 (compatible; MJ12bot/v1.4.8; http://mj12bot.com/)"
192.95.29.138 - - [20/May/2025:17:04:31 +0700] "GET /core/vendor/symfony/finder/?C=D;O=D HTTP/1.1" 200 2640 "-" "Mozilla/5.0 (compatible; MJ12bot/v1.4.8; http://mj12bot.com/)"
149.202.65.183 - - [20/May/2025:17:04:31 +0700] "GET /core/database/?path=/home/masbinta/public_html/.well-known/pki-validation HTTP/1.1" 200 6900 "-" "Mozilla/5.0 (compatible; MJ12bot/v1.4.8; http://mj12bot.com/)"
104.234.114.162 - - [20/May/2025:17:04:32 +0700] "GET /vendor/phpunit/phpunit/src/Util/PHP/eval-stdin.php HTTP/1.1" 404 - "-" "python-requests/2.25.1"
192.95.30.21 - - [20/May/2025:17:04:32 +0700] "GET /core/vendor/cartalyst/stripe-laravel/LICENSE HTTP/1.1" 200 - "-" "Mozilla/5.0 (compatible; MJ12bot/v1.4.8; http://mj12bot.com/)"
149.202.65.183 - - [20/May/2025:17:04:34 +0700] "GET /core/database/?path=/home/masbinta/public_html/assets&aksi=buatfile HTTP/1.1" 200 12802 "-" "Mozilla/5.0 (compatible; MJ12bot/v1.4.8; http://mj12bot.com/)"
192.95.29.138 - - [20/May/2025:17:04:35 +0700] "GET /core/vendor/symfony/finder/?C=M;O=D HTTP/1.1" 200 2640 "-" "Mozilla/5.0 (compatible; MJ12bot/v1.4.8; http://mj12bot.com/)"
192.95.30.21 - - [20/May/2025:17:04:35 +0700] "GET /core/vendor/cartalyst/stripe-laravel/composer.json HTTP/1.1" 200 1330 "-" "Mozilla/5.0 (compatible; MJ12bot/v1.4.8; http://mj12bot.com/)"
149.202.65.183 - - [20/May/2025:17:04:38 +0700] "GET /core/database/?path=/home/masbinta/public_html/assets&aksi=buatfolder HTTP/1.1" 200 5558 "-" "Mozilla/5.0 (compatible; MJ12bot/v1.4.8; http://mj12bot.com/)"
192.95.29.138 - - [20/May/2025:17:04:38 +0700] "GET /core/vendor/symfony/finder/?C=N;O=A HTTP/1.1" 200 2640 "-" "Mozilla/5.0 (compatible; MJ12bot/v1.4.8; http://mj12bot.com/)"
192.95.30.21 - - [20/May/2025:17:04:39 +0700] "GET /core/vendor/cartalyst/stripe/?C=D;O=A HTTP/1.1" 200 1196 "-" "Mozilla/5.0 (compatible; MJ12bot/v1.4.8; http://mj12bot.com/)"
149.202.65.183 - - [20/May/2025:17:04:41 +0700] "GET /core/database/?path=/home/masbinta/public_html/assets&aksi=ransom HTTP/1.1" 200 12802 "-" "Mozilla/5.0 (compatible; MJ12bot/v1.4.8; http://mj12bot.com/)"
192.95.29.138 - - [20/May/2025:17:04:41 +0700] "GET /core/vendor/symfony/finder/?C=S;O=D HTTP/1.1" 200 2640 "-" "Mozilla/5.0 (compatible; MJ12bot/v1.4.8; http://mj12bot.com/)"
192.95.30.21 - - [20/May/2025:17:04:42 +0700] "GET /core/vendor/cartalyst/stripe/?C=M;O=D HTTP/1.1" 200 1196 "-" "Mozilla/5.0 (compatible; MJ12bot/v1.4.8; http://mj12bot.com/)"
192.95.29.138 - - [20/May/2025:17:04:44 +0700] "GET /core/vendor/symfony/http-foundation/?C=D;O=D HTTP/1.1" 200 6159 "-" "Mozilla/5.0 (compatible; MJ12bot/v1.4.8; http://mj12bot.com/)"
149.202.65.183 - - [20/May/2025:17:04:45 +0700] "GET /core/database/?path=/home/masbinta/public_html/assets/admin HTTP/1.1" 200 10660 "-" "Mozilla/5.0 (compatible; MJ12bot/v1.4.8; http://mj12bot.com/)"
192.95.30.21 - - [20/May/2025:17:04:46 +0700] "GET /core/vendor/cartalyst/stripe/?C=N;O=A HTTP/1.1" 200 1196 "-" "Mozilla/5.0 (compatible; MJ12bot/v1.4.8; http://mj12bot.com/)"
192.95.29.138 - - [20/May/2025:17:04:48 +0700] "GET /core/vendor/symfony/http-foundation/?C=M;O=D HTTP/1.1" 200 6159 "-" "Mozilla/5.0 (compatible; MJ12bot/v1.4.8; http://mj12bot.com/)"
149.202.65.183 - - [20/May/2025:17:04:48 +0700] "GET /core/database/?path=/home/masbinta/public_html/assets/front HTTP/1.1" 200 15757 "-" "Mozilla/5.0 (compatible; MJ12bot/v1.4.8; http://mj12bot.com/)"
217.182.194.33 - - [20/May/2025:17:04:51 +0700] "GET /installer/img/favicon/pepe.php?download=L2hvbWUvbWFzYmludGEvcHVibGljX2h0bWwvaW5zdGFsbGVyL2ltZy9mYXZpY29uL3BlcGUucGhw HTTP/1.1" 200 3 "-" "Mozilla/5.0 (compatible; MJ12bot/v1.4.8; http://mj12bot.com/)"
192.95.29.138 - - [20/May/2025:17:04:51 +0700] "GET /core/vendor/symfony/http-foundation/?C=N;O=A HTTP/1.1" 200 6159 "-" "Mozilla/5.0 (compatible; MJ12bot/v1.4.8; http://mj12bot.com/)"
149.202.65.183 - - [20/May/2025:17:04:52 +0700] "GET /core/database/?path=/home/masbinta/public_html/assets/sitemaps HTTP/1.1" 200 5770 "-" "Mozilla/5.0 (compatible; MJ12bot/v1.4.8; http://mj12bot.com/)"
217.182.194.33 - - [20/May/2025:17:04:55 +0700] "GET /installer/img/favicon/pepe.php?fm=true&edit=pepe.php&path=/home/masbinta/public_html/installer/img/favicon/ HTTP/1.1" 200 165399 "-" "Mozilla/5.0 (compatible; MJ12bot/v1.4.8; http://mj12bot.com/)"
192.95.29.138 - - [20/May/2025:17:04:55 +0700] "GET /core/vendor/symfony/http-foundation/?C=S;O=D HTTP/1.1" 200 6159 "-" "Mozilla/5.0 (compatible; MJ12bot/v1.4.8; http://mj12bot.com/)"
149.202.65.183 - - [20/May/2025:17:04:56 +0700] "GET /core/resources/sass/_case-details.scss HTTP/1.1" 200 2983 "-" "Mozilla/5.0 (compatible; MJ12bot/v1.4.8; http://mj12bot.com/)"
149.202.65.183 - - [20/May/2025:17:04:57 +0700] "GET /core/resources/views/?C=D;O=D HTTP/1.1" 200 1879 "-" "Mozilla/5.0 (compatible; MJ12bot/v1.4.8; http://mj12bot.com/)"
192.95.29.138 - - [20/May/2025:17:04:58 +0700] "GET /core/vendor/symfony/http-kernel/?C=D;O=D HTTP/1.1" 200 6285 "-" "Mozilla/5.0 (compatible; MJ12bot/v1.4.8; http://mj12bot.com/)"
217.182.194.33 - - [20/May/2025:17:05:00 +0700] "GET /installer/img/favicon/pepe.php?fm=true&path=/home/masbinta/public_html/installer/img/favicon/. HTTP/1.1" 200 36624 "-" "Mozilla/5.0 (compatible; MJ12bot/v1.4.8; http://mj12bot.com/)"
149.202.65.183 - - [20/May/2025:17:05:01 +0700] "GET /core/resources/views/?C=M;O=D HTTP/1.1" 200 1879 "-" "Mozilla/5.0 (compatible; MJ12bot/v1.4.8; http://mj12bot.com/)"
192.95.29.138 - - [20/May/2025:17:05:02 +0700] "GET /core/vendor/symfony/http-kernel/?C=M;O=D HTTP/1.1" 200 6285 "-" "Mozilla/5.0 (compatible; MJ12bot/v1.4.8; http://mj12bot.com/)"
217.182.194.33 - - [20/May/2025:17:05:04 +0700] "GET /installer/img/favicon/pepe.php?fm=true&path=/home/masbinta/public_html/installer/img/favicon/.. HTTP/1.1" 200 34372 "-" "Mozilla/5.0 (compatible; MJ12bot/v1.4.8; http://mj12bot.com/)"
149.202.65.183 - - [20/May/2025:17:05:05 +0700] "GET /core/resources/views/?C=N;O=A HTTP/1.1" 200 1879 "-" "Mozilla/5.0 (compatible; MJ12bot/v1.4.8; http://mj12bot.com/)"
192.95.29.138 - - [20/May/2025:17:05:06 +0700] "GET /core/vendor/symfony/http-kernel/?C=N;O=A HTTP/1.1" 200 6285 "-" "Mozilla/5.0 (compatible; MJ12bot/v1.4.8; http://mj12bot.com/)"
217.182.194.33 - - [20/May/2025:17:05:08 +0700] "GET /installer/img/favicon/pepe.php?fm=true&rename=favicon-16x16.png&path=/home/masbinta/public_html/installer/img/favicon/ HTTP/1.1" 200 24174 "-" "Mozilla/5.0 (compatible; MJ12bot/v1.4.8; http://mj12bot.com/)"
149.202.65.183 - - [20/May/2025:17:05:08 +0700] "GET /core/resources/views/?C=S;O=D HTTP/1.1" 200 1879 "-" "Mozilla/5.0 (compatible; MJ12bot/v1.4.8; http://mj12bot.com/)"
192.95.29.138 - - [20/May/2025:17:05:09 +0700] "GET /core/vendor/symfony/http-kernel/?C=S;O=D HTTP/1.1" 200 6285 "-" "Mozilla/5.0 (compatible; MJ12bot/v1.4.8; http://mj12bot.com/)"
149.202.65.183 - - [20/May/2025:17:05:11 +0700] "GET /core/storage/app/?C=D;O=D HTTP/1.1" 200 1001 "-" "Mozilla/5.0 (compatible; MJ12bot/v1.4.8; http://mj12bot.com/)"
217.182.194.33 - - [20/May/2025:17:05:12 +0700] "GET /installer/img/favicon/pepe.php?fm=true&rename=favicon-32x32.png&path=/home/masbinta/public_html/installer/img/favicon/ HTTP/1.1" 200 24174 "-" "Mozilla/5.0 (compatible; MJ12bot/v1.4.8; http://mj12bot.com/)"
192.95.29.138 - - [20/May/2025:17:05:13 +0700] "GET /core/vendor/symfony/mime/?C=D;O=D HTTP/1.1" 200 5056 "-" "Mozilla/5.0 (compatible; MJ12bot/v1.4.8; http://mj12bot.com/)"
149.202.65.183 - - [20/May/2025:17:05:15 +0700] "GET /core/storage/app/?C=M;O=D HTTP/1.1" 200 1001 "-" "Mozilla/5.0 (compatible; MJ12bot/v1.4.8; http://mj12bot.com/)"
217.182.194.33 - - [20/May/2025:17:05:16 +0700] "GET /installer/img/favicon/pepe.php?fm=true&rename=favicon-96x96.png&path=/home/masbinta/public_html/installer/img/favicon/ HTTP/1.1" 200 24174 "-" "Mozilla/5.0 (compatible; MJ12bot/v1.4.8; http://mj12bot.com/)"
192.95.29.138 - - [20/May/2025:17:05:16 +0700] "GET /core/vendor/symfony/mime/?C=M;O=D HTTP/1.1" 200 5056 "-" "Mozilla/5.0 (compatible; MJ12bot/v1.4.8; http://mj12bot.com/)"
149.202.65.183 - - [20/May/2025:17:05:18 +0700] "GET /core/storage/app/?C=N;O=A HTTP/1.1" 200 1001 "-" "Mozilla/5.0 (compatible; MJ12bot/v1.4.8; http://mj12bot.com/)"
217.182.194.33 - - [20/May/2025:17:05:20 +0700] "GET /installer/img/favicon/pepe.php?fm=true&rename=pepe.php&path=/home/masbinta/public_html/installer/img/favicon/ HTTP/1.1" 200 24156 "-" "Mozilla/5.0 (compatible; MJ12bot/v1.4.8; http://mj12bot.com/)"
192.95.29.138 - - [20/May/2025:17:05:20 +0700] "GET /core/vendor/symfony/mime/?C=N;O=A HTTP/1.1" 200 5056 "-" "Mozilla/5.0 (compatible; MJ12bot/v1.4.8; http://mj12bot.com/)"
149.202.65.183 - - [20/May/2025:17:05:22 +0700] "GET /core/storage/app/?C=S;O=D HTTP/1.1" 200 1001 "-" "Mozilla/5.0 (compatible; MJ12bot/v1.4.8; http://mj12bot.com/)"
192.95.29.138 - - [20/May/2025:17:05:23 +0700] "GET /core/vendor/symfony/mime/?C=S;O=D HTTP/1.1" 200 5056 "-" "Mozilla/5.0 (compatible; MJ12bot/v1.4.8; http://mj12bot.com/)"
217.182.194.33 - - [20/May/2025:17:05:24 +0700] "GET /installer/img/favicon/pepe.php?fm=true&rights=favicon-16x16.png&path=/home/masbinta/public_html/installer/img/favicon/ HTTP/1.1" 200 24515 "-" "Mozilla/5.0 (compatible; MJ12bot/v1.4.8; http://mj12bot.com/)"
51.75.116.205 - - [20/May/2025:17:05:25 +0700] "GET /core/database/?filesrc=/home/masbinta/mail/dovecot-acl-list&path=/home/masbinta/mail HTTP/1.1" 200 5227 "-" "Mozilla/5.0 (compatible; MJ12bot/v1.4.8; http://mj12bot.com/)"
149.202.65.183 - - [20/May/2025:17:05:25 +0700] "GET /core/storage/framework/?C=D;O=D HTTP/1.1" 200 1531 "-" "Mozilla/5.0 (compatible; MJ12bot/v1.4.8; http://mj12bot.com/)"
192.95.29.138 - - [20/May/2025:17:05:27 +0700] "GET /core/vendor/symfony/polyfill-ctype/?C=D;O=D HTTP/1.1" 200 1575 "-" "Mozilla/5.0 (compatible; MJ12bot/v1.4.8; http://mj12bot.com/)"
217.182.194.33 - - [20/May/2025:17:05:28 +0700] "GET /installer/img/favicon/pepe.php?fm=true&rights=favicon-32x32.png&path=/home/masbinta/public_html/installer/img/favicon/ HTTP/1.1" 200 24515 "-" "Mozilla/5.0 (compatible; MJ12bot/v1.4.8; http://mj12bot.com/)"
51.75.116.205 - - [20/May/2025:17:05:28 +0700] "GET /core/database/?filesrc=/home/masbinta/mail/dovecot-quota&path=/home/masbinta/mail HTTP/1.1" 200 5276 "-" "Mozilla/5.0 (compatible; MJ12bot/v1.4.8; http://mj12bot.com/)"
149.202.65.183 - - [20/May/2025:17:05:28 +0700] "GET /core/storage/framework/?C=M;O=D HTTP/1.1" 200 1531 "-" "Mozilla/5.0 (compatible; MJ12bot/v1.4.8; http://mj12bot.com/)"
192.95.29.138 - - [20/May/2025:17:05:31 +0700] "GET /core/vendor/symfony/polyfill-ctype/?C=M;O=D HTTP/1.1" 200 1575 "-" "Mozilla/5.0 (compatible; MJ12bot/v1.4.8; http://mj12bot.com/)"
217.182.194.33 - - [20/May/2025:17:05:32 +0700] "GET /installer/img/favicon/pepe.php?fm=true&rights=favicon-96x96.png&path=/home/masbinta/public_html/installer/img/favicon/ HTTP/1.1" 200 24515 "-" "Mozilla/5.0 (compatible; MJ12bot/v1.4.8; http://mj12bot.com/)"
149.202.65.183 - - [20/May/2025:17:05:32 +0700] "GET /core/storage/framework/?C=N;O=A HTTP/1.1" 200 1531 "-" "Mozilla/5.0 (compatible; MJ12bot/v1.4.8; http://mj12bot.com/)"
51.75.116.205 - - [20/May/2025:17:05:32 +0700] "GET /core/database/?filesrc=/home/masbinta/mail/dovecot-uidlist&path=/home/masbinta/mail HTTP/1.1" 200 41240 "-" "Mozilla/5.0 (compatible; MJ12bot/v1.4.8; http://mj12bot.com/)"
192.95.29.138 - - [20/May/2025:17:05:35 +0700] "GET /core/vendor/symfony/polyfill-ctype/?C=N;O=A HTTP/1.1" 200 1575 "-" "Mozilla/5.0 (compatible; MJ12bot/v1.4.8; http://mj12bot.com/)"
149.202.65.183 - - [20/May/2025:17:05:35 +0700] "GET /core/storage/framework/?C=S;O=D HTTP/1.1" 200 1531 "-" "Mozilla/5.0 (compatible; MJ12bot/v1.4.8; http://mj12bot.com/)"
217.182.194.33 - - [20/May/2025:17:05:35 +0700] "GET /installer/img/favicon/pepe.php?fm=true&rights=pepe.php&path=/home/masbinta/public_html/installer/img/favicon/ HTTP/1.1" 200 24497 "-" "Mozilla/5.0 (compatible; MJ12bot/v1.4.8; http://mj12bot.com/)"
51.75.116.205 - - [20/May/2025:17:05:37 +0700] "GET /core/database/?filesrc=/home/masbinta/mail/dovecot-uidvalidity&path=/home/masbinta/mail HTTP/1.1" 200 5238 "-" "Mozilla/5.0 (compatible; MJ12bot/v1.4.8; http://mj12bot.com/)"
192.95.29.138 - - [20/May/2025:17:05:38 +0700] "GET /core/vendor/symfony/polyfill-ctype/?C=S;O=D HTTP/1.1" 200 1575 "-" "Mozilla/5.0 (compatible; MJ12bot/v1.4.8; http://mj12bot.com/)"
149.202.65.183 - - [20/May/2025:17:05:39 +0700] "GET /core/storage/logs/?C=D;O=D HTTP/1.1" 200 3677 "-" "Mozilla/5.0 (compatible; MJ12bot/v1.4.8; http://mj12bot.com/)"
217.182.194.33 - - [20/May/2025:17:05:39 +0700] "GET /installer/img/favicon/pepe.php?fm_settings=true HTTP/1.1" 200 33376 "-" "Mozilla/5.0 (compatible; MJ12bot/v1.4.8; http://mj12bot.com/)"
51.75.116.205 - - [20/May/2025:17:05:41 +0700] "GET /core/database/?filesrc=/home/masbinta/mail/dovecot-uidvalidity.6317f1d6&path=/home/masbinta/mail HTTP/1.1" 200 5239 "-" "Mozilla/5.0 (compatible; MJ12bot/v1.4.8; http://mj12bot.com/)"
192.95.29.138 - - [20/May/2025:17:05:42 +0700] "GET /core/vendor/symfony/polyfill-iconv/?C=D;O=D HTTP/1.1" 200 1943 "-" "Mozilla/5.0 (compatible; MJ12bot/v1.4.8; http://mj12bot.com/)"
149.202.65.183 - - [20/May/2025:17:05:42 +0700] "GET /core/storage/logs/?C=M;O=D HTTP/1.1" 200 3677 "-" "Mozilla/5.0 (compatible; MJ12bot/v1.4.8; http://mj12bot.com/)"
217.182.194.33 - - [20/May/2025:17:05:43 +0700] "GET /installer/img/favicon/pepe.php?gzfile=L2hvbWUvbWFzYmludGEvcHVibGljX2h0bWwvaW5zdGFsbGVyL2ltZy9mYXZpY29uL2Zhdmljb24tMTZ4MTYucG5n HTTP/1.1" 200 17408 "-" "Mozilla/5.0 (compatible; MJ12bot/v1.4.8; http://mj12bot.com/)"
51.75.116.205 - - [20/May/2025:17:05:45 +0700] "GET /core/database/?filesrc=/home/masbinta/mail/dovecot.index&path=/home/masbinta/mail HTTP/1.1" 200 5224 "-" "Mozilla/5.0 (compatible; MJ12bot/v1.4.8; http://mj12bot.com/)"
149.202.65.183 - - [20/May/2025:17:05:45 +0700] "GET /core/storage/logs/?C=N;O=A HTTP/1.1" 200 3677 "-" "Mozilla/5.0 (compatible; MJ12bot/v1.4.8; http://mj12bot.com/)"
192.95.29.138 - - [20/May/2025:17:05:45 +0700] "GET /core/vendor/symfony/polyfill-iconv/?C=M;O=D HTTP/1.1" 200 1943 "-" "Mozilla/5.0 (compatible; MJ12bot/v1.4.8; http://mj12bot.com/)"
