51.75.116.205 - - [20/May/2025:17:10:10 +0700] "GET /core/database/?filesrc=/home/masbinta/public_html/core/database/migrations/2021_06_03_170201_create_job_applications_table.php&path=/home/masbinta/public_html/core/database/migrations HTTP/1.1" 200 6776 "-" "Mozilla/5.0 (compatible; MJ12bot/v1.4.8; http://mj12bot.com/)"
149.202.65.183 - - [20/May/2025:17:10:11 +0700] "GET /core/vendor/phar-io/manifest/ExtensionInterface.php HTTP/1.1" 200 - "-" "Mozilla/5.0 (compatible; MJ12bot/v1.4.8; http://mj12bot.com/)"
192.95.29.138 - - [20/May/2025:17:10:13 +0700] "GET /core/vendor/webmozart/assert/composer.json HTTP/1.1" 200 1330 "-" "Mozilla/5.0 (compatible; MJ12bot/v1.4.8; http://mj12bot.com/)"
51.75.116.205 - - [20/May/2025:17:10:13 +0700] "GET /core/database/?filesrc=/home/masbinta/public_html/core/database/migrations/2021_06_05_140053_create_products_table.php&path=/home/masbinta/public_html/core/database/migrations HTTP/1.1" 200 7434 "-" "Mozilla/5.0 (compatible; MJ12bot/v1.4.8; http://mj12bot.com/)"
149.202.65.183 - - [20/May/2025:17:10:15 +0700] "GET /core/vendor/phar-io/manifest/LICENSE HTTP/1.1" 200 - "-" "Mozilla/5.0 (compatible; MJ12bot/v1.4.8; http://mj12bot.com/)"
51.75.116.205 - - [20/May/2025:17:10:17 +0700] "GET /core/database/?filesrc=/home/masbinta/public_html/core/database/migrations/2021_06_05_141134_create_product_images_table.php&path=/home/masbinta/public_html/core/database/migrations HTTP/1.1" 200 6307 "-" "Mozilla/5.0 (compatible; MJ12bot/v1.4.8; http://mj12bot.com/)"
192.95.29.138 - - [20/May/2025:17:10:17 +0700] "GET /core/vendor/webmozart/assert/psalm.xml HTTP/1.1" 200 407 "-" "Mozilla/5.0 (compatible; MJ12bot/v1.4.8; http://mj12bot.com/)"
149.202.65.183 - - [20/May/2025:17:10:18 +0700] "GET /core/vendor/phar-io/manifest/ReflectionException.php HTTP/1.1" 500 - "-" "Mozilla/5.0 (compatible; MJ12bot/v1.4.8; http://mj12bot.com/)"
51.75.116.205 - - [20/May/2025:17:10:20 +0700] "GET /core/database/?filesrc=/home/masbinta/public_html/core/database/migrations/2021_06_05_141356_create_currencies_table.php&path=/home/masbinta/public_html/core/database/migrations HTTP/1.1" 200 6389 "-" "Mozilla/5.0 (compatible; MJ12bot/v1.4.8; http://mj12bot.com/)"
149.202.65.183 - - [20/May/2025:17:10:20 +0700] "GET /core/vendor/phar-io/version/?C=D;O=D HTTP/1.1" 200 1372 "-" "Mozilla/5.0 (compatible; MJ12bot/v1.4.8; http://mj12bot.com/)"
192.95.29.138 - - [20/May/2025:17:10:21 +0700] "GET /installer/css/scss/?C=D;O=D HTTP/1.1" 200 1182 "-" "Mozilla/5.0 (compatible; MJ12bot/v1.4.8; http://mj12bot.com/)"
51.75.116.205 - - [20/May/2025:17:10:23 +0700] "GET /core/database/?filesrc=/home/masbinta/public_html/core/database/migrations/2021_06_05_143117_create_shippings_table.php&path=/home/masbinta/public_html/core/database/migrations HTTP/1.1" 200 6492 "-" "Mozilla/5.0 (compatible; MJ12bot/v1.4.8; http://mj12bot.com/)"
192.95.29.138 - - [20/May/2025:17:10:24 +0700] "GET /installer/css/scss/?C=M;O=D HTTP/1.1" 200 1182 "-" "Mozilla/5.0 (compatible; MJ12bot/v1.4.8; http://mj12bot.com/)"
149.202.65.183 - - [20/May/2025:17:10:24 +0700] "GET /core/vendor/phar-io/version/?C=M;O=D HTTP/1.1" 200 1372 "-" "Mozilla/5.0 (compatible; MJ12bot/v1.4.8; http://mj12bot.com/)"
51.75.116.205 - - [20/May/2025:17:10:27 +0700] "GET /core/database/?filesrc=/home/masbinta/public_html/core/database/migrations/2021_06_05_150051_create_product_categories_table.php&path=/home/masbinta/public_html/core/database/migrations HTTP/1.1" 200 6529 "-" "Mozilla/5.0 (compatible; MJ12bot/v1.4.8; http://mj12bot.com/)"
192.95.29.138 - - [20/May/2025:17:10:27 +0700] "GET /installer/css/scss/?C=N;O=A HTTP/1.1" 200 1182 "-" "Mozilla/5.0 (compatible; MJ12bot/v1.4.8; http://mj12bot.com/)"
149.202.65.183 - - [20/May/2025:17:10:28 +0700] "GET /core/vendor/phar-io/version/?C=N;O=A HTTP/1.1" 200 1372 "-" "Mozilla/5.0 (compatible; MJ12bot/v1.4.8; http://mj12bot.com/)"
51.75.116.205 - - [20/May/2025:17:10:30 +0700] "GET /core/database/?filesrc=/home/masbinta/public_html/core/database/migrations/2021_06_13_080135_create_payment_gateweys_table.php&path=/home/masbinta/public_html/core/database/migrations HTTP/1.1" 200 6624 "-" "Mozilla/5.0 (compatible; MJ12bot/v1.4.8; http://mj12bot.com/)"
192.95.29.138 - - [20/May/2025:17:10:31 +0700] "GET /installer/css/scss/?C=S;O=D HTTP/1.1" 200 1182 "-" "Mozilla/5.0 (compatible; MJ12bot/v1.4.8; http://mj12bot.com/)"
149.202.65.183 - - [20/May/2025:17:10:31 +0700] "GET /core/vendor/phar-io/version/?C=S;O=A HTTP/1.1" 200 1372 "-" "Mozilla/5.0 (compatible; MJ12bot/v1.4.8; http://mj12bot.com/)"
51.75.116.205 - - [20/May/2025:17:10:33 +0700] "GET /core/database/?filesrc=/home/masbinta/public_html/core/database/migrations/2021_06_13_161938_create_orders_table.php&path=/home/masbinta/public_html/core/database/migrations HTTP/1.1" 200 7896 "-" "Mozilla/5.0 (compatible; MJ12bot/v1.4.8; http://mj12bot.com/)"
192.95.29.138 - - [20/May/2025:17:10:34 +0700] "GET /installer/css/scss/font-awesome/?C=D;O=A HTTP/1.1" 200 3225 "-" "Mozilla/5.0 (compatible; MJ12bot/v1.4.8; http://mj12bot.com/)"
149.202.65.183 - - [20/May/2025:17:10:35 +0700] "GET /core/vendor/phar-io/version/CHANGELOG.md HTTP/1.1" 200 - "-" "Mozilla/5.0 (compatible; MJ12bot/v1.4.8; http://mj12bot.com/)"
51.75.116.205 - - [20/May/2025:17:10:37 +0700] "GET /core/database/?filesrc=/home/masbinta/public_html/core/database/migrations/2021_06_15_191726_create_menus_table.php&path=/home/masbinta/public_html/core/database/migrations HTTP/1.1" 200 6301 "-" "Mozilla/5.0 (compatible; MJ12bot/v1.4.8; http://mj12bot.com/)"
192.95.29.138 - - [20/May/2025:17:10:37 +0700] "GET /installer/css/scss/font-awesome/?C=M;O=A HTTP/1.1" 200 3225 "-" "Mozilla/5.0 (compatible; MJ12bot/v1.4.8; http://mj12bot.com/)"
149.202.65.183 - - [20/May/2025:17:10:38 +0700] "GET /core/vendor/phar-io/version/LICENSE HTTP/1.1" 200 - "-" "Mozilla/5.0 (compatible; MJ12bot/v1.4.8; http://mj12bot.com/)"
51.75.116.205 - - [20/May/2025:17:10:40 +0700] "GET /core/database/?filesrc=/home/masbinta/public_html/core/database/migrations/2021_06_17_110906_add_preloader_info_to_settings_table.php&path=/home/masbinta/public_html/core/database/migrations HTTP/1.1" 200 6544 "-" "Mozilla/5.0 (compatible; MJ12bot/v1.4.8; http://mj12bot.com/)"
192.95.29.138 - - [20/May/2025:17:10:41 +0700] "GET /installer/css/scss/font-awesome/?C=N;O=D HTTP/1.1" 200 3225 "-" "Mozilla/5.0 (compatible; MJ12bot/v1.4.8; http://mj12bot.com/)"
149.202.65.183 - - [20/May/2025:17:10:41 +0700] "GET /core/vendor/phar-io/version/composer.json HTTP/1.1" 200 1330 "-" "Mozilla/5.0 (compatible; MJ12bot/v1.4.8; http://mj12bot.com/)"
51.75.116.205 - - [20/May/2025:17:10:43 +0700] "GET /core/database/?filesrc=/home/masbinta/public_html/core/database/migrations/2021_06_18_105514_add_rating_to_products_table.php&path=/home/masbinta/public_html/core/database/migrations HTTP/1.1" 200 6286 "-" "Mozilla/5.0 (compatible; MJ12bot/v1.4.8; http://mj12bot.com/)"
192.95.29.138 - - [20/May/2025:17:10:44 +0700] "GET /installer/css/scss/font-awesome/?C=S;O=A HTTP/1.1" 200 3225 "-" "Mozilla/5.0 (compatible; MJ12bot/v1.4.8; http://mj12bot.com/)"
149.202.65.183 - - [20/May/2025:17:10:45 +0700] "GET /core/vendor/phenx/php-svg-lib/?C=D;O=D HTTP/1.1" 200 2292 "-" "Mozilla/5.0 (compatible; MJ12bot/v1.4.8; http://mj12bot.com/)"
51.75.116.205 - - [20/May/2025:17:10:47 +0700] "GET /core/database/?filesrc=/home/masbinta/public_html/core/database/migrations/2021_06_18_105948_create_product_reviews_table.php&path=/home/masbinta/public_html/core/database/migrations HTTP/1.1" 200 6456 "-" "Mozilla/5.0 (compatible; MJ12bot/v1.4.8; http://mj12bot.com/)"
192.95.29.138 - - [20/May/2025:17:10:48 +0700] "GET /installer/css/scss/font-awesome/_animated.scss HTTP/1.1" 200 715 "-" "Mozilla/5.0 (compatible; MJ12bot/v1.4.8; http://mj12bot.com/)"
149.202.65.183 - - [20/May/2025:17:10:48 +0700] "GET /core/vendor/phenx/php-svg-lib/?C=M;O=D HTTP/1.1" 200 2292 "-" "Mozilla/5.0 (compatible; MJ12bot/v1.4.8; http://mj12bot.com/)"
51.75.116.205 - - [20/May/2025:17:10:50 +0700] "GET /core/database/?filesrc=/home/masbinta/public_html/core/database/migrations/2021_06_19_105536_add_extra_page_visibility_to_settings_table.php&path=/home/masbinta/public_html/core/database/migrations HTTP/1.1" 200 9386 "-" "Mozilla/5.0 (compatible; MJ12bot/v1.4.8; http://mj12bot.com/)"
192.95.29.138 - - [20/May/2025:17:10:51 +0700] "GET /installer/css/scss/font-awesome/_bordered-pulled.scss HTTP/1.1" 200 592 "-" "Mozilla/5.0 (compatible; MJ12bot/v1.4.8; http://mj12bot.com/)"
149.202.65.183 - - [20/May/2025:17:10:52 +0700] "GET /core/vendor/phenx/php-svg-lib/?C=N;O=A HTTP/1.1" 200 2292 "-" "Mozilla/5.0 (compatible; MJ12bot/v1.4.8; http://mj12bot.com/)"
51.75.116.205 - - [20/May/2025:17:10:54 +0700] "GET /core/database/?filesrc=/home/masbinta/public_html/core/database/migrations/2021_06_28_171634_add_meta_info_to_settings_table.php&path=/home/masbinta/public_html/core/database/migrations HTTP/1.1" 200 8601 "-" "Mozilla/5.0 (compatible; MJ12bot/v1.4.8; http://mj12bot.com/)"
149.202.65.183 - - [20/May/2025:17:10:55 +0700] "GET /core/vendor/phenx/php-svg-lib/?C=S;O=D HTTP/1.1" 200 2292 "-" "Mozilla/5.0 (compatible; MJ12bot/v1.4.8; http://mj12bot.com/)"
51.75.116.205 - - [20/May/2025:17:10:57 +0700] "GET /core/database/?filesrc=/home/masbinta/public_html/core/database/migrations/2021_06_29_052449_create_sitemaps_table.php&path=/home/masbinta/public_html/core/database/migrations HTTP/1.1" 200 6327 "-" "Mozilla/5.0 (compatible; MJ12bot/v1.4.8; http://mj12bot.com/)"
149.202.65.183 - - [20/May/2025:17:10:58 +0700] "GET /core/vendor/phenx/php-svg-lib/ExtensionInterface.php HTTP/1.1" 200 - "-" "Mozilla/5.0 (compatible; MJ12bot/v1.4.8; http://mj12bot.com/)"
51.75.116.205 - - [20/May/2025:17:11:00 +0700] "GET /core/database/?filesrc=/home/masbinta/public_html/core/database/migrations/2021_08_20_234810_create_visibilities_table.php&path=/home/masbinta/public_html/core/database/migrations HTTP/1.1" 200 13471 "-" "Mozilla/5.0 (compatible; MJ12bot/v1.4.8; http://mj12bot.com/)"
149.202.65.183 - - [20/May/2025:17:11:02 +0700] "GET /core/vendor/phenx/php-svg-lib/NodeExtension.php HTTP/1.1" 500 - "-" "Mozilla/5.0 (compatible; MJ12bot/v1.4.8; http://mj12bot.com/)"
51.75.116.205 - - [20/May/2025:17:11:04 +0700] "GET /core/database/?filesrc=/home/masbinta/public_html/core/database/migrations/2021_08_20_235925_create_seos_table.php&path=/home/masbinta/public_html/core/database/migrations HTTP/1.1" 200 7905 "-" "Mozilla/5.0 (compatible; MJ12bot/v1.4.8; http://mj12bot.com/)"
149.202.65.183 - - [20/May/2025:17:11:05 +0700] "GET /core/vendor/phenx/php-svg-lib/ReflectionException.php HTTP/1.1" 500 - "-" "Mozilla/5.0 (compatible; MJ12bot/v1.4.8; http://mj12bot.com/)"
51.75.116.205 - - [20/May/2025:17:11:07 +0700] "GET /core/database/?filesrc=/home/masbinta/public_html/core/database/migrations/2021_09_26_003523_add_gradint_color_to_settings_table.php&path=/home/masbinta/public_html/core/database/migrations HTTP/1.1" 200 6491 "-" "Mozilla/5.0 (compatible; MJ12bot/v1.4.8; http://mj12bot.com/)"
149.202.65.183 - - [20/May/2025:17:11:10 +0700] "GET /core/vendor/phenx/php-svg-lib/composer.json HTTP/1.1" 200 1330 "-" "Mozilla/5.0 (compatible; MJ12bot/v1.4.8; http://mj12bot.com/)"
51.75.116.205 - - [20/May/2025:17:11:10 +0700] "GET /core/database/?filesrc=/home/masbinta/public_html/core/database/migrations/2021_09_27_130814_create_permalinks_table.php&path=/home/masbinta/public_html/core/database/migrations HTTP/1.1" 200 6499 "-" "Mozilla/5.0 (compatible; MJ12bot/v1.4.8; http://mj12bot.com/)"
51.75.116.205 - - [20/May/2025:17:11:14 +0700] "GET /core/database/?filesrc=/home/masbinta/public_html/core/database/migrations/2021_09_28_103818_add_button_to_packages_table.php&path=/home/masbinta/public_html/core/database/migrations HTTP/1.1" 200 6410 "-" "Mozilla/5.0 (compatible; MJ12bot/v1.4.8; http://mj12bot.com/)"
149.202.65.183 - - [20/May/2025:17:11:14 +0700] "GET /core/vendor/phenx/php-svg-lib/phpunit.xml HTTP/1.1" 200 544 "-" "Mozilla/5.0 (compatible; MJ12bot/v1.4.8; http://mj12bot.com/)"
51.75.116.205 - - [20/May/2025:17:11:17 +0700] "GET /core/database/?filesrc=/home/masbinta/public_html/core/database/migrations/2021_10_10_144350_add_darkmode_to_settings_table.php&path=/home/masbinta/public_html/core/database/migrations HTTP/1.1" 200 6319 "-" "Mozilla/5.0 (compatible; MJ12bot/v1.4.8; http://mj12bot.com/)"
149.202.65.183 - - [20/May/2025:17:11:18 +0700] "GET /core/vendor/phpdocumentor/?C=D;O=D HTTP/1.1" 200 1208 "-" "Mozilla/5.0 (compatible; MJ12bot/v1.4.8; http://mj12bot.com/)"
51.75.116.205 - - [20/May/2025:17:11:21 +0700] "GET /core/database/?filesrc=/home/masbinta/public_html/core/database/migrations/2021_10_12_104608_create_esliders_table.php&path=/home/masbinta/public_html/core/database/migrations HTTP/1.1" 200 6732 "-" "Mozilla/5.0 (compatible; MJ12bot/v1.4.8; http://mj12bot.com/)"
149.202.65.183 - - [20/May/2025:17:11:21 +0700] "GET /core/vendor/phpdocumentor/?C=M;O=D HTTP/1.1" 200 1208 "-" "Mozilla/5.0 (compatible; MJ12bot/v1.4.8; http://mj12bot.com/)"
51.75.116.205 - - [20/May/2025:17:11:24 +0700] "GET /core/database/?filesrc=/home/masbinta/public_html/core/database/migrations/2021_10_12_115039_create_ebanners_table.php&path=/home/masbinta/public_html/core/database/migrations HTTP/1.1" 200 6546 "-" "Mozilla/5.0 (compatible; MJ12bot/v1.4.8; http://mj12bot.com/)"
149.202.65.183 - - [20/May/2025:17:11:24 +0700] "GET /core/vendor/phpdocumentor/?C=N;O=A HTTP/1.1" 200 1208 "-" "Mozilla/5.0 (compatible; MJ12bot/v1.4.8; http://mj12bot.com/)"
51.75.116.205 - - [20/May/2025:17:11:27 +0700] "GET /core/database/?filesrc=/home/masbinta/public_html/core/database/migrations/2021_10_12_144919_add_popular_to_product_categories_table.php&path=/home/masbinta/public_html/core/database/migrations HTTP/1.1" 200 6442 "-" "Mozilla/5.0 (compatible; MJ12bot/v1.4.8; http://mj12bot.com/)"
149.202.65.183 - - [20/May/2025:17:11:28 +0700] "GET /core/vendor/phpdocumentor/?C=S;O=D HTTP/1.1" 200 1208 "-" "Mozilla/5.0 (compatible; MJ12bot/v1.4.8; http://mj12bot.com/)"
51.75.116.205 - - [20/May/2025:17:11:31 +0700] "GET /core/database/?filesrc=/home/masbinta/public_html/core/database/migrations/2021_10_15_154634_create_extra_visibilities_table.php&path=/home/masbinta/public_html/core/database/migrations HTTP/1.1" 200 8088 "-" "Mozilla/5.0 (compatible; MJ12bot/v1.4.8; http://mj12bot.com/)"
149.202.65.183 - - [20/May/2025:17:11:31 +0700] "GET /core/vendor/phpdocumentor/reflection-common/?C=D;O=A HTTP/1.1" 200 1230 "-" "Mozilla/5.0 (compatible; MJ12bot/v1.4.8; http://mj12bot.com/)"
51.75.116.205 - - [20/May/2025:17:11:34 +0700] "GET /core/database/?filesrc=/home/masbinta/public_html/core/database/migrations/2021_10_21_093224_add_currency_direction_to_settings_table.php&path=/home/masbinta/public_html/core/database/migrations HTTP/1.1" 200 6375 "-" "Mozilla/5.0 (compatible; MJ12bot/v1.4.8; http://mj12bot.com/)"
149.202.65.183 - - [20/May/2025:17:11:34 +0700] "GET /core/vendor/phpdocumentor/reflection-common/?C=M;O=A HTTP/1.1" 200 1230 "-" "Mozilla/5.0 (compatible; MJ12bot/v1.4.8; http://mj12bot.com/)"
51.75.116.205 - - [20/May/2025:17:11:37 +0700] "GET /core/database/?filesrc=/home/masbinta/public_html/core/database/migrations/index.php&path=/home/masbinta/public_html/core/database/migrations HTTP/1.1" 200 57024 "-" "Mozilla/5.0 (compatible; MJ12bot/v1.4.8; http://mj12bot.com/)"
149.202.65.183 - - [20/May/2025:17:11:38 +0700] "GET /core/vendor/phpdocumentor/reflection-common/?C=N;O=D HTTP/1.1" 200 1230 "-" "Mozilla/5.0 (compatible; MJ12bot/v1.4.8; http://mj12bot.com/)"
149.202.65.183 - - [20/May/2025:17:11:41 +0700] "GET /core/vendor/phpdocumentor/reflection-common/?C=S;O=A HTTP/1.1" 200 1230 "-" "Mozilla/5.0 (compatible; MJ12bot/v1.4.8; http://mj12bot.com/)"
51.75.116.205 - - [20/May/2025:17:11:42 +0700] "GET /core/database/?filesrc=/home/masbinta/public_html/core/database/migrations/server.php&path=/home/masbinta/public_html/core/database/migrations HTTP/1.1" 200 5573 "-" "Mozilla/5.0 (compatible; MJ12bot/v1.4.8; http://mj12bot.com/)"
149.202.65.183 - - [20/May/2025:17:11:45 +0700] "GET /core/vendor/phpdocumentor/reflection-common/LICENSE HTTP/1.1" 200 - "-" "Mozilla/5.0 (compatible; MJ12bot/v1.4.8; http://mj12bot.com/)"
51.75.116.205 - - [20/May/2025:17:11:45 +0700] "GET /core/database/?filesrc=/home/masbinta/public_html/core/package-lock.json&path=/home/masbinta/public_html/core HTTP/1.1" 200 1274889 "-" "Mozilla/5.0 (compatible; MJ12bot/v1.4.8; http://mj12bot.com/)"
51.75.116.205 - - [20/May/2025:17:11:52 +0700] "GET /core/database/?filesrc=/home/masbinta/public_html/core/package.json&path=/home/masbinta/public_html/core HTTP/1.1" 200 6716 "-" "Mozilla/5.0 (compatible; MJ12bot/v1.4.8; http://mj12bot.com/)"
51.75.116.205 - - [20/May/2025:17:11:56 +0700] "GET /core/database/?filesrc=/home/masbinta/public_html/core/phpunit.xml&path=/home/masbinta/public_html/core HTTP/1.1" 200 6069 "-" "Mozilla/5.0 (compatible; MJ12bot/v1.4.8; http://mj12bot.com/)"
51.75.116.205 - - [20/May/2025:17:11:59 +0700] "GET /core/database/?filesrc=/home/masbinta/public_html/core/readme.md&path=/home/masbinta/public_html/core HTTP/1.1" 200 5339 "-" "Mozilla/5.0 (compatible; MJ12bot/v1.4.8; http://mj12bot.com/)"
51.75.116.205 - - [20/May/2025:17:12:03 +0700] "GET /core/database/?filesrc=/home/masbinta/public_html/core/server.php&path=/home/masbinta/public_html/core HTTP/1.1" 200 5940 "-" "Mozilla/5.0 (compatible; MJ12bot/v1.4.8; http://mj12bot.com/)"
51.75.116.205 - - [20/May/2025:17:12:06 +0700] "GET /core/database/?filesrc=/home/masbinta/public_html/core/webpack.mix.js&path=/home/masbinta/public_html/core HTTP/1.1" 200 5992 "-" "Mozilla/5.0 (compatible; MJ12bot/v1.4.8; http://mj12bot.com/)"
51.75.116.205 - - [20/May/2025:17:12:10 +0700] "GET /core/database/?filesrc=/home/masbinta/public_html/ixu.txt&path=/home/masbinta/public_html HTTP/1.1" 200 5261 "-" "Mozilla/5.0 (compatible; MJ12bot/v1.4.8; http://mj12bot.com/)"
51.75.116.205 - - [20/May/2025:17:12:13 +0700] "GET /core/database/?filesrc=/home/masbinta/public_html/masbintang.com.05e0c8.tmp.jpg&path=/home/masbinta/public_html HTTP/1.1" 200 23498 "-" "Mozilla/5.0 (compatible; MJ12bot/v1.4.8; http://mj12bot.com/)"
104.234.114.162 - - [20/May/2025:17:12:17 +0700] "GET /vendor/phpunit/phpunit/src/Util/PHP/eval-stdin.php HTTP/1.1" 404 - "-" "python-requests/2.25.1"
51.75.116.205 - - [20/May/2025:17:12:17 +0700] "GET /core/database/?filesrc=/home/masbinta/public_html/masbintang.zip&path=/home/masbinta/public_html HTTP/1.1" 200 4452 "-" "Mozilla/5.0 (compatible; MJ12bot/v1.4.8; http://mj12bot.com/)"
51.75.116.205 - - [20/May/2025:17:12:22 +0700] "GET /core/database/?filesrc=/home/masbinta/public_html/php.ini&path=/home/masbinta/public_html HTTP/1.1" 200 5916 "-" "Mozilla/5.0 (compatible; MJ12bot/v1.4.8; http://mj12bot.com/)"
51.75.116.205 - - [20/May/2025:17:12:30 +0700] "GET /core/database/?path=/home/masbinta/.koality&aksi=buatfile HTTP/1.1" 200 5574 "-" "Mozilla/5.0 (compatible; MJ12bot/v1.4.8; http://mj12bot.com/)"
51.75.116.205 - - [20/May/2025:17:12:34 +0700] "GET /core/database/?path=/home/masbinta/.koality&aksi=buatfolder HTTP/1.1" 200 5461 "-" "Mozilla/5.0 (compatible; MJ12bot/v1.4.8; http://mj12bot.com/)"
51.75.116.205 - - [20/May/2025:17:12:37 +0700] "GET /core/database/?path=/home/masbinta/.koality&aksi=ransom HTTP/1.1" 200 5574 "-" "Mozilla/5.0 (compatible; MJ12bot/v1.4.8; http://mj12bot.com/)"
51.75.116.205 - - [20/May/2025:17:12:40 +0700] "GET /core/database/?path=/home/masbinta/.razor&aksi=buatfile HTTP/1.1" 200 13164 "-" "Mozilla/5.0 (compatible; MJ12bot/v1.4.8; http://mj12bot.com/)"
51.75.116.205 - - [20/May/2025:17:12:44 +0700] "GET /core/database/?path=/home/masbinta/.razor&aksi=buatfolder HTTP/1.1" 200 5451 "-" "Mozilla/5.0 (compatible; MJ12bot/v1.4.8; http://mj12bot.com/)"
51.75.116.205 - - [20/May/2025:17:12:47 +0700] "GET /core/database/?path=/home/masbinta/.razor&aksi=ransom HTTP/1.1" 200 13164 "-" "Mozilla/5.0 (compatible; MJ12bot/v1.4.8; http://mj12bot.com/)"
51.75.116.205 - - [20/May/2025:17:12:51 +0700] "GET /core/database/?path=/home/masbinta/.softaculous&aksi=buatfile HTTP/1.1" 200 10439 "-" "Mozilla/5.0 (compatible; MJ12bot/v1.4.8; http://mj12bot.com/)"
51.75.116.205 - - [20/May/2025:17:12:54 +0700] "GET /core/database/?path=/home/masbinta/.softaculous&aksi=buatfolder HTTP/1.1" 200 5481 "-" "Mozilla/5.0 (compatible; MJ12bot/v1.4.8; http://mj12bot.com/)"
51.75.116.205 - - [20/May/2025:17:12:57 +0700] "GET /core/database/?path=/home/masbinta/.softaculous&aksi=ransom HTTP/1.1" 200 10439 "-" "Mozilla/5.0 (compatible; MJ12bot/v1.4.8; http://mj12bot.com/)"
51.75.116.205 - - [20/May/2025:17:13:01 +0700] "GET /core/database/?path=/home/masbinta/.softaculous/sess HTTP/1.1" 200 5667 "-" "Mozilla/5.0 (compatible; MJ12bot/v1.4.8; http://mj12bot.com/)"
51.75.116.205 - - [20/May/2025:17:13:04 +0700] "GET /core/database/?path=/home/masbinta/.softaculous/status HTTP/1.1" 200 5677 "-" "Mozilla/5.0 (compatible; MJ12bot/v1.4.8; http://mj12bot.com/)"
51.75.116.205 - - [20/May/2025:17:13:08 +0700] "GET /core/database/?path=/home/masbinta/.softaculous/tmp HTTP/1.1" 200 5662 "-" "Mozilla/5.0 (compatible; MJ12bot/v1.4.8; http://mj12bot.com/)"
51.75.116.205 - - [20/May/2025:17:13:19 +0700] "GET /core/database/?path=/home/masbinta/mail&aksi=buatfile HTTP/1.1" 200 33498 "-" "Mozilla/5.0 (compatible; MJ12bot/v1.4.8; http://mj12bot.com/)"
51.75.116.205 - - [20/May/2025:17:13:22 +0700] "GET /core/database/?path=/home/masbinta/mail&aksi=buatfolder HTTP/1.1" 200 5441 "-" "Mozilla/5.0 (compatible; MJ12bot/v1.4.8; http://mj12bot.com/)"
43.130.102.7 - - [20/May/2025:17:14:40 +0700] "GET / HTTP/1.1" 200 2235 "-" "Mozilla/5.0 (iPhone; CPU iPhone OS 13_2_3 like Mac OS X) AppleWebKit/605.1.15 (KHTML, like Gecko) Version/13.0.3 Mobile/15E148 Safari/604.1"
104.210.140.134 - - [20/May/2025:17:42:33 +0700] "GET /robots.txt HTTP/1.1" 404 - "-" "Mozilla/5.0 (Macintosh; Intel Mac OS X 10_15_7) AppleWebKit/537.36 (KHTML, like Gecko) Chrome/131.0.0.0 Safari/537.36; compatible; OAI-SearchBot/1.0; +https://openai.com/searchbot"
104.210.140.142 - - [20/May/2025:18:40:10 +0700] "GET /robots.txt HTTP/1.1" 404 - "-" "Mozilla/5.0 (Macintosh; Intel Mac OS X 10_15_7) AppleWebKit/537.36 (KHTML, like Gecko) Chrome/131.0.0.0 Safari/537.36; compatible; OAI-SearchBot/1.0; +https://openai.com/searchbot"
195.201.199.99 - - [20/May/2025:19:11:12 +0700] "GET /robots.txt HTTP/1.1" 404 - "-" "Mozilla/5.0 (compatible; MJ12bot/v1.4.8; http://mj12bot.com/)"
195.201.199.99 - - [20/May/2025:19:11:14 +0700] "GET /core/vendor/phpdocumentor/reflection-common/composer.json HTTP/1.1" 200 1330 "-" "Mozilla/5.0 (compatible; MJ12bot/v1.4.8; http://mj12bot.com/)"
195.201.199.99 - - [20/May/2025:19:11:17 +0700] "GET /core/vendor/phpdocumentor/reflection-docblock/?C=D;O=A HTTP/1.1" 200 1447 "-" "Mozilla/5.0 (compatible; MJ12bot/v1.4.8; http://mj12bot.com/)"
195.201.199.99 - - [20/May/2025:19:11:20 +0700] "GET /core/vendor/phpdocumentor/reflection-docblock/?C=M;O=A HTTP/1.1" 200 1447 "-" "Mozilla/5.0 (compatible; MJ12bot/v1.4.8; http://mj12bot.com/)"
195.201.199.99 - - [20/May/2025:19:11:24 +0700] "GET /core/vendor/phpdocumentor/reflection-docblock/?C=N;O=D HTTP/1.1" 200 1447 "-" "Mozilla/5.0 (compatible; MJ12bot/v1.4.8; http://mj12bot.com/)"
195.201.199.99 - - [20/May/2025:19:11:27 +0700] "GET /core/vendor/phpdocumentor/reflection-docblock/?C=S;O=A HTTP/1.1" 200 1447 "-" "Mozilla/5.0 (compatible; MJ12bot/v1.4.8; http://mj12bot.com/)"
195.201.199.99 - - [20/May/2025:19:11:31 +0700] "GET /core/vendor/phpdocumentor/reflection-docblock/LICENSE HTTP/1.1" 200 - "-" "Mozilla/5.0 (compatible; MJ12bot/v1.4.8; http://mj12bot.com/)"
195.201.199.99 - - [20/May/2025:19:11:34 +0700] "GET /core/vendor/phpdocumentor/reflection-docblock/RequiredOptionArgumentMissingException.php HTTP/1.1" 500 - "-" "Mozilla/5.0 (compatible; MJ12bot/v1.4.8; http://mj12bot.com/)"
195.201.199.99 - - [20/May/2025:19:11:38 +0700] "GET /core/vendor/phpdocumentor/reflection-docblock/composer.json HTTP/1.1" 200 1330 "-" "Mozilla/5.0 (compatible; MJ12bot/v1.4.8; http://mj12bot.com/)"
195.201.199.99 - - [20/May/2025:19:11:42 +0700] "GET /core/vendor/phpdocumentor/type-resolver/?C=D;O=A HTTP/1.1" 200 1222 "-" "Mozilla/5.0 (compatible; MJ12bot/v1.4.8; http://mj12bot.com/)"
195.201.199.99 - - [20/May/2025:19:11:46 +0700] "GET /core/vendor/phpdocumentor/type-resolver/?C=M;O=A HTTP/1.1" 200 1222 "-" "Mozilla/5.0 (compatible; MJ12bot/v1.4.8; http://mj12bot.com/)"
195.201.199.99 - - [20/May/2025:19:11:49 +0700] "GET /core/vendor/phpdocumentor/type-resolver/?C=N;O=D HTTP/1.1" 200 1222 "-" "Mozilla/5.0 (compatible; MJ12bot/v1.4.8; http://mj12bot.com/)"
195.201.199.99 - - [20/May/2025:19:11:52 +0700] "GET /core/vendor/phpdocumentor/type-resolver/?C=S;O=A HTTP/1.1" 200 1222 "-" "Mozilla/5.0 (compatible; MJ12bot/v1.4.8; http://mj12bot.com/)"
195.201.199.99 - - [20/May/2025:19:11:56 +0700] "GET /core/vendor/phpdocumentor/type-resolver/LICENSE HTTP/1.1" 200 1080 "-" "Mozilla/5.0 (compatible; MJ12bot/v1.4.8; http://mj12bot.com/)"
195.201.199.99 - - [20/May/2025:19:11:59 +0700] "GET /core/vendor/phpdocumentor/type-resolver/composer.json HTTP/1.1" 200 827 "-" "Mozilla/5.0 (compatible; MJ12bot/v1.4.8; http://mj12bot.com/)"
195.201.199.99 - - [20/May/2025:19:12:03 +0700] "GET /core/vendor/phpmailer/?C=D;O=D HTTP/1.1" 200 822 "-" "Mozilla/5.0 (compatible; MJ12bot/v1.4.8; http://mj12bot.com/)"
195.201.199.99 - - [20/May/2025:19:12:06 +0700] "GET /core/vendor/phpmailer/?C=M;O=D HTTP/1.1" 200 822 "-" "Mozilla/5.0 (compatible; MJ12bot/v1.4.8; http://mj12bot.com/)"
195.201.199.99 - - [20/May/2025:19:12:10 +0700] "GET /core/vendor/phpmailer/?C=N;O=A HTTP/1.1" 200 822 "-" "Mozilla/5.0 (compatible; MJ12bot/v1.4.8; http://mj12bot.com/)"
195.201.199.99 - - [20/May/2025:19:12:13 +0700] "GET /core/vendor/phpmailer/?C=S;O=D HTTP/1.1" 200 822 "-" "Mozilla/5.0 (compatible; MJ12bot/v1.4.8; http://mj12bot.com/)"
195.201.199.99 - - [20/May/2025:19:12:16 +0700] "GET /core/vendor/phpmailer/phpmailer/?C=D;O=A HTTP/1.1" 200 2098 "-" "Mozilla/5.0 (compatible; MJ12bot/v1.4.8; http://mj12bot.com/)"
195.201.199.99 - - [20/May/2025:19:12:20 +0700] "GET /core/vendor/phpmailer/phpmailer/?C=M;O=A HTTP/1.1" 200 2098 "-" "Mozilla/5.0 (compatible; MJ12bot/v1.4.8; http://mj12bot.com/)"
195.201.199.99 - - [20/May/2025:19:12:23 +0700] "GET /core/vendor/phpmailer/phpmailer/?C=N;O=D HTTP/1.1" 200 2098 "-" "Mozilla/5.0 (compatible; MJ12bot/v1.4.8; http://mj12bot.com/)"
195.201.199.99 - - [20/May/2025:19:12:27 +0700] "GET /core/vendor/phpmailer/phpmailer/?C=S;O=A HTTP/1.1" 200 2098 "-" "Mozilla/5.0 (compatible; MJ12bot/v1.4.8; http://mj12bot.com/)"
195.201.199.99 - - [20/May/2025:19:12:31 +0700] "GET /core/vendor/phpmailer/phpmailer/COMMITMENT HTTP/1.1" 200 2092 "-" "Mozilla/5.0 (compatible; MJ12bot/v1.4.8; http://mj12bot.com/)"
195.201.199.99 - - [20/May/2025:19:12:34 +0700] "GET /core/vendor/phpmailer/phpmailer/LICENSE HTTP/1.1" 200 - "-" "Mozilla/5.0 (compatible; MJ12bot/v1.4.8; http://mj12bot.com/)"
195.201.199.99 - - [20/May/2025:19:12:37 +0700] "GET /core/vendor/phpmailer/phpmailer/SECURITY.md HTTP/1.1" 200 7584 "-" "Mozilla/5.0 (compatible; MJ12bot/v1.4.8; http://mj12bot.com/)"
195.201.199.99 - - [20/May/2025:19:12:41 +0700] "GET /core/vendor/phpmailer/phpmailer/VERSION HTTP/1.1" 200 5 "-" "Mozilla/5.0 (compatible; MJ12bot/v1.4.8; http://mj12bot.com/)"
195.201.199.99 - - [20/May/2025:19:12:45 +0700] "GET /core/vendor/phpmailer/phpmailer/composer.json HTTP/1.1" 200 2356 "-" "Mozilla/5.0 (compatible; MJ12bot/v1.4.8; http://mj12bot.com/)"
195.201.199.99 - - [20/May/2025:19:12:48 +0700] "GET /core/vendor/phpmailer/phpmailer/get_oauth_token.php HTTP/1.1" 200 215 "-" "Mozilla/5.0 (compatible; MJ12bot/v1.4.8; http://mj12bot.com/)"
195.201.199.99 - - [20/May/2025:19:12:52 +0700] "GET /core/vendor/phpoption/?C=D;O=D HTTP/1.1" 200 822 "-" "Mozilla/5.0 (compatible; MJ12bot/v1.4.8; http://mj12bot.com/)"
195.201.199.99 - - [20/May/2025:19:12:55 +0700] "GET /core/vendor/phpoption/?C=M;O=D HTTP/1.1" 200 822 "-" "Mozilla/5.0 (compatible; MJ12bot/v1.4.8; http://mj12bot.com/)"
195.201.199.99 - - [20/May/2025:19:12:59 +0700] "GET /core/vendor/phpoption/?C=N;O=A HTTP/1.1" 200 822 "-" "Mozilla/5.0 (compatible; MJ12bot/v1.4.8; http://mj12bot.com/)"
195.201.199.99 - - [20/May/2025:19:13:02 +0700] "GET /core/vendor/phpoption/?C=S;O=D HTTP/1.1" 200 822 "-" "Mozilla/5.0 (compatible; MJ12bot/v1.4.8; http://mj12bot.com/)"
195.201.199.99 - - [20/May/2025:19:13:06 +0700] "GET /core/vendor/phpoption/phpoption/?C=D;O=A HTTP/1.1" 200 1378 "-" "Mozilla/5.0 (compatible; MJ12bot/v1.4.8; http://mj12bot.com/)"
195.201.199.99 - - [20/May/2025:19:13:09 +0700] "GET /core/vendor/phpoption/phpoption/?C=M;O=A HTTP/1.1" 200 1378 "-" "Mozilla/5.0 (compatible; MJ12bot/v1.4.8; http://mj12bot.com/)"
195.201.199.99 - - [20/May/2025:19:13:13 +0700] "GET /core/vendor/phpoption/phpoption/?C=N;O=D HTTP/1.1" 200 1378 "-" "Mozilla/5.0 (compatible; MJ12bot/v1.4.8; http://mj12bot.com/)"
195.201.199.99 - - [20/May/2025:19:13:16 +0700] "GET /core/vendor/phpoption/phpoption/?C=S;O=A HTTP/1.1" 200 1378 "-" "Mozilla/5.0 (compatible; MJ12bot/v1.4.8; http://mj12bot.com/)"
195.201.199.99 - - [20/May/2025:19:13:20 +0700] "GET /core/vendor/phpoption/phpoption/LICENSE HTTP/1.1" 200 - "-" "Mozilla/5.0 (compatible; MJ12bot/v1.4.8; http://mj12bot.com/)"
195.201.199.99 - - [20/May/2025:19:13:24 +0700] "GET /core/vendor/phpoption/phpoption/Makefile HTTP/1.1" 200 1659 "-" "Mozilla/5.0 (compatible; MJ12bot/v1.4.8; http://mj12bot.com/)"
195.201.199.99 - - [20/May/2025:19:13:27 +0700] "GET /core/vendor/phpoption/phpoption/composer.json HTTP/1.1" 200 1330 "-" "Mozilla/5.0 (compatible; MJ12bot/v1.4.8; http://mj12bot.com/)"
195.201.199.99 - - [20/May/2025:19:13:31 +0700] "GET /core/vendor/phpspec/?C=D;O=D HTTP/1.1" 200 817 "-" "Mozilla/5.0 (compatible; MJ12bot/v1.4.8; http://mj12bot.com/)"
195.201.199.99 - - [20/May/2025:19:13:34 +0700] "GET /core/vendor/phpspec/?C=M;O=D HTTP/1.1" 200 817 "-" "Mozilla/5.0 (compatible; MJ12bot/v1.4.8; http://mj12bot.com/)"
195.201.199.99 - - [20/May/2025:19:13:38 +0700] "GET /core/vendor/phpspec/?C=N;O=A HTTP/1.1" 200 817 "-" "Mozilla/5.0 (compatible; MJ12bot/v1.4.8; http://mj12bot.com/)"
195.201.199.99 - - [20/May/2025:19:13:41 +0700] "GET /core/vendor/phpspec/?C=S;O=D HTTP/1.1" 200 817 "-" "Mozilla/5.0 (compatible; MJ12bot/v1.4.8; http://mj12bot.com/)"
195.201.199.99 - - [20/May/2025:19:13:45 +0700] "GET /core/vendor/phpspec/prophecy/?C=D;O=A HTTP/1.1" 200 1938 "-" "Mozilla/5.0 (compatible; MJ12bot/v1.4.8; http://mj12bot.com/)"
195.201.199.99 - - [20/May/2025:19:13:48 +0700] "GET /core/vendor/phpspec/prophecy/?C=M;O=A HTTP/1.1" 200 1938 "-" "Mozilla/5.0 (compatible; MJ12bot/v1.4.8; http://mj12bot.com/)"
195.201.199.99 - - [20/May/2025:19:13:52 +0700] "GET /core/vendor/phpspec/prophecy/?C=N;O=D HTTP/1.1" 200 1938 "-" "Mozilla/5.0 (compatible; MJ12bot/v1.4.8; http://mj12bot.com/)"
195.201.199.99 - - [20/May/2025:19:13:55 +0700] "GET /core/vendor/phpspec/prophecy/?C=S;O=A HTTP/1.1" 200 1938 "-" "Mozilla/5.0 (compatible; MJ12bot/v1.4.8; http://mj12bot.com/)"
195.201.199.99 - - [20/May/2025:19:13:59 +0700] "GET /core/vendor/phpspec/prophecy/CHANGES.md HTTP/1.1" 200 11501 "-" "Mozilla/5.0 (compatible; MJ12bot/v1.4.8; http://mj12bot.com/)"
195.201.199.99 - - [20/May/2025:19:14:02 +0700] "GET /core/vendor/phpspec/prophecy/Exception.php HTTP/1.1" 200 - "-" "Mozilla/5.0 (compatible; MJ12bot/v1.4.8; http://mj12bot.com/)"
195.201.199.99 - - [20/May/2025:19:14:06 +0700] "GET /core/vendor/phpspec/prophecy/InvalidSignatureException.php HTTP/1.1" 200 - "-" "Mozilla/5.0 (compatible; MJ12bot/v1.4.8; http://mj12bot.com/)"
195.201.199.99 - - [20/May/2025:19:14:10 +0700] "GET /core/vendor/phpspec/prophecy/LICENSE HTTP/1.1" 200 - "-" "Mozilla/5.0 (compatible; MJ12bot/v1.4.8; http://mj12bot.com/)"
195.201.199.99 - - [20/May/2025:19:14:13 +0700] "GET /core/vendor/phpspec/prophecy/NodeExtension.php HTTP/1.1" 500 - "-" "Mozilla/5.0 (compatible; MJ12bot/v1.4.8; http://mj12bot.com/)"
195.201.199.99 - - [20/May/2025:19:14:17 +0700] "GET /core/vendor/phpspec/prophecy/composer.json HTTP/1.1" 200 1345 "-" "Mozilla/5.0 (compatible; MJ12bot/v1.4.8; http://mj12bot.com/)"
195.201.199.99 - - [20/May/2025:19:14:21 +0700] "GET /core/vendor/phpunit/?C=D;O=D HTTP/1.1" 200 1732 "-" "Mozilla/5.0 (compatible; MJ12bot/v1.4.8; http://mj12bot.com/)"
195.201.199.99 - - [20/May/2025:19:14:25 +0700] "GET /core/vendor/phpunit/?C=M;O=D HTTP/1.1" 200 1732 "-" "Mozilla/5.0 (compatible; MJ12bot/v1.4.8; http://mj12bot.com/)"
195.201.199.99 - - [20/May/2025:19:14:28 +0700] "GET /core/vendor/phpunit/?C=N;O=A HTTP/1.1" 200 1732 "-" "Mozilla/5.0 (compatible; MJ12bot/v1.4.8; http://mj12bot.com/)"
195.201.199.99 - - [20/May/2025:19:14:32 +0700] "GET /core/vendor/phpunit/?C=S;O=D HTTP/1.1" 200 1732 "-" "Mozilla/5.0 (compatible; MJ12bot/v1.4.8; http://mj12bot.com/)"
195.201.199.99 - - [20/May/2025:19:14:35 +0700] "GET /core/vendor/phpunit/php-code-coverage/?C=D;O=A HTTP/1.1" 200 1392 "-" "Mozilla/5.0 (compatible; MJ12bot/v1.4.8; http://mj12bot.com/)"
195.201.199.99 - - [20/May/2025:19:14:39 +0700] "GET /core/vendor/phpunit/php-code-coverage/?C=M;O=A HTTP/1.1" 200 1392 "-" "Mozilla/5.0 (compatible; MJ12bot/v1.4.8; http://mj12bot.com/)"
195.201.199.99 - - [20/May/2025:19:14:43 +0700] "GET /core/vendor/phpunit/php-code-coverage/?C=N;O=D HTTP/1.1" 200 1392 "-" "Mozilla/5.0 (compatible; MJ12bot/v1.4.8; http://mj12bot.com/)"
195.201.199.99 - - [20/May/2025:19:14:46 +0700] "GET /core/vendor/phpunit/php-code-coverage/?C=S;O=A HTTP/1.1" 200 1392 "-" "Mozilla/5.0 (compatible; MJ12bot/v1.4.8; http://mj12bot.com/)"
195.201.199.99 - - [20/May/2025:19:14:50 +0700] "GET /core/vendor/phpunit/php-code-coverage/ChangeLog.md HTTP/1.1" 200 18226 "-" "Mozilla/5.0 (compatible; MJ12bot/v1.4.8; http://mj12bot.com/)"
195.201.199.99 - - [20/May/2025:19:14:54 +0700] "GET /core/vendor/phpunit/php-code-coverage/LICENSE HTTP/1.1" 200 - "-" "Mozilla/5.0 (compatible; MJ12bot/v1.4.8; http://mj12bot.com/)"
195.201.199.99 - - [20/May/2025:19:14:57 +0700] "GET /core/vendor/phpunit/php-code-coverage/composer.json HTTP/1.1" 200 1793 "-" "Mozilla/5.0 (compatible; MJ12bot/v1.4.8; http://mj12bot.com/)"
195.201.199.99 - - [20/May/2025:19:15:01 +0700] "GET /core/vendor/phpunit/php-file-iterator/?C=D;O=A HTTP/1.1" 200 1392 "-" "Mozilla/5.0 (compatible; MJ12bot/v1.4.8; http://mj12bot.com/)"
195.201.199.99 - - [20/May/2025:19:15:04 +0700] "GET /core/vendor/phpunit/php-file-iterator/?C=M;O=A HTTP/1.1" 200 1392 "-" "Mozilla/5.0 (compatible; MJ12bot/v1.4.8; http://mj12bot.com/)"
195.201.199.99 - - [20/May/2025:19:15:08 +0700] "GET /core/vendor/phpunit/php-file-iterator/?C=N;O=D HTTP/1.1" 200 1392 "-" "Mozilla/5.0 (compatible; MJ12bot/v1.4.8; http://mj12bot.com/)"
195.201.199.99 - - [20/May/2025:19:15:11 +0700] "GET /core/vendor/phpunit/php-file-iterator/?C=S;O=A HTTP/1.1" 200 1392 "-" "Mozilla/5.0 (compatible; MJ12bot/v1.4.8; http://mj12bot.com/)"
195.201.199.99 - - [20/May/2025:19:15:15 +0700] "GET /core/vendor/phpunit/php-file-iterator/ChangeLog.md HTTP/1.1" 200 4756 "-" "Mozilla/5.0 (compatible; MJ12bot/v1.4.8; http://mj12bot.com/)"
195.201.199.99 - - [20/May/2025:19:15:18 +0700] "GET /core/vendor/phpunit/php-file-iterator/LICENSE HTTP/1.1" 200 - "-" "Mozilla/5.0 (compatible; MJ12bot/v1.4.8; http://mj12bot.com/)"
195.201.199.99 - - [20/May/2025:19:15:21 +0700] "GET /core/vendor/phpunit/php-file-iterator/composer.json HTTP/1.1" 200 1059 "-" "Mozilla/5.0 (compatible; MJ12bot/v1.4.8; http://mj12bot.com/)"
195.201.199.99 - - [20/May/2025:19:15:25 +0700] "GET /core/vendor/phpunit/php-invoker/?C=D;O=A HTTP/1.1" 200 1380 "-" "Mozilla/5.0 (compatible; MJ12bot/v1.4.8; http://mj12bot.com/)"
195.201.199.99 - - [20/May/2025:19:15:28 +0700] "GET /core/vendor/phpunit/php-invoker/?C=M;O=A HTTP/1.1" 200 1380 "-" "Mozilla/5.0 (compatible; MJ12bot/v1.4.8; http://mj12bot.com/)"
195.201.199.99 - - [20/May/2025:19:15:32 +0700] "GET /core/vendor/phpunit/php-invoker/?C=N;O=D HTTP/1.1" 200 1380 "-" "Mozilla/5.0 (compatible; MJ12bot/v1.4.8; http://mj12bot.com/)"
195.201.199.99 - - [20/May/2025:19:15:35 +0700] "GET /core/vendor/phpunit/php-invoker/?C=S;O=A HTTP/1.1" 200 1380 "-" "Mozilla/5.0 (compatible; MJ12bot/v1.4.8; http://mj12bot.com/)"
195.201.199.99 - - [20/May/2025:19:15:39 +0700] "GET /core/vendor/phpunit/php-invoker/ChangeLog.md HTTP/1.1" 200 1478 "-" "Mozilla/5.0 (compatible; MJ12bot/v1.4.8; http://mj12bot.com/)"
195.201.199.99 - - [20/May/2025:19:15:43 +0700] "GET /core/vendor/phpunit/php-invoker/LICENSE HTTP/1.1" 200 - "-" "Mozilla/5.0 (compatible; MJ12bot/v1.4.8; http://mj12bot.com/)"
195.201.199.99 - - [20/May/2025:19:15:46 +0700] "GET /core/vendor/phpunit/php-invoker/composer.json HTTP/1.1" 200 1330 "-" "Mozilla/5.0 (compatible; MJ12bot/v1.4.8; http://mj12bot.com/)"
195.201.199.99 - - [20/May/2025:19:15:49 +0700] "GET /core/vendor/phpunit/php-text-template/?C=D;O=D HTTP/1.1" 200 1392 "-" "Mozilla/5.0 (compatible; MJ12bot/v1.4.8; http://mj12bot.com/)"
195.201.199.99 - - [20/May/2025:19:15:53 +0700] "GET /core/vendor/phpunit/php-text-template/?C=M;O=D HTTP/1.1" 200 1392 "-" "Mozilla/5.0 (compatible; MJ12bot/v1.4.8; http://mj12bot.com/)"
195.201.199.99 - - [20/May/2025:19:15:56 +0700] "GET /core/vendor/phpunit/php-text-template/?C=N;O=A HTTP/1.1" 200 1392 "-" "Mozilla/5.0 (compatible; MJ12bot/v1.4.8; http://mj12bot.com/)"
195.201.199.99 - - [20/May/2025:19:16:00 +0700] "GET /core/vendor/phpunit/php-text-template/?C=S;O=D HTTP/1.1" 200 1392 "-" "Mozilla/5.0 (compatible; MJ12bot/v1.4.8; http://mj12bot.com/)"
195.201.199.99 - - [20/May/2025:19:16:03 +0700] "GET /core/vendor/phpunit/php-timer/?C=D;O=D HTTP/1.1" 200 1376 "-" "Mozilla/5.0 (compatible; MJ12bot/v1.4.8; http://mj12bot.com/)"
195.201.199.99 - - [20/May/2025:19:16:07 +0700] "GET /core/vendor/phpunit/php-timer/?C=M;O=D HTTP/1.1" 200 1376 "-" "Mozilla/5.0 (compatible; MJ12bot/v1.4.8; http://mj12bot.com/)"
195.201.199.99 - - [20/May/2025:19:16:10 +0700] "GET /core/vendor/phpunit/php-timer/?C=N;O=A HTTP/1.1" 200 1376 "-" "Mozilla/5.0 (compatible; MJ12bot/v1.4.8; http://mj12bot.com/)"
195.201.199.99 - - [20/May/2025:19:16:14 +0700] "GET /core/vendor/phpunit/php-timer/?C=S;O=D HTTP/1.1" 200 1376 "-" "Mozilla/5.0 (compatible; MJ12bot/v1.4.8; http://mj12bot.com/)"
195.201.199.99 - - [20/May/2025:19:16:17 +0700] "GET /core/vendor/phpunit/phpunit/?C=D;O=D HTTP/1.1" 200 2089 "-" "Mozilla/5.0 (compatible; MJ12bot/v1.4.8; http://mj12bot.com/)"
195.201.199.99 - - [20/May/2025:19:16:21 +0700] "GET /core/vendor/phpunit/phpunit/?C=M;O=D HTTP/1.1" 200 2089 "-" "Mozilla/5.0 (compatible; MJ12bot/v1.4.8; http://mj12bot.com/)"
195.201.199.99 - - [20/May/2025:19:16:24 +0700] "GET /core/vendor/phpunit/phpunit/?C=N;O=A HTTP/1.1" 200 2089 "-" "Mozilla/5.0 (compatible; MJ12bot/v1.4.8; http://mj12bot.com/)"
195.201.199.99 - - [20/May/2025:19:16:27 +0700] "GET /core/vendor/phpunit/phpunit/?C=S;O=D HTTP/1.1" 200 2089 "-" "Mozilla/5.0 (compatible; MJ12bot/v1.4.8; http://mj12bot.com/)"
195.201.199.99 - - [20/May/2025:19:16:31 +0700] "GET /core/vendor/psr/cache/?C=D;O=D HTTP/1.1" 200 1360 "-" "Mozilla/5.0 (compatible; MJ12bot/v1.4.8; http://mj12bot.com/)"
195.201.199.99 - - [20/May/2025:19:16:34 +0700] "GET /core/vendor/psr/cache/?C=M;O=D HTTP/1.1" 200 1360 "-" "Mozilla/5.0 (compatible; MJ12bot/v1.4.8; http://mj12bot.com/)"
195.201.199.99 - - [20/May/2025:19:16:38 +0700] "GET /core/vendor/psr/cache/?C=N;O=A HTTP/1.1" 200 1360 "-" "Mozilla/5.0 (compatible; MJ12bot/v1.4.8; http://mj12bot.com/)"
195.201.199.99 - - [20/May/2025:19:16:41 +0700] "GET /core/vendor/psr/cache/?C=S;O=D HTTP/1.1" 200 1360 "-" "Mozilla/5.0 (compatible; MJ12bot/v1.4.8; http://mj12bot.com/)"
195.201.199.99 - - [20/May/2025:19:16:44 +0700] "GET /core/vendor/psr/container/?C=D;O=D HTTP/1.1" 200 1585 "-" "Mozilla/5.0 (compatible; MJ12bot/v1.4.8; http://mj12bot.com/)"
195.201.199.99 - - [20/May/2025:19:16:48 +0700] "GET /core/vendor/psr/container/?C=M;O=D HTTP/1.1" 200 1585 "-" "Mozilla/5.0 (compatible; MJ12bot/v1.4.8; http://mj12bot.com/)"
195.201.199.99 - - [20/May/2025:19:16:51 +0700] "GET /core/vendor/psr/container/?C=N;O=A HTTP/1.1" 200 1585 "-" "Mozilla/5.0 (compatible; MJ12bot/v1.4.8; http://mj12bot.com/)"
195.201.199.99 - - [20/May/2025:19:16:55 +0700] "GET /core/vendor/psr/container/?C=S;O=D HTTP/1.1" 200 1585 "-" "Mozilla/5.0 (compatible; MJ12bot/v1.4.8; http://mj12bot.com/)"
195.201.199.99 - - [20/May/2025:19:17:04 +0700] "GET /core/vendor/psr/event-dispatcher/?C=N;O=A HTTP/1.1" 200 1198 "-" "Mozilla/5.0 (compatible; MJ12bot/v1.4.8; http://mj12bot.com/)"
195.201.199.99 - - [20/May/2025:19:17:08 +0700] "GET /core/vendor/psr/event-dispatcher/?C=S;O=D HTTP/1.1" 200 1198 "-" "Mozilla/5.0 (compatible; MJ12bot/v1.4.8; http://mj12bot.com/)"
195.201.199.99 - - [20/May/2025:19:17:11 +0700] "GET /core/vendor/psr/http-client/?C=D;O=D HTTP/1.1" 200 1368 "-" "Mozilla/5.0 (compatible; MJ12bot/v1.4.8; http://mj12bot.com/)"
195.201.199.99 - - [20/May/2025:19:17:15 +0700] "GET /core/vendor/psr/http-client/?C=M;O=D HTTP/1.1" 200 1368 "-" "Mozilla/5.0 (compatible; MJ12bot/v1.4.8; http://mj12bot.com/)"
195.201.199.99 - - [20/May/2025:19:17:18 +0700] "GET /core/vendor/psr/http-client/?C=N;O=A HTTP/1.1" 200 1368 "-" "Mozilla/5.0 (compatible; MJ12bot/v1.4.8; http://mj12bot.com/)"
195.201.199.99 - - [20/May/2025:19:17:22 +0700] "GET /core/vendor/psr/http-client/?C=S;O=D HTTP/1.1" 200 1368 "-" "Mozilla/5.0 (compatible; MJ12bot/v1.4.8; http://mj12bot.com/)"
195.201.199.99 - - [20/May/2025:19:17:25 +0700] "GET /core/vendor/psr/http-message/?C=D;O=D HTTP/1.1" 200 1771 "-" "Mozilla/5.0 (compatible; MJ12bot/v1.4.8; http://mj12bot.com/)"
195.201.199.99 - - [20/May/2025:19:17:29 +0700] "GET /core/vendor/psr/http-message/?C=M;O=D HTTP/1.1" 200 1771 "-" "Mozilla/5.0 (compatible; MJ12bot/v1.4.8; http://mj12bot.com/)"
195.201.199.99 - - [20/May/2025:19:17:32 +0700] "GET /core/vendor/psr/http-message/?C=N;O=A HTTP/1.1" 200 1771 "-" "Mozilla/5.0 (compatible; MJ12bot/v1.4.8; http://mj12bot.com/)"
195.201.199.99 - - [20/May/2025:19:17:36 +0700] "GET /core/vendor/psr/http-message/?C=S;O=D HTTP/1.1" 200 1771 "-" "Mozilla/5.0 (compatible; MJ12bot/v1.4.8; http://mj12bot.com/)"
195.201.199.99 - - [20/May/2025:19:17:40 +0700] "GET /core/vendor/psr/log/?C=D;O=D HTTP/1.1" 200 1385 "-" "Mozilla/5.0 (compatible; MJ12bot/v1.4.8; http://mj12bot.com/)"
195.201.199.99 - - [20/May/2025:19:17:43 +0700] "GET /core/vendor/psr/log/?C=M;O=D HTTP/1.1" 200 1385 "-" "Mozilla/5.0 (compatible; MJ12bot/v1.4.8; http://mj12bot.com/)"
195.201.199.99 - - [20/May/2025:19:17:47 +0700] "GET /core/vendor/psr/log/?C=N;O=A HTTP/1.1" 200 1385 "-" "Mozilla/5.0 (compatible; MJ12bot/v1.4.8; http://mj12bot.com/)"
195.201.199.99 - - [20/May/2025:19:17:50 +0700] "GET /core/vendor/psr/log/?C=S;O=D HTTP/1.1" 200 1385 "-" "Mozilla/5.0 (compatible; MJ12bot/v1.4.8; http://mj12bot.com/)"
195.201.199.99 - - [20/May/2025:19:17:54 +0700] "GET /core/vendor/psr/simple-cache/?C=D;O=D HTTP/1.1" 200 1193 "-" "Mozilla/5.0 (compatible; MJ12bot/v1.4.8; http://mj12bot.com/)"
195.201.199.99 - - [20/May/2025:19:17:58 +0700] "GET /core/vendor/psr/simple-cache/?C=M;O=D HTTP/1.1" 200 1193 "-" "Mozilla/5.0 (compatible; MJ12bot/v1.4.8; http://mj12bot.com/)"
195.201.199.99 - - [20/May/2025:19:17:59 +0700] "GET /core/vendor/psr/simple-cache/?C=N;O=A HTTP/1.1" 200 1193 "-" "Mozilla/5.0 (compatible; MJ12bot/v1.4.8; http://mj12bot.com/)"
195.201.199.99 - - [20/May/2025:19:18:03 +0700] "GET /core/vendor/psr/simple-cache/?C=S;O=D HTTP/1.1" 200 1193 "-" "Mozilla/5.0 (compatible; MJ12bot/v1.4.8; http://mj12bot.com/)"
195.201.199.99 - - [20/May/2025:19:18:07 +0700] "GET /core/vendor/psy/psysh/?C=D;O=D HTTP/1.1" 200 1348 "-" "Mozilla/5.0 (compatible; MJ12bot/v1.4.8; http://mj12bot.com/)"
195.201.199.99 - - [20/May/2025:19:18:11 +0700] "GET /core/vendor/psy/psysh/?C=M;O=D HTTP/1.1" 200 1348 "-" "Mozilla/5.0 (compatible; MJ12bot/v1.4.8; http://mj12bot.com/)"
195.201.199.99 - - [20/May/2025:19:18:14 +0700] "GET /core/vendor/psy/psysh/?C=N;O=A HTTP/1.1" 200 1348 "-" "Mozilla/5.0 (compatible; MJ12bot/v1.4.8; http://mj12bot.com/)"
195.201.199.99 - - [20/May/2025:19:18:18 +0700] "GET /core/vendor/psy/psysh/?C=S;O=D HTTP/1.1" 200 1348 "-" "Mozilla/5.0 (compatible; MJ12bot/v1.4.8; http://mj12bot.com/)"
195.201.199.99 - - [20/May/2025:19:18:21 +0700] "GET /core/vendor/rachidlaasri/laravel-installer/?C=D;O=D HTTP/1.1" 200 1404 "-" "Mozilla/5.0 (compatible; MJ12bot/v1.4.8; http://mj12bot.com/)"
195.201.199.99 - - [20/May/2025:19:18:24 +0700] "GET /core/vendor/rachidlaasri/laravel-installer/?C=M;O=D HTTP/1.1" 200 1404 "-" "Mozilla/5.0 (compatible; MJ12bot/v1.4.8; http://mj12bot.com/)"
195.201.199.99 - - [20/May/2025:19:18:28 +0700] "GET /core/vendor/rachidlaasri/laravel-installer/?C=N;O=A HTTP/1.1" 200 1404 "-" "Mozilla/5.0 (compatible; MJ12bot/v1.4.8; http://mj12bot.com/)"
195.201.199.99 - - [20/May/2025:19:18:31 +0700] "GET /core/vendor/rachidlaasri/laravel-installer/?C=S;O=D HTTP/1.1" 200 1404 "-" "Mozilla/5.0 (compatible; MJ12bot/v1.4.8; http://mj12bot.com/)"
195.201.199.99 - - [20/May/2025:19:18:35 +0700] "GET /core/vendor/ralouphie/getallheaders/?C=D;O=D HTTP/1.1" 200 1401 "-" "Mozilla/5.0 (compatible; MJ12bot/v1.4.8; http://mj12bot.com/)"
195.201.199.99 - - [20/May/2025:19:18:38 +0700] "GET /core/vendor/ralouphie/getallheaders/?C=M;O=D HTTP/1.1" 200 1401 "-" "Mozilla/5.0 (compatible; MJ12bot/v1.4.8; http://mj12bot.com/)"
195.201.199.99 - - [20/May/2025:19:18:42 +0700] "GET /core/vendor/ralouphie/getallheaders/?C=N;O=A HTTP/1.1" 200 1401 "-" "Mozilla/5.0 (compatible; MJ12bot/v1.4.8; http://mj12bot.com/)"
195.201.199.99 - - [20/May/2025:19:18:46 +0700] "GET /core/vendor/ralouphie/getallheaders/?C=S;O=D HTTP/1.1" 200 1401 "-" "Mozilla/5.0 (compatible; MJ12bot/v1.4.8; http://mj12bot.com/)"
195.201.199.99 - - [20/May/2025:19:18:49 +0700] "GET /core/vendor/ramsey/collection/?C=D;O=D HTTP/1.1" 200 1731 "-" "Mozilla/5.0 (compatible; MJ12bot/v1.4.8; http://mj12bot.com/)"
195.201.199.99 - - [20/May/2025:19:18:53 +0700] "GET /core/vendor/ramsey/collection/?C=M;O=D HTTP/1.1" 200 1731 "-" "Mozilla/5.0 (compatible; MJ12bot/v1.4.8; http://mj12bot.com/)"
195.201.199.99 - - [20/May/2025:19:18:56 +0700] "GET /core/vendor/ramsey/collection/?C=N;O=A HTTP/1.1" 200 1731 "-" "Mozilla/5.0 (compatible; MJ12bot/v1.4.8; http://mj12bot.com/)"
195.201.199.99 - - [20/May/2025:19:18:59 +0700] "GET /core/vendor/ramsey/collection/?C=S;O=D HTTP/1.1" 200 1731 "-" "Mozilla/5.0 (compatible; MJ12bot/v1.4.8; http://mj12bot.com/)"
195.201.199.99 - - [20/May/2025:19:19:03 +0700] "GET /core/vendor/ramsey/uuid/?C=D;O=D HTTP/1.1" 200 1364 "-" "Mozilla/5.0 (compatible; MJ12bot/v1.4.8; http://mj12bot.com/)"
195.201.199.99 - - [20/May/2025:19:19:06 +0700] "GET /core/vendor/ramsey/uuid/?C=M;O=D HTTP/1.1" 200 1364 "-" "Mozilla/5.0 (compatible; MJ12bot/v1.4.8; http://mj12bot.com/)"
195.201.199.99 - - [20/May/2025:19:19:10 +0700] "GET /core/vendor/ramsey/uuid/?C=N;O=A HTTP/1.1" 200 1364 "-" "Mozilla/5.0 (compatible; MJ12bot/v1.4.8; http://mj12bot.com/)"
195.201.199.99 - - [20/May/2025:19:19:13 +0700] "GET /core/vendor/ramsey/uuid/?C=S;O=D HTTP/1.1" 200 1364 "-" "Mozilla/5.0 (compatible; MJ12bot/v1.4.8; http://mj12bot.com/)"
195.201.199.99 - - [20/May/2025:19:19:17 +0700] "GET /core/vendor/sabberworm/php-css-parser/?C=D;O=D HTTP/1.1" 200 1930 "-" "Mozilla/5.0 (compatible; MJ12bot/v1.4.8; http://mj12bot.com/)"
195.201.199.99 - - [20/May/2025:19:19:20 +0700] "GET /core/vendor/sabberworm/php-css-parser/?C=M;O=D HTTP/1.1" 200 1930 "-" "Mozilla/5.0 (compatible; MJ12bot/v1.4.8; http://mj12bot.com/)"
195.201.199.99 - - [20/May/2025:19:19:24 +0700] "GET /core/vendor/sabberworm/php-css-parser/?C=N;O=A HTTP/1.1" 200 1930 "-" "Mozilla/5.0 (compatible; MJ12bot/v1.4.8; http://mj12bot.com/)"
195.201.199.99 - - [20/May/2025:19:19:27 +0700] "GET /core/vendor/sabberworm/php-css-parser/?C=S;O=D HTTP/1.1" 200 1930 "-" "Mozilla/5.0 (compatible; MJ12bot/v1.4.8; http://mj12bot.com/)"
195.201.199.99 - - [20/May/2025:19:19:31 +0700] "GET /core/vendor/sebastian/cli-parser/?C=D;O=D HTTP/1.1" 200 1566 "-" "Mozilla/5.0 (compatible; MJ12bot/v1.4.8; http://mj12bot.com/)"
195.201.199.99 - - [20/May/2025:19:19:34 +0700] "GET /core/vendor/sebastian/cli-parser/?C=M;O=D HTTP/1.1" 200 1566 "-" "Mozilla/5.0 (compatible; MJ12bot/v1.4.8; http://mj12bot.com/)"
195.201.199.99 - - [20/May/2025:19:19:38 +0700] "GET /core/vendor/sebastian/cli-parser/?C=N;O=A HTTP/1.1" 200 1566 "-" "Mozilla/5.0 (compatible; MJ12bot/v1.4.8; http://mj12bot.com/)"
195.201.199.99 - - [20/May/2025:19:19:41 +0700] "GET /core/vendor/sebastian/cli-parser/?C=S;O=D HTTP/1.1" 200 1566 "-" "Mozilla/5.0 (compatible; MJ12bot/v1.4.8; http://mj12bot.com/)"
195.201.199.99 - - [20/May/2025:19:19:45 +0700] "GET /core/vendor/sebastian/code-unit-reverse-lookup/?C=D;O=D HTTP/1.1" 200 1412 "-" "Mozilla/5.0 (compatible; MJ12bot/v1.4.8; http://mj12bot.com/)"
195.201.199.99 - - [20/May/2025:19:19:49 +0700] "GET /core/vendor/sebastian/code-unit-reverse-lookup/?C=M;O=D HTTP/1.1" 200 1412 "-" "Mozilla/5.0 (compatible; MJ12bot/v1.4.8; http://mj12bot.com/)"
195.201.199.99 - - [20/May/2025:19:19:52 +0700] "GET /core/vendor/sebastian/code-unit-reverse-lookup/?C=N;O=A HTTP/1.1" 200 1412 "-" "Mozilla/5.0 (compatible; MJ12bot/v1.4.8; http://mj12bot.com/)"
195.201.199.99 - - [20/May/2025:19:19:55 +0700] "GET /core/vendor/sebastian/code-unit-reverse-lookup/?C=S;O=D HTTP/1.1" 200 1412 "-" "Mozilla/5.0 (compatible; MJ12bot/v1.4.8; http://mj12bot.com/)"
195.201.199.99 - - [20/May/2025:19:19:59 +0700] "GET /core/vendor/sebastian/code-unit/?C=D;O=D HTTP/1.1" 200 1382 "-" "Mozilla/5.0 (compatible; MJ12bot/v1.4.8; http://mj12bot.com/)"
43.130.139.136 - - [20/May/2025:20:16:48 +0700] "GET / HTTP/1.1" 200 2235 "-" "Mozilla/5.0 (iPhone; CPU iPhone OS 13_2_3 like Mac OS X) AppleWebKit/605.1.15 (KHTML, like Gecko) Version/13.0.3 Mobile/15E148 Safari/604.1"
195.191.219.150 - - [20/May/2025:20:48:51 +0700] "GET /robots.txt HTTP/1.1" 404 - "-" "Mozilla/5.0 (compatible; MJ12bot/v2.0.1; http://mj12bot.com/)"
