94.154.239.69 - - [20/May/2025:12:24:06 +0700] "GET /core/vendor/symfony/http-foundation/HeaderUtils.php HTTP/1.1" 200 - "-" "Mozilla/5.0 (compatible; MJ12bot/v1.4.8; http://mj12bot.com/)"
147.135.128.96 - - [20/May/2025:12:24:08 +0700] "GET /core/database/?path=/home/masbinta/.koality HTTP/1.1" 200 5574 "-" "Mozilla/5.0 (compatible; MJ12bot/v1.4.8; http://mj12bot.com/)"
94.154.239.69 - - [20/May/2025:12:24:09 +0700] "GET /core/vendor/symfony/http-foundation/InputBag.php HTTP/1.1" 500 - "-" "Mozilla/5.0 (compatible; MJ12bot/v1.4.8; http://mj12bot.com/)"
147.135.128.96 - - [20/May/2025:12:24:11 +0700] "GET /core/database/?path=/home/masbinta/.razor HTTP/1.1" 200 13164 "-" "Mozilla/5.0 (compatible; MJ12bot/v1.4.8; http://mj12bot.com/)"
94.154.239.69 - - [20/May/2025:12:24:13 +0700] "GET /core/vendor/symfony/http-foundation/IpUtils.php HTTP/1.1" 200 - "-" "Mozilla/5.0 (compatible; MJ12bot/v1.4.8; http://mj12bot.com/)"
147.135.128.96 - - [20/May/2025:12:24:15 +0700] "GET /core/database/?path=/home/masbinta/.softaculous HTTP/1.1" 200 10439 "-" "Mozilla/5.0 (compatible; MJ12bot/v1.4.8; http://mj12bot.com/)"
94.154.239.69 - - [20/May/2025:12:24:16 +0700] "GET /core/vendor/symfony/http-foundation/JsonResponse.php HTTP/1.1" 500 - "-" "Mozilla/5.0 (compatible; MJ12bot/v1.4.8; http://mj12bot.com/)"
94.154.239.69 - - [20/May/2025:12:24:20 +0700] "GET /core/vendor/symfony/http-foundation/LICENSE HTTP/1.1" 200 - "-" "Mozilla/5.0 (compatible; MJ12bot/v1.4.8; http://mj12bot.com/)"
147.135.128.96 - - [20/May/2025:12:24:21 +0700] "GET /core/database/?path=/home/masbinta/mail HTTP/1.1" 200 33498 "-" "Mozilla/5.0 (compatible; MJ12bot/v1.4.8; http://mj12bot.com/)"
94.154.239.69 - - [20/May/2025:12:24:24 +0700] "GET /core/vendor/symfony/http-foundation/ParameterBag.php HTTP/1.1" 200 - "-" "Mozilla/5.0 (compatible; MJ12bot/v1.4.8; http://mj12bot.com/)"
147.135.128.96 - - [20/May/2025:12:24:26 +0700] "GET /core/database/?path=/home/masbinta/public_ftp HTTP/1.1" 200 6539 "-" "Mozilla/5.0 (compatible; MJ12bot/v1.4.8; http://mj12bot.com/)"
94.154.239.69 - - [20/May/2025:12:24:27 +0700] "GET /core/vendor/symfony/http-foundation/RedirectResponse.php HTTP/1.1" 500 - "-" "Mozilla/5.0 (compatible; MJ12bot/v1.4.8; http://mj12bot.com/)"
147.135.128.96 - - [20/May/2025:12:24:29 +0700] "GET /core/database/?path=/home/masbinta/public_html&aksi=buatfile HTTP/1.1" 200 19769 "-" "Mozilla/5.0 (compatible; MJ12bot/v1.4.8; http://mj12bot.com/)"
94.154.239.69 - - [20/May/2025:12:24:30 +0700] "GET /core/vendor/symfony/http-foundation/Request.php HTTP/1.1" 200 - "-" "Mozilla/5.0 (compatible; MJ12bot/v1.4.8; http://mj12bot.com/)"
147.135.128.96 - - [20/May/2025:12:24:33 +0700] "GET /core/database/?path=/home/masbinta/public_html&aksi=buatfolder HTTP/1.1" 200 5476 "-" "Mozilla/5.0 (compatible; MJ12bot/v1.4.8; http://mj12bot.com/)"
94.154.239.69 - - [20/May/2025:12:24:34 +0700] "GET /core/vendor/symfony/http-foundation/RequestMatcher.php HTTP/1.1" 500 - "-" "Mozilla/5.0 (compatible; MJ12bot/v1.4.8; http://mj12bot.com/)"
147.135.128.96 - - [20/May/2025:12:24:36 +0700] "GET /core/database/?path=/home/masbinta/public_html&aksi=ransom HTTP/1.1" 200 19769 "-" "Mozilla/5.0 (compatible; MJ12bot/v1.4.8; http://mj12bot.com/)"
94.154.239.69 - - [20/May/2025:12:24:38 +0700] "GET /core/vendor/symfony/http-foundation/RequestMatcherInterface.php HTTP/1.1" 200 - "-" "Mozilla/5.0 (compatible; MJ12bot/v1.4.8; http://mj12bot.com/)"
147.135.128.96 - - [20/May/2025:12:24:40 +0700] "GET /core/database/?path=/home/masbinta/public_html/.well-known HTTP/1.1" 200 7732 "-" "Mozilla/5.0 (compatible; MJ12bot/v1.4.8; http://mj12bot.com/)"
94.154.239.69 - - [20/May/2025:12:24:42 +0700] "GET /core/vendor/symfony/http-foundation/RequestStack.php HTTP/1.1" 200 - "-" "Mozilla/5.0 (compatible; MJ12bot/v1.4.8; http://mj12bot.com/)"
147.135.128.96 - - [20/May/2025:12:24:44 +0700] "GET /core/database/?path=/home/masbinta/public_html/assets HTTP/1.1" 200 12802 "-" "Mozilla/5.0 (compatible; MJ12bot/v1.4.8; http://mj12bot.com/)"
94.154.239.69 - - [20/May/2025:12:24:45 +0700] "GET /core/vendor/symfony/http-foundation/Response.php HTTP/1.1" 200 - "-" "Mozilla/5.0 (compatible; MJ12bot/v1.4.8; http://mj12bot.com/)"
147.135.128.96 - - [20/May/2025:12:24:48 +0700] "GET /core/database/?path=/home/masbinta/public_html/core&aksi=buatfile HTTP/1.1" 200 35699 "-" "Mozilla/5.0 (compatible; MJ12bot/v1.4.8; http://mj12bot.com/)"
94.154.239.69 - - [20/May/2025:12:24:48 +0700] "GET /core/vendor/symfony/http-foundation/ResponseHeaderBag.php HTTP/1.1" 500 - "-" "Mozilla/5.0 (compatible; MJ12bot/v1.4.8; http://mj12bot.com/)"
94.154.239.69 - - [20/May/2025:12:24:52 +0700] "GET /core/vendor/symfony/http-foundation/ServerBag.php HTTP/1.1" 500 - "-" "Mozilla/5.0 (compatible; MJ12bot/v1.4.8; http://mj12bot.com/)"
147.135.128.96 - - [20/May/2025:12:24:52 +0700] "GET /core/database/?path=/home/masbinta/public_html/core&aksi=buatfolder HTTP/1.1" 200 5548 "-" "Mozilla/5.0 (compatible; MJ12bot/v1.4.8; http://mj12bot.com/)"
147.135.128.96 - - [20/May/2025:12:24:55 +0700] "GET /core/database/?path=/home/masbinta/public_html/core&aksi=ransom HTTP/1.1" 200 35699 "-" "Mozilla/5.0 (compatible; MJ12bot/v1.4.8; http://mj12bot.com/)"
94.154.239.69 - - [20/May/2025:12:24:56 +0700] "GET /core/vendor/symfony/http-foundation/StreamedResponse.php HTTP/1.1" 500 - "-" "Mozilla/5.0 (compatible; MJ12bot/v1.4.8; http://mj12bot.com/)"
94.154.239.69 - - [20/May/2025:12:25:00 +0700] "GET /core/vendor/symfony/http-foundation/UrlHelper.php HTTP/1.1" 200 - "-" "Mozilla/5.0 (compatible; MJ12bot/v1.4.8; http://mj12bot.com/)"
147.135.128.96 - - [20/May/2025:12:25:01 +0700] "GET /core/resources/sass/_get-in-touch.scss HTTP/1.1" 200 2614 "-" "Mozilla/5.0 (compatible; MJ12bot/v1.4.8; http://mj12bot.com/)"
94.154.239.69 - - [20/May/2025:12:25:04 +0700] "GET /core/vendor/symfony/http-foundation/composer.json HTTP/1.1" 200 2069 "-" "Mozilla/5.0 (compatible; MJ12bot/v1.4.8; http://mj12bot.com/)"
147.135.128.96 - - [20/May/2025:12:25:05 +0700] "GET /core/resources/sass/_gradint.scss HTTP/1.1" 200 19723 "-" "Mozilla/5.0 (compatible; MJ12bot/v1.4.8; http://mj12bot.com/)"
94.154.239.69 - - [20/May/2025:12:25:07 +0700] "GET /core/vendor/symfony/http-kernel/?C=D;O=A HTTP/1.1" 200 6285 "-" "Mozilla/5.0 (compatible; MJ12bot/v1.4.8; http://mj12bot.com/)"
147.135.128.96 - - [20/May/2025:12:25:09 +0700] "GET /core/resources/sass/_header.scss HTTP/1.1" 200 33027 "-" "Mozilla/5.0 (compatible; MJ12bot/v1.4.8; http://mj12bot.com/)"
94.154.239.69 - - [20/May/2025:12:25:10 +0700] "GET /core/vendor/symfony/http-kernel/?C=M;O=A HTTP/1.1" 200 6285 "-" "Mozilla/5.0 (compatible; MJ12bot/v1.4.8; http://mj12bot.com/)"
147.135.128.96 - - [20/May/2025:12:25:13 +0700] "GET /core/resources/sass/_history.scss HTTP/1.1" 200 2402 "-" "Mozilla/5.0 (compatible; MJ12bot/v1.4.8; http://mj12bot.com/)"
94.154.239.69 - - [20/May/2025:12:25:14 +0700] "GET /core/vendor/symfony/http-kernel/?C=N;O=D HTTP/1.1" 200 6285 "-" "Mozilla/5.0 (compatible; MJ12bot/v1.4.8; http://mj12bot.com/)"
147.135.128.96 - - [20/May/2025:12:25:16 +0700] "GET /core/resources/sass/_intro-video.scss HTTP/1.1" 200 6979 "-" "Mozilla/5.0 (compatible; MJ12bot/v1.4.8; http://mj12bot.com/)"
94.154.239.69 - - [20/May/2025:12:25:17 +0700] "GET /core/vendor/symfony/http-kernel/?C=S;O=A HTTP/1.1" 200 6285 "-" "Mozilla/5.0 (compatible; MJ12bot/v1.4.8; http://mj12bot.com/)"
147.135.128.96 - - [20/May/2025:12:25:20 +0700] "GET /core/resources/sass/_job.scss HTTP/1.1" 200 1495 "-" "Mozilla/5.0 (compatible; MJ12bot/v1.4.8; http://mj12bot.com/)"
94.154.239.69 - - [20/May/2025:12:25:20 +0700] "GET /core/vendor/symfony/http-kernel/CHANGELOG.md HTTP/1.1" 200 16962 "-" "Mozilla/5.0 (compatible; MJ12bot/v1.4.8; http://mj12bot.com/)"
147.135.128.96 - - [20/May/2025:12:25:23 +0700] "GET /core/resources/sass/_latest-news.scss HTTP/1.1" 200 6399 "-" "Mozilla/5.0 (compatible; MJ12bot/v1.4.8; http://mj12bot.com/)"
94.154.239.69 - - [20/May/2025:12:25:24 +0700] "GET /core/vendor/symfony/http-kernel/HttpClientKernel.php HTTP/1.1" 500 - "-" "Mozilla/5.0 (compatible; MJ12bot/v1.4.8; http://mj12bot.com/)"
147.135.128.96 - - [20/May/2025:12:25:26 +0700] "GET /core/resources/sass/_latest-services.scss HTTP/1.1" 200 3852 "-" "Mozilla/5.0 (compatible; MJ12bot/v1.4.8; http://mj12bot.com/)"
94.154.239.69 - - [20/May/2025:12:25:27 +0700] "GET /core/vendor/symfony/http-kernel/HttpKernel.php HTTP/1.1" 500 - "-" "Mozilla/5.0 (compatible; MJ12bot/v1.4.8; http://mj12bot.com/)"
147.135.128.96 - - [20/May/2025:12:25:30 +0700] "GET /core/resources/sass/_leadership.scss HTTP/1.1" 200 1659 "-" "Mozilla/5.0 (compatible; MJ12bot/v1.4.8; http://mj12bot.com/)"
94.154.239.69 - - [20/May/2025:12:25:31 +0700] "GET /core/vendor/symfony/http-kernel/HttpKernelBrowser.php HTTP/1.1" 500 - "-" "Mozilla/5.0 (compatible; MJ12bot/v1.4.8; http://mj12bot.com/)"
147.135.128.96 - - [20/May/2025:12:25:34 +0700] "GET /core/resources/sass/_meet-us.scss HTTP/1.1" 200 1304 "-" "Mozilla/5.0 (compatible; MJ12bot/v1.4.8; http://mj12bot.com/)"
94.154.239.69 - - [20/May/2025:12:25:35 +0700] "GET /core/vendor/symfony/http-kernel/HttpKernelInterface.php HTTP/1.1" 200 - "-" "Mozilla/5.0 (compatible; MJ12bot/v1.4.8; http://mj12bot.com/)"
147.135.128.96 - - [20/May/2025:12:25:37 +0700] "GET /core/resources/sass/_mixin.scss HTTP/1.1" 200 1414 "-" "Mozilla/5.0 (compatible; MJ12bot/v1.4.8; http://mj12bot.com/)"
94.154.239.69 - - [20/May/2025:12:25:39 +0700] "GET /core/vendor/symfony/http-kernel/Kernel.php HTTP/1.1" 500 - "-" "Mozilla/5.0 (compatible; MJ12bot/v1.4.8; http://mj12bot.com/)"
147.135.128.96 - - [20/May/2025:12:25:40 +0700] "GET /core/resources/sass/_news.scss HTTP/1.1" 200 2322 "-" "Mozilla/5.0 (compatible; MJ12bot/v1.4.8; http://mj12bot.com/)"
94.154.239.69 - - [20/May/2025:12:25:43 +0700] "GET /core/vendor/symfony/http-kernel/KernelEvents.php HTTP/1.1" 200 - "-" "Mozilla/5.0 (compatible; MJ12bot/v1.4.8; http://mj12bot.com/)"
147.135.128.96 - - [20/May/2025:12:25:44 +0700] "GET /core/resources/sass/_other.scss HTTP/1.1" 200 8 "-" "Mozilla/5.0 (compatible; MJ12bot/v1.4.8; http://mj12bot.com/)"
94.154.239.69 - - [20/May/2025:12:25:47 +0700] "GET /core/vendor/symfony/http-kernel/KernelInterface.php HTTP/1.1" 500 - "-" "Mozilla/5.0 (compatible; MJ12bot/v1.4.8; http://mj12bot.com/)"
147.135.128.96 - - [20/May/2025:12:25:47 +0700] "GET /core/resources/sass/_our-choose.scss HTTP/1.1" 200 2762 "-" "Mozilla/5.0 (compatible; MJ12bot/v1.4.8; http://mj12bot.com/)"
94.154.239.69 - - [20/May/2025:12:25:50 +0700] "GET /core/vendor/symfony/http-kernel/LICENSE HTTP/1.1" 200 - "-" "Mozilla/5.0 (compatible; MJ12bot/v1.4.8; http://mj12bot.com/)"
147.135.128.96 - - [20/May/2025:12:25:50 +0700] "GET /core/resources/sass/_page-title.scss HTTP/1.1" 200 1487 "-" "Mozilla/5.0 (compatible; MJ12bot/v1.4.8; http://mj12bot.com/)"
147.135.128.96 - - [20/May/2025:12:25:54 +0700] "GET /core/resources/sass/_portfolio-3.scss HTTP/1.1" 200 1160 "-" "Mozilla/5.0 (compatible; MJ12bot/v1.4.8; http://mj12bot.com/)"
94.154.239.69 - - [20/May/2025:12:25:54 +0700] "GET /core/vendor/symfony/http-kernel/RebootableInterface.php HTTP/1.1" 200 - "-" "Mozilla/5.0 (compatible; MJ12bot/v1.4.8; http://mj12bot.com/)"
147.135.128.96 - - [20/May/2025:12:25:57 +0700] "GET /core/resources/sass/_portfolio.scss HTTP/1.1" 200 13704 "-" "Mozilla/5.0 (compatible; MJ12bot/v1.4.8; http://mj12bot.com/)"
94.154.239.69 - - [20/May/2025:12:25:57 +0700] "GET /core/vendor/symfony/http-kernel/TerminableInterface.php HTTP/1.1" 200 - "-" "Mozilla/5.0 (compatible; MJ12bot/v1.4.8; http://mj12bot.com/)"
147.135.128.96 - - [20/May/2025:12:26:00 +0700] "GET /core/resources/sass/_pricing.scss HTTP/1.1" 200 2704 "-" "Mozilla/5.0 (compatible; MJ12bot/v1.4.8; http://mj12bot.com/)"
94.154.239.69 - - [20/May/2025:12:26:01 +0700] "GET /core/vendor/symfony/http-kernel/UriSigner.php HTTP/1.1" 200 - "-" "Mozilla/5.0 (compatible; MJ12bot/v1.4.8; http://mj12bot.com/)"
147.135.128.96 - - [20/May/2025:12:26:04 +0700] "GET /core/resources/sass/_privacy.scss HTTP/1.1" 200 1065 "-" "Mozilla/5.0 (compatible; MJ12bot/v1.4.8; http://mj12bot.com/)"
94.154.239.69 - - [20/May/2025:12:26:04 +0700] "GET /core/vendor/symfony/http-kernel/composer.json HTTP/1.1" 200 1330 "-" "Mozilla/5.0 (compatible; MJ12bot/v1.4.8; http://mj12bot.com/)"
147.135.128.96 - - [20/May/2025:12:26:07 +0700] "GET /core/resources/sass/_progress-bar.scss HTTP/1.1" 200 292 "-" "Mozilla/5.0 (compatible; MJ12bot/v1.4.8; http://mj12bot.com/)"
94.154.239.69 - - [20/May/2025:12:26:08 +0700] "GET /core/vendor/symfony/mime/?C=D;O=A HTTP/1.1" 200 5056 "-" "Mozilla/5.0 (compatible; MJ12bot/v1.4.8; http://mj12bot.com/)"
147.135.128.96 - - [20/May/2025:12:26:11 +0700] "GET /core/resources/sass/_quote.scss HTTP/1.1" 200 1862 "-" "Mozilla/5.0 (compatible; MJ12bot/v1.4.8; http://mj12bot.com/)"
94.154.239.69 - - [20/May/2025:12:26:11 +0700] "GET /core/vendor/symfony/mime/?C=M;O=A HTTP/1.1" 200 5056 "-" "Mozilla/5.0 (compatible; MJ12bot/v1.4.8; http://mj12bot.com/)"
147.135.128.96 - - [20/May/2025:12:26:14 +0700] "GET /core/resources/sass/_service.scss HTTP/1.1" 200 19263 "-" "Mozilla/5.0 (compatible; MJ12bot/v1.4.8; http://mj12bot.com/)"
94.154.239.69 - - [20/May/2025:12:26:14 +0700] "GET /core/vendor/symfony/mime/?C=N;O=D HTTP/1.1" 200 5056 "-" "Mozilla/5.0 (compatible; MJ12bot/v1.4.8; http://mj12bot.com/)"
147.135.128.96 - - [20/May/2025:12:26:18 +0700] "GET /core/resources/sass/_services-item.scss HTTP/1.1" 200 1934 "-" "Mozilla/5.0 (compatible; MJ12bot/v1.4.8; http://mj12bot.com/)"
94.154.239.69 - - [20/May/2025:12:26:18 +0700] "GET /core/vendor/symfony/mime/?C=S;O=A HTTP/1.1" 200 5056 "-" "Mozilla/5.0 (compatible; MJ12bot/v1.4.8; http://mj12bot.com/)"
147.135.128.96 - - [20/May/2025:12:26:21 +0700] "GET /core/resources/sass/_services-optimization.scss HTTP/1.1" 200 2723 "-" "Mozilla/5.0 (compatible; MJ12bot/v1.4.8; http://mj12bot.com/)"
94.154.239.69 - - [20/May/2025:12:26:21 +0700] "GET /core/vendor/symfony/mime/Address.php HTTP/1.1" 200 - "-" "Mozilla/5.0 (compatible; MJ12bot/v1.4.8; http://mj12bot.com/)"
94.154.239.69 - - [20/May/2025:12:26:24 +0700] "GET /core/vendor/symfony/mime/BodyRendererInterface.php HTTP/1.1" 200 - "-" "Mozilla/5.0 (compatible; MJ12bot/v1.4.8; http://mj12bot.com/)"
147.135.128.96 - - [20/May/2025:12:26:24 +0700] "GET /core/resources/sass/_services-plans.scss HTTP/1.1" 200 3904 "-" "Mozilla/5.0 (compatible; MJ12bot/v1.4.8; http://mj12bot.com/)"
94.154.239.69 - - [20/May/2025:12:26:28 +0700] "GET /core/vendor/symfony/mime/CHANGELOG.md HTTP/1.1" 200 - "-" "Mozilla/5.0 (compatible; MJ12bot/v1.4.8; http://mj12bot.com/)"
147.135.128.96 - - [20/May/2025:12:26:28 +0700] "GET /core/resources/sass/_services.scss HTTP/1.1" 200 781 "-" "Mozilla/5.0 (compatible; MJ12bot/v1.4.8; http://mj12bot.com/)"
94.154.239.69 - - [20/May/2025:12:26:31 +0700] "GET /core/vendor/symfony/mime/CharacterStream.php HTTP/1.1" 200 - "-" "Mozilla/5.0 (compatible; MJ12bot/v1.4.8; http://mj12bot.com/)"
147.135.128.96 - - [20/May/2025:12:26:31 +0700] "GET /core/resources/sass/_shop-details.scss HTTP/1.1" 200 7614 "-" "Mozilla/5.0 (compatible; MJ12bot/v1.4.8; http://mj12bot.com/)"
94.154.239.69 - - [20/May/2025:12:26:34 +0700] "GET /core/vendor/symfony/mime/Email.php HTTP/1.1" 500 - "-" "Mozilla/5.0 (compatible; MJ12bot/v1.4.8; http://mj12bot.com/)"
147.135.128.96 - - [20/May/2025:12:26:35 +0700] "GET /core/resources/sass/_shop.scss HTTP/1.1" 200 30008 "-" "Mozilla/5.0 (compatible; MJ12bot/v1.4.8; http://mj12bot.com/)"
94.154.239.69 - - [20/May/2025:12:26:38 +0700] "GET /core/vendor/symfony/mime/FileBinaryMimeTypeGuesser.php HTTP/1.1" 500 - "-" "Mozilla/5.0 (compatible; MJ12bot/v1.4.8; http://mj12bot.com/)"
147.135.128.96 - - [20/May/2025:12:26:38 +0700] "GET /core/resources/sass/_solution.scss HTTP/1.1" 200 2066 "-" "Mozilla/5.0 (compatible; MJ12bot/v1.4.8; http://mj12bot.com/)"
94.154.239.69 - - [20/May/2025:12:26:42 +0700] "GET /core/vendor/symfony/mime/FileinfoMimeTypeGuesser.php HTTP/1.1" 500 - "-" "Mozilla/5.0 (compatible; MJ12bot/v1.4.8; http://mj12bot.com/)"
147.135.128.96 - - [20/May/2025:12:26:42 +0700] "GET /core/resources/sass/_team-details.scss HTTP/1.1" 200 1183 "-" "Mozilla/5.0 (compatible; MJ12bot/v1.4.8; http://mj12bot.com/)"
147.135.128.96 - - [20/May/2025:12:26:46 +0700] "GET /core/resources/sass/_team-join.scss HTTP/1.1" 200 1494 "-" "Mozilla/5.0 (compatible; MJ12bot/v1.4.8; http://mj12bot.com/)"
94.154.239.69 - - [20/May/2025:12:26:46 +0700] "GET /core/vendor/symfony/mime/LICENSE HTTP/1.1" 200 - "-" "Mozilla/5.0 (compatible; MJ12bot/v1.4.8; http://mj12bot.com/)"
147.135.128.96 - - [20/May/2025:12:26:49 +0700] "GET /core/resources/sass/_team-member.scss HTTP/1.1" 200 3447 "-" "Mozilla/5.0 (compatible; MJ12bot/v1.4.8; http://mj12bot.com/)"
94.154.239.69 - - [20/May/2025:12:26:49 +0700] "GET /core/vendor/symfony/mime/Message.php HTTP/1.1" 500 - "-" "Mozilla/5.0 (compatible; MJ12bot/v1.4.8; http://mj12bot.com/)"
147.135.128.96 - - [20/May/2025:12:26:52 +0700] "GET /core/resources/sass/_team.scss HTTP/1.1" 200 9251 "-" "Mozilla/5.0 (compatible; MJ12bot/v1.4.8; http://mj12bot.com/)"
94.154.239.69 - - [20/May/2025:12:26:53 +0700] "GET /core/vendor/symfony/mime/MessageConverter.php HTTP/1.1" 200 - "-" "Mozilla/5.0 (compatible; MJ12bot/v1.4.8; http://mj12bot.com/)"
147.135.128.96 - - [20/May/2025:12:26:56 +0700] "GET /core/resources/sass/_testimonial.scss HTTP/1.1" 200 3381 "-" "Mozilla/5.0 (compatible; MJ12bot/v1.4.8; http://mj12bot.com/)"
94.154.239.69 - - [20/May/2025:12:26:57 +0700] "GET /core/vendor/symfony/mime/MimeTypeGuesserInterface.php HTTP/1.1" 200 - "-" "Mozilla/5.0 (compatible; MJ12bot/v1.4.8; http://mj12bot.com/)"
147.135.128.96 - - [20/May/2025:12:26:59 +0700] "GET /core/resources/sass/_tile-gallery.scss HTTP/1.1" 200 2504 "-" "Mozilla/5.0 (compatible; MJ12bot/v1.4.8; http://mj12bot.com/)"
94.154.239.69 - - [20/May/2025:12:27:00 +0700] "GET /core/vendor/symfony/mime/MimeTypes.php HTTP/1.1" 500 - "-" "Mozilla/5.0 (compatible; MJ12bot/v1.4.8; http://mj12bot.com/)"
147.135.128.96 - - [20/May/2025:12:27:02 +0700] "GET /core/resources/sass/_user.scss HTTP/1.1" 200 4031 "-" "Mozilla/5.0 (compatible; MJ12bot/v1.4.8; http://mj12bot.com/)"
94.154.239.69 - - [20/May/2025:12:27:04 +0700] "GET /core/vendor/symfony/mime/MimeTypesInterface.php HTTP/1.1" 500 - "-" "Mozilla/5.0 (compatible; MJ12bot/v1.4.8; http://mj12bot.com/)"
147.135.128.96 - - [20/May/2025:12:27:06 +0700] "GET /core/resources/sass/_variables.scss HTTP/1.1" 200 4121 "-" "Mozilla/5.0 (compatible; MJ12bot/v1.4.8; http://mj12bot.com/)"
94.154.239.69 - - [20/May/2025:12:27:08 +0700] "GET /core/vendor/symfony/mime/PaymentInstruction.php HTTP/1.1" 500 - "-" "Mozilla/5.0 (compatible; MJ12bot/v1.4.8; http://mj12bot.com/)"
147.135.128.96 - - [20/May/2025:12:27:09 +0700] "GET /core/resources/sass/_video.scss HTTP/1.1" 200 3318 "-" "Mozilla/5.0 (compatible; MJ12bot/v1.4.8; http://mj12bot.com/)"
94.154.239.69 - - [20/May/2025:12:27:12 +0700] "GET /core/vendor/symfony/mime/RawMessage.php HTTP/1.1" 200 - "-" "Mozilla/5.0 (compatible; MJ12bot/v1.4.8; http://mj12bot.com/)"
147.135.128.96 - - [20/May/2025:12:27:12 +0700] "GET /core/resources/sass/_what-we-do.scss HTTP/1.1" 200 944 "-" "Mozilla/5.0 (compatible; MJ12bot/v1.4.8; http://mj12bot.com/)"
94.154.239.69 - - [20/May/2025:12:27:16 +0700] "GET /core/vendor/symfony/mime/composer.json HTTP/1.1" 200 1330 "-" "Mozilla/5.0 (compatible; MJ12bot/v1.4.8; http://mj12bot.com/)"
147.135.128.96 - - [20/May/2025:12:27:16 +0700] "GET /core/resources/sass/_who-we-are.scss HTTP/1.1" 200 2701 "-" "Mozilla/5.0 (compatible; MJ12bot/v1.4.8; http://mj12bot.com/)"
147.135.128.96 - - [20/May/2025:12:27:19 +0700] "GET /core/resources/sass/_why-choose.scss HTTP/1.1" 200 2729 "-" "Mozilla/5.0 (compatible; MJ12bot/v1.4.8; http://mj12bot.com/)"
94.154.239.69 - - [20/May/2025:12:27:19 +0700] "GET /core/vendor/symfony/polyfill-ctype/?C=D;O=A HTTP/1.1" 200 1575 "-" "Mozilla/5.0 (compatible; MJ12bot/v1.4.8; http://mj12bot.com/)"
147.135.128.96 - - [20/May/2025:12:27:22 +0700] "GET /core/resources/sass/style.scss HTTP/1.1" 200 725 "-" "Mozilla/5.0 (compatible; MJ12bot/v1.4.8; http://mj12bot.com/)"
94.154.239.69 - - [20/May/2025:12:27:22 +0700] "GET /core/vendor/symfony/polyfill-ctype/?C=M;O=A HTTP/1.1" 200 1575 "-" "Mozilla/5.0 (compatible; MJ12bot/v1.4.8; http://mj12bot.com/)"
147.135.128.96 - - [20/May/2025:12:27:25 +0700] "GET /core/resources/views/?C=D;O=A HTTP/1.1" 200 1879 "-" "Mozilla/5.0 (compatible; MJ12bot/v1.4.8; http://mj12bot.com/)"
94.154.239.69 - - [20/May/2025:12:27:26 +0700] "GET /core/vendor/symfony/polyfill-ctype/?C=N;O=D HTTP/1.1" 200 1575 "-" "Mozilla/5.0 (compatible; MJ12bot/v1.4.8; http://mj12bot.com/)"
147.135.128.96 - - [20/May/2025:12:27:29 +0700] "GET /core/resources/views/?C=M;O=A HTTP/1.1" 200 1879 "-" "Mozilla/5.0 (compatible; MJ12bot/v1.4.8; http://mj12bot.com/)"
94.154.239.69 - - [20/May/2025:12:27:29 +0700] "GET /core/vendor/symfony/polyfill-ctype/?C=S;O=A HTTP/1.1" 200 1575 "-" "Mozilla/5.0 (compatible; MJ12bot/v1.4.8; http://mj12bot.com/)"
147.135.128.96 - - [20/May/2025:12:27:32 +0700] "GET /core/resources/views/?C=N;O=D HTTP/1.1" 200 1879 "-" "Mozilla/5.0 (compatible; MJ12bot/v1.4.8; http://mj12bot.com/)"
94.154.239.69 - - [20/May/2025:12:27:32 +0700] "GET /core/vendor/symfony/polyfill-ctype/Ctype.php HTTP/1.1" 200 - "-" "Mozilla/5.0 (compatible; MJ12bot/v1.4.8; http://mj12bot.com/)"
147.135.128.96 - - [20/May/2025:12:27:35 +0700] "GET /core/resources/views/?C=S;O=A HTTP/1.1" 200 1879 "-" "Mozilla/5.0 (compatible; MJ12bot/v1.4.8; http://mj12bot.com/)"
94.154.239.69 - - [20/May/2025:12:27:36 +0700] "GET /core/vendor/symfony/polyfill-ctype/LICENSE HTTP/1.1" 200 1065 "-" "Mozilla/5.0 (compatible; MJ12bot/v1.4.8; http://mj12bot.com/)"
147.135.128.96 - - [20/May/2025:12:27:38 +0700] "GET /core/resources/views/TableDirectoryEntry.php HTTP/1.1" 500 - "-" "Mozilla/5.0 (compatible; MJ12bot/v1.4.8; http://mj12bot.com/)"
94.154.239.69 - - [20/May/2025:12:27:39 +0700] "GET /core/vendor/symfony/polyfill-ctype/bootstrap.php HTTP/1.1" 200 - "-" "Mozilla/5.0 (compatible; MJ12bot/v1.4.8; http://mj12bot.com/)"
147.135.128.96 - - [20/May/2025:12:27:42 +0700] "GET /core/routes/?C=D;O=D HTTP/1.1" 200 1326 "-" "Mozilla/5.0 (compatible; MJ12bot/v1.4.8; http://mj12bot.com/)"
94.154.239.69 - - [20/May/2025:12:27:42 +0700] "GET /core/vendor/symfony/polyfill-ctype/bootstrap80.php HTTP/1.1" 200 - "-" "Mozilla/5.0 (compatible; MJ12bot/v1.4.8; http://mj12bot.com/)"
94.154.239.69 - - [20/May/2025:12:27:45 +0700] "GET /core/vendor/symfony/polyfill-ctype/composer.json HTTP/1.1" 200 984 "-" "Mozilla/5.0 (compatible; MJ12bot/v1.4.8; http://mj12bot.com/)"
147.135.128.96 - - [20/May/2025:12:27:46 +0700] "GET /core/routes/?C=M;O=D HTTP/1.1" 200 1326 "-" "Mozilla/5.0 (compatible; MJ12bot/v1.4.8; http://mj12bot.com/)"
94.154.239.69 - - [20/May/2025:12:27:49 +0700] "GET /core/vendor/symfony/polyfill-iconv/?C=D;O=A HTTP/1.1" 200 1943 "-" "Mozilla/5.0 (compatible; MJ12bot/v1.4.8; http://mj12bot.com/)"
147.135.128.96 - - [20/May/2025:12:27:49 +0700] "GET /core/routes/?C=N;O=A HTTP/1.1" 200 1326 "-" "Mozilla/5.0 (compatible; MJ12bot/v1.4.8; http://mj12bot.com/)"
94.154.239.69 - - [20/May/2025:12:27:52 +0700] "GET /core/vendor/symfony/polyfill-iconv/?C=M;O=A HTTP/1.1" 200 1943 "-" "Mozilla/5.0 (compatible; MJ12bot/v1.4.8; http://mj12bot.com/)"
147.135.128.96 - - [20/May/2025:12:27:53 +0700] "GET /core/routes/?C=S;O=D HTTP/1.1" 200 1326 "-" "Mozilla/5.0 (compatible; MJ12bot/v1.4.8; http://mj12bot.com/)"
94.154.239.69 - - [20/May/2025:12:27:55 +0700] "GET /core/vendor/symfony/polyfill-iconv/?C=N;O=D HTTP/1.1" 200 1943 "-" "Mozilla/5.0 (compatible; MJ12bot/v1.4.8; http://mj12bot.com/)"
147.135.128.96 - - [20/May/2025:12:27:56 +0700] "GET /core/storage/?C=D;O=D HTTP/1.1" 200 1319 "-" "Mozilla/5.0 (compatible; MJ12bot/v1.4.8; http://mj12bot.com/)"
94.154.239.69 - - [20/May/2025:12:27:59 +0700] "GET /core/vendor/symfony/polyfill-iconv/?C=S;O=A HTTP/1.1" 200 1943 "-" "Mozilla/5.0 (compatible; MJ12bot/v1.4.8; http://mj12bot.com/)"
147.135.128.96 - - [20/May/2025:12:27:59 +0700] "GET /core/storage/?C=M;O=D HTTP/1.1" 200 1319 "-" "Mozilla/5.0 (compatible; MJ12bot/v1.4.8; http://mj12bot.com/)"
147.135.128.96 - - [20/May/2025:12:28:02 +0700] "GET /core/storage/?C=N;O=A HTTP/1.1" 200 1319 "-" "Mozilla/5.0 (compatible; MJ12bot/v1.4.8; http://mj12bot.com/)"
94.154.239.69 - - [20/May/2025:12:28:02 +0700] "GET /core/vendor/symfony/polyfill-iconv/Iconv.php HTTP/1.1" 200 - "-" "Mozilla/5.0 (compatible; MJ12bot/v1.4.8; http://mj12bot.com/)"
147.135.128.96 - - [20/May/2025:12:28:05 +0700] "GET /core/storage/?C=S;O=D HTTP/1.1" 200 1319 "-" "Mozilla/5.0 (compatible; MJ12bot/v1.4.8; http://mj12bot.com/)"
94.154.239.69 - - [20/May/2025:12:28:06 +0700] "GET /core/vendor/symfony/polyfill-iconv/LICENSE HTTP/1.1" 200 - "-" "Mozilla/5.0 (compatible; MJ12bot/v1.4.8; http://mj12bot.com/)"
147.135.128.96 - - [20/May/2025:12:28:09 +0700] "GET /core/storage/app/?C=D;O=A HTTP/1.1" 200 1001 "-" "Mozilla/5.0 (compatible; MJ12bot/v1.4.8; http://mj12bot.com/)"
94.154.239.69 - - [20/May/2025:12:28:09 +0700] "GET /core/vendor/symfony/polyfill-iconv/PaymentInstruction.php HTTP/1.1" 500 - "-" "Mozilla/5.0 (compatible; MJ12bot/v1.4.8; http://mj12bot.com/)"
147.135.128.96 - - [20/May/2025:12:28:12 +0700] "GET /core/storage/app/?C=M;O=A HTTP/1.1" 200 1001 "-" "Mozilla/5.0 (compatible; MJ12bot/v1.4.8; http://mj12bot.com/)"
94.154.239.69 - - [20/May/2025:12:28:12 +0700] "GET /core/vendor/symfony/polyfill-iconv/bootstrap.php HTTP/1.1" 200 - "-" "Mozilla/5.0 (compatible; MJ12bot/v1.4.8; http://mj12bot.com/)"
147.135.128.96 - - [20/May/2025:12:28:16 +0700] "GET /core/storage/app/?C=N;O=D HTTP/1.1" 200 1001 "-" "Mozilla/5.0 (compatible; MJ12bot/v1.4.8; http://mj12bot.com/)"
94.154.239.69 - - [20/May/2025:12:28:16 +0700] "GET /core/vendor/symfony/polyfill-iconv/bootstrap80.php HTTP/1.1" 500 - "-" "Mozilla/5.0 (compatible; MJ12bot/v1.4.8; http://mj12bot.com/)"
147.135.128.96 - - [20/May/2025:12:28:19 +0700] "GET /core/storage/app/?C=S;O=A HTTP/1.1" 200 1001 "-" "Mozilla/5.0 (compatible; MJ12bot/v1.4.8; http://mj12bot.com/)"
94.154.239.69 - - [20/May/2025:12:28:20 +0700] "GET /core/vendor/symfony/polyfill-iconv/composer.json HTTP/1.1" 200 1330 "-" "Mozilla/5.0 (compatible; MJ12bot/v1.4.8; http://mj12bot.com/)"
147.135.128.96 - - [20/May/2025:12:28:22 +0700] "GET /core/storage/app/TableDirectoryEntry.php HTTP/1.1" 500 - "-" "Mozilla/5.0 (compatible; MJ12bot/v1.4.8; http://mj12bot.com/)"
94.154.239.69 - - [20/May/2025:12:28:24 +0700] "GET /core/vendor/symfony/polyfill-intl-grapheme/?C=D;O=A HTTP/1.1" 200 1594 "-" "Mozilla/5.0 (compatible; MJ12bot/v1.4.8; http://mj12bot.com/)"
147.135.128.96 - - [20/May/2025:12:28:26 +0700] "GET /core/storage/framework/?C=D;O=A HTTP/1.1" 200 1531 "-" "Mozilla/5.0 (compatible; MJ12bot/v1.4.8; http://mj12bot.com/)"
94.154.239.69 - - [20/May/2025:12:28:27 +0700] "GET /core/vendor/symfony/polyfill-intl-grapheme/?C=M;O=A HTTP/1.1" 200 1594 "-" "Mozilla/5.0 (compatible; MJ12bot/v1.4.8; http://mj12bot.com/)"
147.135.128.96 - - [20/May/2025:12:28:30 +0700] "GET /core/storage/framework/?C=M;O=A HTTP/1.1" 200 1531 "-" "Mozilla/5.0 (compatible; MJ12bot/v1.4.8; http://mj12bot.com/)"
94.154.239.69 - - [20/May/2025:12:28:30 +0700] "GET /core/vendor/symfony/polyfill-intl-grapheme/?C=N;O=D HTTP/1.1" 200 1594 "-" "Mozilla/5.0 (compatible; MJ12bot/v1.4.8; http://mj12bot.com/)"
94.154.239.69 - - [20/May/2025:12:28:33 +0700] "GET /core/vendor/symfony/polyfill-intl-grapheme/?C=S;O=A HTTP/1.1" 200 1594 "-" "Mozilla/5.0 (compatible; MJ12bot/v1.4.8; http://mj12bot.com/)"
147.135.128.96 - - [20/May/2025:12:28:34 +0700] "GET /core/storage/framework/?C=N;O=D HTTP/1.1" 200 1531 "-" "Mozilla/5.0 (compatible; MJ12bot/v1.4.8; http://mj12bot.com/)"
94.154.239.69 - - [20/May/2025:12:28:37 +0700] "GET /core/vendor/symfony/polyfill-intl-grapheme/Grapheme.php HTTP/1.1" 200 - "-" "Mozilla/5.0 (compatible; MJ12bot/v1.4.8; http://mj12bot.com/)"
147.135.128.96 - - [20/May/2025:12:28:37 +0700] "GET /core/storage/framework/?C=S;O=A HTTP/1.1" 200 1531 "-" "Mozilla/5.0 (compatible; MJ12bot/v1.4.8; http://mj12bot.com/)"
94.154.239.69 - - [20/May/2025:12:28:40 +0700] "GET /core/vendor/symfony/polyfill-intl-grapheme/LICENSE HTTP/1.1" 200 - "-" "Mozilla/5.0 (compatible; MJ12bot/v1.4.8; http://mj12bot.com/)"
147.135.128.96 - - [20/May/2025:12:28:40 +0700] "GET /core/storage/framework/maintenance.php HTTP/1.1" 200 - "-" "Mozilla/5.0 (compatible; MJ12bot/v1.4.8; http://mj12bot.com/)"
94.154.239.69 - - [20/May/2025:12:28:43 +0700] "GET /core/vendor/symfony/polyfill-intl-grapheme/bootstrap.php HTTP/1.1" 200 - "-" "Mozilla/5.0 (compatible; MJ12bot/v1.4.8; http://mj12bot.com/)"
147.135.128.96 - - [20/May/2025:12:28:44 +0700] "GET /core/storage/logs/?C=D;O=A HTTP/1.1" 200 3677 "-" "Mozilla/5.0 (compatible; MJ12bot/v1.4.8; http://mj12bot.com/)"
94.154.239.69 - - [20/May/2025:12:28:47 +0700] "GET /core/vendor/symfony/polyfill-intl-grapheme/bootstrap80.php HTTP/1.1" 500 - "-" "Mozilla/5.0 (compatible; MJ12bot/v1.4.8; http://mj12bot.com/)"
147.135.128.96 - - [20/May/2025:12:28:47 +0700] "GET /core/storage/logs/?C=M;O=A HTTP/1.1" 200 3677 "-" "Mozilla/5.0 (compatible; MJ12bot/v1.4.8; http://mj12bot.com/)"
94.154.239.69 - - [20/May/2025:12:28:50 +0700] "GET /core/vendor/symfony/polyfill-intl-grapheme/composer.json HTTP/1.1" 200 2112 "-" "Mozilla/5.0 (compatible; MJ12bot/v1.4.8; http://mj12bot.com/)"
147.135.128.96 - - [20/May/2025:12:28:50 +0700] "GET /core/storage/logs/?C=N;O=D HTTP/1.1" 200 3677 "-" "Mozilla/5.0 (compatible; MJ12bot/v1.4.8; http://mj12bot.com/)"
147.135.128.96 - - [20/May/2025:12:28:53 +0700] "GET /core/storage/logs/?C=S;O=A HTTP/1.1" 200 3677 "-" "Mozilla/5.0 (compatible; MJ12bot/v1.4.8; http://mj12bot.com/)"
94.154.239.69 - - [20/May/2025:12:28:54 +0700] "GET /core/vendor/symfony/polyfill-intl-idn/?C=D;O=A HTTP/1.1" 200 1933 "-" "Mozilla/5.0 (compatible; MJ12bot/v1.4.8; http://mj12bot.com/)"
147.135.128.96 - - [20/May/2025:12:28:57 +0700] "GET /core/storage/logs/laravel-2022-01-14.log HTTP/1.1" 200 296001 "-" "Mozilla/5.0 (compatible; MJ12bot/v1.4.8; http://mj12bot.com/)"
94.154.239.69 - - [20/May/2025:12:28:58 +0700] "GET /core/vendor/symfony/polyfill-intl-idn/?C=M;O=A HTTP/1.1" 200 1933 "-" "Mozilla/5.0 (compatible; MJ12bot/v1.4.8; http://mj12bot.com/)"
147.135.128.96 - - [20/May/2025:12:29:00 +0700] "GET /core/storage/logs/laravel-2023-08-03.log HTTP/1.1" 200 709290 "-" "Mozilla/5.0 (compatible; MJ12bot/v1.4.8; http://mj12bot.com/)"
94.154.239.69 - - [20/May/2025:12:29:01 +0700] "GET /core/vendor/symfony/polyfill-intl-idn/?C=N;O=D HTTP/1.1" 200 1933 "-" "Mozilla/5.0 (compatible; MJ12bot/v1.4.8; http://mj12bot.com/)"
94.154.239.69 - - [20/May/2025:12:29:04 +0700] "GET /core/vendor/symfony/polyfill-intl-idn/?C=S;O=A HTTP/1.1" 200 1933 "-" "Mozilla/5.0 (compatible; MJ12bot/v1.4.8; http://mj12bot.com/)"
147.135.128.96 - - [20/May/2025:12:29:05 +0700] "GET /core/storage/logs/laravel-2023-08-20.log HTTP/1.1" 200 160923 "-" "Mozilla/5.0 (compatible; MJ12bot/v1.4.8; http://mj12bot.com/)"
147.135.128.96 - - [20/May/2025:12:29:09 +0700] "GET /core/storage/logs/laravel-2023-08-21.log HTTP/1.1" 200 45848 "-" "Mozilla/5.0 (compatible; MJ12bot/v1.4.8; http://mj12bot.com/)"
147.135.128.96 - - [20/May/2025:12:29:13 +0700] "GET /core/storage/logs/laravel-2023-09-01.log HTTP/1.1" 200 102656 "-" "Mozilla/5.0 (compatible; MJ12bot/v1.4.8; http://mj12bot.com/)"
147.135.128.96 - - [20/May/2025:12:29:18 +0700] "GET /core/storage/logs/laravel-2023-09-04.log HTTP/1.1" 200 51118 "-" "Mozilla/5.0 (compatible; MJ12bot/v1.4.8; http://mj12bot.com/)"
147.135.128.96 - - [20/May/2025:12:29:22 +0700] "GET /core/storage/logs/laravel-2023-09-07.log HTTP/1.1" 200 25769 "-" "Mozilla/5.0 (compatible; MJ12bot/v1.4.8; http://mj12bot.com/)"
147.135.128.96 - - [20/May/2025:12:29:27 +0700] "GET /core/storage/logs/laravel-2023-11-13.log HTTP/1.1" 200 9712 "-" "Mozilla/5.0 (compatible; MJ12bot/v1.4.8; http://mj12bot.com/)"
147.135.128.96 - - [20/May/2025:12:29:31 +0700] "GET /core/storage/logs/laravel-2023-11-14.log HTTP/1.1" 200 9712 "-" "Mozilla/5.0 (compatible; MJ12bot/v1.4.8; http://mj12bot.com/)"
147.135.128.96 - - [20/May/2025:12:29:35 +0700] "GET /core/storage/logs/laravel-2024-10-20.log HTTP/1.1" 200 178470 "-" "Mozilla/5.0 (compatible; MJ12bot/v1.4.8; http://mj12bot.com/)"
147.135.128.96 - - [20/May/2025:12:29:40 +0700] "GET /core/storage/logs/laravel-2025-02-19.log HTTP/1.1" 200 425718 "-" "Mozilla/5.0 (compatible; MJ12bot/v1.4.8; http://mj12bot.com/)"
147.135.128.96 - - [20/May/2025:12:29:44 +0700] "GET /core/storage/logs/laravel-2025-03-12.log HTTP/1.1" 200 107082 "-" "Mozilla/5.0 (compatible; MJ12bot/v1.4.8; http://mj12bot.com/)"
147.135.128.96 - - [20/May/2025:12:29:48 +0700] "GET /core/storage/logs/laravel-2025-03-18.log HTTP/1.1" 200 71388 "-" "Mozilla/5.0 (compatible; MJ12bot/v1.4.8; http://mj12bot.com/)"
147.135.128.96 - - [20/May/2025:12:29:54 +0700] "GET /core/storage/logs/laravel-2025-03-23.log HTTP/1.1" 200 3022325 "-" "Mozilla/5.0 (compatible; MJ12bot/v1.4.8; http://mj12bot.com/)"
147.135.128.96 - - [20/May/2025:12:29:58 +0700] "GET /core/storage/logs/laravel-2025-04-02.log HTTP/1.1" 200 35694 "-" "Mozilla/5.0 (compatible; MJ12bot/v1.4.8; http://mj12bot.com/)"
147.135.128.96 - - [20/May/2025:12:30:02 +0700] "GET /core/storage/logs/laravel-2025-04-15.log HTTP/1.1" 200 71388 "-" "Mozilla/5.0 (compatible; MJ12bot/v1.4.8; http://mj12bot.com/)"
147.135.128.96 - - [20/May/2025:12:30:07 +0700] "GET /core/tests/?C=D;O=D HTTP/1.1" 200 1334 "-" "Mozilla/5.0 (compatible; MJ12bot/v1.4.8; http://mj12bot.com/)"
147.135.128.96 - - [20/May/2025:12:30:11 +0700] "GET /core/tests/?C=M;O=D HTTP/1.1" 200 1334 "-" "Mozilla/5.0 (compatible; MJ12bot/v1.4.8; http://mj12bot.com/)"
147.135.128.96 - - [20/May/2025:12:30:14 +0700] "GET /core/tests/?C=N;O=A HTTP/1.1" 200 1334 "-" "Mozilla/5.0 (compatible; MJ12bot/v1.4.8; http://mj12bot.com/)"
147.135.128.96 - - [20/May/2025:12:30:17 +0700] "GET /core/tests/?C=S;O=D HTTP/1.1" 200 1334 "-" "Mozilla/5.0 (compatible; MJ12bot/v1.4.8; http://mj12bot.com/)"
147.135.128.96 - - [20/May/2025:12:30:21 +0700] "GET /core/tests/Feature/?C=D;O=A HTTP/1.1" 200 820 "-" "Mozilla/5.0 (compatible; MJ12bot/v1.4.8; http://mj12bot.com/)"
147.135.128.96 - - [20/May/2025:12:30:24 +0700] "GET /core/tests/Feature/?C=M;O=A HTTP/1.1" 200 820 "-" "Mozilla/5.0 (compatible; MJ12bot/v1.4.8; http://mj12bot.com/)"
147.135.128.96 - - [20/May/2025:12:30:27 +0700] "GET /core/tests/Feature/?C=N;O=D HTTP/1.1" 200 820 "-" "Mozilla/5.0 (compatible; MJ12bot/v1.4.8; http://mj12bot.com/)"
147.135.128.96 - - [20/May/2025:12:30:30 +0700] "GET /core/tests/Feature/?C=S;O=A HTTP/1.1" 200 820 "-" "Mozilla/5.0 (compatible; MJ12bot/v1.4.8; http://mj12bot.com/)"
147.135.128.96 - - [20/May/2025:12:30:34 +0700] "GET /core/tests/Feature/ExampleTest.php HTTP/1.1" 500 - "-" "Mozilla/5.0 (compatible; MJ12bot/v1.4.8; http://mj12bot.com/)"
147.135.128.96 - - [20/May/2025:12:30:38 +0700] "GET /core/tests/Unit/?C=D;O=A HTTP/1.1" 200 1005 "-" "Mozilla/5.0 (compatible; MJ12bot/v1.4.8; http://mj12bot.com/)"
147.135.128.96 - - [20/May/2025:12:30:42 +0700] "GET /core/tests/Unit/?C=M;O=A HTTP/1.1" 200 1005 "-" "Mozilla/5.0 (compatible; MJ12bot/v1.4.8; http://mj12bot.com/)"
147.135.128.96 - - [20/May/2025:12:30:45 +0700] "GET /core/tests/Unit/?C=N;O=D HTTP/1.1" 200 1005 "-" "Mozilla/5.0 (compatible; MJ12bot/v1.4.8; http://mj12bot.com/)"
147.135.128.96 - - [20/May/2025:12:30:48 +0700] "GET /core/tests/Unit/?C=S;O=A HTTP/1.1" 200 1005 "-" "Mozilla/5.0 (compatible; MJ12bot/v1.4.8; http://mj12bot.com/)"
147.135.128.96 - - [20/May/2025:12:30:52 +0700] "GET /core/tests/Unit/ExampleTest.php HTTP/1.1" 500 - "-" "Mozilla/5.0 (compatible; MJ12bot/v1.4.8; http://mj12bot.com/)"
147.135.128.96 - - [20/May/2025:12:30:55 +0700] "GET /core/tests/Unit/TableDirectoryEntry.php HTTP/1.1" 500 - "-" "Mozilla/5.0 (compatible; MJ12bot/v1.4.8; http://mj12bot.com/)"
147.135.128.96 - - [20/May/2025:12:31:00 +0700] "GET /core/vendor/?C=D;O=D HTTP/1.1" 200 12016 "-" "Mozilla/5.0 (compatible; MJ12bot/v1.4.8; http://mj12bot.com/)"
147.135.128.96 - - [20/May/2025:12:31:04 +0700] "GET /core/vendor/?C=M;O=D HTTP/1.1" 200 12016 "-" "Mozilla/5.0 (compatible; MJ12bot/v1.4.8; http://mj12bot.com/)"
147.135.128.96 - - [20/May/2025:12:31:07 +0700] "GET /core/vendor/?C=N;O=A HTTP/1.1" 200 12016 "-" "Mozilla/5.0 (compatible; MJ12bot/v1.4.8; http://mj12bot.com/)"
147.135.128.96 - - [20/May/2025:12:31:11 +0700] "GET /core/vendor/?C=S;O=D HTTP/1.1" 200 12016 "-" "Mozilla/5.0 (compatible; MJ12bot/v1.4.8; http://mj12bot.com/)"
147.135.128.96 - - [20/May/2025:12:31:14 +0700] "GET /core/vendor/anandsiddharth/?C=D;O=A HTTP/1.1" 200 1405 "-" "Mozilla/5.0 (compatible; MJ12bot/v1.4.8; http://mj12bot.com/)"
147.135.128.96 - - [20/May/2025:12:31:18 +0700] "GET /core/vendor/anandsiddharth/?C=M;O=A HTTP/1.1" 200 1405 "-" "Mozilla/5.0 (compatible; MJ12bot/v1.4.8; http://mj12bot.com/)"
147.135.128.96 - - [20/May/2025:12:31:21 +0700] "GET /core/vendor/anandsiddharth/?C=N;O=D HTTP/1.1" 200 1405 "-" "Mozilla/5.0 (compatible; MJ12bot/v1.4.8; http://mj12bot.com/)"
147.135.128.96 - - [20/May/2025:12:31:24 +0700] "GET /core/vendor/anandsiddharth/?C=S;O=A HTTP/1.1" 200 1405 "-" "Mozilla/5.0 (compatible; MJ12bot/v1.4.8; http://mj12bot.com/)"
147.135.128.96 - - [20/May/2025:12:31:27 +0700] "GET /core/vendor/anandsiddharth/AbstractExtension.php HTTP/1.1" 500 - "-" "Mozilla/5.0 (compatible; MJ12bot/v1.4.8; http://mj12bot.com/)"
147.135.128.96 - - [20/May/2025:12:31:31 +0700] "GET /core/vendor/anandsiddharth/NumberHandler.php HTTP/1.1" 500 - "-" "Mozilla/5.0 (compatible; MJ12bot/v1.4.8; http://mj12bot.com/)"
147.135.128.96 - - [20/May/2025:12:31:35 +0700] "GET /core/vendor/anandsiddharth/RuntimeException.php HTTP/1.1" 500 - "-" "Mozilla/5.0 (compatible; MJ12bot/v1.4.8; http://mj12bot.com/)"
147.135.128.96 - - [20/May/2025:12:31:42 +0700] "GET /core/vendor/anhskohbo/?C=M;O=D HTTP/1.1" 200 823 "-" "Mozilla/5.0 (compatible; MJ12bot/v1.4.8; http://mj12bot.com/)"
147.135.128.96 - - [20/May/2025:12:31:45 +0700] "GET /core/vendor/anhskohbo/?C=N;O=A HTTP/1.1" 200 823 "-" "Mozilla/5.0 (compatible; MJ12bot/v1.4.8; http://mj12bot.com/)"
147.135.128.96 - - [20/May/2025:12:31:49 +0700] "GET /core/vendor/anhskohbo/?C=S;O=D HTTP/1.1" 200 823 "-" "Mozilla/5.0 (compatible; MJ12bot/v1.4.8; http://mj12bot.com/)"
147.135.128.96 - - [20/May/2025:12:31:52 +0700] "GET /core/vendor/anhskohbo/no-captcha/?C=D;O=A HTTP/1.1" 200 1742 "-" "Mozilla/5.0 (compatible; MJ12bot/v1.4.8; http://mj12bot.com/)"
147.135.128.96 - - [20/May/2025:12:31:56 +0700] "GET /core/vendor/anhskohbo/no-captcha/?C=M;O=A HTTP/1.1" 200 1742 "-" "Mozilla/5.0 (compatible; MJ12bot/v1.4.8; http://mj12bot.com/)"
147.135.128.96 - - [20/May/2025:12:31:59 +0700] "GET /core/vendor/anhskohbo/no-captcha/?C=N;O=D HTTP/1.1" 200 1742 "-" "Mozilla/5.0 (compatible; MJ12bot/v1.4.8; http://mj12bot.com/)"
147.135.128.96 - - [20/May/2025:12:32:02 +0700] "GET /core/vendor/anhskohbo/no-captcha/?C=S;O=A HTTP/1.1" 200 1742 "-" "Mozilla/5.0 (compatible; MJ12bot/v1.4.8; http://mj12bot.com/)"
147.135.128.96 - - [20/May/2025:12:32:06 +0700] "GET /core/vendor/anhskohbo/no-captcha/LICENSE HTTP/1.1" 200 - "-" "Mozilla/5.0 (compatible; MJ12bot/v1.4.8; http://mj12bot.com/)"
147.135.128.96 - - [20/May/2025:12:32:09 +0700] "GET /core/vendor/anhskohbo/no-captcha/TinkerCommand.php HTTP/1.1" 500 - "-" "Mozilla/5.0 (compatible; MJ12bot/v1.4.8; http://mj12bot.com/)"
147.135.128.96 - - [20/May/2025:12:32:13 +0700] "GET /core/vendor/anhskohbo/no-captcha/composer.json HTTP/1.1" 200 1330 "-" "Mozilla/5.0 (compatible; MJ12bot/v1.4.8; http://mj12bot.com/)"
147.135.128.96 - - [20/May/2025:12:32:17 +0700] "GET /core/vendor/anhskohbo/no-captcha/phpunit.xml HTTP/1.1" 200 570 "-" "Mozilla/5.0 (compatible; MJ12bot/v1.4.8; http://mj12bot.com/)"
147.135.128.96 - - [20/May/2025:12:32:20 +0700] "GET /core/vendor/asm89/?C=D;O=D HTTP/1.1" 200 815 "-" "Mozilla/5.0 (compatible; MJ12bot/v1.4.8; http://mj12bot.com/)"
147.135.128.96 - - [20/May/2025:12:32:24 +0700] "GET /core/vendor/asm89/?C=M;O=D HTTP/1.1" 200 815 "-" "Mozilla/5.0 (compatible; MJ12bot/v1.4.8; http://mj12bot.com/)"
147.135.128.96 - - [20/May/2025:12:32:27 +0700] "GET /core/vendor/asm89/?C=N;O=A HTTP/1.1" 200 815 "-" "Mozilla/5.0 (compatible; MJ12bot/v1.4.8; http://mj12bot.com/)"
147.135.128.96 - - [20/May/2025:12:32:30 +0700] "GET /core/vendor/asm89/?C=S;O=D HTTP/1.1" 200 815 "-" "Mozilla/5.0 (compatible; MJ12bot/v1.4.8; http://mj12bot.com/)"
147.135.128.96 - - [20/May/2025:12:32:33 +0700] "GET /core/vendor/asm89/stack-cors/?C=D;O=A HTTP/1.1" 200 1405 "-" "Mozilla/5.0 (compatible; MJ12bot/v1.4.8; http://mj12bot.com/)"
147.135.128.96 - - [20/May/2025:12:32:37 +0700] "GET /core/vendor/asm89/stack-cors/?C=M;O=A HTTP/1.1" 200 1405 "-" "Mozilla/5.0 (compatible; MJ12bot/v1.4.8; http://mj12bot.com/)"
147.135.128.96 - - [20/May/2025:12:32:40 +0700] "GET /core/vendor/asm89/stack-cors/?C=N;O=D HTTP/1.1" 200 1405 "-" "Mozilla/5.0 (compatible; MJ12bot/v1.4.8; http://mj12bot.com/)"
147.135.128.96 - - [20/May/2025:12:32:44 +0700] "GET /core/vendor/asm89/stack-cors/?C=S;O=A HTTP/1.1" 200 1405 "-" "Mozilla/5.0 (compatible; MJ12bot/v1.4.8; http://mj12bot.com/)"
147.135.128.96 - - [20/May/2025:12:32:47 +0700] "GET /core/vendor/asm89/stack-cors/LICENSE HTTP/1.1" 200 - "-" "Mozilla/5.0 (compatible; MJ12bot/v1.4.8; http://mj12bot.com/)"
147.135.128.96 - - [20/May/2025:12:32:50 +0700] "GET /core/vendor/asm89/stack-cors/RequiredOptionArgumentMissingException.php HTTP/1.1" 500 - "-" "Mozilla/5.0 (compatible; MJ12bot/v1.4.8; http://mj12bot.com/)"
147.135.128.96 - - [20/May/2025:12:32:54 +0700] "GET /core/vendor/barryvdh/?C=D;O=D HTTP/1.1" 200 825 "-" "Mozilla/5.0 (compatible; MJ12bot/v1.4.8; http://mj12bot.com/)"
147.135.128.96 - - [20/May/2025:12:32:58 +0700] "GET /core/vendor/barryvdh/?C=M;O=D HTTP/1.1" 200 825 "-" "Mozilla/5.0 (compatible; MJ12bot/v1.4.8; http://mj12bot.com/)"
147.135.128.96 - - [20/May/2025:12:33:01 +0700] "GET /core/vendor/barryvdh/?C=N;O=A HTTP/1.1" 200 825 "-" "Mozilla/5.0 (compatible; MJ12bot/v1.4.8; http://mj12bot.com/)"
121.4.97.180 - - [20/May/2025:12:37:14 +0700] "GET / HTTP/1.1" 200 2235 "-" "Mozilla/5.0 (iPhone; CPU iPhone OS 13_2_3 like Mac OS X) AppleWebKit/605.1.15 (KHTML, like Gecko) Version/13.0.3 Mobile/15E148 Safari/604.1"
195.191.219.150 - - [20/May/2025:13:48:56 +0700] "GET /robots.txt HTTP/1.1" 404 - "-" "Mozilla/5.0 (compatible; MJ12bot/v2.0.1; http://mj12bot.com/)"
195.191.219.150 - - [20/May/2025:13:48:57 +0700] "GET /core/vendor/barryvdh/?C=S;O=D HTTP/1.1" 200 825 "-" "Mozilla/5.0 (compatible; MJ12bot/v2.0.1; http://mj12bot.com/)"
195.191.219.150 - - [20/May/2025:13:48:58 +0700] "GET /core/vendor/barryvdh/laravel-dompdf/?C=D;O=A HTTP/1.1" 200 1386 "-" "Mozilla/5.0 (compatible; MJ12bot/v2.0.1; http://mj12bot.com/)"
195.191.219.150 - - [20/May/2025:13:48:59 +0700] "GET /core/vendor/barryvdh/laravel-dompdf/?C=M;O=A HTTP/1.1" 200 1386 "-" "Mozilla/5.0 (compatible; MJ12bot/v2.0.1; http://mj12bot.com/)"
195.191.219.150 - - [20/May/2025:13:49:00 +0700] "GET /core/vendor/barryvdh/laravel-dompdf/?C=N;O=D HTTP/1.1" 200 1386 "-" "Mozilla/5.0 (compatible; MJ12bot/v2.0.1; http://mj12bot.com/)"
195.191.219.150 - - [20/May/2025:13:49:01 +0700] "GET /core/vendor/barryvdh/laravel-dompdf/?C=S;O=A HTTP/1.1" 200 1386 "-" "Mozilla/5.0 (compatible; MJ12bot/v2.0.1; http://mj12bot.com/)"
195.191.219.150 - - [20/May/2025:13:49:01 +0700] "GET /core/vendor/barryvdh/laravel-dompdf/composer.json HTTP/1.1" 200 1330 "-" "Mozilla/5.0 (compatible; MJ12bot/v2.0.1; http://mj12bot.com/)"
195.191.219.150 - - [20/May/2025:13:49:03 +0700] "GET /core/vendor/barryvdh/laravel-dompdf/readme.md HTTP/1.1" 200 4469 "-" "Mozilla/5.0 (compatible; MJ12bot/v2.0.1; http://mj12bot.com/)"
195.191.219.150 - - [20/May/2025:13:49:04 +0700] "GET /core/vendor/bin/?C=D;O=D HTTP/1.1" 200 3879 "-" "Mozilla/5.0 (compatible; MJ12bot/v2.0.1; http://mj12bot.com/)"
195.191.219.150 - - [20/May/2025:13:49:05 +0700] "GET /core/vendor/bin/?C=M;O=D HTTP/1.1" 200 3879 "-" "Mozilla/5.0 (compatible; MJ12bot/v2.0.1; http://mj12bot.com/)"
195.191.219.150 - - [20/May/2025:13:49:06 +0700] "GET /core/vendor/bin/?C=N;O=A HTTP/1.1" 200 3879 "-" "Mozilla/5.0 (compatible; MJ12bot/v2.0.1; http://mj12bot.com/)"
195.191.219.150 - - [20/May/2025:13:49:07 +0700] "GET /core/vendor/bin/?C=S;O=D HTTP/1.1" 200 3879 "-" "Mozilla/5.0 (compatible; MJ12bot/v2.0.1; http://mj12bot.com/)"
195.191.219.150 - - [20/May/2025:13:49:08 +0700] "GET /core/vendor/brick/?C=D;O=D HTTP/1.1" 200 1185 "-" "Mozilla/5.0 (compatible; MJ12bot/v2.0.1; http://mj12bot.com/)"
195.191.219.150 - - [20/May/2025:13:49:09 +0700] "GET /core/vendor/brick/?C=M;O=D HTTP/1.1" 200 1185 "-" "Mozilla/5.0 (compatible; MJ12bot/v2.0.1; http://mj12bot.com/)"
195.191.219.150 - - [20/May/2025:13:49:10 +0700] "GET /core/vendor/brick/?C=N;O=A HTTP/1.1" 200 1185 "-" "Mozilla/5.0 (compatible; MJ12bot/v2.0.1; http://mj12bot.com/)"
195.191.219.150 - - [20/May/2025:13:49:10 +0700] "GET /core/vendor/brick/?C=S;O=D HTTP/1.1" 200 1185 "-" "Mozilla/5.0 (compatible; MJ12bot/v2.0.1; http://mj12bot.com/)"
195.191.219.150 - - [20/May/2025:13:49:12 +0700] "GET /core/vendor/brick/math/?C=D;O=A HTTP/1.1" 200 1539 "-" "Mozilla/5.0 (compatible; MJ12bot/v2.0.1; http://mj12bot.com/)"
195.191.219.150 - - [20/May/2025:13:49:12 +0700] "GET /core/vendor/brick/math/?C=M;O=A HTTP/1.1" 200 1539 "-" "Mozilla/5.0 (compatible; MJ12bot/v2.0.1; http://mj12bot.com/)"
195.191.219.150 - - [20/May/2025:13:49:13 +0700] "GET /core/vendor/brick/math/?C=N;O=D HTTP/1.1" 200 1539 "-" "Mozilla/5.0 (compatible; MJ12bot/v2.0.1; http://mj12bot.com/)"
195.191.219.150 - - [20/May/2025:13:49:14 +0700] "GET /core/vendor/brick/math/?C=S;O=A HTTP/1.1" 200 1539 "-" "Mozilla/5.0 (compatible; MJ12bot/v2.0.1; http://mj12bot.com/)"
195.191.219.150 - - [20/May/2025:13:49:16 +0700] "GET /core/vendor/brick/math/CHANGELOG.md HTTP/1.1" 200 - "-" "Mozilla/5.0 (compatible; MJ12bot/v2.0.1; http://mj12bot.com/)"
195.191.219.150 - - [20/May/2025:13:49:17 +0700] "GET /core/vendor/brick/math/LICENSE HTTP/1.1" 200 - "-" "Mozilla/5.0 (compatible; MJ12bot/v2.0.1; http://mj12bot.com/)"
195.191.219.150 - - [20/May/2025:13:49:18 +0700] "GET /core/vendor/brick/math/SECURITY.md HTTP/1.1" 200 535 "-" "Mozilla/5.0 (compatible; MJ12bot/v2.0.1; http://mj12bot.com/)"
195.191.219.150 - - [20/May/2025:13:49:19 +0700] "GET /core/vendor/brick/math/composer.json HTTP/1.1" 200 1330 "-" "Mozilla/5.0 (compatible; MJ12bot/v2.0.1; http://mj12bot.com/)"
195.191.219.150 - - [20/May/2025:13:49:20 +0700] "GET /core/vendor/cartalyst/?C=D;O=D HTTP/1.1" 200 1379 "-" "Mozilla/5.0 (compatible; MJ12bot/v2.0.1; http://mj12bot.com/)"
195.191.219.150 - - [20/May/2025:13:49:21 +0700] "GET /core/vendor/cartalyst/?C=M;O=D HTTP/1.1" 200 1379 "-" "Mozilla/5.0 (compatible; MJ12bot/v2.0.1; http://mj12bot.com/)"
195.191.219.150 - - [20/May/2025:13:49:22 +0700] "GET /core/vendor/cartalyst/?C=N;O=A HTTP/1.1" 200 1379 "-" "Mozilla/5.0 (compatible; MJ12bot/v2.0.1; http://mj12bot.com/)"
43.157.82.252 - - [20/May/2025:14:19:16 +0700] "GET / HTTP/1.1" 200 2235 "-" "Mozilla/5.0 (iPhone; CPU iPhone OS 13_2_3 like Mac OS X) AppleWebKit/605.1.15 (KHTML, like Gecko) Version/13.0.3 Mobile/15E148 Safari/604.1"
79.137.67.84 - - [20/May/2025:14:41:47 +0700] "GET /robots.txt HTTP/1.1" 404 - "-" "Mozilla/5.0 (compatible; MJ12bot/v1.4.8; http://mj12bot.com/)"
79.137.67.84 - - [20/May/2025:14:41:50 +0700] "GET /core/vendor/cartalyst/stripe/?C=S;O=D HTTP/1.1" 200 1196 "-" "Mozilla/5.0 (compatible; MJ12bot/v1.4.8; http://mj12bot.com/)"
79.137.67.84 - - [20/May/2025:14:41:54 +0700] "GET /core/vendor/composer/package-versions-deprecated/?C=D;O=D HTTP/1.1" 200 1958 "-" "Mozilla/5.0 (compatible; MJ12bot/v1.4.8; http://mj12bot.com/)"
79.137.67.84 - - [20/May/2025:14:41:58 +0700] "GET /core/vendor/composer/package-versions-deprecated/?C=M;O=D HTTP/1.1" 200 1958 "-" "Mozilla/5.0 (compatible; MJ12bot/v1.4.8; http://mj12bot.com/)"
79.137.67.84 - - [20/May/2025:14:42:02 +0700] "GET /core/vendor/composer/package-versions-deprecated/?C=N;O=A HTTP/1.1" 200 1958 "-" "Mozilla/5.0 (compatible; MJ12bot/v1.4.8; http://mj12bot.com/)"
79.137.67.84 - - [20/May/2025:14:42:06 +0700] "GET /core/vendor/composer/package-versions-deprecated/?C=S;O=D HTTP/1.1" 200 1958 "-" "Mozilla/5.0 (compatible; MJ12bot/v1.4.8; http://mj12bot.com/)"
79.137.67.84 - - [20/May/2025:14:42:11 +0700] "GET /core/vendor/doctrine/cache/?C=D;O=D HTTP/1.1" 200 1556 "-" "Mozilla/5.0 (compatible; MJ12bot/v1.4.8; http://mj12bot.com/)"
79.137.67.84 - - [20/May/2025:14:42:14 +0700] "GET /core/vendor/doctrine/cache/?C=M;O=D HTTP/1.1" 200 1556 "-" "Mozilla/5.0 (compatible; MJ12bot/v1.4.8; http://mj12bot.com/)"
79.137.67.84 - - [20/May/2025:14:42:18 +0700] "GET /core/vendor/doctrine/cache/?C=N;O=A HTTP/1.1" 200 1556 "-" "Mozilla/5.0 (compatible; MJ12bot/v1.4.8; http://mj12bot.com/)"
79.137.67.84 - - [20/May/2025:14:42:22 +0700] "GET /core/vendor/doctrine/cache/?C=S;O=D HTTP/1.1" 200 1556 "-" "Mozilla/5.0 (compatible; MJ12bot/v1.4.8; http://mj12bot.com/)"
79.137.67.84 - - [20/May/2025:14:42:26 +0700] "GET /core/vendor/doctrine/dbal/?C=D;O=D HTTP/1.1" 200 2129 "-" "Mozilla/5.0 (compatible; MJ12bot/v1.4.8; http://mj12bot.com/)"
79.137.67.84 - - [20/May/2025:14:42:30 +0700] "GET /core/vendor/doctrine/dbal/?C=M;O=D HTTP/1.1" 200 2129 "-" "Mozilla/5.0 (compatible; MJ12bot/v1.4.8; http://mj12bot.com/)"
79.137.67.84 - - [20/May/2025:14:42:34 +0700] "GET /core/vendor/doctrine/dbal/?C=N;O=A HTTP/1.1" 200 2129 "-" "Mozilla/5.0 (compatible; MJ12bot/v1.4.8; http://mj12bot.com/)"
79.137.67.84 - - [20/May/2025:14:42:38 +0700] "GET /core/vendor/doctrine/dbal/?C=S;O=D HTTP/1.1" 200 2129 "-" "Mozilla/5.0 (compatible; MJ12bot/v1.4.8; http://mj12bot.com/)"
79.137.67.84 - - [20/May/2025:14:42:43 +0700] "GET /core/vendor/doctrine/deprecations/?C=D;O=D HTTP/1.1" 200 1947 "-" "Mozilla/5.0 (compatible; MJ12bot/v1.4.8; http://mj12bot.com/)"
