79.137.67.84 - - [20/May/2025:14:42:47 +0700] "GET /core/vendor/doctrine/deprecations/?C=M;O=D HTTP/1.1" 200 1947 "-" "Mozilla/5.0 (compatible; MJ12bot/v1.4.8; http://mj12bot.com/)"
79.137.67.84 - - [20/May/2025:14:42:51 +0700] "GET /core/vendor/doctrine/deprecations/?C=N;O=A HTTP/1.1" 200 1947 "-" "Mozilla/5.0 (compatible; MJ12bot/v1.4.8; http://mj12bot.com/)"
79.137.67.84 - - [20/May/2025:14:42:55 +0700] "GET /core/vendor/doctrine/deprecations/?C=S;O=D HTTP/1.1" 200 1947 "-" "Mozilla/5.0 (compatible; MJ12bot/v1.4.8; http://mj12bot.com/)"
79.137.67.84 - - [20/May/2025:14:42:59 +0700] "GET /core/vendor/doctrine/event-manager/?C=D;O=D HTTP/1.1" 200 1207 "-" "Mozilla/5.0 (compatible; MJ12bot/v1.4.8; http://mj12bot.com/)"
79.137.67.84 - - [20/May/2025:14:43:03 +0700] "GET /core/vendor/doctrine/event-manager/?C=M;O=D HTTP/1.1" 200 1207 "-" "Mozilla/5.0 (compatible; MJ12bot/v1.4.8; http://mj12bot.com/)"
79.137.67.84 - - [20/May/2025:14:43:07 +0700] "GET /core/vendor/doctrine/event-manager/?C=N;O=A HTTP/1.1" 200 1207 "-" "Mozilla/5.0 (compatible; MJ12bot/v1.4.8; http://mj12bot.com/)"
79.137.67.84 - - [20/May/2025:14:43:10 +0700] "GET /core/vendor/doctrine/event-manager/?C=S;O=D HTTP/1.1" 200 1207 "-" "Mozilla/5.0 (compatible; MJ12bot/v1.4.8; http://mj12bot.com/)"
79.137.67.84 - - [20/May/2025:14:43:14 +0700] "GET /core/vendor/doctrine/inflector/?C=D;O=D HTTP/1.1" 200 2511 "-" "Mozilla/5.0 (compatible; MJ12bot/v1.4.8; http://mj12bot.com/)"
79.137.67.84 - - [20/May/2025:14:43:18 +0700] "GET /core/vendor/doctrine/inflector/?C=M;O=D HTTP/1.1" 200 2511 "-" "Mozilla/5.0 (compatible; MJ12bot/v1.4.8; http://mj12bot.com/)"
79.137.67.84 - - [20/May/2025:14:43:21 +0700] "GET /core/vendor/doctrine/inflector/?C=N;O=A HTTP/1.1" 200 2511 "-" "Mozilla/5.0 (compatible; MJ12bot/v1.4.8; http://mj12bot.com/)"
79.137.67.84 - - [20/May/2025:14:43:25 +0700] "GET /core/vendor/doctrine/inflector/?C=S;O=D HTTP/1.1" 200 2511 "-" "Mozilla/5.0 (compatible; MJ12bot/v1.4.8; http://mj12bot.com/)"
79.137.67.84 - - [20/May/2025:14:43:29 +0700] "GET /core/vendor/doctrine/instantiator/?C=D;O=D HTTP/1.1" 200 2513 "-" "Mozilla/5.0 (compatible; MJ12bot/v1.4.8; http://mj12bot.com/)"
79.137.67.84 - - [20/May/2025:14:43:33 +0700] "GET /core/vendor/doctrine/instantiator/?C=M;O=D HTTP/1.1" 200 2513 "-" "Mozilla/5.0 (compatible; MJ12bot/v1.4.8; http://mj12bot.com/)"
79.137.67.84 - - [20/May/2025:14:43:37 +0700] "GET /core/vendor/doctrine/instantiator/?C=N;O=A HTTP/1.1" 200 2513 "-" "Mozilla/5.0 (compatible; MJ12bot/v1.4.8; http://mj12bot.com/)"
79.137.67.84 - - [20/May/2025:14:43:41 +0700] "GET /core/vendor/doctrine/instantiator/?C=S;O=D HTTP/1.1" 200 2513 "-" "Mozilla/5.0 (compatible; MJ12bot/v1.4.8; http://mj12bot.com/)"
79.137.67.84 - - [20/May/2025:14:43:44 +0700] "GET /core/vendor/doctrine/lexer/?C=D;O=D HTTP/1.1" 200 1783 "-" "Mozilla/5.0 (compatible; MJ12bot/v1.4.8; http://mj12bot.com/)"
79.137.67.84 - - [20/May/2025:14:43:48 +0700] "GET /core/vendor/doctrine/lexer/?C=M;O=D HTTP/1.1" 200 1783 "-" "Mozilla/5.0 (compatible; MJ12bot/v1.4.8; http://mj12bot.com/)"
79.137.67.84 - - [20/May/2025:14:43:52 +0700] "GET /core/vendor/doctrine/lexer/?C=N;O=A HTTP/1.1" 200 1783 "-" "Mozilla/5.0 (compatible; MJ12bot/v1.4.8; http://mj12bot.com/)"
79.137.67.84 - - [20/May/2025:14:43:55 +0700] "GET /core/vendor/doctrine/lexer/?C=S;O=D HTTP/1.1" 200 1783 "-" "Mozilla/5.0 (compatible; MJ12bot/v1.4.8; http://mj12bot.com/)"
79.137.67.84 - - [20/May/2025:14:43:59 +0700] "GET /core/vendor/dompdf/dompdf/?C=D;O=D HTTP/1.1" 200 2479 "-" "Mozilla/5.0 (compatible; MJ12bot/v1.4.8; http://mj12bot.com/)"
79.137.67.84 - - [20/May/2025:14:44:02 +0700] "GET /core/vendor/dompdf/dompdf/?C=M;O=D HTTP/1.1" 200 2479 "-" "Mozilla/5.0 (compatible; MJ12bot/v1.4.8; http://mj12bot.com/)"
79.137.67.84 - - [20/May/2025:14:44:06 +0700] "GET /core/vendor/dompdf/dompdf/?C=N;O=A HTTP/1.1" 200 2479 "-" "Mozilla/5.0 (compatible; MJ12bot/v1.4.8; http://mj12bot.com/)"
79.137.67.84 - - [20/May/2025:14:44:09 +0700] "GET /core/vendor/dompdf/dompdf/?C=S;O=D HTTP/1.1" 200 2479 "-" "Mozilla/5.0 (compatible; MJ12bot/v1.4.8; http://mj12bot.com/)"
79.137.67.84 - - [20/May/2025:14:44:13 +0700] "GET /core/vendor/dragonmantank/cron-expression/?C=D;O=D HTTP/1.1" 200 1957 "-" "Mozilla/5.0 (compatible; MJ12bot/v1.4.8; http://mj12bot.com/)"
79.137.67.84 - - [20/May/2025:14:44:17 +0700] "GET /core/vendor/dragonmantank/cron-expression/?C=M;O=D HTTP/1.1" 200 1957 "-" "Mozilla/5.0 (compatible; MJ12bot/v1.4.8; http://mj12bot.com/)"
79.137.67.84 - - [20/May/2025:14:44:21 +0700] "GET /core/vendor/dragonmantank/cron-expression/?C=N;O=A HTTP/1.1" 200 1957 "-" "Mozilla/5.0 (compatible; MJ12bot/v1.4.8; http://mj12bot.com/)"
79.137.67.84 - - [20/May/2025:14:44:25 +0700] "GET /core/vendor/dragonmantank/cron-expression/?C=S;O=D HTTP/1.1" 200 1957 "-" "Mozilla/5.0 (compatible; MJ12bot/v1.4.8; http://mj12bot.com/)"
79.137.67.84 - - [20/May/2025:14:44:28 +0700] "GET /core/vendor/egulias/email-validator/?C=D;O=D HTTP/1.1" 200 1798 "-" "Mozilla/5.0 (compatible; MJ12bot/v1.4.8; http://mj12bot.com/)"
79.137.67.84 - - [20/May/2025:14:44:32 +0700] "GET /core/vendor/egulias/email-validator/?C=M;O=D HTTP/1.1" 200 1798 "-" "Mozilla/5.0 (compatible; MJ12bot/v1.4.8; http://mj12bot.com/)"
79.137.67.84 - - [20/May/2025:14:44:36 +0700] "GET /core/vendor/egulias/email-validator/?C=N;O=A HTTP/1.1" 200 1798 "-" "Mozilla/5.0 (compatible; MJ12bot/v1.4.8; http://mj12bot.com/)"
79.137.67.84 - - [20/May/2025:14:44:39 +0700] "GET /core/vendor/egulias/email-validator/?C=S;O=D HTTP/1.1" 200 1798 "-" "Mozilla/5.0 (compatible; MJ12bot/v1.4.8; http://mj12bot.com/)"
79.137.67.84 - - [20/May/2025:14:44:43 +0700] "GET /core/vendor/facade/flare-client-php/?C=D;O=D HTTP/1.1" 200 1794 "-" "Mozilla/5.0 (compatible; MJ12bot/v1.4.8; http://mj12bot.com/)"
79.137.67.84 - - [20/May/2025:14:44:46 +0700] "GET /core/vendor/facade/flare-client-php/?C=M;O=D HTTP/1.1" 200 1794 "-" "Mozilla/5.0 (compatible; MJ12bot/v1.4.8; http://mj12bot.com/)"
79.137.67.84 - - [20/May/2025:14:44:50 +0700] "GET /core/vendor/facade/flare-client-php/?C=N;O=A HTTP/1.1" 200 1794 "-" "Mozilla/5.0 (compatible; MJ12bot/v1.4.8; http://mj12bot.com/)"
79.137.67.84 - - [20/May/2025:14:44:54 +0700] "GET /core/vendor/facade/flare-client-php/?C=S;O=D HTTP/1.1" 200 1794 "-" "Mozilla/5.0 (compatible; MJ12bot/v1.4.8; http://mj12bot.com/)"
79.137.67.84 - - [20/May/2025:14:44:57 +0700] "GET /core/vendor/facade/ignition-contracts/?C=D;O=D HTTP/1.1" 200 1954 "-" "Mozilla/5.0 (compatible; MJ12bot/v1.4.8; http://mj12bot.com/)"
79.137.67.84 - - [20/May/2025:14:45:01 +0700] "GET /core/vendor/facade/ignition-contracts/?C=M;O=D HTTP/1.1" 200 1954 "-" "Mozilla/5.0 (compatible; MJ12bot/v1.4.8; http://mj12bot.com/)"
79.137.67.84 - - [20/May/2025:14:45:05 +0700] "GET /core/vendor/facade/ignition-contracts/?C=N;O=A HTTP/1.1" 200 1954 "-" "Mozilla/5.0 (compatible; MJ12bot/v1.4.8; http://mj12bot.com/)"
79.137.67.84 - - [20/May/2025:14:45:08 +0700] "GET /core/vendor/facade/ignition-contracts/?C=S;O=D HTTP/1.1" 200 1954 "-" "Mozilla/5.0 (compatible; MJ12bot/v1.4.8; http://mj12bot.com/)"
79.137.67.84 - - [20/May/2025:14:45:12 +0700] "GET /core/vendor/league/flysystem/SECURITY.md HTTP/1.1" 200 - "-" "Mozilla/5.0 (compatible; MJ12bot/v1.4.8; http://mj12bot.com/)"
79.137.67.84 - - [20/May/2025:14:45:14 +0700] "GET /core/vendor/league/flysystem/composer.json HTTP/1.1" 200 1330 "-" "Mozilla/5.0 (compatible; MJ12bot/v1.4.8; http://mj12bot.com/)"
79.137.67.84 - - [20/May/2025:14:45:17 +0700] "GET /core/vendor/league/flysystem/deprecations.md HTTP/1.1" 200 724 "-" "Mozilla/5.0 (compatible; MJ12bot/v1.4.8; http://mj12bot.com/)"
79.137.67.84 - - [20/May/2025:14:45:21 +0700] "GET /core/vendor/league/flysystem/machie.php HTTP/1.1" 500 - "-" "Mozilla/5.0 (compatible; MJ12bot/v1.4.8; http://mj12bot.com/)"
79.137.67.84 - - [20/May/2025:14:45:24 +0700] "GET /core/vendor/league/flysystem/mockery.php HTTP/1.1" 500 - "-" "Mozilla/5.0 (compatible; MJ12bot/v1.4.8; http://mj12bot.com/)"
79.137.67.84 - - [20/May/2025:14:45:29 +0700] "GET /core/vendor/league/glide/?C=D;O=A HTTP/1.1" 200 2464 "-" "Mozilla/5.0 (compatible; MJ12bot/v1.4.8; http://mj12bot.com/)"
79.137.67.84 - - [20/May/2025:14:45:33 +0700] "GET /core/vendor/league/glide/?C=M;O=A HTTP/1.1" 200 2464 "-" "Mozilla/5.0 (compatible; MJ12bot/v1.4.8; http://mj12bot.com/)"
79.137.67.84 - - [20/May/2025:14:45:37 +0700] "GET /core/vendor/league/glide/?C=N;O=D HTTP/1.1" 200 2464 "-" "Mozilla/5.0 (compatible; MJ12bot/v1.4.8; http://mj12bot.com/)"
79.137.67.84 - - [20/May/2025:14:45:41 +0700] "GET /core/vendor/league/glide/?C=S;O=A HTTP/1.1" 200 2464 "-" "Mozilla/5.0 (compatible; MJ12bot/v1.4.8; http://mj12bot.com/)"
79.137.67.84 - - [20/May/2025:14:45:44 +0700] "GET /core/vendor/league/glide/CHANGELOG.md HTTP/1.1" 200 - "-" "Mozilla/5.0 (compatible; MJ12bot/v1.4.8; http://mj12bot.com/)"
79.137.67.84 - - [20/May/2025:14:45:48 +0700] "GET /core/vendor/league/glide/CONTRIBUTING.md HTTP/1.1" 200 1218 "-" "Mozilla/5.0 (compatible; MJ12bot/v1.4.8; http://mj12bot.com/)"
79.137.67.84 - - [20/May/2025:14:45:51 +0700] "GET /core/vendor/league/glide/InvalidSignatureException.php HTTP/1.1" 200 - "-" "Mozilla/5.0 (compatible; MJ12bot/v1.4.8; http://mj12bot.com/)"
79.137.67.84 - - [20/May/2025:14:45:55 +0700] "GET /core/vendor/league/glide/LICENSE HTTP/1.1" 200 - "-" "Mozilla/5.0 (compatible; MJ12bot/v1.4.8; http://mj12bot.com/)"
79.137.67.84 - - [20/May/2025:14:45:58 +0700] "GET /core/vendor/league/glide/NodeExtension.php HTTP/1.1" 500 - "-" "Mozilla/5.0 (compatible; MJ12bot/v1.4.8; http://mj12bot.com/)"
79.137.67.84 - - [20/May/2025:14:46:02 +0700] "GET /core/vendor/league/glide/composer.json HTTP/1.1" 200 1054 "-" "Mozilla/5.0 (compatible; MJ12bot/v1.4.8; http://mj12bot.com/)"
79.137.67.84 - - [20/May/2025:14:46:06 +0700] "GET /core/vendor/league/glide/phpunit.xml.dist HTTP/1.1" 200 752 "-" "Mozilla/5.0 (compatible; MJ12bot/v1.4.8; http://mj12bot.com/)"
79.137.67.84 - - [20/May/2025:14:46:09 +0700] "GET /core/vendor/league/mime-type-detection/?C=D;O=A HTTP/1.1" 200 1393 "-" "Mozilla/5.0 (compatible; MJ12bot/v1.4.8; http://mj12bot.com/)"
79.137.67.84 - - [20/May/2025:14:46:13 +0700] "GET /core/vendor/league/mime-type-detection/?C=M;O=A HTTP/1.1" 200 1393 "-" "Mozilla/5.0 (compatible; MJ12bot/v1.4.8; http://mj12bot.com/)"
79.137.67.84 - - [20/May/2025:14:46:16 +0700] "GET /core/vendor/league/mime-type-detection/?C=N;O=D HTTP/1.1" 200 1393 "-" "Mozilla/5.0 (compatible; MJ12bot/v1.4.8; http://mj12bot.com/)"
79.137.67.84 - - [20/May/2025:14:46:20 +0700] "GET /core/vendor/league/mime-type-detection/?C=S;O=A HTTP/1.1" 200 1393 "-" "Mozilla/5.0 (compatible; MJ12bot/v1.4.8; http://mj12bot.com/)"
79.137.67.84 - - [20/May/2025:14:46:23 +0700] "GET /core/vendor/league/mime-type-detection/CHANGELOG.md HTTP/1.1" 200 453 "-" "Mozilla/5.0 (compatible; MJ12bot/v1.4.8; http://mj12bot.com/)"
79.137.67.84 - - [20/May/2025:14:46:27 +0700] "GET /core/vendor/league/mime-type-detection/LICENSE HTTP/1.1" 200 1063 "-" "Mozilla/5.0 (compatible; MJ12bot/v1.4.8; http://mj12bot.com/)"
79.137.67.84 - - [20/May/2025:14:46:30 +0700] "GET /core/vendor/league/mime-type-detection/composer.json HTTP/1.1" 200 792 "-" "Mozilla/5.0 (compatible; MJ12bot/v1.4.8; http://mj12bot.com/)"
79.137.67.84 - - [20/May/2025:14:46:33 +0700] "GET /core/vendor/mockery/?C=D;O=D HTTP/1.1" 200 1193 "-" "Mozilla/5.0 (compatible; MJ12bot/v1.4.8; http://mj12bot.com/)"
79.137.67.84 - - [20/May/2025:14:46:37 +0700] "GET /core/vendor/mockery/?C=M;O=D HTTP/1.1" 200 1193 "-" "Mozilla/5.0 (compatible; MJ12bot/v1.4.8; http://mj12bot.com/)"
79.137.67.84 - - [20/May/2025:14:46:40 +0700] "GET /core/vendor/mockery/?C=N;O=A HTTP/1.1" 200 1193 "-" "Mozilla/5.0 (compatible; MJ12bot/v1.4.8; http://mj12bot.com/)"
79.137.67.84 - - [20/May/2025:14:46:44 +0700] "GET /core/vendor/mockery/?C=S;O=D HTTP/1.1" 200 1193 "-" "Mozilla/5.0 (compatible; MJ12bot/v1.4.8; http://mj12bot.com/)"
79.137.67.84 - - [20/May/2025:14:46:47 +0700] "GET /core/vendor/mockery/mockery/?C=D;O=A HTTP/1.1" 200 2674 "-" "Mozilla/5.0 (compatible; MJ12bot/v1.4.8; http://mj12bot.com/)"
79.137.67.84 - - [20/May/2025:14:46:50 +0700] "GET /core/vendor/mockery/mockery/?C=M;O=A HTTP/1.1" 200 2674 "-" "Mozilla/5.0 (compatible; MJ12bot/v1.4.8; http://mj12bot.com/)"
79.137.67.84 - - [20/May/2025:14:46:54 +0700] "GET /core/vendor/mockery/mockery/?C=N;O=D HTTP/1.1" 200 2674 "-" "Mozilla/5.0 (compatible; MJ12bot/v1.4.8; http://mj12bot.com/)"
79.137.67.84 - - [20/May/2025:14:46:57 +0700] "GET /core/vendor/mockery/mockery/?C=S;O=A HTTP/1.1" 200 2674 "-" "Mozilla/5.0 (compatible; MJ12bot/v1.4.8; http://mj12bot.com/)"
79.137.67.84 - - [20/May/2025:14:47:01 +0700] "GET /core/vendor/mockery/mockery/CHANGELOG.md HTTP/1.1" 200 2860 "-" "Mozilla/5.0 (compatible; MJ12bot/v1.4.8; http://mj12bot.com/)"
79.137.67.84 - - [20/May/2025:14:47:04 +0700] "GET /core/vendor/mockery/mockery/CONTRIBUTING.md HTTP/1.1" 200 3278 "-" "Mozilla/5.0 (compatible; MJ12bot/v1.4.8; http://mj12bot.com/)"
79.137.67.84 - - [20/May/2025:14:47:07 +0700] "GET /core/vendor/mockery/mockery/ExtensionInterface.php HTTP/1.1" 200 - "-" "Mozilla/5.0 (compatible; MJ12bot/v1.4.8; http://mj12bot.com/)"
79.137.67.84 - - [20/May/2025:14:47:11 +0700] "GET /core/vendor/mockery/mockery/InvalidSignatureException.php HTTP/1.1" 200 - "-" "Mozilla/5.0 (compatible; MJ12bot/v1.4.8; http://mj12bot.com/)"
79.137.67.84 - - [20/May/2025:14:47:14 +0700] "GET /core/vendor/mockery/mockery/LICENSE HTTP/1.1" 200 - "-" "Mozilla/5.0 (compatible; MJ12bot/v1.4.8; http://mj12bot.com/)"
79.137.67.84 - - [20/May/2025:14:47:17 +0700] "GET /core/vendor/mockery/mockery/NodeExtension.php HTTP/1.1" 500 - "-" "Mozilla/5.0 (compatible; MJ12bot/v1.4.8; http://mj12bot.com/)"
79.137.67.84 - - [20/May/2025:14:47:21 +0700] "GET /core/vendor/mockery/mockery/ReflectionException.php HTTP/1.1" 500 - "-" "Mozilla/5.0 (compatible; MJ12bot/v1.4.8; http://mj12bot.com/)"
79.137.67.84 - - [20/May/2025:14:47:25 +0700] "GET /core/vendor/mockery/mockery/composer.json HTTP/1.1" 200 1330 "-" "Mozilla/5.0 (compatible; MJ12bot/v1.4.8; http://mj12bot.com/)"
79.137.67.84 - - [20/May/2025:14:47:29 +0700] "GET /core/vendor/mockery/mockery/verified HTTP/1.1" 200 - "-" "Mozilla/5.0 (compatible; MJ12bot/v1.4.8; http://mj12bot.com/)"
79.137.67.84 - - [20/May/2025:14:47:32 +0700] "GET /core/vendor/monolog/?C=D;O=D HTTP/1.1" 200 1380 "-" "Mozilla/5.0 (compatible; MJ12bot/v1.4.8; http://mj12bot.com/)"
79.137.67.84 - - [20/May/2025:14:47:36 +0700] "GET /core/vendor/monolog/?C=M;O=D HTTP/1.1" 200 1380 "-" "Mozilla/5.0 (compatible; MJ12bot/v1.4.8; http://mj12bot.com/)"
79.137.67.84 - - [20/May/2025:14:47:39 +0700] "GET /core/vendor/monolog/?C=N;O=A HTTP/1.1" 200 1380 "-" "Mozilla/5.0 (compatible; MJ12bot/v1.4.8; http://mj12bot.com/)"
79.137.67.84 - - [20/May/2025:14:47:43 +0700] "GET /core/vendor/monolog/?C=S;O=D HTTP/1.1" 200 1380 "-" "Mozilla/5.0 (compatible; MJ12bot/v1.4.8; http://mj12bot.com/)"
79.137.67.84 - - [20/May/2025:14:47:46 +0700] "GET /core/vendor/monolog/monolog/?C=D;O=A HTTP/1.1" 200 2125 "-" "Mozilla/5.0 (compatible; MJ12bot/v1.4.8; http://mj12bot.com/)"
79.137.67.84 - - [20/May/2025:14:47:49 +0700] "GET /core/vendor/monolog/monolog/?C=M;O=A HTTP/1.1" 200 2125 "-" "Mozilla/5.0 (compatible; MJ12bot/v1.4.8; http://mj12bot.com/)"
79.137.67.84 - - [20/May/2025:14:47:53 +0700] "GET /core/vendor/monolog/monolog/?C=N;O=D HTTP/1.1" 200 2125 "-" "Mozilla/5.0 (compatible; MJ12bot/v1.4.8; http://mj12bot.com/)"
79.137.67.84 - - [20/May/2025:14:47:56 +0700] "GET /core/vendor/monolog/monolog/?C=S;O=A HTTP/1.1" 200 2125 "-" "Mozilla/5.0 (compatible; MJ12bot/v1.4.8; http://mj12bot.com/)"
79.137.67.84 - - [20/May/2025:14:47:59 +0700] "GET /core/vendor/monolog/monolog/CHANGELOG.md HTTP/1.1" 200 - "-" "Mozilla/5.0 (compatible; MJ12bot/v1.4.8; http://mj12bot.com/)"
79.137.67.84 - - [20/May/2025:14:48:03 +0700] "GET /core/vendor/monolog/monolog/ExecuteSolutionController.php HTTP/1.1" 500 - "-" "Mozilla/5.0 (compatible; MJ12bot/v1.4.8; http://mj12bot.com/)"
79.137.67.84 - - [20/May/2025:14:48:06 +0700] "GET /core/vendor/monolog/monolog/ExtensionInterface.php HTTP/1.1" 200 - "-" "Mozilla/5.0 (compatible; MJ12bot/v1.4.8; http://mj12bot.com/)"
79.137.67.84 - - [20/May/2025:14:48:10 +0700] "GET /core/vendor/monolog/monolog/LICENSE HTTP/1.1" 200 - "-" "Mozilla/5.0 (compatible; MJ12bot/v1.4.8; http://mj12bot.com/)"
79.137.67.84 - - [20/May/2025:14:48:14 +0700] "GET /core/vendor/monolog/monolog/NodeExtension.php HTTP/1.1" 500 - "-" "Mozilla/5.0 (compatible; MJ12bot/v1.4.8; http://mj12bot.com/)"
79.137.67.84 - - [20/May/2025:14:48:17 +0700] "GET /core/vendor/monolog/monolog/UPGRADE.md HTTP/1.1" 200 2911 "-" "Mozilla/5.0 (compatible; MJ12bot/v1.4.8; http://mj12bot.com/)"
79.137.67.84 - - [20/May/2025:14:48:21 +0700] "GET /core/vendor/monolog/monolog/composer.json HTTP/1.1" 200 1330 "-" "Mozilla/5.0 (compatible; MJ12bot/v1.4.8; http://mj12bot.com/)"
79.137.67.84 - - [20/May/2025:14:48:25 +0700] "GET /core/vendor/myclabs/?C=D;O=D HTTP/1.1" 200 1007 "-" "Mozilla/5.0 (compatible; MJ12bot/v1.4.8; http://mj12bot.com/)"
79.137.67.84 - - [20/May/2025:14:48:28 +0700] "GET /core/vendor/myclabs/?C=M;O=D HTTP/1.1" 200 1007 "-" "Mozilla/5.0 (compatible; MJ12bot/v1.4.8; http://mj12bot.com/)"
79.137.67.84 - - [20/May/2025:14:48:32 +0700] "GET /core/vendor/myclabs/?C=N;O=A HTTP/1.1" 200 1007 "-" "Mozilla/5.0 (compatible; MJ12bot/v1.4.8; http://mj12bot.com/)"
79.137.67.84 - - [20/May/2025:14:48:35 +0700] "GET /core/vendor/myclabs/?C=S;O=D HTTP/1.1" 200 1007 "-" "Mozilla/5.0 (compatible; MJ12bot/v1.4.8; http://mj12bot.com/)"
79.137.67.84 - - [20/May/2025:14:48:38 +0700] "GET /core/vendor/myclabs/deep-copy/?C=D;O=A HTTP/1.1" 200 1196 "-" "Mozilla/5.0 (compatible; MJ12bot/v1.4.8; http://mj12bot.com/)"
79.137.67.84 - - [20/May/2025:14:48:42 +0700] "GET /core/vendor/myclabs/deep-copy/?C=M;O=A HTTP/1.1" 200 1196 "-" "Mozilla/5.0 (compatible; MJ12bot/v1.4.8; http://mj12bot.com/)"
79.137.67.84 - - [20/May/2025:14:48:45 +0700] "GET /core/vendor/myclabs/deep-copy/?C=N;O=D HTTP/1.1" 200 1196 "-" "Mozilla/5.0 (compatible; MJ12bot/v1.4.8; http://mj12bot.com/)"
79.137.67.84 - - [20/May/2025:14:48:48 +0700] "GET /core/vendor/myclabs/deep-copy/?C=S;O=A HTTP/1.1" 200 1196 "-" "Mozilla/5.0 (compatible; MJ12bot/v1.4.8; http://mj12bot.com/)"
79.137.67.84 - - [20/May/2025:14:48:52 +0700] "GET /core/vendor/myclabs/deep-copy/LICENSE HTTP/1.1" 200 - "-" "Mozilla/5.0 (compatible; MJ12bot/v1.4.8; http://mj12bot.com/)"
79.137.67.84 - - [20/May/2025:14:48:55 +0700] "GET /core/vendor/myclabs/deep-copy/composer.json HTTP/1.1" 200 1330 "-" "Mozilla/5.0 (compatible; MJ12bot/v1.4.8; http://mj12bot.com/)"
79.137.67.84 - - [20/May/2025:14:48:59 +0700] "GET /core/vendor/nesbot/?C=D;O=D HTTP/1.1" 200 1001 "-" "Mozilla/5.0 (compatible; MJ12bot/v1.4.8; http://mj12bot.com/)"
79.137.67.84 - - [20/May/2025:14:49:02 +0700] "GET /core/vendor/nesbot/?C=M;O=D HTTP/1.1" 200 1001 "-" "Mozilla/5.0 (compatible; MJ12bot/v1.4.8; http://mj12bot.com/)"
79.137.67.84 - - [20/May/2025:14:49:05 +0700] "GET /core/vendor/nesbot/?C=N;O=A HTTP/1.1" 200 1001 "-" "Mozilla/5.0 (compatible; MJ12bot/v1.4.8; http://mj12bot.com/)"
79.137.67.84 - - [20/May/2025:14:49:09 +0700] "GET /core/vendor/nesbot/?C=S;O=D HTTP/1.1" 200 1001 "-" "Mozilla/5.0 (compatible; MJ12bot/v1.4.8; http://mj12bot.com/)"
79.137.67.84 - - [20/May/2025:14:49:12 +0700] "GET /core/vendor/nesbot/carbon/?C=D;O=A HTTP/1.1" 200 2657 "-" "Mozilla/5.0 (compatible; MJ12bot/v1.4.8; http://mj12bot.com/)"
79.137.67.84 - - [20/May/2025:14:49:16 +0700] "GET /core/vendor/nesbot/carbon/?C=M;O=A HTTP/1.1" 200 2657 "-" "Mozilla/5.0 (compatible; MJ12bot/v1.4.8; http://mj12bot.com/)"
79.137.67.84 - - [20/May/2025:14:49:19 +0700] "GET /core/vendor/nesbot/carbon/?C=N;O=D HTTP/1.1" 200 2657 "-" "Mozilla/5.0 (compatible; MJ12bot/v1.4.8; http://mj12bot.com/)"
79.137.67.84 - - [20/May/2025:14:49:22 +0700] "GET /core/vendor/nesbot/carbon/?C=S;O=A HTTP/1.1" 200 2657 "-" "Mozilla/5.0 (compatible; MJ12bot/v1.4.8; http://mj12bot.com/)"
79.137.67.84 - - [20/May/2025:14:49:26 +0700] "GET /core/vendor/nesbot/carbon/ExtensionInterface.php HTTP/1.1" 200 - "-" "Mozilla/5.0 (compatible; MJ12bot/v1.4.8; http://mj12bot.com/)"
79.137.67.84 - - [20/May/2025:14:49:29 +0700] "GET /core/vendor/nesbot/carbon/InvalidSignatureException.php HTTP/1.1" 200 - "-" "Mozilla/5.0 (compatible; MJ12bot/v1.4.8; http://mj12bot.com/)"
79.137.67.84 - - [20/May/2025:14:49:32 +0700] "GET /core/vendor/nesbot/carbon/LICENSE HTTP/1.1" 200 - "-" "Mozilla/5.0 (compatible; MJ12bot/v1.4.8; http://mj12bot.com/)"
79.137.67.84 - - [20/May/2025:14:49:36 +0700] "GET /core/vendor/nesbot/carbon/NodeExtension.php HTTP/1.1" 500 - "-" "Mozilla/5.0 (compatible; MJ12bot/v1.4.8; http://mj12bot.com/)"
79.137.67.84 - - [20/May/2025:14:49:39 +0700] "GET /core/vendor/nesbot/carbon/ReflectionException.php HTTP/1.1" 500 - "-" "Mozilla/5.0 (compatible; MJ12bot/v1.4.8; http://mj12bot.com/)"
79.137.67.84 - - [20/May/2025:14:49:44 +0700] "GET /core/vendor/nesbot/carbon/composer.json HTTP/1.1" 200 1330 "-" "Mozilla/5.0 (compatible; MJ12bot/v1.4.8; http://mj12bot.com/)"
79.137.67.84 - - [20/May/2025:14:49:48 +0700] "GET /core/vendor/nesbot/carbon/extension.neon HTTP/1.1" 200 136 "-" "Mozilla/5.0 (compatible; MJ12bot/v1.4.8; http://mj12bot.com/)"
79.137.67.84 - - [20/May/2025:14:49:51 +0700] "GET /core/vendor/nesbot/carbon/readme.md HTTP/1.1" 200 6327 "-" "Mozilla/5.0 (compatible; MJ12bot/v1.4.8; http://mj12bot.com/)"
79.137.67.84 - - [20/May/2025:14:49:55 +0700] "GET /core/vendor/nicmart/?C=D;O=D HTTP/1.1" 200 1727 "-" "Mozilla/5.0 (compatible; MJ12bot/v1.4.8; http://mj12bot.com/)"
79.137.67.84 - - [20/May/2025:14:49:58 +0700] "GET /core/vendor/nicmart/?C=M;O=D HTTP/1.1" 200 1727 "-" "Mozilla/5.0 (compatible; MJ12bot/v1.4.8; http://mj12bot.com/)"
79.137.67.84 - - [20/May/2025:14:50:01 +0700] "GET /core/vendor/nicmart/?C=N;O=A HTTP/1.1" 200 1727 "-" "Mozilla/5.0 (compatible; MJ12bot/v1.4.8; http://mj12bot.com/)"
79.137.67.84 - - [20/May/2025:14:50:05 +0700] "GET /core/vendor/nicmart/?C=S;O=D HTTP/1.1" 200 1727 "-" "Mozilla/5.0 (compatible; MJ12bot/v1.4.8; http://mj12bot.com/)"
79.137.67.84 - - [20/May/2025:14:50:08 +0700] "GET /core/vendor/nicmart/tree/?C=D;O=A HTTP/1.1" 200 1735 "-" "Mozilla/5.0 (compatible; MJ12bot/v1.4.8; http://mj12bot.com/)"
79.137.67.84 - - [20/May/2025:14:50:11 +0700] "GET /core/vendor/nicmart/tree/?C=M;O=A HTTP/1.1" 200 1735 "-" "Mozilla/5.0 (compatible; MJ12bot/v1.4.8; http://mj12bot.com/)"
79.137.67.84 - - [20/May/2025:14:50:15 +0700] "GET /core/vendor/nicmart/tree/?C=N;O=D HTTP/1.1" 200 1735 "-" "Mozilla/5.0 (compatible; MJ12bot/v1.4.8; http://mj12bot.com/)"
79.137.67.84 - - [20/May/2025:14:50:18 +0700] "GET /core/vendor/nicmart/tree/?C=S;O=A HTTP/1.1" 200 1735 "-" "Mozilla/5.0 (compatible; MJ12bot/v1.4.8; http://mj12bot.com/)"
79.137.67.84 - - [20/May/2025:14:50:21 +0700] "GET /core/vendor/nicmart/tree/CHANGELOG.md HTTP/1.1" 200 2860 "-" "Mozilla/5.0 (compatible; MJ12bot/v1.4.8; http://mj12bot.com/)"
79.137.67.84 - - [20/May/2025:14:50:24 +0700] "GET /core/vendor/nicmart/tree/LICENSE.md HTTP/1.1" 200 1091 "-" "Mozilla/5.0 (compatible; MJ12bot/v1.4.8; http://mj12bot.com/)"
79.137.67.84 - - [20/May/2025:14:50:28 +0700] "GET /core/vendor/nicmart/tree/NodeExtension.php HTTP/1.1" 500 - "-" "Mozilla/5.0 (compatible; MJ12bot/v1.4.8; http://mj12bot.com/)"
79.137.67.84 - - [20/May/2025:14:50:31 +0700] "GET /core/vendor/nicmart/tree/composer.json HTTP/1.1" 200 1330 "-" "Mozilla/5.0 (compatible; MJ12bot/v1.4.8; http://mj12bot.com/)"
79.137.67.84 - - [20/May/2025:14:50:35 +0700] "GET /core/vendor/nicmart/tree/composer.lock HTTP/1.1" 200 136432 "-" "Mozilla/5.0 (compatible; MJ12bot/v1.4.8; http://mj12bot.com/)"
79.137.67.84 - - [20/May/2025:14:50:40 +0700] "GET /core/vendor/nikic/?C=D;O=D HTTP/1.1" 200 1189 "-" "Mozilla/5.0 (compatible; MJ12bot/v1.4.8; http://mj12bot.com/)"
79.137.67.84 - - [20/May/2025:14:50:44 +0700] "GET /core/vendor/nikic/?C=M;O=D HTTP/1.1" 200 1189 "-" "Mozilla/5.0 (compatible; MJ12bot/v1.4.8; http://mj12bot.com/)"
79.137.67.84 - - [20/May/2025:14:50:47 +0700] "GET /core/vendor/nikic/?C=N;O=A HTTP/1.1" 200 1189 "-" "Mozilla/5.0 (compatible; MJ12bot/v1.4.8; http://mj12bot.com/)"
125.94.144.102 - - [20/May/2025:15:49:05 +0700] "GET / HTTP/1.1" 200 2235 "-" "Mozilla/5.0 (iPhone; CPU iPhone OS 13_2_3 like Mac OS X) AppleWebKit/605.1.15 (KHTML, like Gecko) Version/13.0.3 Mobile/15E148 Safari/604.1"
208.100.26.244 - - [20/May/2025:15:57:28 +0700] "GET / HTTP/1.1" 200 2235 "-" "Mozilla/5.0 (Macintosh; Intel Mac OS X 10_12_2) AppleWebKit/537.36 (KHTML, like Gecko) Chrome/79.0.3945.130 Safari/537.36"
192.95.30.21 - - [20/May/2025:16:55:32 +0700] "GET /robots.txt HTTP/1.1" 404 - "-" "Mozilla/5.0 (compatible; MJ12bot/v1.4.8; http://mj12bot.com/)"
192.95.30.21 - - [20/May/2025:16:55:34 +0700] "GET /core/database/?filesrc=/home/masbinta/public_html/savep.php&path=/home/masbinta/public_html HTTP/1.1" 200 13514 "-" "Mozilla/5.0 (compatible; MJ12bot/v1.4.8; http://mj12bot.com/)"
192.95.30.21 - - [20/May/2025:16:55:37 +0700] "GET /core/database/?filesrc=/home/masbinta/public_html/ss.php&path=/home/masbinta/public_html HTTP/1.1" 200 6138 "-" "Mozilla/5.0 (compatible; MJ12bot/v1.4.8; http://mj12bot.com/)"
192.95.30.21 - - [20/May/2025:16:55:41 +0700] "GET /core/database/?filesrc=/home/masbinta/public_html/style.php&path=/home/masbinta/public_html HTTP/1.1" 200 1395624 "-" "Mozilla/5.0 (compatible; MJ12bot/v1.4.8; http://mj12bot.com/)"
192.95.30.21 - - [20/May/2025:16:55:47 +0700] "GET /core/database/?filesrc=/home/masbinta/public_html/wp-22.php&path=/home/masbinta/public_html HTTP/1.1" 200 28885 "-" "Mozilla/5.0 (compatible; MJ12bot/v1.4.8; http://mj12bot.com/)"
192.95.30.21 - - [20/May/2025:16:55:52 +0700] "GET /core/database/?path=/&aksi=buatfile HTTP/1.1" 200 27756 "-" "Mozilla/5.0 (compatible; MJ12bot/v1.4.8; http://mj12bot.com/)"
192.95.30.21 - - [20/May/2025:16:55:56 +0700] "GET /core/database/?path=/&aksi=buatfolder HTTP/1.1" 200 5267 "-" "Mozilla/5.0 (compatible; MJ12bot/v1.4.8; http://mj12bot.com/)"
192.95.30.21 - - [20/May/2025:16:55:59 +0700] "GET /core/database/?path=/&aksi=ransom HTTP/1.1" 200 27756 "-" "Mozilla/5.0 (compatible; MJ12bot/v1.4.8; http://mj12bot.com/)"
217.182.194.33 - - [20/May/2025:16:56:02 +0700] "GET /robots.txt HTTP/1.1" 404 - "-" "Mozilla/5.0 (compatible; MJ12bot/v1.4.8; http://mj12bot.com/)"
217.182.194.33 - - [20/May/2025:16:56:03 +0700] "GET /core/vendor/nikic/?C=S;O=D HTTP/1.1" 200 1189 "-" "Mozilla/5.0 (compatible; MJ12bot/v1.4.8; http://mj12bot.com/)"
192.95.30.21 - - [20/May/2025:16:56:03 +0700] "GET /core/database/?path=//bin HTTP/1.1" 200 1221769 "-" "Mozilla/5.0 (compatible; MJ12bot/v1.4.8; http://mj12bot.com/)"
192.95.30.21 - - [20/May/2025:16:56:08 +0700] "GET /core/database/?path=//boot HTTP/1.1" 200 31522 "-" "Mozilla/5.0 (compatible; MJ12bot/v1.4.8; http://mj12bot.com/)"
217.182.194.33 - - [20/May/2025:16:56:09 +0700] "GET /core/vendor/nikic/php-parser/?C=D;O=A HTTP/1.1" 200 1540 "-" "Mozilla/5.0 (compatible; MJ12bot/v1.4.8; http://mj12bot.com/)"
192.95.30.21 - - [20/May/2025:16:56:12 +0700] "GET /core/database/?path=//dev HTTP/1.1" 200 23521 "-" "Mozilla/5.0 (compatible; MJ12bot/v1.4.8; http://mj12bot.com/)"
217.182.194.33 - - [20/May/2025:16:56:12 +0700] "GET /core/vendor/nikic/php-parser/?C=M;O=A HTTP/1.1" 200 1540 "-" "Mozilla/5.0 (compatible; MJ12bot/v1.4.8; http://mj12bot.com/)"
217.182.194.33 - - [20/May/2025:16:56:16 +0700] "GET /core/vendor/nikic/php-parser/?C=N;O=D HTTP/1.1" 200 1540 "-" "Mozilla/5.0 (compatible; MJ12bot/v1.4.8; http://mj12bot.com/)"
192.95.30.21 - - [20/May/2025:16:56:16 +0700] "GET /core/database/?path=//etc HTTP/1.1" 200 346118 "-" "Mozilla/5.0 (compatible; MJ12bot/v1.4.8; http://mj12bot.com/)"
217.182.194.33 - - [20/May/2025:16:56:19 +0700] "GET /core/vendor/nikic/php-parser/?C=S;O=A HTTP/1.1" 200 1540 "-" "Mozilla/5.0 (compatible; MJ12bot/v1.4.8; http://mj12bot.com/)"
192.95.30.21 - - [20/May/2025:16:56:22 +0700] "GET /core/database/?path=//home HTTP/1.1" 200 5427 "-" "Mozilla/5.0 (compatible; MJ12bot/v1.4.8; http://mj12bot.com/)"
217.182.194.33 - - [20/May/2025:16:56:22 +0700] "GET /core/vendor/nikic/php-parser/LICENSE HTTP/1.1" 200 - "-" "Mozilla/5.0 (compatible; MJ12bot/v1.4.8; http://mj12bot.com/)"
192.95.30.21 - - [20/May/2025:16:56:25 +0700] "GET /core/database/?path=//lib HTTP/1.1" 200 37596 "-" "Mozilla/5.0 (compatible; MJ12bot/v1.4.8; http://mj12bot.com/)"
217.182.194.33 - - [20/May/2025:16:56:26 +0700] "GET /core/vendor/nikic/php-parser/composer.json HTTP/1.1" 200 1330 "-" "Mozilla/5.0 (compatible; MJ12bot/v1.4.8; http://mj12bot.com/)"
217.182.194.33 - - [20/May/2025:16:56:29 +0700] "GET /core/vendor/nunomaduro/?C=D;O=D HTTP/1.1" 200 1196 "-" "Mozilla/5.0 (compatible; MJ12bot/v1.4.8; http://mj12bot.com/)"
192.95.30.21 - - [20/May/2025:16:56:29 +0700] "GET /core/database/?path=//lib64 HTTP/1.1" 200 1246768 "-" "Mozilla/5.0 (compatible; MJ12bot/v1.4.8; http://mj12bot.com/)"
217.182.194.33 - - [20/May/2025:16:56:33 +0700] "GET /core/vendor/nunomaduro/?C=M;O=D HTTP/1.1" 200 1196 "-" "Mozilla/5.0 (compatible; MJ12bot/v1.4.8; http://mj12bot.com/)"
217.182.194.33 - - [20/May/2025:16:56:36 +0700] "GET /core/vendor/nunomaduro/?C=N;O=A HTTP/1.1" 200 1196 "-" "Mozilla/5.0 (compatible; MJ12bot/v1.4.8; http://mj12bot.com/)"
192.95.30.21 - - [20/May/2025:16:56:37 +0700] "GET /core/database/?path=//media HTTP/1.1" 200 5432 "-" "Mozilla/5.0 (compatible; MJ12bot/v1.4.8; http://mj12bot.com/)"
217.182.194.33 - - [20/May/2025:16:56:39 +0700] "GET /core/vendor/nunomaduro/?C=S;O=D HTTP/1.1" 200 1196 "-" "Mozilla/5.0 (compatible; MJ12bot/v1.4.8; http://mj12bot.com/)"
192.95.30.21 - - [20/May/2025:16:56:41 +0700] "GET /core/database/?path=//mnt HTTP/1.1" 200 5422 "-" "Mozilla/5.0 (compatible; MJ12bot/v1.4.8; http://mj12bot.com/)"
217.182.194.33 - - [20/May/2025:16:56:43 +0700] "GET /core/vendor/nunomaduro/collision/?C=D;O=A HTTP/1.1" 200 1798 "-" "Mozilla/5.0 (compatible; MJ12bot/v1.4.8; http://mj12bot.com/)"
192.95.30.21 - - [20/May/2025:16:56:44 +0700] "GET /core/database/?path=//opt HTTP/1.1" 200 10666 "-" "Mozilla/5.0 (compatible; MJ12bot/v1.4.8; http://mj12bot.com/)"
217.182.194.33 - - [20/May/2025:16:56:46 +0700] "GET /core/vendor/nunomaduro/collision/?C=M;O=A HTTP/1.1" 200 1798 "-" "Mozilla/5.0 (compatible; MJ12bot/v1.4.8; http://mj12bot.com/)"
192.95.30.21 - - [20/May/2025:16:56:47 +0700] "GET /core/database/?path=//proc HTTP/1.1" 200 343479 "-" "Mozilla/5.0 (compatible; MJ12bot/v1.4.8; http://mj12bot.com/)"
217.182.194.33 - - [20/May/2025:16:56:50 +0700] "GET /core/vendor/nunomaduro/collision/?C=N;O=D HTTP/1.1" 200 1798 "-" "Mozilla/5.0 (compatible; MJ12bot/v1.4.8; http://mj12bot.com/)"
192.95.30.21 - - [20/May/2025:16:56:53 +0700] "GET /core/database/?path=//root HTTP/1.1" 200 5427 "-" "Mozilla/5.0 (compatible; MJ12bot/v1.4.8; http://mj12bot.com/)"
217.182.194.33 - - [20/May/2025:16:56:53 +0700] "GET /core/vendor/nunomaduro/collision/?C=S;O=A HTTP/1.1" 200 1798 "-" "Mozilla/5.0 (compatible; MJ12bot/v1.4.8; http://mj12bot.com/)"
192.95.30.21 - - [20/May/2025:16:56:56 +0700] "GET /core/database/?path=//run HTTP/1.1" 200 108427 "-" "Mozilla/5.0 (compatible; MJ12bot/v1.4.8; http://mj12bot.com/)"
217.182.194.33 - - [20/May/2025:16:56:56 +0700] "GET /core/vendor/nunomaduro/collision/ExecuteSolutionController.php HTTP/1.1" 500 - "-" "Mozilla/5.0 (compatible; MJ12bot/v1.4.8; http://mj12bot.com/)"
217.182.194.33 - - [20/May/2025:16:57:00 +0700] "GET /core/vendor/nunomaduro/collision/ExtensionInterface.php HTTP/1.1" 200 - "-" "Mozilla/5.0 (compatible; MJ12bot/v1.4.8; http://mj12bot.com/)"
192.95.30.21 - - [20/May/2025:16:57:01 +0700] "GET /core/database/?path=//sbin HTTP/1.1" 200 511479 "-" "Mozilla/5.0 (compatible; MJ12bot/v1.4.8; http://mj12bot.com/)"
217.182.194.33 - - [20/May/2025:16:57:04 +0700] "GET /core/vendor/nunomaduro/collision/InvalidSignatureException.php HTTP/1.1" 200 - "-" "Mozilla/5.0 (compatible; MJ12bot/v1.4.8; http://mj12bot.com/)"
217.182.194.33 - - [20/May/2025:16:57:07 +0700] "GET /core/vendor/nunomaduro/collision/LICENSE.md HTTP/1.1" 200 1097 "-" "Mozilla/5.0 (compatible; MJ12bot/v1.4.8; http://mj12bot.com/)"
192.95.30.21 - - [20/May/2025:16:57:08 +0700] "GET /core/database/?path=//scripts HTTP/1.1" 200 446970 "-" "Mozilla/5.0 (compatible; MJ12bot/v1.4.8; http://mj12bot.com/)"
217.182.194.33 - - [20/May/2025:16:57:11 +0700] "GET /core/vendor/nunomaduro/collision/composer.json HTTP/1.1" 200 1330 "-" "Mozilla/5.0 (compatible; MJ12bot/v1.4.8; http://mj12bot.com/)"
185.16.39.176 - - [20/May/2025:16:57:13 +0700] "GET /? HTTP/1.1" 200 2235 "-" "Go-http-client/1.1"
217.182.194.33 - - [20/May/2025:16:57:14 +0700] "GET /core/vendor/opis/?C=D;O=D HTTP/1.1" 200 1187 "-" "Mozilla/5.0 (compatible; MJ12bot/v1.4.8; http://mj12bot.com/)"
185.16.39.176 - - [20/May/2025:16:57:15 +0700] "GET /?C=N;O=D'123 HTTP/1.1" 200 2235 "-" "Go-http-client/1.1"
192.95.30.21 - - [20/May/2025:16:57:15 +0700] "GET /core/database/?path=//srv HTTP/1.1" 200 5422 "-" "Mozilla/5.0 (compatible; MJ12bot/v1.4.8; http://mj12bot.com/)"
185.16.39.176 - - [20/May/2025:16:57:16 +0700] "GET /?C=M;O=A'123 HTTP/1.1" 200 2235 "-" "Go-http-client/1.1"
217.182.194.33 - - [20/May/2025:16:57:18 +0700] "GET /core/vendor/opis/?C=M;O=D HTTP/1.1" 200 1187 "-" "Mozilla/5.0 (compatible; MJ12bot/v1.4.8; http://mj12bot.com/)"
192.95.30.21 - - [20/May/2025:16:57:18 +0700] "GET /core/database/?path=//sys HTTP/1.1" 200 14858 "-" "Mozilla/5.0 (compatible; MJ12bot/v1.4.8; http://mj12bot.com/)"
185.16.39.176 - - [20/May/2025:16:57:18 +0700] "GET /?C=S;O=A'123 HTTP/1.1" 200 2235 "-" "Go-http-client/1.1"
185.16.39.176 - - [20/May/2025:16:57:20 +0700] "GET /?C=D;O=A'123 HTTP/1.1" 200 2235 "-" "Go-http-client/1.1"
217.182.194.33 - - [20/May/2025:16:57:21 +0700] "GET /core/vendor/opis/?C=N;O=A HTTP/1.1" 200 1187 "-" "Mozilla/5.0 (compatible; MJ12bot/v1.4.8; http://mj12bot.com/)"
192.95.30.21 - - [20/May/2025:16:57:22 +0700] "GET /core/database/?path=//tmp HTTP/1.1" 200 7488 "-" "Mozilla/5.0 (compatible; MJ12bot/v1.4.8; http://mj12bot.com/)"
217.182.194.33 - - [20/May/2025:16:57:24 +0700] "GET /core/vendor/opis/?C=S;O=D HTTP/1.1" 200 1187 "-" "Mozilla/5.0 (compatible; MJ12bot/v1.4.8; http://mj12bot.com/)"
192.95.30.21 - - [20/May/2025:16:57:25 +0700] "GET /core/database/?path=//usr HTTP/1.1" 200 15791 "-" "Mozilla/5.0 (compatible; MJ12bot/v1.4.8; http://mj12bot.com/)"
192.95.30.21 - - [20/May/2025:16:57:29 +0700] "GET /core/database/?path=//var HTTP/1.1" 200 29476 "-" "Mozilla/5.0 (compatible; MJ12bot/v1.4.8; http://mj12bot.com/)"
217.182.194.33 - - [20/May/2025:16:57:32 +0700] "GET /core/vendor/sebastian/comparator/?C=D;O=D HTTP/1.1" 200 1597 "-" "Mozilla/5.0 (compatible; MJ12bot/v1.4.8; http://mj12bot.com/)"
192.95.30.21 - - [20/May/2025:16:57:33 +0700] "GET /core/database/?path=/home&aksi=buatfile HTTP/1.1" 200 5423 "-" "Mozilla/5.0 (compatible; MJ12bot/v1.4.8; http://mj12bot.com/)"
217.182.194.33 - - [20/May/2025:16:57:35 +0700] "GET /core/vendor/sebastian/comparator/?C=M;O=D HTTP/1.1" 200 1597 "-" "Mozilla/5.0 (compatible; MJ12bot/v1.4.8; http://mj12bot.com/)"
192.95.30.21 - - [20/May/2025:16:57:37 +0700] "GET /core/database/?path=/home&aksi=buatfolder HTTP/1.1" 200 5310 "-" "Mozilla/5.0 (compatible; MJ12bot/v1.4.8; http://mj12bot.com/)"
217.182.194.33 - - [20/May/2025:16:57:38 +0700] "GET /core/vendor/sebastian/comparator/?C=N;O=A HTTP/1.1" 200 1597 "-" "Mozilla/5.0 (compatible; MJ12bot/v1.4.8; http://mj12bot.com/)"
192.95.30.21 - - [20/May/2025:16:57:40 +0700] "GET /core/database/?path=/home&aksi=ransom HTTP/1.1" 200 5423 "-" "Mozilla/5.0 (compatible; MJ12bot/v1.4.8; http://mj12bot.com/)"
217.182.194.33 - - [20/May/2025:16:57:42 +0700] "GET /core/vendor/sebastian/comparator/?C=S;O=D HTTP/1.1" 200 1597 "-" "Mozilla/5.0 (compatible; MJ12bot/v1.4.8; http://mj12bot.com/)"
192.95.30.21 - - [20/May/2025:16:57:43 +0700] "GET /core/database/?path=/home/masbinta&aksi=buatfile HTTP/1.1" 200 26093 "-" "Mozilla/5.0 (compatible; MJ12bot/v1.4.8; http://mj12bot.com/)"
217.182.194.33 - - [20/May/2025:16:57:45 +0700] "GET /core/vendor/sebastian/complexity/?C=D;O=D HTTP/1.1" 200 1384 "-" "Mozilla/5.0 (compatible; MJ12bot/v1.4.8; http://mj12bot.com/)"
192.95.30.21 - - [20/May/2025:16:57:47 +0700] "GET /core/database/?path=/home/masbinta&aksi=buatfolder HTTP/1.1" 200 5381 "-" "Mozilla/5.0 (compatible; MJ12bot/v1.4.8; http://mj12bot.com/)"
217.182.194.33 - - [20/May/2025:16:57:49 +0700] "GET /core/vendor/sebastian/complexity/?C=M;O=D HTTP/1.1" 200 1384 "-" "Mozilla/5.0 (compatible; MJ12bot/v1.4.8; http://mj12bot.com/)"
192.95.30.21 - - [20/May/2025:16:57:50 +0700] "GET /core/database/?path=/home/masbinta&aksi=ransom HTTP/1.1" 200 26093 "-" "Mozilla/5.0 (compatible; MJ12bot/v1.4.8; http://mj12bot.com/)"
217.182.194.33 - - [20/May/2025:16:57:52 +0700] "GET /core/vendor/sebastian/complexity/?C=N;O=A HTTP/1.1" 200 1384 "-" "Mozilla/5.0 (compatible; MJ12bot/v1.4.8; http://mj12bot.com/)"
192.95.30.21 - - [20/May/2025:16:57:54 +0700] "GET /core/database/?path=/home/masbinta/.caldav HTTP/1.1" 200 9629 "-" "Mozilla/5.0 (compatible; MJ12bot/v1.4.8; http://mj12bot.com/)"
217.182.194.33 - - [20/May/2025:16:57:55 +0700] "GET /core/vendor/sebastian/complexity/?C=S;O=D HTTP/1.1" 200 1384 "-" "Mozilla/5.0 (compatible; MJ12bot/v1.4.8; http://mj12bot.com/)"
217.182.194.33 - - [20/May/2025:16:57:57 +0700] "GET /core/vendor/sebastian/diff/?C=D;O=D HTTP/1.1" 200 1372 "-" "Mozilla/5.0 (compatible; MJ12bot/v1.4.8; http://mj12bot.com/)"
192.95.30.21 - - [20/May/2025:16:57:58 +0700] "GET /core/database/?path=/home/masbinta/.cpanel HTTP/1.1" 200 14503 "-" "Mozilla/5.0 (compatible; MJ12bot/v1.4.8; http://mj12bot.com/)"
217.182.194.33 - - [20/May/2025:16:58:00 +0700] "GET /core/vendor/sebastian/diff/?C=M;O=D HTTP/1.1" 200 1372 "-" "Mozilla/5.0 (compatible; MJ12bot/v1.4.8; http://mj12bot.com/)"
192.95.30.21 - - [20/May/2025:16:58:02 +0700] "GET /core/database/?path=/home/masbinta/.cphorde HTTP/1.1" 200 9525 "-" "Mozilla/5.0 (compatible; MJ12bot/v1.4.8; http://mj12bot.com/)"
217.182.194.33 - - [20/May/2025:16:58:05 +0700] "GET /core/vendor/sebastian/diff/?C=N;O=A HTTP/1.1" 200 1372 "-" "Mozilla/5.0 (compatible; MJ12bot/v1.4.8; http://mj12bot.com/)"
192.95.30.21 - - [20/May/2025:16:58:05 +0700] "GET /core/database/?path=/home/masbinta/.htpasswds HTTP/1.1" 200 5584 "-" "Mozilla/5.0 (compatible; MJ12bot/v1.4.8; http://mj12bot.com/)"
192.95.30.21 - - [20/May/2025:16:58:07 +0700] "GET /core/database/?path=/home/masbinta/.spamassassin HTTP/1.1" 200 6656 "-" "Mozilla/5.0 (compatible; MJ12bot/v1.4.8; http://mj12bot.com/)"
217.182.194.33 - - [20/May/2025:16:58:08 +0700] "GET /core/vendor/sebastian/diff/?C=S;O=D HTTP/1.1" 200 1372 "-" "Mozilla/5.0 (compatible; MJ12bot/v1.4.8; http://mj12bot.com/)"
192.95.30.21 - - [20/May/2025:16:58:10 +0700] "GET /core/database/?path=/home/masbinta/.trash HTTP/1.1" 200 11166 "-" "Mozilla/5.0 (compatible; MJ12bot/v1.4.8; http://mj12bot.com/)"
217.182.194.33 - - [20/May/2025:16:58:11 +0700] "GET /core/vendor/sebastian/environment/?C=D;O=D HTTP/1.1" 200 1386 "-" "Mozilla/5.0 (compatible; MJ12bot/v1.4.8; http://mj12bot.com/)"
192.95.30.21 - - [20/May/2025:16:58:14 +0700] "GET /core/database/?path=/home/masbinta/access-logs HTTP/1.1" 200 7700 "-" "Mozilla/5.0 (compatible; MJ12bot/v1.4.8; http://mj12bot.com/)"
217.182.194.33 - - [20/May/2025:16:58:15 +0700] "GET /core/vendor/sebastian/environment/?C=M;O=D HTTP/1.1" 200 1386 "-" "Mozilla/5.0 (compatible; MJ12bot/v1.4.8; http://mj12bot.com/)"
192.95.30.21 - - [20/May/2025:16:58:17 +0700] "GET /core/database/?path=/home/masbinta/etc HTTP/1.1" 200 17152 "-" "Mozilla/5.0 (compatible; MJ12bot/v1.4.8; http://mj12bot.com/)"
217.182.194.33 - - [20/May/2025:16:58:18 +0700] "GET /core/vendor/sebastian/environment/?C=N;O=A HTTP/1.1" 200 1386 "-" "Mozilla/5.0 (compatible; MJ12bot/v1.4.8; http://mj12bot.com/)"
192.95.30.21 - - [20/May/2025:16:58:21 +0700] "GET /core/database/?path=/home/masbinta/logs HTTP/1.1" 200 17515 "-" "Mozilla/5.0 (compatible; MJ12bot/v1.4.8; http://mj12bot.com/)"
217.182.194.33 - - [20/May/2025:16:58:21 +0700] "GET /core/vendor/sebastian/environment/?C=S;O=D HTTP/1.1" 200 1386 "-" "Mozilla/5.0 (compatible; MJ12bot/v1.4.8; http://mj12bot.com/)"
192.95.30.21 - - [20/May/2025:16:58:23 +0700] "GET /core/database/?path=/home/masbinta/public_html/core/app HTTP/1.1" 200 12704 "-" "Mozilla/5.0 (compatible; MJ12bot/v1.4.8; http://mj12bot.com/)"
217.182.194.33 - - [20/May/2025:16:58:25 +0700] "GET /core/vendor/sebastian/exporter/?C=D;O=D HTTP/1.1" 200 1565 "-" "Mozilla/5.0 (compatible; MJ12bot/v1.4.8; http://mj12bot.com/)"
192.95.30.21 - - [20/May/2025:16:58:27 +0700] "GET /core/database/?path=/home/masbinta/public_html/core/bootstrap HTTP/1.1" 200 8858 "-" "Mozilla/5.0 (compatible; MJ12bot/v1.4.8; http://mj12bot.com/)"
217.182.194.33 - - [20/May/2025:16:58:28 +0700] "GET /core/vendor/sebastian/exporter/?C=M;O=D HTTP/1.1" 200 1565 "-" "Mozilla/5.0 (compatible; MJ12bot/v1.4.8; http://mj12bot.com/)"
217.182.194.33 - - [20/May/2025:16:58:30 +0700] "GET /core/vendor/sebastian/exporter/?C=N;O=A HTTP/1.1" 200 1565 "-" "Mozilla/5.0 (compatible; MJ12bot/v1.4.8; http://mj12bot.com/)"
192.95.30.21 - - [20/May/2025:16:58:31 +0700] "GET /core/database/?path=/home/masbinta/public_html/core/config HTTP/1.1" 200 28077 "-" "Mozilla/5.0 (compatible; MJ12bot/v1.4.8; http://mj12bot.com/)"
217.182.194.33 - - [20/May/2025:16:58:33 +0700] "GET /core/vendor/sebastian/exporter/?C=S;O=D HTTP/1.1" 200 1565 "-" "Mozilla/5.0 (compatible; MJ12bot/v1.4.8; http://mj12bot.com/)"
192.95.30.21 - - [20/May/2025:16:58:35 +0700] "GET /core/database/?path=/home/masbinta/public_html/core/database/factories&aksi=buatfile HTTP/1.1" 200 5869 "-" "Mozilla/5.0 (compatible; MJ12bot/v1.4.8; http://mj12bot.com/)"
217.182.194.33 - - [20/May/2025:16:58:36 +0700] "GET /core/vendor/sebastian/global-state/?C=D;O=D HTTP/1.1" 200 1573 "-" "Mozilla/5.0 (compatible; MJ12bot/v1.4.8; http://mj12bot.com/)"
192.95.30.21 - - [20/May/2025:16:58:38 +0700] "GET /core/database/?path=/home/masbinta/public_html/core/database/factories&aksi=buatfolder HTTP/1.1" 200 5756 "-" "Mozilla/5.0 (compatible; MJ12bot/v1.4.8; http://mj12bot.com/)"
217.182.194.33 - - [20/May/2025:16:58:40 +0700] "GET /core/vendor/sebastian/global-state/?C=M;O=D HTTP/1.1" 200 1573 "-" "Mozilla/5.0 (compatible; MJ12bot/v1.4.8; http://mj12bot.com/)"
192.95.30.21 - - [20/May/2025:16:58:41 +0700] "GET /core/database/?path=/home/masbinta/public_html/core/database/factories&aksi=ransom HTTP/1.1" 200 5869 "-" "Mozilla/5.0 (compatible; MJ12bot/v1.4.8; http://mj12bot.com/)"
217.182.194.33 - - [20/May/2025:16:58:43 +0700] "GET /core/vendor/sebastian/global-state/?C=N;O=A HTTP/1.1" 200 1573 "-" "Mozilla/5.0 (compatible; MJ12bot/v1.4.8; http://mj12bot.com/)"
192.95.30.21 - - [20/May/2025:16:58:45 +0700] "GET /core/database/?path=/home/masbinta/public_html/core/database/migrations&aksi=buatfile HTTP/1.1" 200 95664 "-" "Mozilla/5.0 (compatible; MJ12bot/v1.4.8; http://mj12bot.com/)"
217.182.194.33 - - [20/May/2025:16:58:46 +0700] "GET /core/vendor/sebastian/global-state/?C=S;O=D HTTP/1.1" 200 1573 "-" "Mozilla/5.0 (compatible; MJ12bot/v1.4.8; http://mj12bot.com/)"
192.95.30.21 - - [20/May/2025:16:58:50 +0700] "GET /core/database/?path=/home/masbinta/public_html/core/database/migrations&aksi=buatfolder HTTP/1.1" 200 5761 "-" "Mozilla/5.0 (compatible; MJ12bot/v1.4.8; http://mj12bot.com/)"
217.182.194.33 - - [20/May/2025:16:58:50 +0700] "GET /core/vendor/sebastian/lines-of-code/?C=D;O=D HTTP/1.1" 200 1390 "-" "Mozilla/5.0 (compatible; MJ12bot/v1.4.8; http://mj12bot.com/)"
192.95.30.21 - - [20/May/2025:16:58:53 +0700] "GET /core/database/?path=/home/masbinta/public_html/core/database/migrations&aksi=ransom HTTP/1.1" 200 95664 "-" "Mozilla/5.0 (compatible; MJ12bot/v1.4.8; http://mj12bot.com/)"
217.182.194.33 - - [20/May/2025:16:58:53 +0700] "GET /core/vendor/sebastian/lines-of-code/?C=M;O=D HTTP/1.1" 200 1390 "-" "Mozilla/5.0 (compatible; MJ12bot/v1.4.8; http://mj12bot.com/)"
217.182.194.33 - - [20/May/2025:16:58:55 +0700] "GET /core/vendor/sebastian/lines-of-code/?C=N;O=A HTTP/1.1" 200 1390 "-" "Mozilla/5.0 (compatible; MJ12bot/v1.4.8; http://mj12bot.com/)"
192.95.30.21 - - [20/May/2025:16:58:57 +0700] "GET /core/database/?path=/home/masbinta/public_html/core/database/seeds&aksi=buatfile HTTP/1.1" 200 5849 "-" "Mozilla/5.0 (compatible; MJ12bot/v1.4.8; http://mj12bot.com/)"
217.182.194.33 - - [20/May/2025:16:58:58 +0700] "GET /core/vendor/sebastian/lines-of-code/?C=S;O=D HTTP/1.1" 200 1390 "-" "Mozilla/5.0 (compatible; MJ12bot/v1.4.8; http://mj12bot.com/)"
192.95.30.21 - - [20/May/2025:16:59:00 +0700] "GET /core/database/?path=/home/masbinta/public_html/core/database/seeds&aksi=buatfolder HTTP/1.1" 200 5736 "-" "Mozilla/5.0 (compatible; MJ12bot/v1.4.8; http://mj12bot.com/)"
217.182.194.33 - - [20/May/2025:16:59:01 +0700] "GET /core/vendor/sebastian/object-enumerator/?C=D;O=D HTTP/1.1" 200 1577 "-" "Mozilla/5.0 (compatible; MJ12bot/v1.4.8; http://mj12bot.com/)"
192.95.30.21 - - [20/May/2025:16:59:04 +0700] "GET /core/database/?path=/home/masbinta/public_html/core/database/seeds&aksi=ransom HTTP/1.1" 200 5849 "-" "Mozilla/5.0 (compatible; MJ12bot/v1.4.8; http://mj12bot.com/)"
217.182.194.33 - - [20/May/2025:16:59:04 +0700] "GET /core/vendor/sebastian/object-enumerator/?C=M;O=D HTTP/1.1" 200 1577 "-" "Mozilla/5.0 (compatible; MJ12bot/v1.4.8; http://mj12bot.com/)"
192.95.30.21 - - [20/May/2025:16:59:07 +0700] "GET /core/database/?path=/home/masbinta/public_html/core/public HTTP/1.1" 200 15395 "-" "Mozilla/5.0 (compatible; MJ12bot/v1.4.8; http://mj12bot.com/)"
217.182.194.33 - - [20/May/2025:16:59:08 +0700] "GET /core/vendor/sebastian/object-enumerator/?C=N;O=A HTTP/1.1" 200 1577 "-" "Mozilla/5.0 (compatible; MJ12bot/v1.4.8; http://mj12bot.com/)"
217.182.194.33 - - [20/May/2025:16:59:11 +0700] "GET /core/vendor/sebastian/object-enumerator/?C=S;O=D HTTP/1.1" 200 1577 "-" "Mozilla/5.0 (compatible; MJ12bot/v1.4.8; http://mj12bot.com/)"
192.95.30.21 - - [20/May/2025:16:59:11 +0700] "GET /core/database/?path=/home/masbinta/public_html/core/resources HTTP/1.1" 200 9707 "-" "Mozilla/5.0 (compatible; MJ12bot/v1.4.8; http://mj12bot.com/)"
192.95.30.21 - - [20/May/2025:16:59:14 +0700] "GET /core/database/?path=/home/masbinta/public_html/core/routes HTTP/1.1" 200 9932 "-" "Mozilla/5.0 (compatible; MJ12bot/v1.4.8; http://mj12bot.com/)"
217.182.194.33 - - [20/May/2025:16:59:14 +0700] "GET /core/vendor/sebastian/object-reflector/?C=D;O=D HTTP/1.1" 200 1396 "-" "Mozilla/5.0 (compatible; MJ12bot/v1.4.8; http://mj12bot.com/)"
217.182.194.33 - - [20/May/2025:16:59:18 +0700] "GET /core/vendor/sebastian/object-reflector/?C=N;O=A HTTP/1.1" 200 1396 "-" "Mozilla/5.0 (compatible; MJ12bot/v1.4.8; http://mj12bot.com/)"
192.95.30.21 - - [20/May/2025:16:59:18 +0700] "GET /core/database/?path=/home/masbinta/public_html/core/storage HTTP/1.1" 200 9809 "-" "Mozilla/5.0 (compatible; MJ12bot/v1.4.8; http://mj12bot.com/)"
217.182.194.33 - - [20/May/2025:16:59:21 +0700] "GET /core/vendor/sebastian/object-reflector/?C=S;O=D HTTP/1.1" 200 1396 "-" "Mozilla/5.0 (compatible; MJ12bot/v1.4.8; http://mj12bot.com/)"
192.95.30.21 - - [20/May/2025:16:59:21 +0700] "GET /core/database/?path=/home/masbinta/public_html/core/tests HTTP/1.1" 200 9851 "-" "Mozilla/5.0 (compatible; MJ12bot/v1.4.8; http://mj12bot.com/)"
217.182.194.33 - - [20/May/2025:16:59:24 +0700] "GET /core/vendor/sebastian/recursion-context/?C=D;O=D HTTP/1.1" 200 1398 "-" "Mozilla/5.0 (compatible; MJ12bot/v1.4.8; http://mj12bot.com/)"
192.95.30.21 - - [20/May/2025:16:59:24 +0700] "GET /core/database/?path=/home/masbinta/public_html/core/vendor HTTP/1.1" 200 70032 "-" "Mozilla/5.0 (compatible; MJ12bot/v1.4.8; http://mj12bot.com/)"
192.95.30.21 - - [20/May/2025:16:59:28 +0700] "GET /core/database/?path=/home/masbinta/public_html/installer HTTP/1.1" 200 11865 "-" "Mozilla/5.0 (compatible; MJ12bot/v1.4.8; http://mj12bot.com/)"
217.182.194.33 - - [20/May/2025:16:59:29 +0700] "GET /core/vendor/sebastian/recursion-context/?C=N;O=A HTTP/1.1" 200 1398 "-" "Mozilla/5.0 (compatible; MJ12bot/v1.4.8; http://mj12bot.com/)"
192.95.30.21 - - [20/May/2025:16:59:32 +0700] "GET /core/database/?path=/home/masbinta/ssl HTTP/1.1" 200 10335 "-" "Mozilla/5.0 (compatible; MJ12bot/v1.4.8; http://mj12bot.com/)"
217.182.194.33 - - [20/May/2025:16:59:32 +0700] "GET /core/vendor/sebastian/recursion-context/?C=S;O=D HTTP/1.1" 200 1398 "-" "Mozilla/5.0 (compatible; MJ12bot/v1.4.8; http://mj12bot.com/)"
192.95.30.21 - - [20/May/2025:16:59:35 +0700] "GET /core/database/?path=/home/masbinta/tmp HTTP/1.1" 200 25860 "-" "Mozilla/5.0 (compatible; MJ12bot/v1.4.8; http://mj12bot.com/)"
217.182.194.33 - - [20/May/2025:16:59:36 +0700] "GET /core/vendor/sebastian/resource-operations/?C=D;O=D HTTP/1.1" 200 1576 "-" "Mozilla/5.0 (compatible; MJ12bot/v1.4.8; http://mj12bot.com/)"
217.182.194.33 - - [20/May/2025:16:59:39 +0700] "GET /core/vendor/sebastian/resource-operations/?C=M;O=D HTTP/1.1" 200 1576 "-" "Mozilla/5.0 (compatible; MJ12bot/v1.4.8; http://mj12bot.com/)"
192.95.30.21 - - [20/May/2025:16:59:39 +0700] "GET /core/database/?path=/home/masbinta/www HTTP/1.1" 200 19313 "-" "Mozilla/5.0 (compatible; MJ12bot/v1.4.8; http://mj12bot.com/)"
217.182.194.33 - - [20/May/2025:16:59:42 +0700] "GET /core/vendor/sebastian/resource-operations/?C=N;O=A HTTP/1.1" 200 1576 "-" "Mozilla/5.0 (compatible; MJ12bot/v1.4.8; http://mj12bot.com/)"
192.95.30.21 - - [20/May/2025:16:59:43 +0700] "GET /core/public/?C=D;O=D HTTP/1.1" 200 2265 "-" "Mozilla/5.0 (compatible; MJ12bot/v1.4.8; http://mj12bot.com/)"
217.182.194.33 - - [20/May/2025:16:59:45 +0700] "GET /core/vendor/sebastian/resource-operations/?C=S;O=D HTTP/1.1" 200 1576 "-" "Mozilla/5.0 (compatible; MJ12bot/v1.4.8; http://mj12bot.com/)"
192.95.30.21 - - [20/May/2025:16:59:46 +0700] "GET /core/public/?C=M;O=D HTTP/1.1" 200 2265 "-" "Mozilla/5.0 (compatible; MJ12bot/v1.4.8; http://mj12bot.com/)"
