217.182.194.33 - - [20/May/2025:17:05:48 +0700] "GET /installer/img/favicon/pepe.php?gzfile=L2hvbWUvbWFzYmludGEvcHVibGljX2h0bWwvaW5zdGFsbGVyL2ltZy9mYXZpY29uL2Zhdmljb24tMzJ4MzIucG5n HTTP/1.1" 200 17408 "-" "Mozilla/5.0 (compatible; MJ12bot/v1.4.8; http://mj12bot.com/)"
192.95.29.138 - - [20/May/2025:17:05:49 +0700] "GET /core/vendor/symfony/polyfill-iconv/?C=N;O=A HTTP/1.1" 200 1943 "-" "Mozilla/5.0 (compatible; MJ12bot/v1.4.8; http://mj12bot.com/)"
149.202.65.183 - - [20/May/2025:17:05:49 +0700] "GET /core/storage/logs/?C=S;O=D HTTP/1.1" 200 3677 "-" "Mozilla/5.0 (compatible; MJ12bot/v1.4.8; http://mj12bot.com/)"
51.75.116.205 - - [20/May/2025:17:05:49 +0700] "GET /core/database/?filesrc=/home/masbinta/mail/dovecot.index.cache&path=/home/masbinta/mail HTTP/1.1" 200 5230 "-" "Mozilla/5.0 (compatible; MJ12bot/v1.4.8; http://mj12bot.com/)"
217.182.194.33 - - [20/May/2025:17:05:52 +0700] "GET /installer/img/favicon/pepe.php?gzfile=L2hvbWUvbWFzYmludGEvcHVibGljX2h0bWwvaW5zdGFsbGVyL2ltZy9mYXZpY29uL2Zhdmljb24tOTZ4OTYucG5n HTTP/1.1" 200 17408 "-" "Mozilla/5.0 (compatible; MJ12bot/v1.4.8; http://mj12bot.com/)"
192.95.29.138 - - [20/May/2025:17:05:52 +0700] "GET /core/vendor/symfony/polyfill-iconv/?C=S;O=D HTTP/1.1" 200 1943 "-" "Mozilla/5.0 (compatible; MJ12bot/v1.4.8; http://mj12bot.com/)"
149.202.65.183 - - [20/May/2025:17:05:52 +0700] "GET /core/tests/Feature/?C=D;O=D HTTP/1.1" 200 820 "-" "Mozilla/5.0 (compatible; MJ12bot/v1.4.8; http://mj12bot.com/)"
51.75.116.205 - - [20/May/2025:17:05:54 +0700] "GET /core/database/?filesrc=/home/masbinta/mail/dovecot.index.log&path=/home/masbinta/mail HTTP/1.1" 200 5228 "-" "Mozilla/5.0 (compatible; MJ12bot/v1.4.8; http://mj12bot.com/)"
192.95.29.138 - - [20/May/2025:17:05:55 +0700] "GET /core/vendor/symfony/polyfill-intl-grapheme/?C=D;O=D HTTP/1.1" 200 1594 "-" "Mozilla/5.0 (compatible; MJ12bot/v1.4.8; http://mj12bot.com/)"
217.182.194.33 - - [20/May/2025:17:05:56 +0700] "GET /installer/img/favicon/pepe.php?gzfile=L2hvbWUvbWFzYmludGEvcHVibGljX2h0bWwvaW5zdGFsbGVyL2ltZy9mYXZpY29uL3BlcGUucGhw HTTP/1.1" 200 17408 "-" "Mozilla/5.0 (compatible; MJ12bot/v1.4.8; http://mj12bot.com/)"
149.202.65.183 - - [20/May/2025:17:05:56 +0700] "GET /core/tests/Feature/?C=M;O=D HTTP/1.1" 200 820 "-" "Mozilla/5.0 (compatible; MJ12bot/v1.4.8; http://mj12bot.com/)"
51.75.116.205 - - [20/May/2025:17:05:57 +0700] "GET /core/database/?filesrc=/home/masbinta/mail/dovecot.list.index.log&path=/home/masbinta/mail HTTP/1.1" 200 5233 "-" "Mozilla/5.0 (compatible; MJ12bot/v1.4.8; http://mj12bot.com/)"
192.95.29.138 - - [20/May/2025:17:05:59 +0700] "GET /core/vendor/symfony/polyfill-intl-grapheme/?C=M;O=D HTTP/1.1" 200 1594 "-" "Mozilla/5.0 (compatible; MJ12bot/v1.4.8; http://mj12bot.com/)"
149.202.65.183 - - [20/May/2025:17:05:59 +0700] "GET /core/tests/Feature/?C=N;O=A HTTP/1.1" 200 820 "-" "Mozilla/5.0 (compatible; MJ12bot/v1.4.8; http://mj12bot.com/)"
217.182.194.33 - - [20/May/2025:17:06:00 +0700] "GET /installer/img/favicon/pepe.php?img=L2hvbWUvbWFzYmludGEvcHVibGljX2h0bWwvaW5zdGFsbGVyL2ltZy9mYXZpY29uL2Zhdmljb24tMTZ4MTYucG5n HTTP/1.1" 200 1059 "-" "Mozilla/5.0 (compatible; MJ12bot/v1.4.8; http://mj12bot.com/)"
51.75.116.205 - - [20/May/2025:17:06:01 +0700] "GET /core/database/?filesrc=/home/masbinta/mail/dovecot.mailbox.log&path=/home/masbinta/mail HTTP/1.1" 200 5230 "-" "Mozilla/5.0 (compatible; MJ12bot/v1.4.8; http://mj12bot.com/)"
192.95.29.138 - - [20/May/2025:17:06:02 +0700] "GET /core/vendor/symfony/polyfill-intl-grapheme/?C=N;O=A HTTP/1.1" 200 1594 "-" "Mozilla/5.0 (compatible; MJ12bot/v1.4.8; http://mj12bot.com/)"
149.202.65.183 - - [20/May/2025:17:06:03 +0700] "GET /core/tests/Feature/?C=S;O=D HTTP/1.1" 200 820 "-" "Mozilla/5.0 (compatible; MJ12bot/v1.4.8; http://mj12bot.com/)"
217.182.194.33 - - [20/May/2025:17:06:03 +0700] "GET /installer/img/favicon/pepe.php?img=L2hvbWUvbWFzYmludGEvcHVibGljX2h0bWwvaW5zdGFsbGVyL2ltZy9mYXZpY29uL2Zhdmljb24tMzJ4MzIucG5n HTTP/1.1" 200 1509 "-" "Mozilla/5.0 (compatible; MJ12bot/v1.4.8; http://mj12bot.com/)"
51.75.116.205 - - [20/May/2025:17:06:05 +0700] "GET /core/database/?filesrc=/home/masbinta/mail/mailbox_format.cpanel&path=/home/masbinta/mail HTTP/1.1" 200 5239 "-" "Mozilla/5.0 (compatible; MJ12bot/v1.4.8; http://mj12bot.com/)"
192.95.29.138 - - [20/May/2025:17:06:06 +0700] "GET /core/vendor/symfony/polyfill-intl-grapheme/?C=S;O=D HTTP/1.1" 200 1594 "-" "Mozilla/5.0 (compatible; MJ12bot/v1.4.8; http://mj12bot.com/)"
149.202.65.183 - - [20/May/2025:17:06:06 +0700] "GET /core/tests/Unit/?C=D;O=D HTTP/1.1" 200 1005 "-" "Mozilla/5.0 (compatible; MJ12bot/v1.4.8; http://mj12bot.com/)"
217.182.194.33 - - [20/May/2025:17:06:07 +0700] "GET /installer/img/favicon/pepe.php?img=L2hvbWUvbWFzYmludGEvcHVibGljX2h0bWwvaW5zdGFsbGVyL2ltZy9mYXZpY29uL2Zhdmljb24tOTZ4OTYucG5n HTTP/1.1" 200 4275 "-" "Mozilla/5.0 (compatible; MJ12bot/v1.4.8; http://mj12bot.com/)"
51.75.116.205 - - [20/May/2025:17:06:08 +0700] "GET /core/database/?filesrc=/home/masbinta/mail/maildirsize&path=/home/masbinta/mail HTTP/1.1" 200 9346 "-" "Mozilla/5.0 (compatible; MJ12bot/v1.4.8; http://mj12bot.com/)"
192.95.29.138 - - [20/May/2025:17:06:09 +0700] "GET /core/vendor/symfony/polyfill-intl-idn/?C=D;O=D HTTP/1.1" 200 1933 "-" "Mozilla/5.0 (compatible; MJ12bot/v1.4.8; http://mj12bot.com/)"
149.202.65.183 - - [20/May/2025:17:06:10 +0700] "GET /core/tests/Unit/?C=M;O=D HTTP/1.1" 200 1005 "-" "Mozilla/5.0 (compatible; MJ12bot/v1.4.8; http://mj12bot.com/)"
217.182.194.33 - - [20/May/2025:17:06:10 +0700] "GET /installer/img/favicon/pepe.php?phpinfo=true HTTP/1.1" 200 83553 "-" "Mozilla/5.0 (compatible; MJ12bot/v1.4.8; http://mj12bot.com/)"
51.75.116.205 - - [20/May/2025:17:06:12 +0700] "GET /core/database/?filesrc=/home/masbinta/mail/subscriptions&path=/home/masbinta/mail HTTP/1.1" 200 5242 "-" "Mozilla/5.0 (compatible; MJ12bot/v1.4.8; http://mj12bot.com/)"
192.95.29.138 - - [20/May/2025:17:06:13 +0700] "GET /core/vendor/symfony/polyfill-intl-idn/?C=M;O=D HTTP/1.1" 200 1933 "-" "Mozilla/5.0 (compatible; MJ12bot/v1.4.8; http://mj12bot.com/)"
149.202.65.183 - - [20/May/2025:17:06:13 +0700] "GET /core/tests/Unit/?C=N;O=A HTTP/1.1" 200 1005 "-" "Mozilla/5.0 (compatible; MJ12bot/v1.4.8; http://mj12bot.com/)"
217.182.194.33 - - [20/May/2025:17:06:15 +0700] "GET /installer/img/favicon/pepe.php?proxy=true HTTP/1.1" 200 18061 "-" "Mozilla/5.0 (compatible; MJ12bot/v1.4.8; http://mj12bot.com/)"
51.75.116.205 - - [20/May/2025:17:06:16 +0700] "GET /core/database/?filesrc=/home/masbinta/public_html/.user.ini&path=/home/masbinta/public_html HTTP/1.1" 200 5863 "-" "Mozilla/5.0 (compatible; MJ12bot/v1.4.8; http://mj12bot.com/)"
149.202.65.183 - - [20/May/2025:17:06:16 +0700] "GET /core/tests/Unit/?C=S;O=D HTTP/1.1" 200 1005 "-" "Mozilla/5.0 (compatible; MJ12bot/v1.4.8; http://mj12bot.com/)"
192.95.29.138 - - [20/May/2025:17:06:17 +0700] "GET /core/vendor/symfony/polyfill-intl-idn/?C=N;O=A HTTP/1.1" 200 1933 "-" "Mozilla/5.0 (compatible; MJ12bot/v1.4.8; http://mj12bot.com/)"
149.202.65.183 - - [20/May/2025:17:06:20 +0700] "GET /core/vendor/anandsiddharth/?C=D;O=D HTTP/1.1" 200 1405 "-" "Mozilla/5.0 (compatible; MJ12bot/v1.4.8; http://mj12bot.com/)"
192.95.29.138 - - [20/May/2025:17:06:20 +0700] "GET /core/vendor/symfony/polyfill-intl-idn/?C=S;O=D HTTP/1.1" 200 1933 "-" "Mozilla/5.0 (compatible; MJ12bot/v1.4.8; http://mj12bot.com/)"
51.75.116.205 - - [20/May/2025:17:06:20 +0700] "GET /core/database/?filesrc=/home/masbinta/public_html/.well-known.zip&path=/home/masbinta/public_html HTTP/1.1" 200 4453 "-" "Mozilla/5.0 (compatible; MJ12bot/v1.4.8; http://mj12bot.com/)"
149.202.65.183 - - [20/May/2025:17:06:23 +0700] "GET /core/vendor/anandsiddharth/?C=M;O=D HTTP/1.1" 200 1405 "-" "Mozilla/5.0 (compatible; MJ12bot/v1.4.8; http://mj12bot.com/)"
192.95.29.138 - - [20/May/2025:17:06:24 +0700] "GET /core/vendor/symfony/polyfill-intl-normalizer/?C=D;O=D HTTP/1.1" 200 1778 "-" "Mozilla/5.0 (compatible; MJ12bot/v1.4.8; http://mj12bot.com/)"
51.75.116.205 - - [20/May/2025:17:06:24 +0700] "GET /core/database/?filesrc=/home/masbinta/public_html/assets/readme.txt&path=/home/masbinta/public_html/assets HTTP/1.1" 200 590968 "-" "Mozilla/5.0 (compatible; MJ12bot/v1.4.8; http://mj12bot.com/)"
149.202.65.183 - - [20/May/2025:17:06:27 +0700] "GET /core/vendor/anandsiddharth/?C=N;O=A HTTP/1.1" 200 1405 "-" "Mozilla/5.0 (compatible; MJ12bot/v1.4.8; http://mj12bot.com/)"
192.95.29.138 - - [20/May/2025:17:06:27 +0700] "GET /core/vendor/symfony/polyfill-intl-normalizer/?C=M;O=D HTTP/1.1" 200 1778 "-" "Mozilla/5.0 (compatible; MJ12bot/v1.4.8; http://mj12bot.com/)"
149.202.65.183 - - [20/May/2025:17:06:30 +0700] "GET /core/vendor/anandsiddharth/?C=S;O=D HTTP/1.1" 200 1405 "-" "Mozilla/5.0 (compatible; MJ12bot/v1.4.8; http://mj12bot.com/)"
192.95.29.138 - - [20/May/2025:17:06:31 +0700] "GET /core/vendor/symfony/polyfill-intl-normalizer/?C=N;O=A HTTP/1.1" 200 1778 "-" "Mozilla/5.0 (compatible; MJ12bot/v1.4.8; http://mj12bot.com/)"
51.75.116.205 - - [20/May/2025:17:06:31 +0700] "GET /core/database/?filesrc=/home/masbinta/public_html/assets/robots.txt&path=/home/masbinta/public_html/assets HTTP/1.1" 200 6244 "-" "Mozilla/5.0 (compatible; MJ12bot/v1.4.8; http://mj12bot.com/)"
149.202.65.183 - - [20/May/2025:17:06:33 +0700] "GET /core/vendor/anhskohbo/no-captcha/?C=D;O=D HTTP/1.1" 200 1742 "-" "Mozilla/5.0 (compatible; MJ12bot/v1.4.8; http://mj12bot.com/)"
192.95.29.138 - - [20/May/2025:17:06:34 +0700] "GET /core/vendor/symfony/polyfill-intl-normalizer/?C=S;O=D HTTP/1.1" 200 1778 "-" "Mozilla/5.0 (compatible; MJ12bot/v1.4.8; http://mj12bot.com/)"
51.75.116.205 - - [20/May/2025:17:06:34 +0700] "GET /core/database/?filesrc=/home/masbinta/public_html/assets/savep.php&path=/home/masbinta/public_html/assets HTTP/1.1" 200 13603 "-" "Mozilla/5.0 (compatible; MJ12bot/v1.4.8; http://mj12bot.com/)"
149.202.65.183 - - [20/May/2025:17:06:37 +0700] "GET /core/vendor/anhskohbo/no-captcha/?C=M;O=D HTTP/1.1" 200 1742 "-" "Mozilla/5.0 (compatible; MJ12bot/v1.4.8; http://mj12bot.com/)"
192.95.29.138 - - [20/May/2025:17:06:37 +0700] "GET /core/vendor/symfony/polyfill-mbstring/?C=D;O=D HTTP/1.1" 200 1762 "-" "Mozilla/5.0 (compatible; MJ12bot/v1.4.8; http://mj12bot.com/)"
51.75.116.205 - - [20/May/2025:17:06:38 +0700] "GET /core/database/?filesrc=/home/masbinta/public_html/assets/test123Cp.php&path=/home/masbinta/public_html/assets HTTP/1.1" 200 5355 "-" "Mozilla/5.0 (compatible; MJ12bot/v1.4.8; http://mj12bot.com/)"
149.202.65.183 - - [20/May/2025:17:06:40 +0700] "GET /core/vendor/anhskohbo/no-captcha/?C=N;O=A HTTP/1.1" 200 1742 "-" "Mozilla/5.0 (compatible; MJ12bot/v1.4.8; http://mj12bot.com/)"
192.95.29.138 - - [20/May/2025:17:06:41 +0700] "GET /core/vendor/symfony/polyfill-mbstring/?C=M;O=D HTTP/1.1" 200 1762 "-" "Mozilla/5.0 (compatible; MJ12bot/v1.4.8; http://mj12bot.com/)"
51.75.116.205 - - [20/May/2025:17:06:41 +0700] "GET /core/database/?filesrc=/home/masbinta/public_html/core/.editorconfig&path=/home/masbinta/public_html/core HTTP/1.1" 200 5501 "-" "Mozilla/5.0 (compatible; MJ12bot/v1.4.8; http://mj12bot.com/)"
149.202.65.183 - - [20/May/2025:17:06:44 +0700] "GET /core/vendor/anhskohbo/no-captcha/?C=S;O=D HTTP/1.1" 200 1742 "-" "Mozilla/5.0 (compatible; MJ12bot/v1.4.8; http://mj12bot.com/)"
192.95.29.138 - - [20/May/2025:17:06:45 +0700] "GET /core/vendor/symfony/polyfill-mbstring/?C=N;O=A HTTP/1.1" 200 1762 "-" "Mozilla/5.0 (compatible; MJ12bot/v1.4.8; http://mj12bot.com/)"
51.75.116.205 - - [20/May/2025:17:06:45 +0700] "GET /core/database/?filesrc=/home/masbinta/public_html/core/.env&path=/home/masbinta/public_html/core HTTP/1.1" 200 5961 "-" "Mozilla/5.0 (compatible; MJ12bot/v1.4.8; http://mj12bot.com/)"
149.202.65.183 - - [20/May/2025:17:06:47 +0700] "GET /core/vendor/asm89/stack-cors/?C=D;O=D HTTP/1.1" 200 1405 "-" "Mozilla/5.0 (compatible; MJ12bot/v1.4.8; http://mj12bot.com/)"
192.95.29.138 - - [20/May/2025:17:06:48 +0700] "GET /core/vendor/symfony/polyfill-mbstring/?C=S;O=D HTTP/1.1" 200 1762 "-" "Mozilla/5.0 (compatible; MJ12bot/v1.4.8; http://mj12bot.com/)"
51.75.116.205 - - [20/May/2025:17:06:49 +0700] "GET /core/database/?filesrc=/home/masbinta/public_html/core/.env.example&path=/home/masbinta/public_html/core HTTP/1.1" 200 6088 "-" "Mozilla/5.0 (compatible; MJ12bot/v1.4.8; http://mj12bot.com/)"
149.202.65.183 - - [20/May/2025:17:06:51 +0700] "GET /core/vendor/asm89/stack-cors/?C=M;O=D HTTP/1.1" 200 1405 "-" "Mozilla/5.0 (compatible; MJ12bot/v1.4.8; http://mj12bot.com/)"
192.95.29.138 - - [20/May/2025:17:06:52 +0700] "GET /core/vendor/symfony/polyfill-php72/?C=D;O=D HTTP/1.1" 200 1392 "-" "Mozilla/5.0 (compatible; MJ12bot/v1.4.8; http://mj12bot.com/)"
51.75.116.205 - - [20/May/2025:17:06:53 +0700] "GET /core/database/?filesrc=/home/masbinta/public_html/core/.gitattributes&path=/home/masbinta/public_html/core HTTP/1.1" 200 5355 "-" "Mozilla/5.0 (compatible; MJ12bot/v1.4.8; http://mj12bot.com/)"
149.202.65.183 - - [20/May/2025:17:06:54 +0700] "GET /core/vendor/asm89/stack-cors/?C=N;O=A HTTP/1.1" 200 1405 "-" "Mozilla/5.0 (compatible; MJ12bot/v1.4.8; http://mj12bot.com/)"
192.95.29.138 - - [20/May/2025:17:06:55 +0700] "GET /core/vendor/symfony/polyfill-php72/?C=M;O=D HTTP/1.1" 200 1392 "-" "Mozilla/5.0 (compatible; MJ12bot/v1.4.8; http://mj12bot.com/)"
51.75.116.205 - - [20/May/2025:17:06:57 +0700] "GET /core/database/?filesrc=/home/masbinta/public_html/core/.gitignore&path=/home/masbinta/public_html/core HTTP/1.1" 200 5440 "-" "Mozilla/5.0 (compatible; MJ12bot/v1.4.8; http://mj12bot.com/)"
149.202.65.183 - - [20/May/2025:17:06:57 +0700] "GET /core/vendor/asm89/stack-cors/?C=S;O=D HTTP/1.1" 200 1405 "-" "Mozilla/5.0 (compatible; MJ12bot/v1.4.8; http://mj12bot.com/)"
192.95.29.138 - - [20/May/2025:17:06:59 +0700] "GET /core/vendor/symfony/polyfill-php72/?C=N;O=A HTTP/1.1" 200 1392 "-" "Mozilla/5.0 (compatible; MJ12bot/v1.4.8; http://mj12bot.com/)"
51.75.116.205 - - [20/May/2025:17:07:00 +0700] "GET /core/database/?filesrc=/home/masbinta/public_html/core/.htaccess&path=/home/masbinta/public_html/core HTTP/1.1" 200 5353 "-" "Mozilla/5.0 (compatible; MJ12bot/v1.4.8; http://mj12bot.com/)"
149.202.65.183 - - [20/May/2025:17:07:01 +0700] "GET /core/vendor/laravel/framework/?C=N;O=A HTTP/1.1" 200 1575 "-" "Mozilla/5.0 (compatible; MJ12bot/v1.4.8; http://mj12bot.com/)"
192.95.29.138 - - [20/May/2025:17:07:02 +0700] "GET /core/vendor/symfony/polyfill-php72/?C=S;O=D HTTP/1.1" 200 1392 "-" "Mozilla/5.0 (compatible; MJ12bot/v1.4.8; http://mj12bot.com/)"
51.75.116.205 - - [20/May/2025:17:07:04 +0700] "GET /core/database/?filesrc=/home/masbinta/public_html/core/.styleci.yml&path=/home/masbinta/public_html/core HTTP/1.1" 200 5584 "-" "Mozilla/5.0 (compatible; MJ12bot/v1.4.8; http://mj12bot.com/)"
149.202.65.183 - - [20/May/2025:17:07:04 +0700] "GET /core/vendor/laravel/framework/?C=S;O=D HTTP/1.1" 200 1575 "-" "Mozilla/5.0 (compatible; MJ12bot/v1.4.8; http://mj12bot.com/)"
192.95.29.138 - - [20/May/2025:17:07:06 +0700] "GET /core/vendor/symfony/polyfill-php73/?C=D;O=D HTTP/1.1" 200 1570 "-" "Mozilla/5.0 (compatible; MJ12bot/v1.4.8; http://mj12bot.com/)"
104.234.114.162 - - [20/May/2025:17:07:08 +0700] "GET /.env HTTP/1.1" 404 - "-" "Mozilla/5.0 (Linux; U; Android 4.4.2; en-US; HM NOTE 1W Build/KOT49H) AppleWebKit/534.30 (KHTML, like Gecko) Version/4.0 UCBrowser/11.0.5.850 U3/0.8.0 Mobile Safari/534.30"
149.202.65.183 - - [20/May/2025:17:07:08 +0700] "GET /core/vendor/laravel/sail/?C=D;O=D HTTP/1.1" 200 1712 "-" "Mozilla/5.0 (compatible; MJ12bot/v1.4.8; http://mj12bot.com/)"
51.75.116.205 - - [20/May/2025:17:07:08 +0700] "GET /core/database/?filesrc=/home/masbinta/public_html/core/.well-known.zip&path=/home/masbinta/public_html/core HTTP/1.1" 200 5345 "-" "Mozilla/5.0 (compatible; MJ12bot/v1.4.8; http://mj12bot.com/)"
192.95.29.138 - - [20/May/2025:17:07:09 +0700] "GET /core/vendor/symfony/polyfill-php73/?C=M;O=D HTTP/1.1" 200 1570 "-" "Mozilla/5.0 (compatible; MJ12bot/v1.4.8; http://mj12bot.com/)"
149.202.65.183 - - [20/May/2025:17:07:11 +0700] "GET /core/vendor/laravel/sail/?C=M;O=D HTTP/1.1" 200 1712 "-" "Mozilla/5.0 (compatible; MJ12bot/v1.4.8; http://mj12bot.com/)"
51.75.116.205 - - [20/May/2025:17:07:11 +0700] "GET /core/database/?filesrc=/home/masbinta/public_html/core/artisan&path=/home/masbinta/public_html/core HTTP/1.1" 200 7045 "-" "Mozilla/5.0 (compatible; MJ12bot/v1.4.8; http://mj12bot.com/)"
192.95.29.138 - - [20/May/2025:17:07:13 +0700] "GET /core/vendor/symfony/polyfill-php73/?C=N;O=A HTTP/1.1" 200 1570 "-" "Mozilla/5.0 (compatible; MJ12bot/v1.4.8; http://mj12bot.com/)"
149.202.65.183 - - [20/May/2025:17:07:14 +0700] "GET /core/vendor/laravel/sail/?C=N;O=A HTTP/1.1" 200 1712 "-" "Mozilla/5.0 (compatible; MJ12bot/v1.4.8; http://mj12bot.com/)"
51.75.116.205 - - [20/May/2025:17:07:15 +0700] "GET /core/database/?filesrc=/home/masbinta/public_html/core/autoload_classmap.php&path=/home/masbinta/public_html/core HTTP/1.1" 200 217746 "-" "Mozilla/5.0 (compatible; MJ12bot/v1.4.8; http://mj12bot.com/)"
192.95.29.138 - - [20/May/2025:17:07:17 +0700] "GET /core/vendor/symfony/polyfill-php73/?C=S;O=D HTTP/1.1" 200 1570 "-" "Mozilla/5.0 (compatible; MJ12bot/v1.4.8; http://mj12bot.com/)"
149.202.65.183 - - [20/May/2025:17:07:18 +0700] "GET /core/vendor/laravel/sail/?C=S;O=D HTTP/1.1" 200 1712 "-" "Mozilla/5.0 (compatible; MJ12bot/v1.4.8; http://mj12bot.com/)"
192.95.29.138 - - [20/May/2025:17:07:21 +0700] "GET /core/vendor/symfony/polyfill-php80/?C=D;O=D HTTP/1.1" 200 1570 "-" "Mozilla/5.0 (compatible; MJ12bot/v1.4.8; http://mj12bot.com/)"
149.202.65.183 - - [20/May/2025:17:07:21 +0700] "GET /core/vendor/laravel/serializable-closure/?C=D;O=D HTTP/1.1" 200 1221 "-" "Mozilla/5.0 (compatible; MJ12bot/v1.4.8; http://mj12bot.com/)"
149.202.65.183 - - [20/May/2025:17:07:25 +0700] "GET /core/vendor/laravel/serializable-closure/?C=M;O=D HTTP/1.1" 200 1221 "-" "Mozilla/5.0 (compatible; MJ12bot/v1.4.8; http://mj12bot.com/)"
192.95.29.138 - - [20/May/2025:17:07:25 +0700] "GET /core/vendor/symfony/polyfill-php80/?C=M;O=D HTTP/1.1" 200 1570 "-" "Mozilla/5.0 (compatible; MJ12bot/v1.4.8; http://mj12bot.com/)"
51.75.116.205 - - [20/May/2025:17:07:24 +0700] "GET /core/database/?filesrc=/home/masbinta/public_html/core/composer.lock&path=/home/masbinta/public_html/core HTTP/1.1" 200 468065 "-" "Mozilla/5.0 (compatible; MJ12bot/v1.4.8; http://mj12bot.com/)"
149.202.65.183 - - [20/May/2025:17:07:28 +0700] "GET /core/vendor/laravel/serializable-closure/?C=N;O=A HTTP/1.1" 200 1221 "-" "Mozilla/5.0 (compatible; MJ12bot/v1.4.8; http://mj12bot.com/)"
192.95.29.138 - - [20/May/2025:17:07:29 +0700] "GET /core/vendor/symfony/polyfill-php80/?C=N;O=A HTTP/1.1" 200 1570 "-" "Mozilla/5.0 (compatible; MJ12bot/v1.4.8; http://mj12bot.com/)"
149.202.65.183 - - [20/May/2025:17:07:31 +0700] "GET /core/vendor/laravel/serializable-closure/?C=S;O=D HTTP/1.1" 200 1221 "-" "Mozilla/5.0 (compatible; MJ12bot/v1.4.8; http://mj12bot.com/)"
51.75.116.205 - - [20/May/2025:17:07:32 +0700] "GET /core/database/?filesrc=/home/masbinta/public_html/core/composer.phar&path=/home/masbinta/public_html/core HTTP/1.1" 200 5343 "-" "Mozilla/5.0 (compatible; MJ12bot/v1.4.8; http://mj12bot.com/)"
192.95.29.138 - - [20/May/2025:17:07:32 +0700] "GET /core/vendor/symfony/polyfill-php80/?C=S;O=D HTTP/1.1" 200 1570 "-" "Mozilla/5.0 (compatible; MJ12bot/v1.4.8; http://mj12bot.com/)"
149.202.65.183 - - [20/May/2025:17:07:35 +0700] "GET /core/vendor/laravel/tinker/?C=D;O=D HTTP/1.1" 200 1368 "-" "Mozilla/5.0 (compatible; MJ12bot/v1.4.8; http://mj12bot.com/)"
192.95.29.138 - - [20/May/2025:17:07:36 +0700] "GET /core/vendor/symfony/polyfill-php81/?C=D;O=D HTTP/1.1" 200 1570 "-" "Mozilla/5.0 (compatible; MJ12bot/v1.4.8; http://mj12bot.com/)"
51.75.116.205 - - [20/May/2025:17:07:36 +0700] "GET /core/database/?filesrc=/home/masbinta/public_html/core/database/migrations/2020_05_25_122740_create_admins_table.php&path=/home/masbinta/public_html/core/database/migrations HTTP/1.1" 200 6758 "-" "Mozilla/5.0 (compatible; MJ12bot/v1.4.8; http://mj12bot.com/)"
149.202.65.183 - - [20/May/2025:17:07:38 +0700] "GET /core/vendor/laravel/tinker/?C=M;O=D HTTP/1.1" 200 1368 "-" "Mozilla/5.0 (compatible; MJ12bot/v1.4.8; http://mj12bot.com/)"
51.75.116.205 - - [20/May/2025:17:07:40 +0700] "GET /core/database/?filesrc=/home/masbinta/public_html/core/database/migrations/2020_05_26_000000_create_users_table.php&path=/home/masbinta/public_html/core/database/migrations HTTP/1.1" 200 6994 "-" "Mozilla/5.0 (compatible; MJ12bot/v1.4.8; http://mj12bot.com/)"
192.95.29.138 - - [20/May/2025:17:07:40 +0700] "GET /core/vendor/symfony/polyfill-php81/?C=M;O=D HTTP/1.1" 200 1570 "-" "Mozilla/5.0 (compatible; MJ12bot/v1.4.8; http://mj12bot.com/)"
149.202.65.183 - - [20/May/2025:17:07:42 +0700] "GET /core/vendor/laravel/tinker/?C=N;O=A HTTP/1.1" 200 1368 "-" "Mozilla/5.0 (compatible; MJ12bot/v1.4.8; http://mj12bot.com/)"
192.95.29.138 - - [20/May/2025:17:07:43 +0700] "GET /core/vendor/symfony/polyfill-php81/?C=N;O=A HTTP/1.1" 200 1570 "-" "Mozilla/5.0 (compatible; MJ12bot/v1.4.8; http://mj12bot.com/)"
51.75.116.205 - - [20/May/2025:17:07:44 +0700] "GET /core/database/?filesrc=/home/masbinta/public_html/core/database/migrations/2020_08_19_000000_create_failed_jobs_table.php&path=/home/masbinta/public_html/core/database/migrations HTTP/1.1" 200 6422 "-" "Mozilla/5.0 (compatible; MJ12bot/v1.4.8; http://mj12bot.com/)"
149.202.65.183 - - [20/May/2025:17:07:45 +0700] "GET /core/vendor/laravel/tinker/?C=S;O=D HTTP/1.1" 200 1368 "-" "Mozilla/5.0 (compatible; MJ12bot/v1.4.8; http://mj12bot.com/)"
192.95.29.138 - - [20/May/2025:17:07:47 +0700] "GET /core/vendor/symfony/polyfill-php81/?C=S;O=D HTTP/1.1" 200 1570 "-" "Mozilla/5.0 (compatible; MJ12bot/v1.4.8; http://mj12bot.com/)"
51.75.116.205 - - [20/May/2025:17:07:47 +0700] "GET /core/database/?filesrc=/home/masbinta/public_html/core/database/migrations/2020_10_12_100000_create_password_resets_table.php&path=/home/masbinta/public_html/core/database/migrations HTTP/1.1" 200 6314 "-" "Mozilla/5.0 (compatible; MJ12bot/v1.4.8; http://mj12bot.com/)"
149.202.65.183 - - [20/May/2025:17:07:49 +0700] "GET /core/vendor/league/commonmark/?C=D;O=D HTTP/1.1" 200 2312 "-" "Mozilla/5.0 (compatible; MJ12bot/v1.4.8; http://mj12bot.com/)"
51.75.116.205 - - [20/May/2025:17:07:50 +0700] "GET /core/database/?filesrc=/home/masbinta/public_html/core/database/migrations/2020_10_13_123757_create_settings_table.php&path=/home/masbinta/public_html/core/database/migrations HTTP/1.1" 200 8034 "-" "Mozilla/5.0 (compatible; MJ12bot/v1.4.8; http://mj12bot.com/)"
192.95.29.138 - - [20/May/2025:17:07:51 +0700] "GET /core/vendor/symfony/process/?C=D;O=D HTTP/1.1" 200 2659 "-" "Mozilla/5.0 (compatible; MJ12bot/v1.4.8; http://mj12bot.com/)"
149.202.65.183 - - [20/May/2025:17:07:52 +0700] "GET /core/vendor/league/commonmark/?C=M;O=D HTTP/1.1" 200 2312 "-" "Mozilla/5.0 (compatible; MJ12bot/v1.4.8; http://mj12bot.com/)"
51.75.116.205 - - [20/May/2025:17:07:54 +0700] "GET /core/database/?filesrc=/home/masbinta/public_html/core/database/migrations/2020_10_14_103316_create_sectiontitle_table.php&path=/home/masbinta/public_html/core/database/migrations HTTP/1.1" 200 9836 "-" "Mozilla/5.0 (compatible; MJ12bot/v1.4.8; http://mj12bot.com/)"
192.95.29.138 - - [20/May/2025:17:07:54 +0700] "GET /core/vendor/symfony/process/?C=M;O=D HTTP/1.1" 200 2659 "-" "Mozilla/5.0 (compatible; MJ12bot/v1.4.8; http://mj12bot.com/)"
149.202.65.183 - - [20/May/2025:17:07:55 +0700] "GET /core/vendor/league/commonmark/?C=N;O=A HTTP/1.1" 200 2312 "-" "Mozilla/5.0 (compatible; MJ12bot/v1.4.8; http://mj12bot.com/)"
51.75.116.205 - - [20/May/2025:17:07:57 +0700] "GET /core/database/?filesrc=/home/masbinta/public_html/core/database/migrations/2020_10_26_035012_create_languages_table.php&path=/home/masbinta/public_html/core/database/migrations HTTP/1.1" 200 6445 "-" "Mozilla/5.0 (compatible; MJ12bot/v1.4.8; http://mj12bot.com/)"
192.95.29.138 - - [20/May/2025:17:07:58 +0700] "GET /core/vendor/symfony/process/?C=N;O=A HTTP/1.1" 200 2659 "-" "Mozilla/5.0 (compatible; MJ12bot/v1.4.8; http://mj12bot.com/)"
149.202.65.183 - - [20/May/2025:17:07:59 +0700] "GET /core/vendor/league/commonmark/?C=S;O=D HTTP/1.1" 200 2312 "-" "Mozilla/5.0 (compatible; MJ12bot/v1.4.8; http://mj12bot.com/)"
51.75.116.205 - - [20/May/2025:17:08:01 +0700] "GET /core/database/?filesrc=/home/masbinta/public_html/core/database/migrations/2020_10_27_024546_create_sliders_table.php&path=/home/masbinta/public_html/core/database/migrations HTTP/1.1" 200 6733 "-" "Mozilla/5.0 (compatible; MJ12bot/v1.4.8; http://mj12bot.com/)"
192.95.29.138 - - [20/May/2025:17:08:02 +0700] "GET /core/vendor/symfony/process/?C=S;O=D HTTP/1.1" 200 2659 "-" "Mozilla/5.0 (compatible; MJ12bot/v1.4.8; http://mj12bot.com/)"
149.202.65.183 - - [20/May/2025:17:08:02 +0700] "GET /core/vendor/league/flysystem/?C=D;O=D HTTP/1.1" 200 2283 "-" "Mozilla/5.0 (compatible; MJ12bot/v1.4.8; http://mj12bot.com/)"
51.75.116.205 - - [20/May/2025:17:08:05 +0700] "GET /core/database/?filesrc=/home/masbinta/public_html/core/database/migrations/2020_10_27_025201_create_packages_table.php&path=/home/masbinta/public_html/core/database/migrations HTTP/1.1" 200 6618 "-" "Mozilla/5.0 (compatible; MJ12bot/v1.4.8; http://mj12bot.com/)"
192.95.29.138 - - [20/May/2025:17:08:05 +0700] "GET /core/vendor/symfony/routing/?C=D;O=D HTTP/1.1" 200 4333 "-" "Mozilla/5.0 (compatible; MJ12bot/v1.4.8; http://mj12bot.com/)"
149.202.65.183 - - [20/May/2025:17:08:06 +0700] "GET /core/vendor/league/flysystem/?C=M;O=D HTTP/1.1" 200 2283 "-" "Mozilla/5.0 (compatible; MJ12bot/v1.4.8; http://mj12bot.com/)"
192.95.29.138 - - [20/May/2025:17:08:09 +0700] "GET /core/vendor/symfony/routing/?C=M;O=D HTTP/1.1" 200 4333 "-" "Mozilla/5.0 (compatible; MJ12bot/v1.4.8; http://mj12bot.com/)"
51.75.116.205 - - [20/May/2025:17:08:09 +0700] "GET /core/database/?filesrc=/home/masbinta/public_html/core/database/migrations/2020_10_27_025335_create_services_table.php&path=/home/masbinta/public_html/core/database/migrations HTTP/1.1" 200 6657 "-" "Mozilla/5.0 (compatible; MJ12bot/v1.4.8; http://mj12bot.com/)"
149.202.65.183 - - [20/May/2025:17:08:09 +0700] "GET /core/vendor/league/flysystem/?C=N;O=A HTTP/1.1" 200 2283 "-" "Mozilla/5.0 (compatible; MJ12bot/v1.4.8; http://mj12bot.com/)"
192.95.29.138 - - [20/May/2025:17:08:12 +0700] "GET /core/vendor/symfony/routing/?C=N;O=A HTTP/1.1" 200 4333 "-" "Mozilla/5.0 (compatible; MJ12bot/v1.4.8; http://mj12bot.com/)"
51.75.116.205 - - [20/May/2025:17:08:12 +0700] "GET /core/database/?filesrc=/home/masbinta/public_html/core/database/migrations/2020_10_27_025547_create_teams_table.php&path=/home/masbinta/public_html/core/database/migrations HTTP/1.1" 200 7160 "-" "Mozilla/5.0 (compatible; MJ12bot/v1.4.8; http://mj12bot.com/)"
149.202.65.183 - - [20/May/2025:17:08:12 +0700] "GET /core/vendor/league/flysystem/?C=S;O=D HTTP/1.1" 200 2283 "-" "Mozilla/5.0 (compatible; MJ12bot/v1.4.8; http://mj12bot.com/)"
192.95.29.138 - - [20/May/2025:17:08:15 +0700] "GET /core/vendor/symfony/routing/?C=S;O=D HTTP/1.1" 200 4333 "-" "Mozilla/5.0 (compatible; MJ12bot/v1.4.8; http://mj12bot.com/)"
149.202.65.183 - - [20/May/2025:17:08:16 +0700] "GET /core/vendor/opis/closure/?C=D;O=A HTTP/1.1" 200 2098 "-" "Mozilla/5.0 (compatible; MJ12bot/v1.4.8; http://mj12bot.com/)"
51.75.116.205 - - [20/May/2025:17:08:16 +0700] "GET /core/database/?filesrc=/home/masbinta/public_html/core/database/migrations/2020_10_27_025627_create_faqs_table.php&path=/home/masbinta/public_html/core/database/migrations HTTP/1.1" 200 6493 "-" "Mozilla/5.0 (compatible; MJ12bot/v1.4.8; http://mj12bot.com/)"
149.202.65.183 - - [20/May/2025:17:08:17 +0700] "GET /core/vendor/opis/closure/?C=M;O=A HTTP/1.1" 200 2098 "-" "Mozilla/5.0 (compatible; MJ12bot/v1.4.8; http://mj12bot.com/)"
192.95.29.138 - - [20/May/2025:17:08:19 +0700] "GET /core/vendor/symfony/service-contracts/?C=D;O=D HTTP/1.1" 200 2545 "-" "Mozilla/5.0 (compatible; MJ12bot/v1.4.8; http://mj12bot.com/)"
51.75.116.205 - - [20/May/2025:17:08:20 +0700] "GET /core/database/?filesrc=/home/masbinta/public_html/core/database/migrations/2020_11_17_122813_create_newsletters_table.php&path=/home/masbinta/public_html/core/database/migrations HTTP/1.1" 200 6284 "-" "Mozilla/5.0 (compatible; MJ12bot/v1.4.8; http://mj12bot.com/)"
149.202.65.183 - - [20/May/2025:17:08:21 +0700] "GET /core/vendor/opis/closure/?C=N;O=D HTTP/1.1" 200 2098 "-" "Mozilla/5.0 (compatible; MJ12bot/v1.4.8; http://mj12bot.com/)"
192.95.29.138 - - [20/May/2025:17:08:23 +0700] "GET /core/vendor/symfony/service-contracts/?C=M;O=D HTTP/1.1" 200 2545 "-" "Mozilla/5.0 (compatible; MJ12bot/v1.4.8; http://mj12bot.com/)"
51.75.116.205 - - [20/May/2025:17:08:23 +0700] "GET /core/database/?filesrc=/home/masbinta/public_html/core/database/migrations/2020_11_20_085050_create_emailsettings_table.php&path=/home/masbinta/public_html/core/database/migrations HTTP/1.1" 200 6848 "-" "Mozilla/5.0 (compatible; MJ12bot/v1.4.8; http://mj12bot.com/)"
149.202.65.183 - - [20/May/2025:17:08:24 +0700] "GET /core/vendor/opis/closure/?C=S;O=A HTTP/1.1" 200 2098 "-" "Mozilla/5.0 (compatible; MJ12bot/v1.4.8; http://mj12bot.com/)"
104.234.114.162 - - [20/May/2025:17:08:25 +0700] "POST / HTTP/1.1" 404 - "-" "Mozilla/5.0 (Linux; U; Android 4.4.2; en-US; HM NOTE 1W Build/KOT49H) AppleWebKit/534.30 (KHTML, like Gecko) Version/4.0 UCBrowser/11.0.5.850 U3/0.8.0 Mobile Safari/534.30"
192.95.29.138 - - [20/May/2025:17:08:26 +0700] "GET /core/vendor/symfony/service-contracts/?C=N;O=A HTTP/1.1" 200 2545 "-" "Mozilla/5.0 (compatible; MJ12bot/v1.4.8; http://mj12bot.com/)"
51.75.116.205 - - [20/May/2025:17:08:27 +0700] "GET /core/database/?filesrc=/home/masbinta/public_html/core/database/migrations/2020_12_25_124242_create_socials_table.php&path=/home/masbinta/public_html/core/database/migrations HTTP/1.1" 200 6369 "-" "Mozilla/5.0 (compatible; MJ12bot/v1.4.8; http://mj12bot.com/)"
149.202.65.183 - - [20/May/2025:17:08:28 +0700] "GET /core/vendor/opis/closure/CHANGELOG.md HTTP/1.1" 200 836 "-" "Mozilla/5.0 (compatible; MJ12bot/v1.4.8; http://mj12bot.com/)"
192.95.29.138 - - [20/May/2025:17:08:29 +0700] "GET /core/vendor/symfony/service-contracts/?C=S;O=D HTTP/1.1" 200 2545 "-" "Mozilla/5.0 (compatible; MJ12bot/v1.4.8; http://mj12bot.com/)"
51.75.116.205 - - [20/May/2025:17:08:30 +0700] "GET /core/database/?filesrc=/home/masbinta/public_html/core/database/migrations/2021_01_01_123641_create_blogs_table.php&path=/home/masbinta/public_html/core/database/migrations HTTP/1.1" 200 6795 "-" "Mozilla/5.0 (compatible; MJ12bot/v1.4.8; http://mj12bot.com/)"
149.202.65.183 - - [20/May/2025:17:08:31 +0700] "GET /core/vendor/opis/closure/InvalidSignatureException.php HTTP/1.1" 200 - "-" "Mozilla/5.0 (compatible; MJ12bot/v1.4.8; http://mj12bot.com/)"
192.95.29.138 - - [20/May/2025:17:08:33 +0700] "GET /core/vendor/symfony/string/?C=D;O=D HTTP/1.1" 200 3026 "-" "Mozilla/5.0 (compatible; MJ12bot/v1.4.8; http://mj12bot.com/)"
51.75.116.205 - - [20/May/2025:17:08:34 +0700] "GET /core/database/?filesrc=/home/masbinta/public_html/core/database/migrations/2021_01_01_123728_create_bcategories_table.php&path=/home/masbinta/public_html/core/database/migrations HTTP/1.1" 200 6515 "-" "Mozilla/5.0 (compatible; MJ12bot/v1.4.8; http://mj12bot.com/)"
149.202.65.183 - - [20/May/2025:17:08:34 +0700] "GET /core/vendor/opis/closure/LICENSE HTTP/1.1" 200 - "-" "Mozilla/5.0 (compatible; MJ12bot/v1.4.8; http://mj12bot.com/)"
192.95.29.138 - - [20/May/2025:17:08:36 +0700] "GET /core/vendor/symfony/string/?C=M;O=D HTTP/1.1" 200 3026 "-" "Mozilla/5.0 (compatible; MJ12bot/v1.4.8; http://mj12bot.com/)"
51.75.116.205 - - [20/May/2025:17:08:37 +0700] "GET /core/database/?filesrc=/home/masbinta/public_html/core/database/migrations/2021_01_03_110518_create_testimonials_table.php&path=/home/masbinta/public_html/core/database/migrations HTTP/1.1" 200 6698 "-" "Mozilla/5.0 (compatible; MJ12bot/v1.4.8; http://mj12bot.com/)"
149.202.65.183 - - [20/May/2025:17:08:38 +0700] "GET /core/vendor/opis/closure/NOTICE HTTP/1.1" 200 306 "-" "Mozilla/5.0 (compatible; MJ12bot/v1.4.8; http://mj12bot.com/)"
192.95.29.138 - - [20/May/2025:17:08:41 +0700] "GET /core/vendor/symfony/string/?C=N;O=A HTTP/1.1" 200 3026 "-" "Mozilla/5.0 (compatible; MJ12bot/v1.4.8; http://mj12bot.com/)"
51.75.116.205 - - [20/May/2025:17:08:41 +0700] "GET /core/database/?filesrc=/home/masbinta/public_html/core/database/migrations/2021_01_07_105717_create_daynamicpages_table.php&path=/home/masbinta/public_html/core/database/migrations HTTP/1.1" 200 6825 "-" "Mozilla/5.0 (compatible; MJ12bot/v1.4.8; http://mj12bot.com/)"
149.202.65.183 - - [20/May/2025:17:08:41 +0700] "GET /core/vendor/opis/closure/autoload.php HTTP/1.1" 200 - "-" "Mozilla/5.0 (compatible; MJ12bot/v1.4.8; http://mj12bot.com/)"
51.75.116.205 - - [20/May/2025:17:08:44 +0700] "GET /core/database/?filesrc=/home/masbinta/public_html/core/database/migrations/2021_01_24_105925_create_quotes_table.php&path=/home/masbinta/public_html/core/database/migrations HTTP/1.1" 200 6862 "-" "Mozilla/5.0 (compatible; MJ12bot/v1.4.8; http://mj12bot.com/)"
192.95.29.138 - - [20/May/2025:17:08:44 +0700] "GET /core/vendor/symfony/string/?C=S;O=D HTTP/1.1" 200 3026 "-" "Mozilla/5.0 (compatible; MJ12bot/v1.4.8; http://mj12bot.com/)"
149.202.65.183 - - [20/May/2025:17:08:45 +0700] "GET /core/vendor/opis/closure/composer.json HTTP/1.1" 200 1330 "-" "Mozilla/5.0 (compatible; MJ12bot/v1.4.8; http://mj12bot.com/)"
51.75.116.205 - - [20/May/2025:17:08:48 +0700] "GET /core/database/?filesrc=/home/masbinta/public_html/core/database/migrations/2021_01_24_110045_create_roles_table.php&path=/home/masbinta/public_html/core/database/migrations HTTP/1.1" 200 6303 "-" "Mozilla/5.0 (compatible; MJ12bot/v1.4.8; http://mj12bot.com/)"
192.95.29.138 - - [20/May/2025:17:08:48 +0700] "GET /core/vendor/symfony/translation-contracts/?C=D;O=D HTTP/1.1" 200 2360 "-" "Mozilla/5.0 (compatible; MJ12bot/v1.4.8; http://mj12bot.com/)"
149.202.65.183 - - [20/May/2025:17:08:48 +0700] "GET /core/vendor/opis/closure/functions.php HTTP/1.1" 200 - "-" "Mozilla/5.0 (compatible; MJ12bot/v1.4.8; http://mj12bot.com/)"
192.95.29.138 - - [20/May/2025:17:08:51 +0700] "GET /core/vendor/symfony/translation-contracts/?C=M;O=D HTTP/1.1" 200 2360 "-" "Mozilla/5.0 (compatible; MJ12bot/v1.4.8; http://mj12bot.com/)"
51.75.116.205 - - [20/May/2025:17:08:51 +0700] "GET /core/database/?filesrc=/home/masbinta/public_html/core/database/migrations/2021_01_24_111458_create_backups_table.php&path=/home/masbinta/public_html/core/database/migrations HTTP/1.1" 200 6257 "-" "Mozilla/5.0 (compatible; MJ12bot/v1.4.8; http://mj12bot.com/)"
149.202.65.183 - - [20/May/2025:17:08:52 +0700] "GET /core/vendor/paypal/?C=D;O=D HTTP/1.1" 200 1200 "-" "Mozilla/5.0 (compatible; MJ12bot/v1.4.8; http://mj12bot.com/)"
192.95.29.138 - - [20/May/2025:17:08:55 +0700] "GET /core/vendor/symfony/translation-contracts/?C=N;O=A HTTP/1.1" 200 2360 "-" "Mozilla/5.0 (compatible; MJ12bot/v1.4.8; http://mj12bot.com/)"
51.75.116.205 - - [20/May/2025:17:08:55 +0700] "GET /core/database/?filesrc=/home/masbinta/public_html/core/database/migrations/2021_02_07_145147_create_features_table.php&path=/home/masbinta/public_html/core/database/migrations HTTP/1.1" 200 6547 "-" "Mozilla/5.0 (compatible; MJ12bot/v1.4.8; http://mj12bot.com/)"
149.202.65.183 - - [20/May/2025:17:08:55 +0700] "GET /core/vendor/paypal/?C=M;O=D HTTP/1.1" 200 1200 "-" "Mozilla/5.0 (compatible; MJ12bot/v1.4.8; http://mj12bot.com/)"
149.202.65.183 - - [20/May/2025:17:08:58 +0700] "GET /core/vendor/paypal/?C=N;O=A HTTP/1.1" 200 1200 "-" "Mozilla/5.0 (compatible; MJ12bot/v1.4.8; http://mj12bot.com/)"
192.95.29.138 - - [20/May/2025:17:08:58 +0700] "GET /core/vendor/symfony/translation-contracts/?C=S;O=D HTTP/1.1" 200 2360 "-" "Mozilla/5.0 (compatible; MJ12bot/v1.4.8; http://mj12bot.com/)"
51.75.116.205 - - [20/May/2025:17:08:59 +0700] "GET /core/database/?filesrc=/home/masbinta/public_html/core/database/migrations/2021_02_07_145631_create_why_selects_table.php&path=/home/masbinta/public_html/core/database/migrations HTTP/1.1" 200 6543 "-" "Mozilla/5.0 (compatible; MJ12bot/v1.4.8; http://mj12bot.com/)"
149.202.65.183 - - [20/May/2025:17:09:02 +0700] "GET /core/vendor/paypal/?C=S;O=D HTTP/1.1" 200 1200 "-" "Mozilla/5.0 (compatible; MJ12bot/v1.4.8; http://mj12bot.com/)"
51.75.116.205 - - [20/May/2025:17:09:02 +0700] "GET /core/database/?filesrc=/home/masbinta/public_html/core/database/migrations/2021_02_07_151349_create_histories_table.php&path=/home/masbinta/public_html/core/database/migrations HTTP/1.1" 200 6593 "-" "Mozilla/5.0 (compatible; MJ12bot/v1.4.8; http://mj12bot.com/)"
192.95.29.138 - - [20/May/2025:17:09:02 +0700] "GET /core/vendor/symfony/translation/?C=D;O=D HTTP/1.1" 200 5987 "-" "Mozilla/5.0 (compatible; MJ12bot/v1.4.8; http://mj12bot.com/)"
149.202.65.183 - - [20/May/2025:17:09:05 +0700] "GET /core/vendor/paypal/rest-api-sdk-php/?C=D;O=A HTTP/1.1" 200 1757 "-" "Mozilla/5.0 (compatible; MJ12bot/v1.4.8; http://mj12bot.com/)"
192.95.29.138 - - [20/May/2025:17:09:05 +0700] "GET /core/vendor/symfony/translation/?C=M;O=D HTTP/1.1" 200 5987 "-" "Mozilla/5.0 (compatible; MJ12bot/v1.4.8; http://mj12bot.com/)"
51.75.116.205 - - [20/May/2025:17:09:06 +0700] "GET /core/database/?filesrc=/home/masbinta/public_html/core/database/migrations/2021_02_07_151616_create_clients_table.php&path=/home/masbinta/public_html/core/database/migrations HTTP/1.1" 200 6528 "-" "Mozilla/5.0 (compatible; MJ12bot/v1.4.8; http://mj12bot.com/)"
149.202.65.183 - - [20/May/2025:17:09:09 +0700] "GET /core/vendor/paypal/rest-api-sdk-php/?C=M;O=A HTTP/1.1" 200 1757 "-" "Mozilla/5.0 (compatible; MJ12bot/v1.4.8; http://mj12bot.com/)"
192.95.29.138 - - [20/May/2025:17:09:09 +0700] "GET /core/vendor/symfony/translation/?C=N;O=A HTTP/1.1" 200 5987 "-" "Mozilla/5.0 (compatible; MJ12bot/v1.4.8; http://mj12bot.com/)"
51.75.116.205 - - [20/May/2025:17:09:09 +0700] "GET /core/database/?filesrc=/home/masbinta/public_html/core/database/migrations/2021_02_07_152047_create_counters_table.php&path=/home/masbinta/public_html/core/database/migrations HTTP/1.1" 200 6620 "-" "Mozilla/5.0 (compatible; MJ12bot/v1.4.8; http://mj12bot.com/)"
149.202.65.183 - - [20/May/2025:17:09:12 +0700] "GET /core/vendor/paypal/rest-api-sdk-php/?C=N;O=D HTTP/1.1" 200 1757 "-" "Mozilla/5.0 (compatible; MJ12bot/v1.4.8; http://mj12bot.com/)"
51.75.116.205 - - [20/May/2025:17:09:12 +0700] "GET /core/database/?filesrc=/home/masbinta/public_html/core/database/migrations/2021_02_08_041017_create_archives_table.php&path=/home/masbinta/public_html/core/database/migrations HTTP/1.1" 200 6257 "-" "Mozilla/5.0 (compatible; MJ12bot/v1.4.8; http://mj12bot.com/)"
192.95.29.138 - - [20/May/2025:17:09:13 +0700] "GET /core/vendor/symfony/translation/?C=S;O=D HTTP/1.1" 200 5987 "-" "Mozilla/5.0 (compatible; MJ12bot/v1.4.8; http://mj12bot.com/)"
149.202.65.183 - - [20/May/2025:17:09:16 +0700] "GET /core/vendor/paypal/rest-api-sdk-php/?C=S;O=A HTTP/1.1" 200 1757 "-" "Mozilla/5.0 (compatible; MJ12bot/v1.4.8; http://mj12bot.com/)"
51.75.116.205 - - [20/May/2025:17:09:16 +0700] "GET /core/database/?filesrc=/home/masbinta/public_html/core/database/migrations/2021_02_08_042120_create_portfolios_table.php&path=/home/masbinta/public_html/core/database/migrations HTTP/1.1" 200 7023 "-" "Mozilla/5.0 (compatible; MJ12bot/v1.4.8; http://mj12bot.com/)"
192.95.29.138 - - [20/May/2025:17:09:16 +0700] "GET /core/vendor/symfony/var-dumper/?C=D;O=D HTTP/1.1" 200 2792 "-" "Mozilla/5.0 (compatible; MJ12bot/v1.4.8; http://mj12bot.com/)"
149.202.65.183 - - [20/May/2025:17:09:19 +0700] "GET /core/vendor/paypal/rest-api-sdk-php/CHANGELOG.md HTTP/1.1" 200 2860 "-" "Mozilla/5.0 (compatible; MJ12bot/v1.4.8; http://mj12bot.com/)"
192.95.29.138 - - [20/May/2025:17:09:19 +0700] "GET /core/vendor/symfony/var-dumper/?C=M;O=D HTTP/1.1" 200 2792 "-" "Mozilla/5.0 (compatible; MJ12bot/v1.4.8; http://mj12bot.com/)"
51.75.116.205 - - [20/May/2025:17:09:19 +0700] "GET /core/database/?filesrc=/home/masbinta/public_html/core/database/migrations/2021_02_08_042357_create_portfolio_images_table.php&path=/home/masbinta/public_html/core/database/migrations HTTP/1.1" 200 6352 "-" "Mozilla/5.0 (compatible; MJ12bot/v1.4.8; http://mj12bot.com/)"
149.202.65.183 - - [20/May/2025:17:09:23 +0700] "GET /core/vendor/paypal/rest-api-sdk-php/LICENSE HTTP/1.1" 200 - "-" "Mozilla/5.0 (compatible; MJ12bot/v1.4.8; http://mj12bot.com/)"
192.95.29.138 - - [20/May/2025:17:09:23 +0700] "GET /core/vendor/symfony/var-dumper/?C=N;O=A HTTP/1.1" 200 2792 "-" "Mozilla/5.0 (compatible; MJ12bot/v1.4.8; http://mj12bot.com/)"
51.75.116.205 - - [20/May/2025:17:09:23 +0700] "GET /core/database/?filesrc=/home/masbinta/public_html/core/database/migrations/2021_02_09_043348_add_video_info_to_sectiontitles_table.php&path=/home/masbinta/public_html/core/database/migrations HTTP/1.1" 200 6682 "-" "Mozilla/5.0 (compatible; MJ12bot/v1.4.8; http://mj12bot.com/)"
149.202.65.183 - - [20/May/2025:17:09:26 +0700] "GET /core/vendor/paypal/rest-api-sdk-php/composer.json HTTP/1.1" 200 721 "-" "Mozilla/5.0 (compatible; MJ12bot/v1.4.8; http://mj12bot.com/)"
51.75.116.205 - - [20/May/2025:17:09:26 +0700] "GET /core/database/?filesrc=/home/masbinta/public_html/core/database/migrations/2021_02_09_050446_add_about_info_to_sectiontitles_table.php&path=/home/masbinta/public_html/core/database/migrations HTTP/1.1" 200 6344 "-" "Mozilla/5.0 (compatible; MJ12bot/v1.4.8; http://mj12bot.com/)"
192.95.29.138 - - [20/May/2025:17:09:27 +0700] "GET /core/vendor/symfony/var-dumper/?C=S;O=D HTTP/1.1" 200 2792 "-" "Mozilla/5.0 (compatible; MJ12bot/v1.4.8; http://mj12bot.com/)"
149.202.65.183 - - [20/May/2025:17:09:29 +0700] "GET /core/vendor/paypal/rest-api-sdk-php/phpunit.integration.xml HTTP/1.1" 200 1111 "-" "Mozilla/5.0 (compatible; MJ12bot/v1.4.8; http://mj12bot.com/)"
51.75.116.205 - - [20/May/2025:17:09:30 +0700] "GET /core/database/?filesrc=/home/masbinta/public_html/core/database/migrations/2021_02_12_045400_add_opening_hours_to_settings.php&path=/home/masbinta/public_html/core/database/migrations HTTP/1.1" 200 6313 "-" "Mozilla/5.0 (compatible; MJ12bot/v1.4.8; http://mj12bot.com/)"
192.95.29.138 - - [20/May/2025:17:09:30 +0700] "GET /core/vendor/webmozart/?C=D;O=D HTTP/1.1" 200 819 "-" "Mozilla/5.0 (compatible; MJ12bot/v1.4.8; http://mj12bot.com/)"
149.202.65.183 - - [20/May/2025:17:09:33 +0700] "GET /core/vendor/paypal/rest-api-sdk-php/phpunit.xml HTTP/1.1" 200 999 "-" "Mozilla/5.0 (compatible; MJ12bot/v1.4.8; http://mj12bot.com/)"
51.75.116.205 - - [20/May/2025:17:09:33 +0700] "GET /core/database/?filesrc=/home/masbinta/public_html/core/database/migrations/2021_02_13_041641_add_meet_text_to_sectiontitles_table.php&path=/home/masbinta/public_html/core/database/migrations HTTP/1.1" 200 6348 "-" "Mozilla/5.0 (compatible; MJ12bot/v1.4.8; http://mj12bot.com/)"
192.95.29.138 - - [20/May/2025:17:09:34 +0700] "GET /core/vendor/webmozart/?C=M;O=D HTTP/1.1" 200 819 "-" "Mozilla/5.0 (compatible; MJ12bot/v1.4.8; http://mj12bot.com/)"
149.202.65.183 - - [20/May/2025:17:09:36 +0700] "GET /core/vendor/phar-io/?C=D;O=D HTTP/1.1" 200 993 "-" "Mozilla/5.0 (compatible; MJ12bot/v1.4.8; http://mj12bot.com/)"
51.75.116.205 - - [20/May/2025:17:09:36 +0700] "GET /core/database/?filesrc=/home/masbinta/public_html/core/database/migrations/2021_02_15_035217_add_footer_bg_to_settings_table.php&path=/home/masbinta/public_html/core/database/migrations HTTP/1.1" 200 6324 "-" "Mozilla/5.0 (compatible; MJ12bot/v1.4.8; http://mj12bot.com/)"
192.95.29.138 - - [20/May/2025:17:09:37 +0700] "GET /core/vendor/webmozart/?C=N;O=A HTTP/1.1" 200 819 "-" "Mozilla/5.0 (compatible; MJ12bot/v1.4.8; http://mj12bot.com/)"
51.75.116.205 - - [20/May/2025:17:09:40 +0700] "GET /core/database/?filesrc=/home/masbinta/public_html/core/database/migrations/2021_02_15_043251_create_flinks_table.php&path=/home/masbinta/public_html/core/database/migrations HTTP/1.1" 200 6433 "-" "Mozilla/5.0 (compatible; MJ12bot/v1.4.8; http://mj12bot.com/)"
149.202.65.183 - - [20/May/2025:17:09:40 +0700] "GET /core/vendor/phar-io/?C=M;O=D HTTP/1.1" 200 993 "-" "Mozilla/5.0 (compatible; MJ12bot/v1.4.8; http://mj12bot.com/)"
192.95.29.138 - - [20/May/2025:17:09:41 +0700] "GET /core/vendor/webmozart/?C=S;O=D HTTP/1.1" 200 819 "-" "Mozilla/5.0 (compatible; MJ12bot/v1.4.8; http://mj12bot.com/)"
51.75.116.205 - - [20/May/2025:17:09:43 +0700] "GET /core/database/?filesrc=/home/masbinta/public_html/core/database/migrations/2021_02_15_112132_add_testimonial_content_to_sectiontitles_table.php&path=/home/masbinta/public_html/core/database/migrations HTTP/1.1" 200 6384 "-" "Mozilla/5.0 (compatible; MJ12bot/v1.4.8; http://mj12bot.com/)"
149.202.65.183 - - [20/May/2025:17:09:43 +0700] "GET /core/vendor/phar-io/?C=N;O=A HTTP/1.1" 200 993 "-" "Mozilla/5.0 (compatible; MJ12bot/v1.4.8; http://mj12bot.com/)"
192.95.29.138 - - [20/May/2025:17:09:44 +0700] "GET /core/vendor/webmozart/assert/?C=D;O=A HTTP/1.1" 200 1954 "-" "Mozilla/5.0 (compatible; MJ12bot/v1.4.8; http://mj12bot.com/)"
51.75.116.205 - - [20/May/2025:17:09:46 +0700] "GET /core/database/?filesrc=/home/masbinta/public_html/core/database/migrations/2021_02_16_111526_add_link_to_portfolios_table.php&path=/home/masbinta/public_html/core/database/migrations HTTP/1.1" 200 6303 "-" "Mozilla/5.0 (compatible; MJ12bot/v1.4.8; http://mj12bot.com/)"
149.202.65.183 - - [20/May/2025:17:09:46 +0700] "GET /core/vendor/phar-io/?C=S;O=D HTTP/1.1" 200 993 "-" "Mozilla/5.0 (compatible; MJ12bot/v1.4.8; http://mj12bot.com/)"
192.95.29.138 - - [20/May/2025:17:09:48 +0700] "GET /core/vendor/webmozart/assert/?C=M;O=A HTTP/1.1" 200 1954 "-" "Mozilla/5.0 (compatible; MJ12bot/v1.4.8; http://mj12bot.com/)"
51.75.116.205 - - [20/May/2025:17:09:49 +0700] "GET /core/database/?filesrc=/home/masbinta/public_html/core/database/migrations/2021_02_19_140441_add_page_visibility_to_settings_table.php&path=/home/masbinta/public_html/core/database/migrations HTTP/1.1" 200 12390 "-" "Mozilla/5.0 (compatible; MJ12bot/v1.4.8; http://mj12bot.com/)"
149.202.65.183 - - [20/May/2025:17:09:50 +0700] "GET /core/vendor/phar-io/manifest/?C=D;O=A HTTP/1.1" 200 2136 "-" "Mozilla/5.0 (compatible; MJ12bot/v1.4.8; http://mj12bot.com/)"
192.95.29.138 - - [20/May/2025:17:09:51 +0700] "GET /core/vendor/webmozart/assert/?C=N;O=D HTTP/1.1" 200 1954 "-" "Mozilla/5.0 (compatible; MJ12bot/v1.4.8; http://mj12bot.com/)"
51.75.116.205 - - [20/May/2025:17:09:53 +0700] "GET /core/database/?filesrc=/home/masbinta/public_html/core/database/migrations/2021_04_23_204005_add_moretableinsettings2_to_settings_table.php&path=/home/masbinta/public_html/core/database/migrations HTTP/1.1" 200 7264 "-" "Mozilla/5.0 (compatible; MJ12bot/v1.4.8; http://mj12bot.com/)"
149.202.65.183 - - [20/May/2025:17:09:53 +0700] "GET /core/vendor/phar-io/manifest/?C=M;O=A HTTP/1.1" 200 2136 "-" "Mozilla/5.0 (compatible; MJ12bot/v1.4.8; http://mj12bot.com/)"
192.95.29.138 - - [20/May/2025:17:09:54 +0700] "GET /core/vendor/webmozart/assert/?C=S;O=A HTTP/1.1" 200 1954 "-" "Mozilla/5.0 (compatible; MJ12bot/v1.4.8; http://mj12bot.com/)"
51.75.116.205 - - [20/May/2025:17:09:56 +0700] "GET /core/database/?filesrc=/home/masbinta/public_html/core/database/migrations/2021_06_02_102316_create_galleries_table.php&path=/home/masbinta/public_html/core/database/migrations HTTP/1.1" 200 6636 "-" "Mozilla/5.0 (compatible; MJ12bot/v1.4.8; http://mj12bot.com/)"
149.202.65.183 - - [20/May/2025:17:09:57 +0700] "GET /core/vendor/phar-io/manifest/?C=N;O=D HTTP/1.1" 200 2136 "-" "Mozilla/5.0 (compatible; MJ12bot/v1.4.8; http://mj12bot.com/)"
192.95.29.138 - - [20/May/2025:17:09:58 +0700] "GET /core/vendor/webmozart/assert/CHANGELOG.md HTTP/1.1" 200 10281 "-" "Mozilla/5.0 (compatible; MJ12bot/v1.4.8; http://mj12bot.com/)"
51.75.116.205 - - [20/May/2025:17:10:00 +0700] "GET /core/database/?filesrc=/home/masbinta/public_html/core/database/migrations/2021_06_02_104313_create_gcategories_table.php&path=/home/masbinta/public_html/core/database/migrations HTTP/1.1" 200 6456 "-" "Mozilla/5.0 (compatible; MJ12bot/v1.4.8; http://mj12bot.com/)"
149.202.65.183 - - [20/May/2025:17:10:00 +0700] "GET /core/vendor/phar-io/manifest/?C=S;O=A HTTP/1.1" 200 2136 "-" "Mozilla/5.0 (compatible; MJ12bot/v1.4.8; http://mj12bot.com/)"
192.95.29.138 - - [20/May/2025:17:10:02 +0700] "GET /core/vendor/webmozart/assert/LICENSE HTTP/1.1" 200 - "-" "Mozilla/5.0 (compatible; MJ12bot/v1.4.8; http://mj12bot.com/)"
51.75.116.205 - - [20/May/2025:17:10:03 +0700] "GET /core/database/?filesrc=/home/masbinta/public_html/core/database/migrations/2021_06_03_153757_create_jcategories_table.php&path=/home/masbinta/public_html/core/database/migrations HTTP/1.1" 200 6515 "-" "Mozilla/5.0 (compatible; MJ12bot/v1.4.8; http://mj12bot.com/)"
149.202.65.183 - - [20/May/2025:17:10:04 +0700] "GET /core/vendor/phar-io/manifest/CHANGELOG.md HTTP/1.1" 200 - "-" "Mozilla/5.0 (compatible; MJ12bot/v1.4.8; http://mj12bot.com/)"
192.95.29.138 - - [20/May/2025:17:10:05 +0700] "GET /core/vendor/webmozart/assert/NoTraitException.php HTTP/1.1" 500 - "-" "Mozilla/5.0 (compatible; MJ12bot/v1.4.8; http://mj12bot.com/)"
51.75.116.205 - - [20/May/2025:17:10:06 +0700] "GET /core/database/?filesrc=/home/masbinta/public_html/core/database/migrations/2021_06_03_154131_create_jobs_table.php&path=/home/masbinta/public_html/core/database/migrations HTTP/1.1" 200 7560 "-" "Mozilla/5.0 (compatible; MJ12bot/v1.4.8; http://mj12bot.com/)"
149.202.65.183 - - [20/May/2025:17:10:07 +0700] "GET /core/vendor/phar-io/manifest/ExecuteSolutionController.php HTTP/1.1" 500 - "-" "Mozilla/5.0 (compatible; MJ12bot/v1.4.8; http://mj12bot.com/)"
192.95.29.138 - - [20/May/2025:17:10:08 +0700] "GET /core/vendor/webmozart/assert/RequiredOptionArgumentMissingException.php HTTP/1.1" 500 - "-" "Mozilla/5.0 (compatible; MJ12bot/v1.4.8; http://mj12bot.com/)"
